Nov 04 14:03:43.523550 dv-cinder-815848-5-smb neutron-server[100903]: DEBUG neutron.pecan_wsgi.hooks.policy_enforcement [req-e4d4f635-b0f5-4493-846d-c4d82edc9123 req-e7ba00d1-7f7a-4ab4-9516-f02249d5458f tempest-ServerRescueNegativeTestJSON-58946540 tempest-ServerRescueNegativeTestJSON-58946540-project] Attributes excluded by policy engine: ['standard_attr_id', 'binding:profile', 'binding:host_id', 'binding:vif_type', 'binding:vif_details'] {{(pid=100903) _exclude_attributes_by_policy /opt/stack/neutron/neutron/pecan_wsgi/hooks/policy_enforcement.py:255}}
Nov 04 14:03:43.533676 dv-cinder-815848-5-smb neutron-server[100903]: INFO neutron.wsgi [req-e4d4f635-b0f5-4493-846d-c4d82edc9123 req-e7ba00d1-7f7a-4ab4-9516-f02249d5458f tempest-ServerRescueNegativeTestJSON-58946540 tempest-ServerRescueNegativeTestJSON-58946540-project] 10.222.0.54 "GET /v2.0/ports?device_id=d0dcddc4-8380-4858-87f9-5066b7441869 HTTP/1.1" status: 200 len: 932 time: 0.1141412
Nov 04 14:03:43.562326 dv-cinder-815848-5-smb neutron-server[100904]: DEBUG neutron.api.v2.base [req-ff5a1732-f9cf-476e-991d-8a9d538048c7 req-22c1bfaf-e5cf-4a58-bf0a-ad19936337f4 service neutron] Request body: {'port': {'device_id': 'c5307aaa-fc7d-4243-8569-98ed2a65dc33', 'device_owner': 'compute:nova', 'binding:host_id': 'hv-cinder-81584'}} {{(pid=100904) prepare_request_body /opt/stack/neutron/neutron/api/v2/base.py:729}}
Nov 04 14:03:43.597806 dv-cinder-815848-5-smb neutron-server[100904]: DEBUG neutron_lib.callbacks.manager [req-ce7c243a-c33b-4764-a008-a344f19848d2 req-30c96c43-4038-4f7c-b807-8598a78cece5 service neutron] Publish callbacks [] for port, precommit_update {{(pid=100904) _notify_loop /usr/local/lib/python3.8/dist-packages/neutron_lib/callbacks/manager.py:175}}
Nov 04 14:03:43.680221 dv-cinder-815848-5-smb neutron-server[100903]: DEBUG neutron.pecan_wsgi.hooks.policy_enforcement [req-0078b101-887f-49c1-81fa-8114a9515bc4 req-e23a29ef-c126-4445-a533-5ecc7fd75e09 tempest-DeleteServersTestJSON-2093637730 tempest-DeleteServersTestJSON-2093637730-project] Attributes excluded by policy engine: ['standard_attr_id', 'binding:profile', 'binding:host_id', 'binding:vif_type', 'binding:vif_details'] {{(pid=100903) _exclude_attributes_by_policy /opt/stack/neutron/neutron/pecan_wsgi/hooks/policy_enforcement.py:255}}
Nov 04 14:03:43.689485 dv-cinder-815848-5-smb neutron-server[100903]: INFO neutron.wsgi [req-0078b101-887f-49c1-81fa-8114a9515bc4 req-e23a29ef-c126-4445-a533-5ecc7fd75e09 tempest-DeleteServersTestJSON-2093637730 tempest-DeleteServersTestJSON-2093637730-project] 10.222.0.54 "GET /v2.0/ports?device_id=417d2158-059c-4163-a322-0dadafd1acc3 HTTP/1.1" status: 200 len: 943 time: 0.1531363
Nov 04 14:03:43.709095 dv-cinder-815848-5-smb neutron-server[100904]: DEBUG neutron.db.provisioning_blocks [req-ce7c243a-c33b-4764-a008-a344f19848d2 req-30c96c43-4038-4f7c-b807-8598a78cece5 service neutron] Transition to ACTIVE for port object 0b1371df-708b-4622-a641-00e38bdc590c will not be triggered until provisioned by entity L2. {{(pid=100904) add_provisioning_component /opt/stack/neutron/neutron/db/provisioning_blocks.py:73}}
Nov 04 14:03:43.736370 dv-cinder-815848-5-smb neutron-server[100905]: DEBUG neutron.db.provisioning_blocks [None req-2b4f4423-30d8-43d4-bb78-60d26e678adc None None] Provisioning complete for port 110d9401-5018-4643-a8d8-1f8aa7f0e976 triggered by entity DHCP. {{(pid=100905) provisioning_complete /opt/stack/neutron/neutron/db/provisioning_blocks.py:139}}
Nov 04 14:03:43.737072 dv-cinder-815848-5-smb neutron-server[100903]: INFO neutron.wsgi [req-e4d4f635-b0f5-4493-846d-c4d82edc9123 req-f1ba869d-7fed-4e10-b04c-c30cf92b1449 tempest-ServerRescueNegativeTestJSON-58946540 tempest-ServerRescueNegativeTestJSON-58946540-project] 10.222.0.54 "GET /v2.0/security-groups?id=1f70d178-c68a-4089-a02a-18f55e301c42&fields=id&fields=name HTTP/1.1" status: 200 len: 286 time: 0.2017658
Nov 04 14:03:43.737920 dv-cinder-815848-5-smb neutron-server[100905]: DEBUG neutron_lib.callbacks.manager [None req-2b4f4423-30d8-43d4-bb78-60d26e678adc None None] Publish callbacks ['neutron.plugins.ml2.plugin.Ml2Plugin._port_provisioned-3923519'] for port, provisioning_complete {{(pid=100905) _notify_loop /usr/local/lib/python3.8/dist-packages/neutron_lib/callbacks/manager.py:175}}
Nov 04 14:03:43.740227 dv-cinder-815848-5-smb neutron-server[100904]: DEBUG neutron_lib.callbacks.manager [req-ce7c243a-c33b-4764-a008-a344f19848d2 req-30c96c43-4038-4f7c-b807-8598a78cece5 service neutron] Publish callbacks ['neutron.plugins.ml2.plugin.SecurityGroupServerNotifierRpcMixin._notify_sg_on_port_change-3829339', 'neutron.plugins.ml2.ovo_rpc._ObjectChangeHandler.handle_event-130425', 'neutron.api.rpc.agentnotifiers.dhcp_rpc_agent_api.DhcpAgentNotifyAPI._native_event_send_dhcp_notification-594330', 'neutron.db.l3_db.L3RpcNotifierMixin._notify_gateway_port_ip_changed-8734337745273', 'neutron.db.l3_dvrscheduler_db._notify_l3_agent_port_update-8734337248597', 'neutron.db.l3_hascheduler_db._notify_l3_agent_ha_port_update-8734337248615'] for port, after_update {{(pid=100904) _notify_loop /usr/local/lib/python3.8/dist-packages/neutron_lib/callbacks/manager.py:175}}
Nov 04 14:03:43.796749 dv-cinder-815848-5-smb neutron-server[100905]: DEBUG neutron.plugins.ml2.plugin [None req-2b4f4423-30d8-43d4-bb78-60d26e678adc None None] Port 110d9401-5018-4643-a8d8-1f8aa7f0e976 cannot update to ACTIVE because it is not bound. {{(pid=100905) _port_provisioned /opt/stack/neutron/neutron/plugins/ml2/plugin.py:342}}
Nov 04 14:03:43.806719 dv-cinder-815848-5-smb neutron-server[100904]: DEBUG neutron_lib.callbacks.manager [req-ff5a1732-f9cf-476e-991d-8a9d538048c7 req-22c1bfaf-e5cf-4a58-bf0a-ad19936337f4 service neutron] Publish callbacks ['neutron.plugins.ml2.plugin.SecurityGroupDbMixin._ensure_default_security_group_handler-3829452'] for port, before_update {{(pid=100904) _notify_loop /usr/local/lib/python3.8/dist-packages/neutron_lib/callbacks/manager.py:175}}
Nov 04 14:03:43.820425 dv-cinder-815848-5-smb neutron-server[100903]: INFO neutron.wsgi [req-0078b101-887f-49c1-81fa-8114a9515bc4 req-a42fc3ec-c0f3-4051-ad33-de13cad0873c tempest-DeleteServersTestJSON-2093637730 tempest-DeleteServersTestJSON-2093637730-project] 10.222.0.54 "GET /v2.0/security-groups?id=b2a6b290-df53-4560-b17c-8d79728d63ff&fields=id&fields=name HTTP/1.1" status: 200 len: 286 time: 0.1294684
Nov 04 14:03:43.827479 dv-cinder-815848-5-smb neutron-server[100904]: INFO neutron.wsgi [req-e24a3797-87c3-4d93-bc99-d302dbcdf7a7 req-e2d244c4-16ce-4f7f-a2ad-7a5d8e40c686 service neutron] 10.222.0.109 "GET /v2.0/networks/fec0a5ec-5e61-46ec-97a5-13e44f89180f?fields=provider%3Aphysical_network&fields=provider%3Anetwork_type HTTP/1.1" status: 200 len: 281 time: 0.3576646
Nov 04 14:03:43.864935 dv-cinder-815848-5-smb neutron-server[100904]: DEBUG neutron.api.rpc.handlers.resources_rpc [None req-30c96c43-4038-4f7c-b807-8598a78cece5 service neutron] Pushing event updated for resources: {'Port': ['ID=0b1371df-708b-4622-a641-00e38bdc590c,revision_number=2']} {{(pid=100904) push /opt/stack/neutron/neutron/api/rpc/handlers/resources_rpc.py:237}}
Nov 04 14:03:43.923648 dv-cinder-815848-5-smb neutron-server[100904]: DEBUG neutron.plugins.ml2.managers [req-ce7c243a-c33b-4764-a008-a344f19848d2 req-30c96c43-4038-4f7c-b807-8598a78cece5 service neutron] Attempting to bind port 0b1371df-708b-4622-a641-00e38bdc590c on host hv-cinder-81584 for vnic_type normal with profile {{(pid=100904) bind_port /opt/stack/neutron/neutron/plugins/ml2/managers.py:795}}
Nov 04 14:03:43.923984 dv-cinder-815848-5-smb neutron-server[100904]: DEBUG neutron.plugins.ml2.managers [req-ce7c243a-c33b-4764-a008-a344f19848d2 req-30c96c43-4038-4f7c-b807-8598a78cece5 service neutron] Attempting to bind port 0b1371df-708b-4622-a641-00e38bdc590c by drivers openvswitch,hyperv on host hv-cinder-81584 at level 0 using segments [{'id': 'db8680f1-7906-4431-b94f-b92fb7e696d4', 'network_type': 'vlan', 'physical_network': 'physnet1', 'segmentation_id': 1036, 'network_id': 'fec0a5ec-5e61-46ec-97a5-13e44f89180f'}] {{(pid=100904) _bind_port_level /opt/stack/neutron/neutron/plugins/ml2/managers.py:820}}
Nov 04 14:03:43.924436 dv-cinder-815848-5-smb neutron-server[100904]: DEBUG neutron.plugins.ml2.drivers.mech_agent [req-ce7c243a-c33b-4764-a008-a344f19848d2 req-30c96c43-4038-4f7c-b807-8598a78cece5 service neutron] Attempting to bind port 0b1371df-708b-4622-a641-00e38bdc590c on network fec0a5ec-5e61-46ec-97a5-13e44f89180f {{(pid=100904) bind_port /opt/stack/neutron/neutron/plugins/ml2/drivers/mech_agent.py:91}}
Nov 04 14:03:43.971059 dv-cinder-815848-5-smb neutron-server[100904]: DEBUG neutron.plugins.ml2.drivers.mech_agent [req-ce7c243a-c33b-4764-a008-a344f19848d2 req-30c96c43-4038-4f7c-b807-8598a78cece5 service neutron] Port 0b1371df-708b-4622-a641-00e38bdc590c on network fec0a5ec-5e61-46ec-97a5-13e44f89180f not bound, no agent of type Open vSwitch agent registered on host hv-cinder-81584 {{(pid=100904) bind_port /opt/stack/neutron/neutron/plugins/ml2/drivers/mech_agent.py:103}}
Nov 04 14:03:43.971384 dv-cinder-815848-5-smb neutron-server[100904]: DEBUG neutron.plugins.ml2.drivers.mech_agent [req-ce7c243a-c33b-4764-a008-a344f19848d2 req-30c96c43-4038-4f7c-b807-8598a78cece5 service neutron] Attempting to bind port 0b1371df-708b-4622-a641-00e38bdc590c on network fec0a5ec-5e61-46ec-97a5-13e44f89180f {{(pid=100904) bind_port /opt/stack/neutron/neutron/plugins/ml2/drivers/mech_agent.py:91}}
Nov 04 14:03:43.980831 dv-cinder-815848-5-smb neutron-server[100904]: DEBUG neutron.plugins.ml2.drivers.mech_agent [req-ce7c243a-c33b-4764-a008-a344f19848d2 req-30c96c43-4038-4f7c-b807-8598a78cece5 service neutron] Checking agent: {'id': '2e2137c6-8f65-4dee-833f-dea8264be767', 'agent_type': 'HyperV agent', 'binary': 'neutron-hyperv-agent', 'topic': 'N/A', 'host': 'hv-cinder-81584', 'admin_state_up': True, 'created_at': datetime.datetime(2021, 11, 4, 14, 1, 12), 'started_at': datetime.datetime(2021, 11, 4, 14, 1, 12), 'heartbeat_timestamp': datetime.datetime(2021, 11, 4, 14, 3, 42), 'description': None, 'resources_synced': None, 'availability_zone': None, 'alive': True, 'configurations': {'vswitch_mappings': {'physnet1$': 'br-data'}}, 'resource_versions': {}} {{(pid=100904) bind_port /opt/stack/neutron/neutron/plugins/ml2/drivers/mech_agent.py:110}}
Nov 04 14:03:43.981982 dv-cinder-815848-5-smb neutron-server[100904]: DEBUG neutron.plugins.ml2.drivers.mech_agent [req-ce7c243a-c33b-4764-a008-a344f19848d2 req-30c96c43-4038-4f7c-b807-8598a78cece5 service neutron] Checking segment: {'id': 'db8680f1-7906-4431-b94f-b92fb7e696d4', 'network_type': 'vlan', 'physical_network': 'physnet1', 'segmentation_id': 1036, 'network_id': 'fec0a5ec-5e61-46ec-97a5-13e44f89180f'} for mappings: {'physnet1$': 'br-data'} with network types: ['local', 'flat', 'vlan'] {{(pid=100904) check_segment_for_agent /opt/stack/neutron/neutron/plugins/ml2/drivers/mech_agent.py:371}}
Nov 04 14:03:43.981982 dv-cinder-815848-5-smb neutron-server[100904]: DEBUG neutron.plugins.ml2.drivers.mech_agent [req-ce7c243a-c33b-4764-a008-a344f19848d2 req-30c96c43-4038-4f7c-b807-8598a78cece5 service neutron] Bound using segment: {'id': 'db8680f1-7906-4431-b94f-b92fb7e696d4', 'network_type': 'vlan', 'physical_network': 'physnet1', 'segmentation_id': 1036, 'network_id': 'fec0a5ec-5e61-46ec-97a5-13e44f89180f'} {{(pid=100904) bind_port /opt/stack/neutron/neutron/plugins/ml2/drivers/mech_agent.py:120}}
Nov 04 14:03:43.981982 dv-cinder-815848-5-smb neutron-server[100904]: DEBUG neutron.plugins.ml2.managers [req-ce7c243a-c33b-4764-a008-a344f19848d2 req-30c96c43-4038-4f7c-b807-8598a78cece5 service neutron] Bound port: 0b1371df-708b-4622-a641-00e38bdc590c, host: hv-cinder-81584, vif_type: hyperv, vif_details: {"connectivity": "legacy", "port_filter": false}, binding_levels: [{'bound_driver': 'hyperv', 'bound_segment': {'id': 'db8680f1-7906-4431-b94f-b92fb7e696d4', 'network_type': 'vlan', 'physical_network': 'physnet1', 'segmentation_id': 1036, 'network_id': 'fec0a5ec-5e61-46ec-97a5-13e44f89180f'}}] {{(pid=100904) _bind_port_level /opt/stack/neutron/neutron/plugins/ml2/managers.py:932}}
Nov 04 14:03:43.982432 dv-cinder-815848-5-smb neutron-server[100904]: DEBUG neutron_lib.callbacks.manager [req-ce7c243a-c33b-4764-a008-a344f19848d2 req-30c96c43-4038-4f7c-b807-8598a78cece5 service neutron] Publish callbacks ['neutron.plugins.ml2.plugin.SecurityGroupDbMixin._ensure_default_security_group_handler-3829452'] for port, before_update {{(pid=100904) _notify_loop /usr/local/lib/python3.8/dist-packages/neutron_lib/callbacks/manager.py:175}}
Nov 04 14:03:44.121399 dv-cinder-815848-5-smb neutron-server[100904]: DEBUG neutron.plugins.ml2.db [req-ce7c243a-c33b-4764-a008-a344f19848d2 req-30c96c43-4038-4f7c-b807-8598a78cece5 service neutron] For port 0b1371df-708b-4622-a641-00e38bdc590c, host hv-cinder-81584, cleared binding levels {{(pid=100904) clear_binding_levels /opt/stack/neutron/neutron/plugins/ml2/db.py:87}}
Nov 04 14:03:44.139573 dv-cinder-815848-5-smb neutron-server[100903]: DEBUG neutron.pecan_wsgi.hooks.policy_enforcement [req-18089e4e-c2dc-4a1d-9b6d-34ae52e41420 req-070f6ee6-63ef-47e4-98d9-c958eecdef83 tempest-AttachVolumeTestJSON-1105655911 tempest-AttachVolumeTestJSON-1105655911-project] Attributes excluded by policy engine: ['standard_attr_id', 'binding:profile', 'binding:host_id', 'binding:vif_type', 'binding:vif_details'] {{(pid=100903) _exclude_attributes_by_policy /opt/stack/neutron/neutron/pecan_wsgi/hooks/policy_enforcement.py:255}}
Nov 04 14:03:44.142578 dv-cinder-815848-5-smb neutron-server[100904]: DEBUG neutron.plugins.ml2.db [req-ce7c243a-c33b-4764-a008-a344f19848d2 req-30c96c43-4038-4f7c-b807-8598a78cece5 service neutron] For port 0b1371df-708b-4622-a641-00e38bdc590c, host hv-cinder-81584, set binding levels [PortBindingLevel(driver='hyperv',host='hv-cinder-81584',level=0,port_id=0b1371df-708b-4622-a641-00e38bdc590c,segment=NetworkSegment(db8680f1-7906-4431-b94f-b92fb7e696d4),segment_id=db8680f1-7906-4431-b94f-b92fb7e696d4)] {{(pid=100904) set_binding_levels /opt/stack/neutron/neutron/plugins/ml2/db.py:59}}
Nov 04 14:03:44.148911 dv-cinder-815848-5-smb neutron-server[100904]: DEBUG neutron_lib.callbacks.manager [req-ce7c243a-c33b-4764-a008-a344f19848d2 req-30c96c43-4038-4f7c-b807-8598a78cece5 service neutron] Publish callbacks ['neutron.plugins.ml2.plugin.SecurityGroupServerNotifierRpcMixin._notify_sg_on_port_change-3829339', 'neutron.plugins.ml2.ovo_rpc._ObjectChangeHandler.handle_event-130425', 'neutron.api.rpc.agentnotifiers.dhcp_rpc_agent_api.DhcpAgentNotifyAPI._native_event_send_dhcp_notification-594330', 'neutron.db.l3_db.L3RpcNotifierMixin._notify_gateway_port_ip_changed-8734337745273', 'neutron.db.l3_dvrscheduler_db._notify_l3_agent_port_update-8734337248597', 'neutron.db.l3_hascheduler_db._notify_l3_agent_ha_port_update-8734337248615'] for port, after_update {{(pid=100904) _notify_loop /usr/local/lib/python3.8/dist-packages/neutron_lib/callbacks/manager.py:175}}
Nov 04 14:03:44.153687 dv-cinder-815848-5-smb neutron-server[100903]: INFO neutron.wsgi [req-18089e4e-c2dc-4a1d-9b6d-34ae52e41420 req-070f6ee6-63ef-47e4-98d9-c958eecdef83 tempest-AttachVolumeTestJSON-1105655911 tempest-AttachVolumeTestJSON-1105655911-project] 10.222.0.54 "GET /v2.0/ports?device_id=c5307aaa-fc7d-4243-8569-98ed2a65dc33 HTTP/1.1" status: 200 len: 932 time: 0.0792024
Nov 04 14:03:44.226956 dv-cinder-815848-5-smb neutron-server[100904]: DEBUG neutron.pecan_wsgi.hooks.policy_enforcement [req-ce7c243a-c33b-4764-a008-a344f19848d2 req-30c96c43-4038-4f7c-b807-8598a78cece5 service neutron] Attributes excluded by policy engine: ['standard_attr_id'] {{(pid=100904) _exclude_attributes_by_policy /opt/stack/neutron/neutron/pecan_wsgi/hooks/policy_enforcement.py:255}}
Nov 04 14:03:44.227724 dv-cinder-815848-5-smb neutron-server[100904]: DEBUG neutron_lib.callbacks.manager [req-ce7c243a-c33b-4764-a008-a344f19848d2 req-30c96c43-4038-4f7c-b807-8598a78cece5 service neutron] Publish callbacks ['neutron.notifiers.nova.Notifier._send_nova_notification-185696', 'neutron.api.rpc.agentnotifiers.dhcp_rpc_agent_api.DhcpAgentNotifyAPI._send_dhcp_notification-594308'] for port, before_response {{(pid=100904) _notify_loop /usr/local/lib/python3.8/dist-packages/neutron_lib/callbacks/manager.py:175}}
Nov 04 14:03:44.229867 dv-cinder-815848-5-smb neutron-server[100904]: INFO neutron.wsgi [req-ce7c243a-c33b-4764-a008-a344f19848d2 req-30c96c43-4038-4f7c-b807-8598a78cece5 service neutron] 10.222.0.109 "PUT /v2.0/ports/0b1371df-708b-4622-a641-00e38bdc590c HTTP/1.1" status: 200 len: 1094 time: 1.8893528
Nov 04 14:03:44.237182 dv-cinder-815848-5-smb neutron-server[100904]: DEBUG neutron.notifiers.nova [-] Sending events: [{'name': 'network-changed', 'server_uuid': 'd0dcddc4-8380-4858-87f9-5066b7441869', 'tag': '0b1371df-708b-4622-a641-00e38bdc590c'}] {{(pid=100904) send_events /opt/stack/neutron/neutron/notifiers/nova.py:262}}
Nov 04 14:03:44.240077 dv-cinder-815848-5-smb neutron-server[100904]: DEBUG novaclient.v2.client [-] REQ: curl -g -i --cacert "/opt/stack/data/ca-bundle.pem" -X POST http://10.222.0.54/compute/v2.1/os-server-external-events -H "Accept: application/json" -H "Content-Type: application/json" -H "User-Agent: python-novaclient" -H "X-Auth-Token: {SHA256}6b764618107d4aee34307129613da18d1b8cd3a66c93444a3e39cbad6a535bfd" -H "X-OpenStack-Nova-API-Version: 2.1" -H "X-OpenStack-Request-ID: req-9811a67d-9bc0-4962-a3f6-9dd25c26b3f2" -d '{"events": [{"name": "network-changed", "server_uuid": "d0dcddc4-8380-4858-87f9-5066b7441869", "tag": "0b1371df-708b-4622-a641-00e38bdc590c"}]}' {{(pid=100904) _http_log_request /usr/local/lib/python3.8/dist-packages/keystoneauth1/session.py:519}}
Nov 04 14:03:44.263435 dv-cinder-815848-5-smb neutron-server[100903]: INFO neutron.wsgi [req-18089e4e-c2dc-4a1d-9b6d-34ae52e41420 req-e2aab346-f000-469e-95d9-839ed84a5649 tempest-AttachVolumeTestJSON-1105655911 tempest-AttachVolumeTestJSON-1105655911-project] 10.222.0.54 "GET /v2.0/security-groups?id=37da232e-1c75-4eb9-9999-9e394940c28b&fields=id&fields=name HTTP/1.1" status: 200 len: 313 time: 0.1067638
Nov 04 14:03:44.307586 dv-cinder-815848-5-smb neutron-server[100904]: DEBUG neutron.api.rpc.handlers.resources_rpc [None req-30c96c43-4038-4f7c-b807-8598a78cece5 service neutron] Pushing event updated for resources: {'Port': ['ID=0b1371df-708b-4622-a641-00e38bdc590c,revision_number=3']} {{(pid=100904) push /opt/stack/neutron/neutron/api/rpc/handlers/resources_rpc.py:237}}
Nov 04 14:03:44.356088 dv-cinder-815848-5-smb neutron-server[100904]: DEBUG novaclient.v2.client [-] RESP: [200] Connection: close Content-Length: 179 Content-Type: application/json Date: Thu, 04 Nov 2021 14:03:44 GMT OpenStack-API-Version: compute 2.1 Server: Apache/2.4.41 (Ubuntu) Vary: OpenStack-API-Version,X-OpenStack-Nova-API-Version X-OpenStack-Nova-API-Version: 2.1 x-compute-request-id: req-c272e4da-8c59-487c-b885-24476c391b03 x-openstack-request-id: req-c272e4da-8c59-487c-b885-24476c391b03 {{(pid=100904) _http_log_response /usr/local/lib/python3.8/dist-packages/keystoneauth1/session.py:550}}
Nov 04 14:03:44.356464 dv-cinder-815848-5-smb neutron-server[100904]: DEBUG novaclient.v2.client [-] RESP BODY: {"events": [{"name": "network-changed", "server_uuid": "d0dcddc4-8380-4858-87f9-5066b7441869", "tag": "0b1371df-708b-4622-a641-00e38bdc590c", "status": "completed", "code": 200}]} {{(pid=100904) _http_log_response /usr/local/lib/python3.8/dist-packages/keystoneauth1/session.py:582}}
Nov 04 14:03:44.356784 dv-cinder-815848-5-smb neutron-server[100904]: DEBUG novaclient.v2.client [-] POST call to compute for http://10.222.0.54/compute/v2.1/os-server-external-events used request id req-c272e4da-8c59-487c-b885-24476c391b03 {{(pid=100904) request /usr/local/lib/python3.8/dist-packages/keystoneauth1/session.py:954}}
Nov 04 14:03:44.357259 dv-cinder-815848-5-smb neutron-server[100904]: INFO neutron.notifiers.nova [-] Nova event response: {'name': 'network-changed', 'server_uuid': 'd0dcddc4-8380-4858-87f9-5066b7441869', 'tag': '0b1371df-708b-4622-a641-00e38bdc590c', 'status': 'completed', 'code': 200}
Nov 04 14:03:44.384952 dv-cinder-815848-5-smb neutron-server[100904]: DEBUG neutron.notifiers.nova [req-ff5a1732-f9cf-476e-991d-8a9d538048c7 req-22c1bfaf-e5cf-4a58-bf0a-ad19936337f4 service neutron] Ignoring state change previous_port_status: DOWN current_port_status: DOWN port_id 110d9401-5018-4643-a8d8-1f8aa7f0e976 {{(pid=100904) record_port_status_changed /opt/stack/neutron/neutron/notifiers/nova.py:224}}
Nov 04 14:03:44.397565 dv-cinder-815848-5-smb neutron-server[100904]: DEBUG neutron_lib.callbacks.manager [req-ff5a1732-f9cf-476e-991d-8a9d538048c7 req-22c1bfaf-e5cf-4a58-bf0a-ad19936337f4 service neutron] Publish callbacks [] for port, precommit_update {{(pid=100904) _notify_loop /usr/local/lib/python3.8/dist-packages/neutron_lib/callbacks/manager.py:175}}
Nov 04 14:03:44.414042 dv-cinder-815848-5-smb neutron-server[100904]: DEBUG neutron.pecan_wsgi.hooks.policy_enforcement [req-ce7c243a-c33b-4764-a008-a344f19848d2 req-782d268b-3d09-48d1-a90f-783910ec9a65 service neutron] Attributes excluded by policy engine: ['standard_attr_id'] {{(pid=100904) _exclude_attributes_by_policy /opt/stack/neutron/neutron/pecan_wsgi/hooks/policy_enforcement.py:255}}
Nov 04 14:03:44.415593 dv-cinder-815848-5-smb neutron-server[100904]: INFO neutron.wsgi [req-ce7c243a-c33b-4764-a008-a344f19848d2 req-782d268b-3d09-48d1-a90f-783910ec9a65 service neutron] 10.222.0.109 "GET /v2.0/ports?tenant_id=607f5a5112d94db9be667511bf71890f&device_id=d0dcddc4-8380-4858-87f9-5066b7441869 HTTP/1.1" status: 200 len: 1097 time: 0.0971324
Nov 04 14:03:44.418113 dv-cinder-815848-5-smb neutron-server[100904]: DEBUG neutron.db.provisioning_blocks [req-ff5a1732-f9cf-476e-991d-8a9d538048c7 req-22c1bfaf-e5cf-4a58-bf0a-ad19936337f4 service neutron] Transition to ACTIVE for port object 110d9401-5018-4643-a8d8-1f8aa7f0e976 will not be triggered until provisioned by entity L2. {{(pid=100904) add_provisioning_component /opt/stack/neutron/neutron/db/provisioning_blocks.py:73}}
Nov 04 14:03:44.422476 dv-cinder-815848-5-smb neutron-server[100904]: DEBUG neutron_lib.callbacks.manager [req-ff5a1732-f9cf-476e-991d-8a9d538048c7 req-22c1bfaf-e5cf-4a58-bf0a-ad19936337f4 service neutron] Publish callbacks ['neutron.plugins.ml2.plugin.SecurityGroupServerNotifierRpcMixin._notify_sg_on_port_change-3829339', 'neutron.plugins.ml2.ovo_rpc._ObjectChangeHandler.handle_event-130425', 'neutron.api.rpc.agentnotifiers.dhcp_rpc_agent_api.DhcpAgentNotifyAPI._native_event_send_dhcp_notification-594330', 'neutron.db.l3_db.L3RpcNotifierMixin._notify_gateway_port_ip_changed-8734337745273', 'neutron.db.l3_dvrscheduler_db._notify_l3_agent_port_update-8734337248597', 'neutron.db.l3_hascheduler_db._notify_l3_agent_ha_port_update-8734337248615'] for port, after_update {{(pid=100904) _notify_loop /usr/local/lib/python3.8/dist-packages/neutron_lib/callbacks/manager.py:175}}
Nov 04 14:03:44.501125 dv-cinder-815848-5-smb neutron-server[100904]: INFO neutron.wsgi [req-ce7c243a-c33b-4764-a008-a344f19848d2 req-11dd3230-e116-43c8-8535-f865869cb9a8 service neutron] 10.222.0.109 "GET /v2.0/floatingips?fixed_ip_address=172.20.0.14&port_id=0b1371df-708b-4622-a641-00e38bdc590c HTTP/1.1" status: 200 len: 217 time: 0.0754895
Nov 04 14:03:44.551406 dv-cinder-815848-5-smb neutron-server[100904]: DEBUG neutron.api.rpc.handlers.resources_rpc [None req-22c1bfaf-e5cf-4a58-bf0a-ad19936337f4 service neutron] Pushing event updated for resources: {'Port': ['ID=110d9401-5018-4643-a8d8-1f8aa7f0e976,revision_number=2']} {{(pid=100904) push /opt/stack/neutron/neutron/api/rpc/handlers/resources_rpc.py:237}}
Nov 04 14:03:44.607015 dv-cinder-815848-5-smb neutron-server[100904]: DEBUG neutron.pecan_wsgi.hooks.policy_enforcement [req-ce7c243a-c33b-4764-a008-a344f19848d2 req-16c20653-c78d-40b8-ad4d-ea4928e01e9c service neutron] Attributes excluded by policy engine: ['standard_attr_id', 'shared'] {{(pid=100904) _exclude_attributes_by_policy /opt/stack/neutron/neutron/pecan_wsgi/hooks/policy_enforcement.py:255}}
Nov 04 14:03:44.608747 dv-cinder-815848-5-smb neutron-server[100904]: INFO neutron.wsgi [req-ce7c243a-c33b-4764-a008-a344f19848d2 req-16c20653-c78d-40b8-ad4d-ea4928e01e9c service neutron] 10.222.0.109 "GET /v2.0/subnets?id=849b4c91-d5f1-40aa-a09d-95113f9b0bf8 HTTP/1.1" status: 200 len: 858 time: 0.0956206
Nov 04 14:03:44.610173 dv-cinder-815848-5-smb neutron-server[100904]: DEBUG neutron.plugins.ml2.managers [req-ff5a1732-f9cf-476e-991d-8a9d538048c7 req-22c1bfaf-e5cf-4a58-bf0a-ad19936337f4 service neutron] Attempting to bind port 110d9401-5018-4643-a8d8-1f8aa7f0e976 on host hv-cinder-81584 for vnic_type normal with profile {{(pid=100904) bind_port /opt/stack/neutron/neutron/plugins/ml2/managers.py:795}}
Nov 04 14:03:44.610770 dv-cinder-815848-5-smb neutron-server[100904]: DEBUG neutron.plugins.ml2.managers [req-ff5a1732-f9cf-476e-991d-8a9d538048c7 req-22c1bfaf-e5cf-4a58-bf0a-ad19936337f4 service neutron] Attempting to bind port 110d9401-5018-4643-a8d8-1f8aa7f0e976 by drivers openvswitch,hyperv on host hv-cinder-81584 at level 0 using segments [{'id': '4cd803be-b99e-4faa-99fc-b43a41baab76', 'network_type': 'vlan', 'physical_network': 'physnet1', 'segmentation_id': 1044, 'network_id': 'fcff01aa-c5be-4e8a-9f05-7b006e2d5197'}] {{(pid=100904) _bind_port_level /opt/stack/neutron/neutron/plugins/ml2/managers.py:820}}
Nov 04 14:03:44.611240 dv-cinder-815848-5-smb neutron-server[100904]: DEBUG neutron.plugins.ml2.drivers.mech_agent [req-ff5a1732-f9cf-476e-991d-8a9d538048c7 req-22c1bfaf-e5cf-4a58-bf0a-ad19936337f4 service neutron] Attempting to bind port 110d9401-5018-4643-a8d8-1f8aa7f0e976 on network fcff01aa-c5be-4e8a-9f05-7b006e2d5197 {{(pid=100904) bind_port /opt/stack/neutron/neutron/plugins/ml2/drivers/mech_agent.py:91}}
Nov 04 14:03:44.617909 dv-cinder-815848-5-smb neutron-server[100904]: DEBUG neutron.plugins.ml2.drivers.mech_agent [req-ff5a1732-f9cf-476e-991d-8a9d538048c7 req-22c1bfaf-e5cf-4a58-bf0a-ad19936337f4 service neutron] Port 110d9401-5018-4643-a8d8-1f8aa7f0e976 on network fcff01aa-c5be-4e8a-9f05-7b006e2d5197 not bound, no agent of type Open vSwitch agent registered on host hv-cinder-81584 {{(pid=100904) bind_port /opt/stack/neutron/neutron/plugins/ml2/drivers/mech_agent.py:103}}
Nov 04 14:03:44.618117 dv-cinder-815848-5-smb neutron-server[100904]: DEBUG neutron.plugins.ml2.drivers.mech_agent [req-ff5a1732-f9cf-476e-991d-8a9d538048c7 req-22c1bfaf-e5cf-4a58-bf0a-ad19936337f4 service neutron] Attempting to bind port 110d9401-5018-4643-a8d8-1f8aa7f0e976 on network fcff01aa-c5be-4e8a-9f05-7b006e2d5197 {{(pid=100904) bind_port /opt/stack/neutron/neutron/plugins/ml2/drivers/mech_agent.py:91}}
Nov 04 14:03:44.649544 dv-cinder-815848-5-smb neutron-server[100904]: INFO neutron.wsgi [req-ce7c243a-c33b-4764-a008-a344f19848d2 req-3c01ff60-33ee-4952-a8a0-b5552f86c264 service neutron] 10.222.0.109 "GET /v2.0/ports?network_id=fec0a5ec-5e61-46ec-97a5-13e44f89180f&device_owner=network%3Adhcp HTTP/1.1" status: 200 len: 210 time: 0.0326328
Nov 04 14:03:44.650200 dv-cinder-815848-5-smb neutron-server[100904]: DEBUG neutron.plugins.ml2.drivers.mech_agent [req-ff5a1732-f9cf-476e-991d-8a9d538048c7 req-22c1bfaf-e5cf-4a58-bf0a-ad19936337f4 service neutron] Checking agent: {'id': '2e2137c6-8f65-4dee-833f-dea8264be767', 'agent_type': 'HyperV agent', 'binary': 'neutron-hyperv-agent', 'topic': 'N/A', 'host': 'hv-cinder-81584', 'admin_state_up': True, 'created_at': datetime.datetime(2021, 11, 4, 14, 1, 12), 'started_at': datetime.datetime(2021, 11, 4, 14, 1, 12), 'heartbeat_timestamp': datetime.datetime(2021, 11, 4, 14, 3, 42), 'description': None, 'resources_synced': None, 'availability_zone': None, 'alive': True, 'configurations': {'vswitch_mappings': {'physnet1$': 'br-data'}}, 'resource_versions': {}} {{(pid=100904) bind_port /opt/stack/neutron/neutron/plugins/ml2/drivers/mech_agent.py:110}}
Nov 04 14:03:44.650616 dv-cinder-815848-5-smb neutron-server[100904]: DEBUG neutron.plugins.ml2.drivers.mech_agent [req-ff5a1732-f9cf-476e-991d-8a9d538048c7 req-22c1bfaf-e5cf-4a58-bf0a-ad19936337f4 service neutron] Checking segment: {'id': '4cd803be-b99e-4faa-99fc-b43a41baab76', 'network_type': 'vlan', 'physical_network': 'physnet1', 'segmentation_id': 1044, 'network_id': 'fcff01aa-c5be-4e8a-9f05-7b006e2d5197'} for mappings: {'physnet1$': 'br-data'} with network types: ['local', 'flat', 'vlan'] {{(pid=100904) check_segment_for_agent /opt/stack/neutron/neutron/plugins/ml2/drivers/mech_agent.py:371}}
Nov 04 14:03:44.651009 dv-cinder-815848-5-smb neutron-server[100904]: DEBUG neutron.plugins.ml2.drivers.mech_agent [req-ff5a1732-f9cf-476e-991d-8a9d538048c7 req-22c1bfaf-e5cf-4a58-bf0a-ad19936337f4 service neutron] Bound using segment: {'id': '4cd803be-b99e-4faa-99fc-b43a41baab76', 'network_type': 'vlan', 'physical_network': 'physnet1', 'segmentation_id': 1044, 'network_id': 'fcff01aa-c5be-4e8a-9f05-7b006e2d5197'} {{(pid=100904) bind_port /opt/stack/neutron/neutron/plugins/ml2/drivers/mech_agent.py:120}}
Nov 04 14:03:44.651465 dv-cinder-815848-5-smb neutron-server[100904]: DEBUG neutron.plugins.ml2.managers [req-ff5a1732-f9cf-476e-991d-8a9d538048c7 req-22c1bfaf-e5cf-4a58-bf0a-ad19936337f4 service neutron] Bound port: 110d9401-5018-4643-a8d8-1f8aa7f0e976, host: hv-cinder-81584, vif_type: hyperv, vif_details: {"connectivity": "legacy", "port_filter": false}, binding_levels: [{'bound_driver': 'hyperv', 'bound_segment': {'id': '4cd803be-b99e-4faa-99fc-b43a41baab76', 'network_type': 'vlan', 'physical_network': 'physnet1', 'segmentation_id': 1044, 'network_id': 'fcff01aa-c5be-4e8a-9f05-7b006e2d5197'}}] {{(pid=100904) _bind_port_level /opt/stack/neutron/neutron/plugins/ml2/managers.py:932}}
Nov 04 14:03:44.651826 dv-cinder-815848-5-smb neutron-server[100904]: DEBUG neutron_lib.callbacks.manager [req-ff5a1732-f9cf-476e-991d-8a9d538048c7 req-22c1bfaf-e5cf-4a58-bf0a-ad19936337f4 service neutron] Publish callbacks ['neutron.plugins.ml2.plugin.SecurityGroupDbMixin._ensure_default_security_group_handler-3829452'] for port, before_update {{(pid=100904) _notify_loop /usr/local/lib/python3.8/dist-packages/neutron_lib/callbacks/manager.py:175}}
Nov 04 14:03:44.809400 dv-cinder-815848-5-smb neutron-server[100904]: DEBUG neutron.plugins.ml2.db [req-ff5a1732-f9cf-476e-991d-8a9d538048c7 req-22c1bfaf-e5cf-4a58-bf0a-ad19936337f4 service neutron] For port 110d9401-5018-4643-a8d8-1f8aa7f0e976, host hv-cinder-81584, cleared binding levels {{(pid=100904) clear_binding_levels /opt/stack/neutron/neutron/plugins/ml2/db.py:87}}
Nov 04 14:03:44.818776 dv-cinder-815848-5-smb neutron-server[100904]: DEBUG neutron.plugins.ml2.db [req-ff5a1732-f9cf-476e-991d-8a9d538048c7 req-22c1bfaf-e5cf-4a58-bf0a-ad19936337f4 service neutron] For port 110d9401-5018-4643-a8d8-1f8aa7f0e976, host hv-cinder-81584, set binding levels [PortBindingLevel(driver='hyperv',host='hv-cinder-81584',level=0,port_id=110d9401-5018-4643-a8d8-1f8aa7f0e976,segment=NetworkSegment(4cd803be-b99e-4faa-99fc-b43a41baab76),segment_id=4cd803be-b99e-4faa-99fc-b43a41baab76)] {{(pid=100904) set_binding_levels /opt/stack/neutron/neutron/plugins/ml2/db.py:59}}
Nov 04 14:03:44.863089 dv-cinder-815848-5-smb neutron-server[100904]: DEBUG neutron_lib.callbacks.manager [req-ff5a1732-f9cf-476e-991d-8a9d538048c7 req-22c1bfaf-e5cf-4a58-bf0a-ad19936337f4 service neutron] Publish callbacks ['neutron.plugins.ml2.plugin.SecurityGroupServerNotifierRpcMixin._notify_sg_on_port_change-3829339', 'neutron.plugins.ml2.ovo_rpc._ObjectChangeHandler.handle_event-130425', 'neutron.api.rpc.agentnotifiers.dhcp_rpc_agent_api.DhcpAgentNotifyAPI._native_event_send_dhcp_notification-594330', 'neutron.db.l3_db.L3RpcNotifierMixin._notify_gateway_port_ip_changed-8734337745273', 'neutron.db.l3_dvrscheduler_db._notify_l3_agent_port_update-8734337248597', 'neutron.db.l3_hascheduler_db._notify_l3_agent_ha_port_update-8734337248615'] for port, after_update {{(pid=100904) _notify_loop /usr/local/lib/python3.8/dist-packages/neutron_lib/callbacks/manager.py:175}}
Nov 04 14:03:44.868238 dv-cinder-815848-5-smb neutron-server[100903]: DEBUG neutron.pecan_wsgi.hooks.policy_enforcement [req-758ac7b9-f77a-49a0-8cce-a313ae77efe8 req-84417887-a3c9-4478-af56-eb87854b2cb5 tempest-ServerRescueNegativeTestJSON-58946540 tempest-ServerRescueNegativeTestJSON-58946540-project] Attributes excluded by policy engine: ['standard_attr_id', 'binding:profile', 'binding:host_id', 'binding:vif_type', 'binding:vif_details'] {{(pid=100903) _exclude_attributes_by_policy /opt/stack/neutron/neutron/pecan_wsgi/hooks/policy_enforcement.py:255}}
Nov 04 14:03:44.887601 dv-cinder-815848-5-smb neutron-server[100903]: INFO neutron.wsgi [req-758ac7b9-f77a-49a0-8cce-a313ae77efe8 req-84417887-a3c9-4478-af56-eb87854b2cb5 tempest-ServerRescueNegativeTestJSON-58946540 tempest-ServerRescueNegativeTestJSON-58946540-project] 10.222.0.54 "GET /v2.0/ports?device_id=d0dcddc4-8380-4858-87f9-5066b7441869 HTTP/1.1" status: 200 len: 944 time: 0.0754969
Nov 04 14:03:44.888458 dv-cinder-815848-5-smb neutron-server[100904]: INFO neutron.wsgi [req-ce7c243a-c33b-4764-a008-a344f19848d2 req-8bf69d5e-194c-4bba-80f1-427a4657f578 service neutron] 10.222.0.109 "GET /v2.0/networks/fec0a5ec-5e61-46ec-97a5-13e44f89180f?fields=segments HTTP/1.1" status: 200 len: 212 time: 0.2166619
Nov 04 14:03:44.992113 dv-cinder-815848-5-smb neutron-server[100903]: INFO neutron.wsgi [req-758ac7b9-f77a-49a0-8cce-a313ae77efe8 req-3df3320c-fcf2-424a-8937-0f8cadb90538 tempest-ServerRescueNegativeTestJSON-58946540 tempest-ServerRescueNegativeTestJSON-58946540-project] 10.222.0.54 "GET /v2.0/security-groups?id=1f70d178-c68a-4089-a02a-18f55e301c42&fields=id&fields=name HTTP/1.1" status: 200 len: 286 time: 0.1013520
Nov 04 14:03:45.022446 dv-cinder-815848-5-smb neutron-server[100903]: DEBUG neutron.pecan_wsgi.hooks.policy_enforcement [req-231141b9-0f56-4160-83d8-7f3a0fb582b5 req-9b7c5720-acba-4ee3-87f5-65e016393e1d tempest-DeleteServersTestJSON-2093637730 tempest-DeleteServersTestJSON-2093637730-project] Attributes excluded by policy engine: ['standard_attr_id', 'binding:profile', 'binding:host_id', 'binding:vif_type', 'binding:vif_details'] {{(pid=100903) _exclude_attributes_by_policy /opt/stack/neutron/neutron/pecan_wsgi/hooks/policy_enforcement.py:255}}
Nov 04 14:03:45.025470 dv-cinder-815848-5-smb neutron-server[100903]: INFO neutron.wsgi [req-231141b9-0f56-4160-83d8-7f3a0fb582b5 req-9b7c5720-acba-4ee3-87f5-65e016393e1d tempest-DeleteServersTestJSON-2093637730 tempest-DeleteServersTestJSON-2093637730-project] 10.222.0.54 "GET /v2.0/ports?device_id=417d2158-059c-4163-a322-0dadafd1acc3 HTTP/1.1" status: 200 len: 943 time: 0.0937495
Nov 04 14:03:45.036201 dv-cinder-815848-5-smb neutron-server[100904]: DEBUG neutron.pecan_wsgi.hooks.policy_enforcement [req-ff5a1732-f9cf-476e-991d-8a9d538048c7 req-22c1bfaf-e5cf-4a58-bf0a-ad19936337f4 service neutron] Attributes excluded by policy engine: ['standard_attr_id'] {{(pid=100904) _exclude_attributes_by_policy /opt/stack/neutron/neutron/pecan_wsgi/hooks/policy_enforcement.py:255}}
Nov 04 14:03:45.037052 dv-cinder-815848-5-smb neutron-server[100904]: DEBUG neutron_lib.callbacks.manager [req-ff5a1732-f9cf-476e-991d-8a9d538048c7 req-22c1bfaf-e5cf-4a58-bf0a-ad19936337f4 service neutron] Publish callbacks ['neutron.notifiers.nova.Notifier._send_nova_notification-185696', 'neutron.api.rpc.agentnotifiers.dhcp_rpc_agent_api.DhcpAgentNotifyAPI._send_dhcp_notification-594308'] for port, before_response {{(pid=100904) _notify_loop /usr/local/lib/python3.8/dist-packages/neutron_lib/callbacks/manager.py:175}}
Nov 04 14:03:45.040108 dv-cinder-815848-5-smb neutron-server[100904]: INFO neutron.wsgi [req-ff5a1732-f9cf-476e-991d-8a9d538048c7 req-22c1bfaf-e5cf-4a58-bf0a-ad19936337f4 service neutron] 10.222.0.109 "PUT /v2.0/ports/110d9401-5018-4643-a8d8-1f8aa7f0e976 HTTP/1.1" status: 200 len: 1094 time: 1.5249765
Nov 04 14:03:45.165010 dv-cinder-815848-5-smb neutron-server[100904]: DEBUG neutron.api.rpc.handlers.resources_rpc [None req-22c1bfaf-e5cf-4a58-bf0a-ad19936337f4 service neutron] Pushing event updated for resources: {'Port': ['ID=110d9401-5018-4643-a8d8-1f8aa7f0e976,revision_number=3']} {{(pid=100904) push /opt/stack/neutron/neutron/api/rpc/handlers/resources_rpc.py:237}}
Nov 04 14:03:45.168408 dv-cinder-815848-5-smb neutron-server[100903]: INFO neutron.wsgi [req-231141b9-0f56-4160-83d8-7f3a0fb582b5 req-98c76f21-8bf6-4aef-a5df-bbdc2da9e8b7 tempest-DeleteServersTestJSON-2093637730 tempest-DeleteServersTestJSON-2093637730-project] 10.222.0.54 "GET /v2.0/security-groups?id=b2a6b290-df53-4560-b17c-8d79728d63ff&fields=id&fields=name HTTP/1.1" status: 200 len: 286 time: 0.1350322
Nov 04 14:03:45.240235 dv-cinder-815848-5-smb neutron-server[100904]: INFO neutron.wsgi [req-ce7c243a-c33b-4764-a008-a344f19848d2 req-a93b9d4e-b5ca-46c3-a7a3-0c3850e02b55 service neutron] 10.222.0.109 "GET /v2.0/networks/fec0a5ec-5e61-46ec-97a5-13e44f89180f?fields=provider%3Aphysical_network&fields=provider%3Anetwork_type HTTP/1.1" status: 200 len: 281 time: 0.3007848
Nov 04 14:03:45.264206 dv-cinder-815848-5-smb neutron-server[100904]: DEBUG neutron.pecan_wsgi.hooks.policy_enforcement [req-ff5a1732-f9cf-476e-991d-8a9d538048c7 req-acab3cef-9cde-47de-9961-94547853f53e service neutron] Attributes excluded by policy engine: ['standard_attr_id'] {{(pid=100904) _exclude_attributes_by_policy /opt/stack/neutron/neutron/pecan_wsgi/hooks/policy_enforcement.py:255}}
Nov 04 14:03:45.267705 dv-cinder-815848-5-smb neutron-server[100904]: INFO neutron.wsgi [req-ff5a1732-f9cf-476e-991d-8a9d538048c7 req-acab3cef-9cde-47de-9961-94547853f53e service neutron] 10.222.0.109 "GET /v2.0/ports?tenant_id=a5f0c983a88045c79674a8b024fa2fd8&device_id=c5307aaa-fc7d-4243-8569-98ed2a65dc33 HTTP/1.1" status: 200 len: 1097 time: 0.1436148
Nov 04 14:03:45.359731 dv-cinder-815848-5-smb neutron-server[100904]: INFO neutron.wsgi [req-ff5a1732-f9cf-476e-991d-8a9d538048c7 req-38ed0073-6b29-4226-9e69-55cadd94c1e8 service neutron] 10.222.0.109 "GET /v2.0/floatingips?fixed_ip_address=172.20.0.12&port_id=110d9401-5018-4643-a8d8-1f8aa7f0e976 HTTP/1.1" status: 200 len: 217 time: 0.0817163
Nov 04 14:03:45.441025 dv-cinder-815848-5-smb neutron-server[100903]: DEBUG neutron.pecan_wsgi.hooks.policy_enforcement [req-2fd15ac8-8201-4ac7-aaca-6c833d502e11 req-df6a037b-ca2b-49f6-98b3-c7e2e1639d13 tempest-AttachVolumeTestJSON-1105655911 tempest-AttachVolumeTestJSON-1105655911-project] Attributes excluded by policy engine: ['standard_attr_id', 'binding:profile', 'binding:host_id', 'binding:vif_type', 'binding:vif_details'] {{(pid=100903) _exclude_attributes_by_policy /opt/stack/neutron/neutron/pecan_wsgi/hooks/policy_enforcement.py:255}}
Nov 04 14:03:45.443260 dv-cinder-815848-5-smb neutron-server[100903]: INFO neutron.wsgi [req-2fd15ac8-8201-4ac7-aaca-6c833d502e11 req-df6a037b-ca2b-49f6-98b3-c7e2e1639d13 tempest-AttachVolumeTestJSON-1105655911 tempest-AttachVolumeTestJSON-1105655911-project] 10.222.0.54 "GET /v2.0/ports?device_id=c5307aaa-fc7d-4243-8569-98ed2a65dc33 HTTP/1.1" status: 200 len: 944 time: 0.0958157
Nov 04 14:03:45.460551 dv-cinder-815848-5-smb neutron-server[100904]: DEBUG neutron.pecan_wsgi.hooks.policy_enforcement [req-ff5a1732-f9cf-476e-991d-8a9d538048c7 req-fc6ef220-f332-4c2a-895b-84bbad450ee3 service neutron] Attributes excluded by policy engine: ['standard_attr_id', 'shared'] {{(pid=100904) _exclude_attributes_by_policy /opt/stack/neutron/neutron/pecan_wsgi/hooks/policy_enforcement.py:255}}
Nov 04 14:03:45.462529 dv-cinder-815848-5-smb neutron-server[100904]: INFO neutron.wsgi [req-ff5a1732-f9cf-476e-991d-8a9d538048c7 req-fc6ef220-f332-4c2a-895b-84bbad450ee3 service neutron] 10.222.0.109 "GET /v2.0/subnets?id=4df77c0b-680a-4d34-8054-9f6dcf8c1bf0 HTTP/1.1" status: 200 len: 850 time: 0.0928438
Nov 04 14:03:45.466366 dv-cinder-815848-5-smb neutron-server[100904]: DEBUG neutron.pecan_wsgi.hooks.policy_enforcement [req-9811a67d-9bc0-4962-a3f6-9dd25c26b3f2 req-aa83109b-f8f7-4621-8760-09785366bed7 service neutron] Attributes excluded by policy engine: ['standard_attr_id'] {{(pid=100904) _exclude_attributes_by_policy /opt/stack/neutron/neutron/pecan_wsgi/hooks/policy_enforcement.py:255}}
Nov 04 14:03:45.467884 dv-cinder-815848-5-smb neutron-server[100904]: INFO neutron.wsgi [req-9811a67d-9bc0-4962-a3f6-9dd25c26b3f2 req-aa83109b-f8f7-4621-8760-09785366bed7 service neutron] 10.222.0.109 "GET /v2.0/ports?tenant_id=607f5a5112d94db9be667511bf71890f&device_id=d0dcddc4-8380-4858-87f9-5066b7441869 HTTP/1.1" status: 200 len: 1097 time: 0.1126637
Nov 04 14:03:45.508764 dv-cinder-815848-5-smb neutron-server[100903]: INFO neutron.wsgi [req-2fd15ac8-8201-4ac7-aaca-6c833d502e11 req-63ac57fb-d56c-4252-9928-d5f48411fe85 tempest-AttachVolumeTestJSON-1105655911 tempest-AttachVolumeTestJSON-1105655911-project] 10.222.0.54 "GET /v2.0/security-groups?id=37da232e-1c75-4eb9-9999-9e394940c28b&fields=id&fields=name HTTP/1.1" status: 200 len: 313 time: 0.0596802
Nov 04 14:03:45.598292 dv-cinder-815848-5-smb neutron-server[100904]: DEBUG neutron.pecan_wsgi.hooks.policy_enforcement [req-ff5a1732-f9cf-476e-991d-8a9d538048c7 req-b13e5d99-a7ea-49a7-a205-5c5e6b42e354 service neutron] Attributes excluded by policy engine: ['standard_attr_id'] {{(pid=100904) _exclude_attributes_by_policy /opt/stack/neutron/neutron/pecan_wsgi/hooks/policy_enforcement.py:255}}
Nov 04 14:03:45.599814 dv-cinder-815848-5-smb neutron-server[100904]: INFO neutron.wsgi [req-ff5a1732-f9cf-476e-991d-8a9d538048c7 req-b13e5d99-a7ea-49a7-a205-5c5e6b42e354 service neutron] 10.222.0.109 "GET /v2.0/ports?network_id=fcff01aa-c5be-4e8a-9f05-7b006e2d5197&device_owner=network%3Adhcp HTTP/1.1" status: 200 len: 1173 time: 0.1229587
Nov 04 14:03:45.644120 dv-cinder-815848-5-smb neutron-server[100904]: DEBUG neutron.pecan_wsgi.hooks.policy_enforcement [req-9811a67d-9bc0-4962-a3f6-9dd25c26b3f2 req-2c3da60c-2868-4c08-9b77-a9294ed846f2 service neutron] Attributes excluded by policy engine: ['standard_attr_id', 'vlan_transparent'] {{(pid=100904) _exclude_attributes_by_policy /opt/stack/neutron/neutron/pecan_wsgi/hooks/policy_enforcement.py:255}}
Nov 04 14:03:45.645655 dv-cinder-815848-5-smb neutron-server[100904]: INFO neutron.wsgi [req-9811a67d-9bc0-4962-a3f6-9dd25c26b3f2 req-2c3da60c-2868-4c08-9b77-a9294ed846f2 service neutron] 10.222.0.109 "GET /v2.0/networks?id=fec0a5ec-5e61-46ec-97a5-13e44f89180f HTTP/1.1" status: 200 len: 920 time: 0.1676321
Nov 04 14:03:45.884434 dv-cinder-815848-5-smb neutron-server[100904]: INFO neutron.wsgi [req-9811a67d-9bc0-4962-a3f6-9dd25c26b3f2 req-10c6c4f7-38d4-4fb4-b687-386c5fe4d825 service neutron] 10.222.0.109 "GET /v2.0/floatingips?fixed_ip_address=172.20.0.14&port_id=0b1371df-708b-4622-a641-00e38bdc590c HTTP/1.1" status: 200 len: 217 time: 0.2066967
Nov 04 14:03:45.948961 dv-cinder-815848-5-smb neutron-server[100904]: INFO neutron.wsgi [req-ff5a1732-f9cf-476e-991d-8a9d538048c7 req-2cdca8ef-a53f-48b7-a1a3-2f6bd00e6952 service neutron] 10.222.0.109 "GET /v2.0/networks/fcff01aa-c5be-4e8a-9f05-7b006e2d5197?fields=segments HTTP/1.1" status: 200 len: 212 time: 0.3403535
Nov 04 14:03:45.952467 dv-cinder-815848-5-smb neutron-server[100904]: DEBUG neutron.pecan_wsgi.hooks.policy_enforcement [req-9811a67d-9bc0-4962-a3f6-9dd25c26b3f2 req-f487e119-a6b5-4355-88d6-b0fce7c63061 service neutron] Attributes excluded by policy engine: ['standard_attr_id', 'shared'] {{(pid=100904) _exclude_attributes_by_policy /opt/stack/neutron/neutron/pecan_wsgi/hooks/policy_enforcement.py:255}}
Nov 04 14:03:45.954220 dv-cinder-815848-5-smb neutron-server[100904]: INFO neutron.wsgi [req-9811a67d-9bc0-4962-a3f6-9dd25c26b3f2 req-f487e119-a6b5-4355-88d6-b0fce7c63061 service neutron] 10.222.0.109 "GET /v2.0/subnets?id=849b4c91-d5f1-40aa-a09d-95113f9b0bf8 HTTP/1.1" status: 200 len: 858 time: 0.0610638
Nov 04 14:03:46.015346 dv-cinder-815848-5-smb neutron-server[100904]: INFO neutron.wsgi [req-9811a67d-9bc0-4962-a3f6-9dd25c26b3f2 req-4471dfc7-c919-43f5-9481-71eea8bffb42 service neutron] 10.222.0.109 "GET /v2.0/ports?network_id=fec0a5ec-5e61-46ec-97a5-13e44f89180f&device_owner=network%3Adhcp HTTP/1.1" status: 200 len: 210 time: 0.0433321
Nov 04 14:03:46.126947 dv-cinder-815848-5-smb neutron-server[100903]: DEBUG neutron.pecan_wsgi.hooks.policy_enforcement [req-df0acdc2-46ea-47aa-8409-e7f033416927 req-744c2953-9b6a-4d17-a7e2-966880e684c4 tempest-ServerRescueNegativeTestJSON-58946540 tempest-ServerRescueNegativeTestJSON-58946540-project] Attributes excluded by policy engine: ['standard_attr_id', 'binding:profile', 'binding:host_id', 'binding:vif_type', 'binding:vif_details'] {{(pid=100903) _exclude_attributes_by_policy /opt/stack/neutron/neutron/pecan_wsgi/hooks/policy_enforcement.py:255}}
Nov 04 14:03:46.134851 dv-cinder-815848-5-smb neutron-server[100903]: INFO neutron.wsgi [req-df0acdc2-46ea-47aa-8409-e7f033416927 req-744c2953-9b6a-4d17-a7e2-966880e684c4 tempest-ServerRescueNegativeTestJSON-58946540 tempest-ServerRescueNegativeTestJSON-58946540-project] 10.222.0.54 "GET /v2.0/ports?device_id=d0dcddc4-8380-4858-87f9-5066b7441869 HTTP/1.1" status: 200 len: 944 time: 0.0604596
Nov 04 14:03:46.146647 dv-cinder-815848-5-smb neutron-server[100904]: INFO neutron.wsgi [req-ff5a1732-f9cf-476e-991d-8a9d538048c7 req-14f10cba-3988-4ec1-8f08-ad551de42f73 service neutron] 10.222.0.109 "GET /v2.0/networks/fcff01aa-c5be-4e8a-9f05-7b006e2d5197?fields=provider%3Aphysical_network&fields=provider%3Anetwork_type HTTP/1.1" status: 200 len: 281 time: 0.1835234
Nov 04 14:03:46.179742 dv-cinder-815848-5-smb neutron-server[100904]: INFO neutron.wsgi [req-9811a67d-9bc0-4962-a3f6-9dd25c26b3f2 req-3d294703-1e2a-4dbc-89ab-a47f5b0b3958 service neutron] 10.222.0.109 "GET /v2.0/networks/fec0a5ec-5e61-46ec-97a5-13e44f89180f?fields=segments HTTP/1.1" status: 200 len: 212 time: 0.1350737
Nov 04 14:03:46.200634 dv-cinder-815848-5-smb neutron-server[100903]: INFO neutron.wsgi [req-df0acdc2-46ea-47aa-8409-e7f033416927 req-fd52f800-a5f3-4dea-8d69-ca1d0205c690 tempest-ServerRescueNegativeTestJSON-58946540 tempest-ServerRescueNegativeTestJSON-58946540-project] 10.222.0.54 "GET /v2.0/security-groups?id=1f70d178-c68a-4089-a02a-18f55e301c42&fields=id&fields=name HTTP/1.1" status: 200 len: 286 time: 0.0646853
Nov 04 14:03:46.211982 dv-cinder-815848-5-smb neutron-server[100903]: DEBUG neutron.wsgi [-] (100903) accepted ('10.222.0.54', 47906) {{(pid=100903) server /usr/local/lib/python3.8/dist-packages/eventlet/wsgi.py:982}}
Nov 04 14:03:46.311801 dv-cinder-815848-5-smb neutron-server[100904]: INFO neutron.wsgi [req-9811a67d-9bc0-4962-a3f6-9dd25c26b3f2 req-53d9ccd4-5c18-4ffd-b612-0bfc0e8adf39 service neutron] 10.222.0.109 "GET /v2.0/networks/fec0a5ec-5e61-46ec-97a5-13e44f89180f?fields=provider%3Aphysical_network&fields=provider%3Anetwork_type HTTP/1.1" status: 200 len: 281 time: 0.1237068
Nov 04 14:03:46.358875 dv-cinder-815848-5-smb neutron-server[100904]: DEBUG neutron.notifiers.nova [-] Sending events: [{'name': 'network-changed', 'server_uuid': 'c5307aaa-fc7d-4243-8569-98ed2a65dc33', 'tag': '110d9401-5018-4643-a8d8-1f8aa7f0e976'}] {{(pid=100904) send_events /opt/stack/neutron/neutron/notifiers/nova.py:262}}
Nov 04 14:03:46.361816 dv-cinder-815848-5-smb neutron-server[100904]: DEBUG novaclient.v2.client [-] REQ: curl -g -i --cacert "/opt/stack/data/ca-bundle.pem" -X POST http://10.222.0.54/compute/v2.1/os-server-external-events -H "Accept: application/json" -H "Content-Type: application/json" -H "User-Agent: python-novaclient" -H "X-Auth-Token: {SHA256}6b764618107d4aee34307129613da18d1b8cd3a66c93444a3e39cbad6a535bfd" -H "X-OpenStack-Nova-API-Version: 2.1" -H "X-OpenStack-Request-ID: req-5e9960c9-72f9-4522-9f82-7161b9084b07" -d '{"events": [{"name": "network-changed", "server_uuid": "c5307aaa-fc7d-4243-8569-98ed2a65dc33", "tag": "110d9401-5018-4643-a8d8-1f8aa7f0e976"}]}' {{(pid=100904) _http_log_request /usr/local/lib/python3.8/dist-packages/keystoneauth1/session.py:519}}
Nov 04 14:03:46.368166 dv-cinder-815848-5-smb neutron-server[100903]: DEBUG neutron_lib.callbacks.manager [None req-91b9dac0-3bad-44dd-99bb-d219fdd467b4 admin admin] Publish callbacks [] for security_group, before_create {{(pid=100903) _notify_loop /usr/local/lib/python3.8/dist-packages/neutron_lib/callbacks/manager.py:175}}
Nov 04 14:03:46.390616 dv-cinder-815848-5-smb neutron-server[100903]: DEBUG neutron.pecan_wsgi.hooks.policy_enforcement [req-bb31559e-67e1-41c6-863f-e4bacf795bff req-c31c25f1-ccde-4193-804f-af42706df725 tempest-DeleteServersTestJSON-2093637730 tempest-DeleteServersTestJSON-2093637730-project] Attributes excluded by policy engine: ['standard_attr_id', 'binding:profile', 'binding:host_id', 'binding:vif_type', 'binding:vif_details'] {{(pid=100903) _exclude_attributes_by_policy /opt/stack/neutron/neutron/pecan_wsgi/hooks/policy_enforcement.py:255}}
Nov 04 14:03:46.392761 dv-cinder-815848-5-smb neutron-server[100903]: INFO neutron.wsgi [req-bb31559e-67e1-41c6-863f-e4bacf795bff req-c31c25f1-ccde-4193-804f-af42706df725 tempest-DeleteServersTestJSON-2093637730 tempest-DeleteServersTestJSON-2093637730-project] 10.222.0.54 "GET /v2.0/ports?device_id=417d2158-059c-4163-a322-0dadafd1acc3 HTTP/1.1" status: 200 len: 943 time: 0.1165295
Nov 04 14:03:46.421142 dv-cinder-815848-5-smb neutron-server[100904]: DEBUG novaclient.v2.client [-] RESP: [200] Connection: close Content-Length: 179 Content-Type: application/json Date: Thu, 04 Nov 2021 14:03:46 GMT OpenStack-API-Version: compute 2.1 Server: Apache/2.4.41 (Ubuntu) Vary: OpenStack-API-Version,X-OpenStack-Nova-API-Version X-OpenStack-Nova-API-Version: 2.1 x-compute-request-id: req-b6bb3132-2bf3-42e7-b8bc-fadd02c6ba6d x-openstack-request-id: req-b6bb3132-2bf3-42e7-b8bc-fadd02c6ba6d {{(pid=100904) _http_log_response /usr/local/lib/python3.8/dist-packages/keystoneauth1/session.py:550}}
