Oct 28 14:38:06.600979 dv-cinder-815848-1-iscsi devstack@c-api.service[108369]: DEBUG cinder.api.openstack.wsgi [None req-e6afdc14-ee67-4628-9da4-22349a5f2aca tempest-SnapshotsActionsTest-1826104540 tempest-SnapshotsActionsTest-1826104540-project] Calling method 'show' {{(pid=108369) _process_stack /opt/stack/cinder/cinder/api/openstack/wsgi.py:856}}
Oct 28 14:38:06.610515 dv-cinder-815848-1-iscsi devstack@c-api.service[108369]: /usr/local/lib/python3.8/dist-packages/oslo_context/context.py:105: DeprecationWarning: Policy enforcement is depending on the value of is_admin. This key is deprecated. Please update your policy file to use the standard policy values.
Oct 28 14:38:06.610515 dv-cinder-815848-1-iscsi devstack@c-api.service[108369]: warnings.warn('Policy enforcement is depending on the value of '
Oct 28 14:38:06.611953 dv-cinder-815848-1-iscsi devstack@c-api.service[108369]: INFO cinder.volume.api [None req-e6afdc14-ee67-4628-9da4-22349a5f2aca tempest-SnapshotsActionsTest-1826104540 tempest-SnapshotsActionsTest-1826104540-project] Snapshot retrieved successfully.
Oct 28 14:38:06.613900 dv-cinder-815848-1-iscsi devstack@c-api.service[108369]: INFO cinder.api.openstack.wsgi [None req-e6afdc14-ee67-4628-9da4-22349a5f2aca tempest-SnapshotsActionsTest-1826104540 tempest-SnapshotsActionsTest-1826104540-project] http://10.222.0.79/volume/v3/26f4ba54aaf044b3badc3a12220df236/snapshots/ceeff72d-75d6-4153-a4fe-58ad2f5e3fa0 returned with HTTP 200
Oct 28 14:38:06.615125 dv-cinder-815848-1-iscsi devstack@c-api.service[108369]: [pid: 108369|app: 0|req: 234/417] 10.222.0.79 () {58 vars in 1330 bytes} [Thu Oct 28 14:38:06 2021] GET /volume/v3/26f4ba54aaf044b3badc3a12220df236/snapshots/ceeff72d-75d6-4153-a4fe-58ad2f5e3fa0 => generated 465 bytes in 19 msecs (HTTP/1.1 200) 7 headers in 285 bytes (2 switches on core 0)
Oct 28 14:38:06.619919 dv-cinder-815848-1-iscsi devstack@c-api.service[108370]: INFO cinder.volume.api [None req-6d1735ce-ecb8-4f45-b283-69271a01a0bd tempest-SnapshotMetadataTestJSON-158841356 tempest-SnapshotMetadataTestJSON-158841356-project] Delete volume request issued successfully.
Oct 28 14:38:06.620415 dv-cinder-815848-1-iscsi devstack@c-api.service[108370]: INFO cinder.api.openstack.wsgi [None req-6d1735ce-ecb8-4f45-b283-69271a01a0bd tempest-SnapshotMetadataTestJSON-158841356 tempest-SnapshotMetadataTestJSON-158841356-project] http://10.222.0.79/volume/v3/279585a96b7d4a9eac81fc7d5c7a3f9c/volumes/51f80885-1f1f-48ce-819f-8e3b7ddc33df returned with HTTP 202
Oct 28 14:38:06.621547 dv-cinder-815848-1-iscsi devstack@c-api.service[108370]: [pid: 108370|app: 0|req: 184/418] 10.222.0.79 () {58 vars in 1327 bytes} [Thu Oct 28 14:38:06 2021] DELETE /volume/v3/279585a96b7d4a9eac81fc7d5c7a3f9c/volumes/51f80885-1f1f-48ce-819f-8e3b7ddc33df => generated 0 bytes in 68 msecs (HTTP/1.1 202) 6 headers in 233 bytes (1 switches on core 0)
Oct 28 14:38:06.628600 dv-cinder-815848-1-iscsi devstack@c-api.service[108369]: INFO cinder.api.openstack.wsgi [None req-e8e1bc4b-47f7-4902-a5fb-28be0edfeec1 tempest-SnapshotMetadataTestJSON-158841356 tempest-SnapshotMetadataTestJSON-158841356-project] GET http://10.222.0.79/volume/v3/279585a96b7d4a9eac81fc7d5c7a3f9c/volumes/51f80885-1f1f-48ce-819f-8e3b7ddc33df
Oct 28 14:38:06.629330 dv-cinder-815848-1-iscsi devstack@c-api.service[108369]: DEBUG cinder.api.openstack.wsgi [None req-e8e1bc4b-47f7-4902-a5fb-28be0edfeec1 tempest-SnapshotMetadataTestJSON-158841356 tempest-SnapshotMetadataTestJSON-158841356-project] Empty body provided in request {{(pid=108369) get_body /opt/stack/cinder/cinder/api/openstack/wsgi.py:703}}
Oct 28 14:38:06.629641 dv-cinder-815848-1-iscsi devstack@c-api.service[108369]: /usr/local/lib/python3.8/dist-packages/webob/acceptparse.py:1047: DeprecationWarning: The behavior of AcceptValidHeader.best_match is currently being maintained for backward compatibility, but it will be deprecated in the future, as it does not conform to the RFC.
Oct 28 14:38:06.629641 dv-cinder-815848-1-iscsi devstack@c-api.service[108369]: warnings.warn(
Oct 28 14:38:06.630134 dv-cinder-815848-1-iscsi devstack@c-api.service[108369]: DEBUG cinder.api.openstack.wsgi [None req-e8e1bc4b-47f7-4902-a5fb-28be0edfeec1 tempest-SnapshotMetadataTestJSON-158841356 tempest-SnapshotMetadataTestJSON-158841356-project] Calling method 'show' {{(pid=108369) _process_stack /opt/stack/cinder/cinder/api/openstack/wsgi.py:856}}
Oct 28 14:38:06.643927 dv-cinder-815848-1-iscsi devstack@c-api.service[108369]: /usr/local/lib/python3.8/dist-packages/oslo_context/context.py:105: DeprecationWarning: Policy enforcement is depending on the value of is_admin. This key is deprecated. Please update your policy file to use the standard policy values.
Oct 28 14:38:06.643927 dv-cinder-815848-1-iscsi devstack@c-api.service[108369]: warnings.warn('Policy enforcement is depending on the value of '
Oct 28 14:38:06.652451 dv-cinder-815848-1-iscsi devstack@c-api.service[108369]: INFO cinder.volume.api [None req-e8e1bc4b-47f7-4902-a5fb-28be0edfeec1 tempest-SnapshotMetadataTestJSON-158841356 tempest-SnapshotMetadataTestJSON-158841356-project] Volume info retrieved successfully.
Oct 28 14:38:06.662702 dv-cinder-815848-1-iscsi devstack@c-api.service[108369]: INFO cinder.api.openstack.wsgi [None req-e8e1bc4b-47f7-4902-a5fb-28be0edfeec1 tempest-SnapshotMetadataTestJSON-158841356 tempest-SnapshotMetadataTestJSON-158841356-project] http://10.222.0.79/volume/v3/279585a96b7d4a9eac81fc7d5c7a3f9c/volumes/51f80885-1f1f-48ce-819f-8e3b7ddc33df returned with HTTP 200
Oct 28 14:38:06.674656 dv-cinder-815848-1-iscsi devstack@c-api.service[108369]: [pid: 108369|app: 0|req: 235/419] 10.222.0.79 () {58 vars in 1324 bytes} [Thu Oct 28 14:38:06 2021] GET /volume/v3/279585a96b7d4a9eac81fc7d5c7a3f9c/volumes/51f80885-1f1f-48ce-819f-8e3b7ddc33df => generated 916 bytes in 39 msecs (HTTP/1.1 200) 7 headers in 285 bytes (1 switches on core 0)
Oct 28 14:38:06.730179 dv-cinder-815848-1-iscsi devstack@c-api.service[108370]: INFO cinder.api.openstack.wsgi [None req-0cecc98c-37e0-4a7e-9218-ed5f4bdab4ac tempest-DeleteServersTestJSON-796478736 tempest-DeleteServersTestJSON-796478736-project] GET http://10.222.0.79/volume/v3/9d82e2b8f43e4ae1ac9d7014a692ee64/volumes/f7834574-4b94-4c1f-8804-c1549ce0c25b
Oct 28 14:38:06.730620 dv-cinder-815848-1-iscsi devstack@c-api.service[108370]: DEBUG cinder.api.openstack.wsgi [None req-0cecc98c-37e0-4a7e-9218-ed5f4bdab4ac tempest-DeleteServersTestJSON-796478736 tempest-DeleteServersTestJSON-796478736-project] Empty body provided in request {{(pid=108370) get_body /opt/stack/cinder/cinder/api/openstack/wsgi.py:703}}
Oct 28 14:38:06.730825 dv-cinder-815848-1-iscsi devstack@c-api.service[108370]: /usr/local/lib/python3.8/dist-packages/webob/acceptparse.py:1047: DeprecationWarning: The behavior of AcceptValidHeader.best_match is currently being maintained for backward compatibility, but it will be deprecated in the future, as it does not conform to the RFC.
Oct 28 14:38:06.730825 dv-cinder-815848-1-iscsi devstack@c-api.service[108370]: warnings.warn(
Oct 28 14:38:06.731129 dv-cinder-815848-1-iscsi devstack@c-api.service[108370]: DEBUG cinder.api.openstack.wsgi [None req-0cecc98c-37e0-4a7e-9218-ed5f4bdab4ac tempest-DeleteServersTestJSON-796478736 tempest-DeleteServersTestJSON-796478736-project] Calling method 'show' {{(pid=108370) _process_stack /opt/stack/cinder/cinder/api/openstack/wsgi.py:856}}
Oct 28 14:38:06.751878 dv-cinder-815848-1-iscsi devstack@c-api.service[108370]: /usr/local/lib/python3.8/dist-packages/oslo_context/context.py:105: DeprecationWarning: Policy enforcement is depending on the value of is_admin. This key is deprecated. Please update your policy file to use the standard policy values.
Oct 28 14:38:06.751878 dv-cinder-815848-1-iscsi devstack@c-api.service[108370]: warnings.warn('Policy enforcement is depending on the value of '
Oct 28 14:38:06.759588 dv-cinder-815848-1-iscsi devstack@c-api.service[108370]: INFO cinder.volume.api [None req-0cecc98c-37e0-4a7e-9218-ed5f4bdab4ac tempest-DeleteServersTestJSON-796478736 tempest-DeleteServersTestJSON-796478736-project] Volume info retrieved successfully.
Oct 28 14:38:06.768211 dv-cinder-815848-1-iscsi devstack@c-api.service[108370]: INFO cinder.api.openstack.wsgi [None req-0cecc98c-37e0-4a7e-9218-ed5f4bdab4ac tempest-DeleteServersTestJSON-796478736 tempest-DeleteServersTestJSON-796478736-project] http://10.222.0.79/volume/v3/9d82e2b8f43e4ae1ac9d7014a692ee64/volumes/f7834574-4b94-4c1f-8804-c1549ce0c25b returned with HTTP 200
Oct 28 14:38:06.768944 dv-cinder-815848-1-iscsi devstack@c-api.service[108370]: [pid: 108370|app: 0|req: 185/420] 10.222.0.79 () {58 vars in 1324 bytes} [Thu Oct 28 14:38:06 2021] GET /volume/v3/9d82e2b8f43e4ae1ac9d7014a692ee64/volumes/f7834574-4b94-4c1f-8804-c1549ce0c25b => generated 913 bytes in 42 msecs (HTTP/1.1 200) 7 headers in 285 bytes (1 switches on core 0)
Oct 28 14:38:06.948530 dv-cinder-815848-1-iscsi devstack@c-api.service[108369]: INFO cinder.api.openstack.wsgi [None req-a05a8f8d-d77a-4c5a-8492-a16c6f64860d tempest-VolumesTransfersTest-1468364390 tempest-VolumesTransfersTest-1468364390-project-admin] GET http://10.222.0.79/volume/v3/ab7c344ba86a4f19ba2d8163d50f23f5/volumes/00233763-cad3-4d41-8335-9099a9f4ebcc
Oct 28 14:38:06.949046 dv-cinder-815848-1-iscsi devstack@c-api.service[108369]: DEBUG cinder.api.openstack.wsgi [None req-a05a8f8d-d77a-4c5a-8492-a16c6f64860d tempest-VolumesTransfersTest-1468364390 tempest-VolumesTransfersTest-1468364390-project-admin] Empty body provided in request {{(pid=108369) get_body /opt/stack/cinder/cinder/api/openstack/wsgi.py:703}}
Oct 28 14:38:06.949583 dv-cinder-815848-1-iscsi devstack@c-api.service[108369]: /usr/local/lib/python3.8/dist-packages/webob/acceptparse.py:1047: DeprecationWarning: The behavior of AcceptValidHeader.best_match is currently being maintained for backward compatibility, but it will be deprecated in the future, as it does not conform to the RFC.
Oct 28 14:38:06.949583 dv-cinder-815848-1-iscsi devstack@c-api.service[108369]: warnings.warn(
Oct 28 14:38:06.950341 dv-cinder-815848-1-iscsi devstack@c-api.service[108369]: DEBUG cinder.api.openstack.wsgi [None req-a05a8f8d-d77a-4c5a-8492-a16c6f64860d tempest-VolumesTransfersTest-1468364390 tempest-VolumesTransfersTest-1468364390-project-admin] Calling method 'show' {{(pid=108369) _process_stack /opt/stack/cinder/cinder/api/openstack/wsgi.py:856}}
Oct 28 14:38:06.963721 dv-cinder-815848-1-iscsi devstack@c-api.service[108369]: INFO cinder.api.openstack.wsgi [None req-a05a8f8d-d77a-4c5a-8492-a16c6f64860d tempest-VolumesTransfersTest-1468364390 tempest-VolumesTransfersTest-1468364390-project-admin] http://10.222.0.79/volume/v3/ab7c344ba86a4f19ba2d8163d50f23f5/volumes/00233763-cad3-4d41-8335-9099a9f4ebcc returned with HTTP 404
Oct 28 14:38:06.964818 dv-cinder-815848-1-iscsi devstack@c-api.service[108369]: [pid: 108369|app: 0|req: 236/421] 10.222.0.79 () {58 vars in 1324 bytes} [Thu Oct 28 14:38:06 2021] GET /volume/v3/ab7c344ba86a4f19ba2d8163d50f23f5/volumes/00233763-cad3-4d41-8335-9099a9f4ebcc => generated 109 bytes in 21 msecs (HTTP/1.1 404) 7 headers in 292 bytes (1 switches on core 0)
Oct 28 14:38:06.977002 dv-cinder-815848-1-iscsi devstack@c-api.service[108370]: INFO cinder.api.openstack.wsgi [None req-2edd6bed-9c5b-423f-9029-f14ac9bf4c87 tempest-VolumesTransfersTest-2065609079 tempest-VolumesTransfersTest-2065609079-project] POST http://10.222.0.79/volume/v3/ce48d1c7b4a74bbaadc82d6769764e5b/volumes
Oct 28 14:38:06.977750 dv-cinder-815848-1-iscsi devstack@c-api.service[108370]: /usr/local/lib/python3.8/dist-packages/webob/acceptparse.py:1047: DeprecationWarning: The behavior of AcceptValidHeader.best_match is currently being maintained for backward compatibility, but it will be deprecated in the future, as it does not conform to the RFC.
Oct 28 14:38:06.977750 dv-cinder-815848-1-iscsi devstack@c-api.service[108370]: warnings.warn(
Oct 28 14:38:06.978631 dv-cinder-815848-1-iscsi devstack@c-api.service[108370]: DEBUG cinder.api.openstack.wsgi [None req-2edd6bed-9c5b-423f-9029-f14ac9bf4c87 tempest-VolumesTransfersTest-2065609079 tempest-VolumesTransfersTest-2065609079-project] Action: 'create', calling method: create, body: {"volume": {"size": 1, "name": "tempest-VolumesTransfersTest-Volume-480412424"}} {{(pid=108370) _process_stack /opt/stack/cinder/cinder/api/openstack/wsgi.py:854}}
Oct 28 14:38:06.979893 dv-cinder-815848-1-iscsi devstack@c-api.service[108370]: DEBUG cinder.api.v3.volumes [None req-2edd6bed-9c5b-423f-9029-f14ac9bf4c87 tempest-VolumesTransfersTest-2065609079 tempest-VolumesTransfersTest-2065609079-project] Create volume request body: {'volume': {'size': 1, 'name': 'tempest-VolumesTransfersTest-Volume-480412424'}} {{(pid=108370) create /opt/stack/cinder/cinder/api/v3/volumes.py:298}}
Oct 28 14:38:06.980403 dv-cinder-815848-1-iscsi devstack@c-api.service[108370]: INFO cinder.api.v3.volumes [None req-2edd6bed-9c5b-423f-9029-f14ac9bf4c87 tempest-VolumesTransfersTest-2065609079 tempest-VolumesTransfersTest-2065609079-project] Create volume of 1 GB
Oct 28 14:38:06.988236 dv-cinder-815848-1-iscsi devstack@c-api.service[108370]: INFO cinder.volume.api [None req-2edd6bed-9c5b-423f-9029-f14ac9bf4c87 tempest-VolumesTransfersTest-2065609079 tempest-VolumesTransfersTest-2065609079-project] Availability Zones retrieved successfully.
Oct 28 14:38:07.005081 dv-cinder-815848-1-iscsi devstack@c-api.service[108370]: DEBUG cinder.volume.api [None req-2edd6bed-9c5b-423f-9029-f14ac9bf4c87 tempest-VolumesTransfersTest-2065609079 tempest-VolumesTransfersTest-2065609079-project] Flow 'volume_create_api' (e52047f0-8e1a-48b9-9d7e-59544c0c19d4) transitioned into state 'RUNNING' from state 'PENDING' {{(pid=108370) _flow_receiver /usr/local/lib/python3.8/dist-packages/taskflow/listeners/logging.py:141}}
Oct 28 14:38:07.007936 dv-cinder-815848-1-iscsi devstack@c-api.service[108370]: DEBUG cinder.volume.api [None req-2edd6bed-9c5b-423f-9029-f14ac9bf4c87 tempest-VolumesTransfersTest-2065609079 tempest-VolumesTransfersTest-2065609079-project] Task 'cinder.volume.flows.api.create_volume.ExtractVolumeRequestTask;volume:create' (5ba44003-a382-4eb0-8aed-beb12d3f3f52) transitioned into state 'RUNNING' from state 'PENDING' {{(pid=108370) _task_receiver /usr/local/lib/python3.8/dist-packages/taskflow/listeners/logging.py:190}}
Oct 28 14:38:07.009261 dv-cinder-815848-1-iscsi devstack@c-api.service[108369]: INFO cinder.api.openstack.wsgi [req-7bc353fc-9a2a-44ab-8def-67a9fc628ffc req-88bc975d-11b7-4006-8fc1-b80caf440805 tempest-DeleteServersTestJSON-796478736 tempest-DeleteServersTestJSON-796478736-project] POST http://10.222.0.79/volume/v3/9d82e2b8f43e4ae1ac9d7014a692ee64/attachments/2c65ec2a-9886-4708-93c5-f485cb23e0be/action
Oct 28 14:38:07.010072 dv-cinder-815848-1-iscsi devstack@c-api.service[108369]: DEBUG cinder.api.openstack.wsgi [req-7bc353fc-9a2a-44ab-8def-67a9fc628ffc req-88bc975d-11b7-4006-8fc1-b80caf440805 tempest-DeleteServersTestJSON-796478736 tempest-DeleteServersTestJSON-796478736-project] Action body: b'{"os-complete": null}' {{(pid=108369) get_method /opt/stack/cinder/cinder/api/openstack/wsgi.py:971}}
Oct 28 14:38:07.010312 dv-cinder-815848-1-iscsi devstack@c-api.service[108369]: DEBUG cinder.api.openstack.wsgi [req-7bc353fc-9a2a-44ab-8def-67a9fc628ffc req-88bc975d-11b7-4006-8fc1-b80caf440805 tempest-DeleteServersTestJSON-796478736 tempest-DeleteServersTestJSON-796478736-project] Action: 'action', calling method: complete, body: {"os-complete": null} {{(pid=108369) _process_stack /opt/stack/cinder/cinder/api/openstack/wsgi.py:854}}
Oct 28 14:38:07.011041 dv-cinder-815848-1-iscsi devstack@c-api.service[108370]: DEBUG cinder.volume.flows.api.create_volume [None req-2edd6bed-9c5b-423f-9029-f14ac9bf4c87 tempest-VolumesTransfersTest-2065609079 tempest-VolumesTransfersTest-2065609079-project] Validating volume size '1' using validate_int {{(pid=108370) _extract_size /opt/stack/cinder/cinder/volume/flows/api/create_volume.py:225}}
Oct 28 14:38:07.044605 dv-cinder-815848-1-iscsi devstack@c-api.service[108369]: /usr/local/lib/python3.8/dist-packages/oslo_context/context.py:105: DeprecationWarning: Policy enforcement is depending on the value of is_admin. This key is deprecated. Please update your policy file to use the standard policy values.
Oct 28 14:38:07.044605 dv-cinder-815848-1-iscsi devstack@c-api.service[108369]: warnings.warn('Policy enforcement is depending on the value of '
Oct 28 14:38:07.048182 dv-cinder-815848-1-iscsi devstack@c-api.service[108370]: DEBUG cinder.volume.api [None req-2edd6bed-9c5b-423f-9029-f14ac9bf4c87 tempest-VolumesTransfersTest-2065609079 tempest-VolumesTransfersTest-2065609079-project] Task 'cinder.volume.flows.api.create_volume.ExtractVolumeRequestTask;volume:create' (5ba44003-a382-4eb0-8aed-beb12d3f3f52) transitioned into state 'SUCCESS' from state 'RUNNING' with result '{'size': 1, 'snapshot_id': None, 'source_volid': None, 'volume_type': VolumeType(created_at=2021-10-28T14:27:19Z,deleted=False,deleted_at=None,description='Default Volume Type',extra_specs={},id=d2761d35-0adc-4d39-8bfc-7f7a1075dbf6,is_public=True,name='__DEFAULT__',projects=[],qos_specs=,qos_specs_id=None,updated_at=2021-10-28T14:27:19Z), 'volume_type_id': 'd2761d35-0adc-4d39-8bfc-7f7a1075dbf6', 'encryption_key_id': None, 'qos_specs': None, 'consistencygroup_id': None, 'cgsnapshot_id': None, 'group_id': None, 'replication_status': 'disabled', 'refresh_az': False, 'backup_id': None, 'multiattach': False, 'availability_zones': ['nova']}' {{(pid=108370) _task_receiver /usr/local/lib/python3.8/dist-packages/taskflow/listeners/logging.py:178}}
Oct 28 14:38:07.050713 dv-cinder-815848-1-iscsi devstack@c-api.service[108370]: DEBUG cinder.volume.api [None req-2edd6bed-9c5b-423f-9029-f14ac9bf4c87 tempest-VolumesTransfersTest-2065609079 tempest-VolumesTransfersTest-2065609079-project] Task 'cinder.volume.flows.api.create_volume.QuotaReserveTask;volume:create' (7d3b6c7d-45b2-4d0e-92de-fa75ec64efa1) transitioned into state 'RUNNING' from state 'PENDING' {{(pid=108370) _task_receiver /usr/local/lib/python3.8/dist-packages/taskflow/listeners/logging.py:190}}
Oct 28 14:38:07.060819 dv-cinder-815848-1-iscsi devstack@c-api.service[108369]: INFO cinder.api.openstack.wsgi [req-7bc353fc-9a2a-44ab-8def-67a9fc628ffc req-88bc975d-11b7-4006-8fc1-b80caf440805 tempest-DeleteServersTestJSON-796478736 tempest-DeleteServersTestJSON-796478736-project] http://10.222.0.79/volume/v3/9d82e2b8f43e4ae1ac9d7014a692ee64/attachments/2c65ec2a-9886-4708-93c5-f485cb23e0be/action returned with HTTP 204
Oct 28 14:38:07.061950 dv-cinder-815848-1-iscsi devstack@c-api.service[108369]: [pid: 108369|app: 0|req: 237/422] 10.222.0.72 () {64 vars in 1498 bytes} [Thu Oct 28 14:38:07 2021] POST /volume/v3/9d82e2b8f43e4ae1ac9d7014a692ee64/attachments/2c65ec2a-9886-4708-93c5-f485cb23e0be/action => generated 0 bytes in 57 msecs (HTTP/1.1 204) 7 headers in 292 bytes (1 switches on core 0)
Oct 28 14:38:07.101458 dv-cinder-815848-1-iscsi devstack@c-api.service[108370]: DEBUG cinder.quota [None req-2edd6bed-9c5b-423f-9029-f14ac9bf4c87 tempest-VolumesTransfersTest-2065609079 tempest-VolumesTransfersTest-2065609079-project] Created reservations ['f4d29c14-6ae5-4504-a299-0ce052e83479', '5c5af4b2-0c89-48d6-9b9a-3706582cf8df', '7c5f6acc-e17b-4bb6-ac03-9df06bdf3545', '5d37b16b-fe62-44c8-86ae-15126425f859'] {{(pid=108370) reserve /opt/stack/cinder/cinder/quota.py:755}}
Oct 28 14:38:07.103554 dv-cinder-815848-1-iscsi devstack@c-api.service[108370]: DEBUG cinder.volume.api [None req-2edd6bed-9c5b-423f-9029-f14ac9bf4c87 tempest-VolumesTransfersTest-2065609079 tempest-VolumesTransfersTest-2065609079-project] Task 'cinder.volume.flows.api.create_volume.QuotaReserveTask;volume:create' (7d3b6c7d-45b2-4d0e-92de-fa75ec64efa1) transitioned into state 'SUCCESS' from state 'RUNNING' with result '{'reservations': ['f4d29c14-6ae5-4504-a299-0ce052e83479', '5c5af4b2-0c89-48d6-9b9a-3706582cf8df', '7c5f6acc-e17b-4bb6-ac03-9df06bdf3545', '5d37b16b-fe62-44c8-86ae-15126425f859']}' {{(pid=108370) _task_receiver /usr/local/lib/python3.8/dist-packages/taskflow/listeners/logging.py:178}}
Oct 28 14:38:07.105466 dv-cinder-815848-1-iscsi devstack@c-api.service[108370]: DEBUG cinder.volume.api [None req-2edd6bed-9c5b-423f-9029-f14ac9bf4c87 tempest-VolumesTransfersTest-2065609079 tempest-VolumesTransfersTest-2065609079-project] Task 'cinder.volume.flows.api.create_volume.EntryCreateTask;volume:create' (d4e5b720-2f19-41cb-913e-74f1499040da) transitioned into state 'RUNNING' from state 'PENDING' {{(pid=108370) _task_receiver /usr/local/lib/python3.8/dist-packages/taskflow/listeners/logging.py:190}}
Oct 28 14:38:07.131076 dv-cinder-815848-1-iscsi devstack@c-api.service[108370]: DEBUG cinder.volume.api [None req-2edd6bed-9c5b-423f-9029-f14ac9bf4c87 tempest-VolumesTransfersTest-2065609079 tempest-VolumesTransfersTest-2065609079-project] Task 'cinder.volume.flows.api.create_volume.EntryCreateTask;volume:create' (d4e5b720-2f19-41cb-913e-74f1499040da) transitioned into state 'SUCCESS' from state 'RUNNING' with result '{'volume_id': '5ec80cd9-3507-40fd-a8e6-e1c008d65cd3', 'volume_properties': VolumeProperties(attach_status='detached',availability_zone='nova',cgsnapshot_id=None,consistencygroup_id=None,display_description=None,display_name='tempest-VolumesTransfersTest-Volume-480412424',encryption_key_id=None,group_id=None,group_type_id=,metadata={},multiattach=False,project_id='ce48d1c7b4a74bbaadc82d6769764e5b',qos_specs=None,replication_status=,reservations=['f4d29c14-6ae5-4504-a299-0ce052e83479','5c5af4b2-0c89-48d6-9b9a-3706582cf8df','7c5f6acc-e17b-4bb6-ac03-9df06bdf3545','5d37b16b-fe62-44c8-86ae-15126425f859'],size=1,snapshot_id=None,source_replicaid=,source_volid=None,status='creating',user_id='0391a70326d0417a9a71b498921c63df',volume_type_id=d2761d35-0adc-4d39-8bfc-7f7a1075dbf6), 'volume': Volume(_name_id=None,admin_metadata=,attach_status='detached',availability_zone='nova',bootable=False,cluster=,cluster_name=None,consistencygroup=,consistencygroup_id=None,created_at=2021-10-28T14:38:07Z,deleted=False,deleted_at=None,display_description=None,display_name='tempest-VolumesTransfersTest-Volume-480412424',ec2_id=None,encryption_key_id=None,glance_metadata=,group=,group_id=None,host=None,id=5ec80cd9-3507-40fd-a8e6-e1c008d65cd3,launched_at=None,metadata={},migration_status=None,multiattach=False,previous_status=None,project_id='ce48d1c7b4a74bbaadc82d6769764e5b',provider_auth=None,provider_geometry=None,provider_id=None,provider_location=None,replication_driver_data=None,replication_extended_status=None,replication_status=None,scheduled_at=None,service_uuid=None,shared_targets=True,size=1,snapshot_id=None,snapshots=,source_volid=None,status='creating',terminated_at=None,updated_at=None,use_quota=True,user_id='0391a70326d0417a9a71b498921c63df',volume_attachment=VolumeAttachmentList,volume_type=VolumeType(d2761d35-0adc-4d39-8bfc-7f7a1075dbf6),volume_type_id=d2761d35-0adc-4d39-8bfc-7f7a1075dbf6)}' {{(pid=108370) _task_receiver /usr/local/lib/python3.8/dist-packages/taskflow/listeners/logging.py:178}}
Oct 28 14:38:07.133099 dv-cinder-815848-1-iscsi devstack@c-api.service[108370]: DEBUG cinder.volume.api [None req-2edd6bed-9c5b-423f-9029-f14ac9bf4c87 tempest-VolumesTransfersTest-2065609079 tempest-VolumesTransfersTest-2065609079-project] Task 'cinder.volume.flows.api.create_volume.QuotaCommitTask;volume:create' (5a34cfed-16a0-457e-9fa0-860b5fb7daa0) transitioned into state 'RUNNING' from state 'PENDING' {{(pid=108370) _task_receiver /usr/local/lib/python3.8/dist-packages/taskflow/listeners/logging.py:190}}
Oct 28 14:38:07.159700 dv-cinder-815848-1-iscsi devstack@c-api.service[108370]: DEBUG cinder.volume.api [None req-2edd6bed-9c5b-423f-9029-f14ac9bf4c87 tempest-VolumesTransfersTest-2065609079 tempest-VolumesTransfersTest-2065609079-project] Task 'cinder.volume.flows.api.create_volume.QuotaCommitTask;volume:create' (5a34cfed-16a0-457e-9fa0-860b5fb7daa0) transitioned into state 'SUCCESS' from state 'RUNNING' with result '{'volume_properties': VolumeProperties(attach_status='detached',availability_zone='nova',cgsnapshot_id=None,consistencygroup_id=None,display_description=None,display_name='tempest-VolumesTransfersTest-Volume-480412424',encryption_key_id=None,group_id=None,group_type_id=,metadata={},multiattach=False,project_id='ce48d1c7b4a74bbaadc82d6769764e5b',qos_specs=None,replication_status=,reservations=['f4d29c14-6ae5-4504-a299-0ce052e83479','5c5af4b2-0c89-48d6-9b9a-3706582cf8df','7c5f6acc-e17b-4bb6-ac03-9df06bdf3545','5d37b16b-fe62-44c8-86ae-15126425f859'],size=1,snapshot_id=None,source_replicaid=,source_volid=None,status='creating',user_id='0391a70326d0417a9a71b498921c63df',volume_type_id=d2761d35-0adc-4d39-8bfc-7f7a1075dbf6)}' {{(pid=108370) _task_receiver /usr/local/lib/python3.8/dist-packages/taskflow/listeners/logging.py:178}}
Oct 28 14:38:07.161462 dv-cinder-815848-1-iscsi devstack@c-api.service[108370]: DEBUG cinder.volume.api [None req-2edd6bed-9c5b-423f-9029-f14ac9bf4c87 tempest-VolumesTransfersTest-2065609079 tempest-VolumesTransfersTest-2065609079-project] Task 'cinder.volume.flows.api.create_volume.VolumeCastTask;volume:create' (11ab90b1-6b8f-4fdd-be1b-7c3185b9f6eb) transitioned into state 'RUNNING' from state 'PENDING' {{(pid=108370) _task_receiver /usr/local/lib/python3.8/dist-packages/taskflow/listeners/logging.py:190}}
Oct 28 14:38:07.177228 dv-cinder-815848-1-iscsi devstack@c-api.service[108370]: DEBUG cinder.volume.api [None req-2edd6bed-9c5b-423f-9029-f14ac9bf4c87 tempest-VolumesTransfersTest-2065609079 tempest-VolumesTransfersTest-2065609079-project] Task 'cinder.volume.flows.api.create_volume.VolumeCastTask;volume:create' (11ab90b1-6b8f-4fdd-be1b-7c3185b9f6eb) transitioned into state 'SUCCESS' from state 'RUNNING' with result 'None' {{(pid=108370) _task_receiver /usr/local/lib/python3.8/dist-packages/taskflow/listeners/logging.py:178}}
Oct 28 14:38:07.179822 dv-cinder-815848-1-iscsi devstack@c-api.service[108370]: DEBUG cinder.volume.api [None req-2edd6bed-9c5b-423f-9029-f14ac9bf4c87 tempest-VolumesTransfersTest-2065609079 tempest-VolumesTransfersTest-2065609079-project] Flow 'volume_create_api' (e52047f0-8e1a-48b9-9d7e-59544c0c19d4) transitioned into state 'SUCCESS' from state 'RUNNING' {{(pid=108370) _flow_receiver /usr/local/lib/python3.8/dist-packages/taskflow/listeners/logging.py:141}}
Oct 28 14:38:07.180481 dv-cinder-815848-1-iscsi devstack@c-api.service[108370]: INFO cinder.volume.api [None req-2edd6bed-9c5b-423f-9029-f14ac9bf4c87 tempest-VolumesTransfersTest-2065609079 tempest-VolumesTransfersTest-2065609079-project] Create volume request issued successfully.
Oct 28 14:38:07.181621 dv-cinder-815848-1-iscsi devstack@c-api.service[108370]: INFO cinder.api.openstack.wsgi [None req-2edd6bed-9c5b-423f-9029-f14ac9bf4c87 tempest-VolumesTransfersTest-2065609079 tempest-VolumesTransfersTest-2065609079-project] http://10.222.0.79/volume/v3/ce48d1c7b4a74bbaadc82d6769764e5b/volumes returned with HTTP 202
Oct 28 14:38:07.182399 dv-cinder-815848-1-iscsi devstack@c-api.service[108370]: [pid: 108370|app: 0|req: 186/423] 10.222.0.79 () {60 vars in 1234 bytes} [Thu Oct 28 14:38:06 2021] POST /volume/v3/ce48d1c7b4a74bbaadc82d6769764e5b/volumes => generated 819 bytes in 210 msecs (HTTP/1.1 202) 7 headers in 291 bytes (1 switches on core 0)
Oct 28 14:38:07.195816 dv-cinder-815848-1-iscsi devstack@c-api.service[108369]: INFO cinder.api.openstack.wsgi [None req-5a1008fa-6fa1-4982-8fe7-88a0f1527a3b tempest-VolumesTransfersTest-2065609079 tempest-VolumesTransfersTest-2065609079-project] GET http://10.222.0.79/volume/v3/ce48d1c7b4a74bbaadc82d6769764e5b/volumes/5ec80cd9-3507-40fd-a8e6-e1c008d65cd3
Oct 28 14:38:07.196319 dv-cinder-815848-1-iscsi devstack@c-api.service[108369]: DEBUG cinder.api.openstack.wsgi [None req-5a1008fa-6fa1-4982-8fe7-88a0f1527a3b tempest-VolumesTransfersTest-2065609079 tempest-VolumesTransfersTest-2065609079-project] Empty body provided in request {{(pid=108369) get_body /opt/stack/cinder/cinder/api/openstack/wsgi.py:703}}
Oct 28 14:38:07.196467 dv-cinder-815848-1-iscsi devstack@c-api.service[108369]: /usr/local/lib/python3.8/dist-packages/webob/acceptparse.py:1047: DeprecationWarning: The behavior of AcceptValidHeader.best_match is currently being maintained for backward compatibility, but it will be deprecated in the future, as it does not conform to the RFC.
Oct 28 14:38:07.196467 dv-cinder-815848-1-iscsi devstack@c-api.service[108369]: warnings.warn(
Oct 28 14:38:07.196800 dv-cinder-815848-1-iscsi devstack@c-api.service[108369]: DEBUG cinder.api.openstack.wsgi [None req-5a1008fa-6fa1-4982-8fe7-88a0f1527a3b tempest-VolumesTransfersTest-2065609079 tempest-VolumesTransfersTest-2065609079-project] Calling method 'show' {{(pid=108369) _process_stack /opt/stack/cinder/cinder/api/openstack/wsgi.py:856}}
Oct 28 14:38:07.210295 dv-cinder-815848-1-iscsi devstack@c-api.service[108369]: /usr/local/lib/python3.8/dist-packages/oslo_context/context.py:105: DeprecationWarning: Policy enforcement is depending on the value of is_admin. This key is deprecated. Please update your policy file to use the standard policy values.
Oct 28 14:38:07.210295 dv-cinder-815848-1-iscsi devstack@c-api.service[108369]: warnings.warn('Policy enforcement is depending on the value of '
Oct 28 14:38:07.217373 dv-cinder-815848-1-iscsi devstack@c-api.service[108369]: INFO cinder.volume.api [None req-5a1008fa-6fa1-4982-8fe7-88a0f1527a3b tempest-VolumesTransfersTest-2065609079 tempest-VolumesTransfersTest-2065609079-project] Volume info retrieved successfully.
Oct 28 14:38:07.226260 dv-cinder-815848-1-iscsi devstack@c-api.service[108369]: INFO cinder.api.openstack.wsgi [None req-5a1008fa-6fa1-4982-8fe7-88a0f1527a3b tempest-VolumesTransfersTest-2065609079 tempest-VolumesTransfersTest-2065609079-project] http://10.222.0.79/volume/v3/ce48d1c7b4a74bbaadc82d6769764e5b/volumes/5ec80cd9-3507-40fd-a8e6-e1c008d65cd3 returned with HTTP 200
Oct 28 14:38:07.227032 dv-cinder-815848-1-iscsi devstack@c-api.service[108369]: [pid: 108369|app: 0|req: 238/424] 10.222.0.79 () {58 vars in 1324 bytes} [Thu Oct 28 14:38:07 2021] GET /volume/v3/ce48d1c7b4a74bbaadc82d6769764e5b/volumes/5ec80cd9-3507-40fd-a8e6-e1c008d65cd3 => generated 887 bytes in 35 msecs (HTTP/1.1 200) 7 headers in 285 bytes (1 switches on core 0)
Oct 28 14:38:07.630907 dv-cinder-815848-1-iscsi devstack@c-api.service[108370]: INFO cinder.api.openstack.wsgi [None req-613a5576-7e15-4769-8e19-3b5f4b9e596c tempest-SnapshotsActionsTest-1826104540 tempest-SnapshotsActionsTest-1826104540-project] GET http://10.222.0.79/volume/v3/26f4ba54aaf044b3badc3a12220df236/snapshots/ceeff72d-75d6-4153-a4fe-58ad2f5e3fa0
Oct 28 14:38:07.631670 dv-cinder-815848-1-iscsi devstack@c-api.service[108370]: DEBUG cinder.api.openstack.wsgi [None req-613a5576-7e15-4769-8e19-3b5f4b9e596c tempest-SnapshotsActionsTest-1826104540 tempest-SnapshotsActionsTest-1826104540-project] Empty body provided in request {{(pid=108370) get_body /opt/stack/cinder/cinder/api/openstack/wsgi.py:703}}
Oct 28 14:38:07.632100 dv-cinder-815848-1-iscsi devstack@c-api.service[108370]: /usr/local/lib/python3.8/dist-packages/webob/acceptparse.py:1047: DeprecationWarning: The behavior of AcceptValidHeader.best_match is currently being maintained for backward compatibility, but it will be deprecated in the future, as it does not conform to the RFC.
Oct 28 14:38:07.632100 dv-cinder-815848-1-iscsi devstack@c-api.service[108370]: warnings.warn(
Oct 28 14:38:07.632550 dv-cinder-815848-1-iscsi devstack@c-api.service[108370]: DEBUG cinder.api.openstack.wsgi [None req-613a5576-7e15-4769-8e19-3b5f4b9e596c tempest-SnapshotsActionsTest-1826104540 tempest-SnapshotsActionsTest-1826104540-project] Calling method 'show' {{(pid=108370) _process_stack /opt/stack/cinder/cinder/api/openstack/wsgi.py:856}}
Oct 28 14:38:07.643734 dv-cinder-815848-1-iscsi devstack@c-api.service[108370]: INFO cinder.api.openstack.wsgi [None req-613a5576-7e15-4769-8e19-3b5f4b9e596c tempest-SnapshotsActionsTest-1826104540 tempest-SnapshotsActionsTest-1826104540-project] http://10.222.0.79/volume/v3/26f4ba54aaf044b3badc3a12220df236/snapshots/ceeff72d-75d6-4153-a4fe-58ad2f5e3fa0 returned with HTTP 404
Oct 28 14:38:07.644688 dv-cinder-815848-1-iscsi devstack@c-api.service[108370]: [pid: 108370|app: 0|req: 187/425] 10.222.0.79 () {58 vars in 1330 bytes} [Thu Oct 28 14:38:07 2021] GET /volume/v3/26f4ba54aaf044b3badc3a12220df236/snapshots/ceeff72d-75d6-4153-a4fe-58ad2f5e3fa0 => generated 111 bytes in 21 msecs (HTTP/1.1 404) 7 headers in 292 bytes (1 switches on core 0)
Oct 28 14:38:07.652696 dv-cinder-815848-1-iscsi devstack@c-api.service[108369]: INFO cinder.api.openstack.wsgi [None req-d97e1359-433a-49e4-b8f1-a8258197761a tempest-SnapshotsActionsTest-449795177 tempest-SnapshotsActionsTest-449795177-project-admin] POST http://10.222.0.79/volume/v3/4cb1e74f16a942128b5c53c389dedd38/snapshots/accd2f62-8b12-491b-94b2-20915805424a/action
Oct 28 14:38:07.653206 dv-cinder-815848-1-iscsi devstack@c-api.service[108369]: /usr/local/lib/python3.8/dist-packages/webob/acceptparse.py:1047: DeprecationWarning: The behavior of AcceptValidHeader.best_match is currently being maintained for backward compatibility, but it will be deprecated in the future, as it does not conform to the RFC.
Oct 28 14:38:07.653206 dv-cinder-815848-1-iscsi devstack@c-api.service[108369]: warnings.warn(
Oct 28 14:38:07.653378 dv-cinder-815848-1-iscsi devstack@c-api.service[108369]: DEBUG cinder.api.openstack.wsgi [None req-d97e1359-433a-49e4-b8f1-a8258197761a tempest-SnapshotsActionsTest-449795177 tempest-SnapshotsActionsTest-449795177-project-admin] Action body: b'{"os-reset_status": {"status": "available"}}' {{(pid=108369) get_method /opt/stack/cinder/cinder/api/openstack/wsgi.py:971}}
Oct 28 14:38:07.653727 dv-cinder-815848-1-iscsi devstack@c-api.service[108369]: DEBUG cinder.api.openstack.wsgi [None req-d97e1359-433a-49e4-b8f1-a8258197761a tempest-SnapshotsActionsTest-449795177 tempest-SnapshotsActionsTest-449795177-project-admin] Action: 'action', calling method: _reset_status, body: {"os-reset_status": {"status": "available"}} {{(pid=108369) _process_stack /opt/stack/cinder/cinder/api/openstack/wsgi.py:854}}
Oct 28 14:38:07.654538 dv-cinder-815848-1-iscsi devstack@c-api.service[108369]: DEBUG cinder.api.contrib.admin_actions [None req-d97e1359-433a-49e4-b8f1-a8258197761a tempest-SnapshotsActionsTest-449795177 tempest-SnapshotsActionsTest-449795177-project-admin] Updating snapshot 'accd2f62-8b12-491b-94b2-20915805424a' with '{'status': 'available'}' {{(pid=108369) _reset_status /opt/stack/cinder/cinder/api/contrib/admin_actions.py:100}}
Oct 28 14:38:07.671459 dv-cinder-815848-1-iscsi devstack@c-api.service[108369]: /usr/local/lib/python3.8/dist-packages/oslo_context/context.py:105: DeprecationWarning: Policy enforcement is depending on the value of is_admin. This key is deprecated. Please update your policy file to use the standard policy values.
Oct 28 14:38:07.671459 dv-cinder-815848-1-iscsi devstack@c-api.service[108369]: warnings.warn('Policy enforcement is depending on the value of '
Oct 28 14:38:07.680641 dv-cinder-815848-1-iscsi devstack@c-api.service[108370]: INFO cinder.api.openstack.wsgi [None req-cdba61a4-153f-4742-88f3-89f4f3b10cb1 tempest-SnapshotMetadataTestJSON-158841356 tempest-SnapshotMetadataTestJSON-158841356-project] GET http://10.222.0.79/volume/v3/279585a96b7d4a9eac81fc7d5c7a3f9c/volumes/51f80885-1f1f-48ce-819f-8e3b7ddc33df
Oct 28 14:38:07.681079 dv-cinder-815848-1-iscsi devstack@c-api.service[108370]: DEBUG cinder.api.openstack.wsgi [None req-cdba61a4-153f-4742-88f3-89f4f3b10cb1 tempest-SnapshotMetadataTestJSON-158841356 tempest-SnapshotMetadataTestJSON-158841356-project] Empty body provided in request {{(pid=108370) get_body /opt/stack/cinder/cinder/api/openstack/wsgi.py:703}}
Oct 28 14:38:07.681520 dv-cinder-815848-1-iscsi devstack@c-api.service[108370]: DEBUG cinder.api.openstack.wsgi [None req-cdba61a4-153f-4742-88f3-89f4f3b10cb1 tempest-SnapshotMetadataTestJSON-158841356 tempest-SnapshotMetadataTestJSON-158841356-project] Calling method 'show' {{(pid=108370) _process_stack /opt/stack/cinder/cinder/api/openstack/wsgi.py:856}}
Oct 28 14:38:07.692098 dv-cinder-815848-1-iscsi devstack@c-api.service[108369]: INFO cinder.api.openstack.wsgi [None req-d97e1359-433a-49e4-b8f1-a8258197761a tempest-SnapshotsActionsTest-449795177 tempest-SnapshotsActionsTest-449795177-project-admin] http://10.222.0.79/volume/v3/4cb1e74f16a942128b5c53c389dedd38/snapshots/accd2f62-8b12-491b-94b2-20915805424a/action returned with HTTP 202
Oct 28 14:38:07.692279 dv-cinder-815848-1-iscsi devstack@c-api.service[108370]: INFO cinder.api.openstack.wsgi [None req-cdba61a4-153f-4742-88f3-89f4f3b10cb1 tempest-SnapshotMetadataTestJSON-158841356 tempest-SnapshotMetadataTestJSON-158841356-project] http://10.222.0.79/volume/v3/279585a96b7d4a9eac81fc7d5c7a3f9c/volumes/51f80885-1f1f-48ce-819f-8e3b7ddc33df returned with HTTP 404
Oct 28 14:38:07.693130 dv-cinder-815848-1-iscsi devstack@c-api.service[108369]: [pid: 108369|app: 0|req: 239/426] 10.222.0.79 () {60 vars in 1372 bytes} [Thu Oct 28 14:38:07 2021] POST /volume/v3/4cb1e74f16a942128b5c53c389dedd38/snapshots/accd2f62-8b12-491b-94b2-20915805424a/action => generated 0 bytes in 44 msecs (HTTP/1.1 202) 7 headers in 289 bytes (1 switches on core 0)
Oct 28 14:38:07.693254 dv-cinder-815848-1-iscsi devstack@c-api.service[108370]: [pid: 108370|app: 0|req: 188/427] 10.222.0.79 () {58 vars in 1324 bytes} [Thu Oct 28 14:38:07 2021] GET /volume/v3/279585a96b7d4a9eac81fc7d5c7a3f9c/volumes/51f80885-1f1f-48ce-819f-8e3b7ddc33df => generated 109 bytes in 16 msecs (HTTP/1.1 404) 7 headers in 292 bytes (1 switches on core 0)
Oct 28 14:38:07.700681 dv-cinder-815848-1-iscsi devstack@c-api.service[108369]: INFO cinder.api.openstack.wsgi [None req-01c82660-168c-47a8-bc93-93f2b699857d tempest-SnapshotsActionsTest-1826104540 tempest-SnapshotsActionsTest-1826104540-project] GET http://10.222.0.79/volume/v3/26f4ba54aaf044b3badc3a12220df236/snapshots/accd2f62-8b12-491b-94b2-20915805424a
Oct 28 14:38:07.701118 dv-cinder-815848-1-iscsi devstack@c-api.service[108369]: DEBUG cinder.api.openstack.wsgi [None req-01c82660-168c-47a8-bc93-93f2b699857d tempest-SnapshotsActionsTest-1826104540 tempest-SnapshotsActionsTest-1826104540-project] Empty body provided in request {{(pid=108369) get_body /opt/stack/cinder/cinder/api/openstack/wsgi.py:703}}
Oct 28 14:38:07.701275 dv-cinder-815848-1-iscsi devstack@c-api.service[108369]: /usr/local/lib/python3.8/dist-packages/webob/acceptparse.py:1047: DeprecationWarning: The behavior of AcceptValidHeader.best_match is currently being maintained for backward compatibility, but it will be deprecated in the future, as it does not conform to the RFC.
Oct 28 14:38:07.701275 dv-cinder-815848-1-iscsi devstack@c-api.service[108369]: warnings.warn(
Oct 28 14:38:07.701582 dv-cinder-815848-1-iscsi devstack@c-api.service[108369]: DEBUG cinder.api.openstack.wsgi [None req-01c82660-168c-47a8-bc93-93f2b699857d tempest-SnapshotsActionsTest-1826104540 tempest-SnapshotsActionsTest-1826104540-project] Calling method 'show' {{(pid=108369) _process_stack /opt/stack/cinder/cinder/api/openstack/wsgi.py:856}}
Oct 28 14:38:07.710312 dv-cinder-815848-1-iscsi devstack@c-api.service[108369]: /usr/local/lib/python3.8/dist-packages/oslo_context/context.py:105: DeprecationWarning: Policy enforcement is depending on the value of is_admin. This key is deprecated. Please update your policy file to use the standard policy values.
Oct 28 14:38:07.710312 dv-cinder-815848-1-iscsi devstack@c-api.service[108369]: warnings.warn('Policy enforcement is depending on the value of '
Oct 28 14:38:07.711267 dv-cinder-815848-1-iscsi devstack@c-api.service[108369]: INFO cinder.volume.api [None req-01c82660-168c-47a8-bc93-93f2b699857d tempest-SnapshotsActionsTest-1826104540 tempest-SnapshotsActionsTest-1826104540-project] Snapshot retrieved successfully.
Oct 28 14:38:07.713124 dv-cinder-815848-1-iscsi devstack@c-api.service[108369]: INFO cinder.api.openstack.wsgi [None req-01c82660-168c-47a8-bc93-93f2b699857d tempest-SnapshotsActionsTest-1826104540 tempest-SnapshotsActionsTest-1826104540-project] http://10.222.0.79/volume/v3/26f4ba54aaf044b3badc3a12220df236/snapshots/accd2f62-8b12-491b-94b2-20915805424a returned with HTTP 200
Oct 28 14:38:07.713815 dv-cinder-815848-1-iscsi devstack@c-api.service[108369]: [pid: 108369|app: 0|req: 240/428] 10.222.0.79 () {58 vars in 1330 bytes} [Thu Oct 28 14:38:07 2021] GET /volume/v3/26f4ba54aaf044b3badc3a12220df236/snapshots/accd2f62-8b12-491b-94b2-20915805424a => generated 465 bytes in 17 msecs (HTTP/1.1 200) 7 headers in 285 bytes (1 switches on core 0)
Oct 28 14:38:07.727594 dv-cinder-815848-1-iscsi devstack@c-api.service[108370]: INFO cinder.api.openstack.wsgi [None req-9ba6a6ce-4ce8-4944-8e77-00b57b2e8cc9 tempest-SnapshotsActionsTest-449795177 tempest-SnapshotsActionsTest-449795177-project-admin] POST http://10.222.0.79/volume/v3/4cb1e74f16a942128b5c53c389dedd38/snapshots/accd2f62-8b12-491b-94b2-20915805424a/action
Oct 28 14:38:07.728487 dv-cinder-815848-1-iscsi devstack@c-api.service[108370]: DEBUG cinder.api.openstack.wsgi [None req-9ba6a6ce-4ce8-4944-8e77-00b57b2e8cc9 tempest-SnapshotsActionsTest-449795177 tempest-SnapshotsActionsTest-449795177-project-admin] Action body: b'{"os-reset_status": {"status": "creating"}}' {{(pid=108370) get_method /opt/stack/cinder/cinder/api/openstack/wsgi.py:971}}
Oct 28 14:38:07.728818 dv-cinder-815848-1-iscsi devstack@c-api.service[108370]: DEBUG cinder.api.openstack.wsgi [None req-9ba6a6ce-4ce8-4944-8e77-00b57b2e8cc9 tempest-SnapshotsActionsTest-449795177 tempest-SnapshotsActionsTest-449795177-project-admin] Action: 'action', calling method: _reset_status, body: {"os-reset_status": {"status": "creating"}} {{(pid=108370) _process_stack /opt/stack/cinder/cinder/api/openstack/wsgi.py:854}}
Oct 28 14:38:07.729631 dv-cinder-815848-1-iscsi devstack@c-api.service[108370]: DEBUG cinder.api.contrib.admin_actions [None req-9ba6a6ce-4ce8-4944-8e77-00b57b2e8cc9 tempest-SnapshotsActionsTest-449795177 tempest-SnapshotsActionsTest-449795177-project-admin] Updating snapshot 'accd2f62-8b12-491b-94b2-20915805424a' with '{'status': 'creating'}' {{(pid=108370) _reset_status /opt/stack/cinder/cinder/api/contrib/admin_actions.py:100}}
Oct 28 14:38:07.748051 dv-cinder-815848-1-iscsi devstack@c-api.service[108370]: /usr/local/lib/python3.8/dist-packages/oslo_context/context.py:105: DeprecationWarning: Policy enforcement is depending on the value of is_admin. This key is deprecated. Please update your policy file to use the standard policy values.
Oct 28 14:38:07.748051 dv-cinder-815848-1-iscsi devstack@c-api.service[108370]: warnings.warn('Policy enforcement is depending on the value of '
Oct 28 14:38:07.767437 dv-cinder-815848-1-iscsi devstack@c-api.service[108370]: INFO cinder.api.openstack.wsgi [None req-9ba6a6ce-4ce8-4944-8e77-00b57b2e8cc9 tempest-SnapshotsActionsTest-449795177 tempest-SnapshotsActionsTest-449795177-project-admin] http://10.222.0.79/volume/v3/4cb1e74f16a942128b5c53c389dedd38/snapshots/accd2f62-8b12-491b-94b2-20915805424a/action returned with HTTP 202
Oct 28 14:38:07.771386 dv-cinder-815848-1-iscsi devstack@c-api.service[108370]: [pid: 108370|app: 0|req: 189/429] 10.222.0.79 () {60 vars in 1372 bytes} [Thu Oct 28 14:38:07 2021] POST /volume/v3/4cb1e74f16a942128b5c53c389dedd38/snapshots/accd2f62-8b12-491b-94b2-20915805424a/action => generated 0 bytes in 46 msecs (HTTP/1.1 202) 7 headers in 289 bytes (1 switches on core 0)
Oct 28 14:38:07.776250 dv-cinder-815848-1-iscsi devstack@c-api.service[108369]: INFO cinder.api.openstack.wsgi [None req-474954ac-3d67-4495-a266-c32336a38bcb tempest-SnapshotsActionsTest-1826104540 tempest-SnapshotsActionsTest-1826104540-project] GET http://10.222.0.79/volume/v3/26f4ba54aaf044b3badc3a12220df236/snapshots/accd2f62-8b12-491b-94b2-20915805424a
Oct 28 14:38:07.776696 dv-cinder-815848-1-iscsi devstack@c-api.service[108369]: DEBUG cinder.api.openstack.wsgi [None req-474954ac-3d67-4495-a266-c32336a38bcb tempest-SnapshotsActionsTest-1826104540 tempest-SnapshotsActionsTest-1826104540-project] Empty body provided in request {{(pid=108369) get_body /opt/stack/cinder/cinder/api/openstack/wsgi.py:703}}
Oct 28 14:38:07.776867 dv-cinder-815848-1-iscsi devstack@c-api.service[108369]: /usr/local/lib/python3.8/dist-packages/webob/acceptparse.py:1047: DeprecationWarning: The behavior of AcceptValidHeader.best_match is currently being maintained for backward compatibility, but it will be deprecated in the future, as it does not conform to the RFC.
Oct 28 14:38:07.776867 dv-cinder-815848-1-iscsi devstack@c-api.service[108369]: warnings.warn(
Oct 28 14:38:07.777166 dv-cinder-815848-1-iscsi devstack@c-api.service[108369]: DEBUG cinder.api.openstack.wsgi [None req-474954ac-3d67-4495-a266-c32336a38bcb tempest-SnapshotsActionsTest-1826104540 tempest-SnapshotsActionsTest-1826104540-project] Calling method 'show' {{(pid=108369) _process_stack /opt/stack/cinder/cinder/api/openstack/wsgi.py:856}}
Oct 28 14:38:07.783971 dv-cinder-815848-1-iscsi devstack@c-api.service[108370]: INFO cinder.api.openstack.wsgi [None req-57931363-3bfc-465b-8074-76414d18ddbe tempest-DeleteServersTestJSON-796478736 tempest-DeleteServersTestJSON-796478736-project] GET http://10.222.0.79/volume/v3/9d82e2b8f43e4ae1ac9d7014a692ee64/volumes/f7834574-4b94-4c1f-8804-c1549ce0c25b
Oct 28 14:38:07.784415 dv-cinder-815848-1-iscsi devstack@c-api.service[108370]: DEBUG cinder.api.openstack.wsgi [None req-57931363-3bfc-465b-8074-76414d18ddbe tempest-DeleteServersTestJSON-796478736 tempest-DeleteServersTestJSON-796478736-project] Empty body provided in request {{(pid=108370) get_body /opt/stack/cinder/cinder/api/openstack/wsgi.py:703}}
Oct 28 14:38:07.784588 dv-cinder-815848-1-iscsi devstack@c-api.service[108370]: /usr/local/lib/python3.8/dist-packages/webob/acceptparse.py:1047: DeprecationWarning: The behavior of AcceptValidHeader.best_match is currently being maintained for backward compatibility, but it will be deprecated in the future, as it does not conform to the RFC.
Oct 28 14:38:07.784588 dv-cinder-815848-1-iscsi devstack@c-api.service[108370]: warnings.warn(
Oct 28 14:38:07.784894 dv-cinder-815848-1-iscsi devstack@c-api.service[108370]: DEBUG cinder.api.openstack.wsgi [None req-57931363-3bfc-465b-8074-76414d18ddbe tempest-DeleteServersTestJSON-796478736 tempest-DeleteServersTestJSON-796478736-project] Calling method 'show' {{(pid=108370) _process_stack /opt/stack/cinder/cinder/api/openstack/wsgi.py:856}}
Oct 28 14:38:07.786734 dv-cinder-815848-1-iscsi devstack@c-api.service[108369]: /usr/local/lib/python3.8/dist-packages/oslo_context/context.py:105: DeprecationWarning: Policy enforcement is depending on the value of is_admin. This key is deprecated. Please update your policy file to use the standard policy values.
Oct 28 14:38:07.786734 dv-cinder-815848-1-iscsi devstack@c-api.service[108369]: warnings.warn('Policy enforcement is depending on the value of '
Oct 28 14:38:07.787709 dv-cinder-815848-1-iscsi devstack@c-api.service[108369]: INFO cinder.volume.api [None req-474954ac-3d67-4495-a266-c32336a38bcb tempest-SnapshotsActionsTest-1826104540 tempest-SnapshotsActionsTest-1826104540-project] Snapshot retrieved successfully.
Oct 28 14:38:07.789802 dv-cinder-815848-1-iscsi devstack@c-api.service[108369]: INFO cinder.api.openstack.wsgi [None req-474954ac-3d67-4495-a266-c32336a38bcb tempest-SnapshotsActionsTest-1826104540 tempest-SnapshotsActionsTest-1826104540-project] http://10.222.0.79/volume/v3/26f4ba54aaf044b3badc3a12220df236/snapshots/accd2f62-8b12-491b-94b2-20915805424a returned with HTTP 200
Oct 28 14:38:07.790943 dv-cinder-815848-1-iscsi devstack@c-api.service[108369]: [pid: 108369|app: 0|req: 241/430] 10.222.0.79 () {58 vars in 1330 bytes} [Thu Oct 28 14:38:07 2021] GET /volume/v3/26f4ba54aaf044b3badc3a12220df236/snapshots/accd2f62-8b12-491b-94b2-20915805424a => generated 464 bytes in 18 msecs (HTTP/1.1 200) 7 headers in 285 bytes (1 switches on core 0)
Oct 28 14:38:07.801360 dv-cinder-815848-1-iscsi devstack@c-api.service[108369]: INFO cinder.api.openstack.wsgi [None req-bcfc8908-4b7a-4136-a98a-fbea520854cf tempest-SnapshotsActionsTest-1826104540 tempest-SnapshotsActionsTest-1826104540-project] POST http://10.222.0.79/volume/v3/26f4ba54aaf044b3badc3a12220df236/snapshots/accd2f62-8b12-491b-94b2-20915805424a/action
Oct 28 14:38:07.801805 dv-cinder-815848-1-iscsi devstack@c-api.service[108369]: /usr/local/lib/python3.8/dist-packages/webob/acceptparse.py:1047: DeprecationWarning: The behavior of AcceptValidHeader.best_match is currently being maintained for backward compatibility, but it will be deprecated in the future, as it does not conform to the RFC.
Oct 28 14:38:07.801805 dv-cinder-815848-1-iscsi devstack@c-api.service[108369]: warnings.warn(
Oct 28 14:38:07.802173 dv-cinder-815848-1-iscsi devstack@c-api.service[108369]: DEBUG cinder.api.openstack.wsgi [None req-bcfc8908-4b7a-4136-a98a-fbea520854cf tempest-SnapshotsActionsTest-1826104540 tempest-SnapshotsActionsTest-1826104540-project] Action body: b'{"os-update_snapshot_status": {"status": "error", "progress": "80%"}}' {{(pid=108369) get_method /opt/stack/cinder/cinder/api/openstack/wsgi.py:971}}
Oct 28 14:38:07.802775 dv-cinder-815848-1-iscsi devstack@c-api.service[108369]: DEBUG cinder.api.openstack.wsgi [None req-bcfc8908-4b7a-4136-a98a-fbea520854cf tempest-SnapshotsActionsTest-1826104540 tempest-SnapshotsActionsTest-1826104540-project] Action: 'action', calling method: _update_snapshot_status, body: {"os-update_snapshot_status": {"status": "error", "progress": "80%"}} {{(pid=108369) _process_stack /opt/stack/cinder/cinder/api/openstack/wsgi.py:854}}
