Nov 29 19:02:52.961818 dv-cinder-815746-3-smb neutron-server[102772]: DEBUG neutron.api.rpc.handlers.dhcp_rpc [None req-2a0d3a85-354e-4cea-b681-92f958a56a02 None None] Network 629c25c9-daf3-481e-a5a8-68213bca4fd6 requested from dv-cinder-815746-3-smb {{(pid=102772) get_network_info /opt/stack/neutron/neutron/api/rpc/handlers/dhcp_rpc.py:218}}
Nov 29 19:02:53.095022 dv-cinder-815746-3-smb neutron-server[102770]: DEBUG neutron_lib.callbacks.manager [None req-a32011f2-8366-4b6b-9e0e-4fca286cc5d1 admin admin] Publish callbacks [] for router_controller, precommit_add_association {{(pid=102770) _notify_loop /usr/local/lib/python3.8/dist-packages/neutron_lib/callbacks/manager.py:175}}
Nov 29 19:02:53.198882 dv-cinder-815746-3-smb neutron-server[102770]: DEBUG neutron.wsgi [-] (102770) accepted ('10.222.0.15', 39788) {{(pid=102770) server /usr/local/lib/python3.8/dist-packages/eventlet/wsgi.py:1004}}
Nov 29 19:02:53.228156 dv-cinder-815746-3-smb neutron-server[102771]: DEBUG neutron_lib.callbacks.manager [None req-7cb0b015-54f1-4ac7-8ebf-6ec3f95e9e6b admin admin] Publish callbacks ['neutron.services.l3_router.l3_router_plugin.L3_HA_NAT_db_mixin._before_router_create_handler-7958978', 'neutron.services.l3_router.service_providers.driver_controller.DriverController._check_router_request-127226'] for router, before_create {{(pid=102771) _notify_loop /usr/local/lib/python3.8/dist-packages/neutron_lib/callbacks/manager.py:175}}
Nov 29 19:02:53.230110 dv-cinder-815746-3-smb neutron-server[102771]: DEBUG neutron_lib.callbacks.manager [None req-7cb0b015-54f1-4ac7-8ebf-6ec3f95e9e6b admin admin] Publish callbacks ['neutron.services.l3_router.l3_router_plugin.L3_HA_NAT_db_mixin._precommit_router_create-7950194', 'neutron.services.l3_router.l3_router_plugin.DVRResourceOperationHandler._set_distributed_flag-7961091', 'neutron.services.l3_router.l3_router_plugin.RouterAvailabilityZoneMixin._process_az_request-7912907', 'neutron.services.l3_router.service_providers.driver_controller.DriverController._set_router_provider-127217'] for router, precommit_create {{(pid=102771) _notify_loop /usr/local/lib/python3.8/dist-packages/neutron_lib/callbacks/manager.py:175}}
Nov 29 19:02:53.374741 dv-cinder-815746-3-smb neutron-server[102771]: DEBUG neutron.pecan_wsgi.hooks.policy_enforcement [req-0ad12619-798c-4ced-9139-45bc84d334c3 req-a589d4e9-3502-4dc5-8cab-0378fd708d08 tempest-DeleteServersTestJSON-1124362141 tempest-DeleteServersTestJSON-1124362141-project] Attributes excluded by policy engine: ['standard_attr_id', 'vlan_transparent', 'provider:network_type', 'provider:physical_network', 'provider:segmentation_id'] {{(pid=102771) _exclude_attributes_by_policy /opt/stack/neutron/neutron/pecan_wsgi/hooks/policy_enforcement.py:255}}
Nov 29 19:02:53.377185 dv-cinder-815746-3-smb neutron-server[102771]: INFO neutron.wsgi [req-0ad12619-798c-4ced-9139-45bc84d334c3 req-a589d4e9-3502-4dc5-8cab-0378fd708d08 tempest-DeleteServersTestJSON-1124362141 tempest-DeleteServersTestJSON-1124362141-project] 10.222.0.15 "GET /v2.0/networks?id=76f9dc72-e57e-4a54-8c62-4190cdab5cab HTTP/1.1" status: 200 len: 811 time: 0.4929032
Nov 29 19:02:53.393209 dv-cinder-815746-3-smb neutron-server[102772]: DEBUG neutron.api.rpc.handlers.dhcp_rpc [None req-00c141ae-8664-4317-888b-49a1603858dc None None] Network b8c77b79-914f-4909-9b83-8dc6f55351d2 requested from dv-cinder-815746-3-smb {{(pid=102772) get_network_info /opt/stack/neutron/neutron/api/rpc/handlers/dhcp_rpc.py:218}}
Nov 29 19:02:53.552544 dv-cinder-815746-3-smb neutron-server[102770]: DEBUG neutron_lib.callbacks.manager [None req-a32011f2-8366-4b6b-9e0e-4fca286cc5d1 admin admin] Publish callbacks [] for router_gateway, precommit_update {{(pid=102770) _notify_loop /usr/local/lib/python3.8/dist-packages/neutron_lib/callbacks/manager.py:175}}
Nov 29 19:02:53.554699 dv-cinder-815746-3-smb neutron-server[102771]: DEBUG neutron_lib.callbacks.manager [None req-7cb0b015-54f1-4ac7-8ebf-6ec3f95e9e6b admin admin] Publish callbacks [] for router_controller, precommit_add_association {{(pid=102771) _notify_loop /usr/local/lib/python3.8/dist-packages/neutron_lib/callbacks/manager.py:175}}
Nov 29 19:02:53.557654 dv-cinder-815746-3-smb neutron-server[102771]: INFO neutron.wsgi [req-0ad12619-798c-4ced-9139-45bc84d334c3 req-79f316a6-c568-4727-a924-cf2e024348e8 tempest-DeleteServersTestJSON-1124362141 tempest-DeleteServersTestJSON-1124362141-project] 10.222.0.15 "GET /v2.0/quotas/ed90480751014256aa51e6f95c8824b4 HTTP/1.1" status: 200 len: 375 time: 0.0156314
Nov 29 19:02:53.604037 dv-cinder-815746-3-smb neutron-server[102772]: DEBUG neutron.api.rpc.handlers.dhcp_rpc [None req-e7ddaff6-59dc-4968-9d4e-8fc602e9eb3f None None] Create dhcp port {'port': {'name': '', 'admin_state_up': True, 'device_id': 'dhcp6004bc2e-6116-595b-92d3-e10771a51d54-92fdb11f-296a-4e21-a087-84776d6d472a', 'network_id': '92fdb11f-296a-4e21-a087-84776d6d472a', 'tenant_id': '1d292a2603b04415ab58523ef3865b20', 'fixed_ips': [{'subnet_id': 'f54b34c9-936c-402a-a76b-1146456c5cf3'}]}} from dv-cinder-815746-3-smb. {{(pid=102772) create_dhcp_port /opt/stack/neutron/neutron/api/rpc/handlers/dhcp_rpc.py:285}}
Nov 29 19:02:53.604927 dv-cinder-815746-3-smb neutron-server[102772]: DEBUG neutron_lib.callbacks.manager [None req-e7ddaff6-59dc-4968-9d4e-8fc602e9eb3f None None] Publish callbacks ['neutron.plugins.ml2.plugin.SecurityGroupDbMixin._ensure_default_security_group_handler-592317'] for port, before_create {{(pid=102772) _notify_loop /usr/local/lib/python3.8/dist-packages/neutron_lib/callbacks/manager.py:175}}
Nov 29 19:02:53.710649 dv-cinder-815746-3-smb neutron-server[102770]: DEBUG neutron_lib.callbacks.manager [None req-a9a0cbb4-8ec2-479e-8134-f3c8502c16d8 admin admin] Publish callbacks [] for security_group, before_create {{(pid=102770) _notify_loop /usr/local/lib/python3.8/dist-packages/neutron_lib/callbacks/manager.py:175}}
Nov 29 19:02:53.737255 dv-cinder-815746-3-smb neutron-server[102771]: DEBUG neutron.wsgi [-] (102771) accepted ('10.222.0.15', 39822) {{(pid=102771) server /usr/local/lib/python3.8/dist-packages/eventlet/wsgi.py:1004}}
Nov 29 19:02:53.743972 dv-cinder-815746-3-smb neutron-server[102771]: DEBUG neutron.api.v2.base [None req-c66dd71a-6854-431c-a67c-0b6d957adbf2 admin admin] Request body: {'network': {'name': 'tempest-EncryptedVolumesExtendAttachedTest-1494780189-network', 'tenant_id': '3b2d5b2f446f48f7bcef192b30b1869f'}} {{(pid=102771) prepare_request_body /opt/stack/neutron/neutron/api/v2/base.py:729}}
Nov 29 19:02:53.785712 dv-cinder-815746-3-smb neutron-server[102771]: INFO neutron.wsgi [req-0ad12619-798c-4ced-9139-45bc84d334c3 req-9fdf21ef-845a-46e0-88f8-d9f9bd032bba tempest-DeleteServersTestJSON-1124362141 tempest-DeleteServersTestJSON-1124362141-project] 10.222.0.15 "GET /v2.0/ports?tenant_id=ed90480751014256aa51e6f95c8824b4&fields=id HTTP/1.1" status: 200 len: 210 time: 0.2126513
Nov 29 19:02:53.878812 dv-cinder-815746-3-smb neutron-server[102771]: DEBUG neutron.pecan_wsgi.hooks.quota_enforcement [None req-c66dd71a-6854-431c-a67c-0b6d957adbf2 admin admin] Made reservation on behalf of 3b2d5b2f446f48f7bcef192b30b1869f for: {'network': 1} {{(pid=102771) before /opt/stack/neutron/neutron/pecan_wsgi/hooks/quota_enforcement.py:53}}
Nov 29 19:02:53.881418 dv-cinder-815746-3-smb neutron-server[102771]: DEBUG neutron_lib.callbacks.manager [None req-c66dd71a-6854-431c-a67c-0b6d957adbf2 admin admin] Publish callbacks ['neutron.plugins.ml2.plugin.SecurityGroupDbMixin._ensure_default_security_group_handler-592317'] for network, before_create {{(pid=102771) _notify_loop /usr/local/lib/python3.8/dist-packages/neutron_lib/callbacks/manager.py:175}}
Nov 29 19:02:53.971191 dv-cinder-815746-3-smb neutron-server[102770]: DEBUG neutron_lib.callbacks.manager [None req-a9a0cbb4-8ec2-479e-8134-f3c8502c16d8 admin admin] Publish callbacks [] for security_group, precommit_create {{(pid=102770) _notify_loop /usr/local/lib/python3.8/dist-packages/neutron_lib/callbacks/manager.py:175}}
Nov 29 19:02:53.975790 dv-cinder-815746-3-smb neutron-server[102771]: DEBUG neutron_lib.callbacks.manager [None req-c66dd71a-6854-431c-a67c-0b6d957adbf2 admin admin] Publish callbacks [] for security_group, before_create {{(pid=102771) _notify_loop /usr/local/lib/python3.8/dist-packages/neutron_lib/callbacks/manager.py:175}}
Nov 29 19:02:53.980131 dv-cinder-815746-3-smb neutron-server[102770]: DEBUG neutron_lib.callbacks.manager [None req-a9a0cbb4-8ec2-479e-8134-f3c8502c16d8 admin admin] Publish callbacks ['neutron.plugins.ml2.ovo_rpc._ObjectChangeHandler.handle_event-7901032'] for security_group, after_create {{(pid=102770) _notify_loop /usr/local/lib/python3.8/dist-packages/neutron_lib/callbacks/manager.py:175}}
Nov 29 19:02:53.998911 dv-cinder-815746-3-smb neutron-server[102771]: DEBUG neutron_lib.callbacks.manager [None req-7cb0b015-54f1-4ac7-8ebf-6ec3f95e9e6b admin admin] Publish callbacks [] for router_gateway, precommit_update {{(pid=102771) _notify_loop /usr/local/lib/python3.8/dist-packages/neutron_lib/callbacks/manager.py:175}}
Nov 29 19:02:54.056538 dv-cinder-815746-3-smb neutron-server[102772]: DEBUG neutron.db.db_base_plugin_common [None req-e7ddaff6-59dc-4968-9d4e-8fc602e9eb3f None None] Allocated IP 172.20.0.2 (92fdb11f-296a-4e21-a087-84776d6d472a/f54b34c9-936c-402a-a76b-1146456c5cf3/7508546f-aaff-4f76-87e8-2b14f76296e7) {{(pid=102772) _store_ip_allocation /opt/stack/neutron/neutron/db/db_base_plugin_common.py:131}}
Nov 29 19:02:54.122032 dv-cinder-815746-3-smb neutron-server[102770]: INFO neutron.wsgi [None req-a9a0cbb4-8ec2-479e-8134-f3c8502c16d8 admin admin] 10.222.0.15 "GET /v2.0/security-groups?tenant_id=7da1b46620114470be3a0ba52ff4366f&name=default HTTP/1.1" status: 200 len: 2992 time: 0.9217017
Nov 29 19:02:54.132248 dv-cinder-815746-3-smb neutron-server[102771]: DEBUG neutron.wsgi [-] (102771) accepted ('10.222.0.15', 39846) {{(pid=102771) server /usr/local/lib/python3.8/dist-packages/eventlet/wsgi.py:1004}}
Nov 29 19:02:54.181811 dv-cinder-815746-3-smb neutron-server[102770]: DEBUG neutron.api.rpc.handlers.resources_rpc [None req-a9a0cbb4-8ec2-479e-8134-f3c8502c16d8 admin admin] Pushing event updated for resources: {'SecurityGroup': ['ID=ba3c62d5-d022-4a00-9a77-2b3be2203a9d,revision_number=1']} {{(pid=102770) push /opt/stack/neutron/neutron/api/rpc/handlers/resources_rpc.py:237}}
Nov 29 19:02:54.286575 dv-cinder-815746-3-smb neutron-server[102770]: DEBUG neutron_lib.callbacks.manager [None req-a32011f2-8366-4b6b-9e0e-4fca286cc5d1 admin admin] Publish callbacks [] for router_gateway, before_create {{(pid=102770) _notify_loop /usr/local/lib/python3.8/dist-packages/neutron_lib/callbacks/manager.py:175}}
Nov 29 19:02:54.303584 dv-cinder-815746-3-smb neutron-server[102771]: DEBUG neutron_lib.callbacks.manager [None req-c66dd71a-6854-431c-a67c-0b6d957adbf2 admin admin] Publish callbacks [] for security_group, precommit_create {{(pid=102771) _notify_loop /usr/local/lib/python3.8/dist-packages/neutron_lib/callbacks/manager.py:175}}
Nov 29 19:02:54.305802 dv-cinder-815746-3-smb neutron-server[102771]: DEBUG neutron_lib.callbacks.manager [None req-d93de3cf-0785-4005-b1ac-ed541ee8d483 admin admin] Publish callbacks [] for security_group, before_delete {{(pid=102771) _notify_loop /usr/local/lib/python3.8/dist-packages/neutron_lib/callbacks/manager.py:175}}
Nov 29 19:02:54.315556 dv-cinder-815746-3-smb neutron-server[102771]: DEBUG neutron_lib.callbacks.manager [None req-c66dd71a-6854-431c-a67c-0b6d957adbf2 admin admin] Publish callbacks ['neutron.plugins.ml2.ovo_rpc._ObjectChangeHandler.handle_event-7901032'] for security_group, after_create {{(pid=102771) _notify_loop /usr/local/lib/python3.8/dist-packages/neutron_lib/callbacks/manager.py:175}}
Nov 29 19:02:54.317571 dv-cinder-815746-3-smb neutron-server[102770]: DEBUG neutron_lib.callbacks.manager [None req-a32011f2-8366-4b6b-9e0e-4fca286cc5d1 admin admin] Publish callbacks ['neutron.plugins.ml2.plugin.SecurityGroupDbMixin._ensure_default_security_group_handler-592317'] for port, before_create {{(pid=102770) _notify_loop /usr/local/lib/python3.8/dist-packages/neutron_lib/callbacks/manager.py:175}}
Nov 29 19:02:54.329323 dv-cinder-815746-3-smb neutron-server[102772]: DEBUG neutron_lib.callbacks.manager [None req-e7ddaff6-59dc-4968-9d4e-8fc602e9eb3f None None] Publish callbacks [] for port, precommit_create {{(pid=102772) _notify_loop /usr/local/lib/python3.8/dist-packages/neutron_lib/callbacks/manager.py:175}}
Nov 29 19:02:54.338624 dv-cinder-815746-3-smb neutron-server[102771]: DEBUG neutron.wsgi [req-0ad12619-798c-4ced-9139-45bc84d334c3 req-cdc3af24-fc24-4d2b-b0b7-dce687c99bbf service neutron] http://10.222.0.15:9696/v2.0/extensions returned with HTTP 200 {{(pid=102771) __call__ /opt/stack/neutron/neutron/wsgi.py:729}}
Nov 29 19:02:54.339673 dv-cinder-815746-3-smb neutron-server[102771]: INFO neutron.wsgi [req-0ad12619-798c-4ced-9139-45bc84d334c3 req-cdc3af24-fc24-4d2b-b0b7-dce687c99bbf service neutron] 10.222.0.15 "GET /v2.0/extensions HTTP/1.1" status: 200 len: 14082 time: 0.2124658
Nov 29 19:02:54.341381 dv-cinder-815746-3-smb neutron-server[102772]: DEBUG neutron_lib.callbacks.manager [None req-e7ddaff6-59dc-4968-9d4e-8fc602e9eb3f None None] Publish callbacks ['neutron.plugins.ml2.plugin.SecurityGroupServerNotifierRpcMixin._notify_sg_on_port_change-592252', 'neutron.plugins.ml2.ovo_rpc._ObjectChangeHandler.handle_event-146551', 'neutron.api.rpc.agentnotifiers.dhcp_rpc_agent_api.DhcpAgentNotifyAPI._native_event_send_dhcp_notification-8357200', 'neutron.db.l3_dvrscheduler_db._notify_l3_agent_new_port-8768523560196'] for port, after_create {{(pid=102772) _notify_loop /usr/local/lib/python3.8/dist-packages/neutron_lib/callbacks/manager.py:175}}
Nov 29 19:02:54.370533 dv-cinder-815746-3-smb neutron-server[102771]: DEBUG neutron_lib.callbacks.manager [None req-d93de3cf-0785-4005-b1ac-ed541ee8d483 admin admin] Publish callbacks [] for security_group, precommit_delete {{(pid=102771) _notify_loop /usr/local/lib/python3.8/dist-packages/neutron_lib/callbacks/manager.py:175}}
Nov 29 19:02:54.388910 dv-cinder-815746-3-smb neutron-server[102771]: DEBUG neutron.plugins.ml2.drivers.helpers [None req-c66dd71a-6854-431c-a67c-0b6d957adbf2 admin admin] vlan segment allocate from pool success with {'physical_network': 'physnet1', 'vlan_id': 631} {{(pid=102771) allocate_partially_specified_segment /opt/stack/neutron/neutron/plugins/ml2/drivers/helpers.py:153}}
Nov 29 19:02:54.399469 dv-cinder-815746-3-smb neutron-server[102772]: DEBUG neutron.scheduler.dhcp_agent_scheduler [None req-e7ddaff6-59dc-4968-9d4e-8fc602e9eb3f None None] Network 92fdb11f-296a-4e21-a087-84776d6d472a is already hosted by enough agents. {{(pid=102772) _get_dhcp_agents_hosting_network /opt/stack/neutron/neutron/scheduler/dhcp_agent_scheduler.py:275}}
Nov 29 19:02:54.404287 dv-cinder-815746-3-smb neutron-server[102772]: DEBUG neutron.scheduler.base_scheduler [None req-e7ddaff6-59dc-4968-9d4e-8fc602e9eb3f None None] Resources bound (agent type, host, resource id): {{(pid=102772) schedule /opt/stack/neutron/neutron/scheduler/base_scheduler.py:57}}
Nov 29 19:02:54.408380 dv-cinder-815746-3-smb neutron-server[102772]: DEBUG neutron.db.l3_dvrscheduler_db [None req-e7ddaff6-59dc-4968-9d4e-8fc602e9eb3f None None] Received port after_create {{(pid=102772) _notify_l3_agent_new_port /opt/stack/neutron/neutron/db/l3_dvrscheduler_db.py:535}}
Nov 29 19:02:54.418560 dv-cinder-815746-3-smb neutron-server[102772]: DEBUG neutron.api.rpc.handlers.resources_rpc [None req-e7ddaff6-59dc-4968-9d4e-8fc602e9eb3f None None] Pushing event updated for resources: {'Port': ['ID=7508546f-aaff-4f76-87e8-2b14f76296e7,revision_number=1']} {{(pid=102772) push /opt/stack/neutron/neutron/api/rpc/handlers/resources_rpc.py:237}}
Nov 29 19:02:54.445882 dv-cinder-815746-3-smb neutron-server[102772]: DEBUG neutron.api.rpc.callbacks.version_manager [None req-e7ddaff6-59dc-4968-9d4e-8fc602e9eb3f None None] Version for resource type AddressGroup changed None to 1.2 on consumer Open vSwitch agent@dv-cinder-815746-3-smb {{(pid=102772) _set_version /opt/stack/neutron/neutron/api/rpc/callbacks/version_manager.py:113}}
Nov 29 19:02:54.446386 dv-cinder-815746-3-smb neutron-server[102772]: DEBUG neutron.api.rpc.callbacks.version_manager [None req-e7ddaff6-59dc-4968-9d4e-8fc602e9eb3f None None] Version for resource type ConntrackHelper changed None to 1.0 on consumer Open vSwitch agent@dv-cinder-815746-3-smb {{(pid=102772) _set_version /opt/stack/neutron/neutron/api/rpc/callbacks/version_manager.py:113}}
Nov 29 19:02:54.446859 dv-cinder-815746-3-smb neutron-server[102772]: DEBUG neutron.api.rpc.callbacks.version_manager [None req-e7ddaff6-59dc-4968-9d4e-8fc602e9eb3f None None] Version for resource type Log changed None to 1.0 on consumer Open vSwitch agent@dv-cinder-815746-3-smb {{(pid=102772) _set_version /opt/stack/neutron/neutron/api/rpc/callbacks/version_manager.py:113}}
Nov 29 19:02:54.447293 dv-cinder-815746-3-smb neutron-server[102772]: DEBUG neutron.api.rpc.callbacks.version_manager [None req-e7ddaff6-59dc-4968-9d4e-8fc602e9eb3f None None] Version for resource type Network changed None to 1.1 on consumer Open vSwitch agent@dv-cinder-815746-3-smb {{(pid=102772) _set_version /opt/stack/neutron/neutron/api/rpc/callbacks/version_manager.py:113}}
Nov 29 19:02:54.447741 dv-cinder-815746-3-smb neutron-server[102772]: DEBUG neutron.api.rpc.callbacks.version_manager [None req-e7ddaff6-59dc-4968-9d4e-8fc602e9eb3f None None] Version for resource type Port changed None to 1.7 on consumer Open vSwitch agent@dv-cinder-815746-3-smb {{(pid=102772) _set_version /opt/stack/neutron/neutron/api/rpc/callbacks/version_manager.py:113}}
Nov 29 19:02:54.448227 dv-cinder-815746-3-smb neutron-server[102772]: DEBUG neutron.api.rpc.callbacks.version_manager [None req-e7ddaff6-59dc-4968-9d4e-8fc602e9eb3f None None] Version for resource type PortForwarding changed None to 1.2 on consumer Open vSwitch agent@dv-cinder-815746-3-smb {{(pid=102772) _set_version /opt/stack/neutron/neutron/api/rpc/callbacks/version_manager.py:113}}
Nov 29 19:02:54.448829 dv-cinder-815746-3-smb neutron-server[102772]: DEBUG neutron.api.rpc.callbacks.version_manager [None req-e7ddaff6-59dc-4968-9d4e-8fc602e9eb3f None None] Version for resource type QosPolicy changed None to 1.10 on consumer Open vSwitch agent@dv-cinder-815746-3-smb {{(pid=102772) _set_version /opt/stack/neutron/neutron/api/rpc/callbacks/version_manager.py:113}}
Nov 29 19:02:54.449529 dv-cinder-815746-3-smb neutron-server[102772]: DEBUG neutron.api.rpc.callbacks.version_manager [None req-e7ddaff6-59dc-4968-9d4e-8fc602e9eb3f None None] Version for resource type SecurityGroup changed None to 1.5 on consumer Open vSwitch agent@dv-cinder-815746-3-smb {{(pid=102772) _set_version /opt/stack/neutron/neutron/api/rpc/callbacks/version_manager.py:113}}
Nov 29 19:02:54.450508 dv-cinder-815746-3-smb neutron-server[102772]: DEBUG neutron.api.rpc.callbacks.version_manager [None req-e7ddaff6-59dc-4968-9d4e-8fc602e9eb3f None None] Version for resource type SecurityGroupRule changed None to 1.2 on consumer Open vSwitch agent@dv-cinder-815746-3-smb {{(pid=102772) _set_version /opt/stack/neutron/neutron/api/rpc/callbacks/version_manager.py:113}}
Nov 29 19:02:54.450954 dv-cinder-815746-3-smb neutron-server[102772]: DEBUG neutron.api.rpc.callbacks.version_manager [None req-e7ddaff6-59dc-4968-9d4e-8fc602e9eb3f None None] Version for resource type SubPort changed None to 1.0 on consumer Open vSwitch agent@dv-cinder-815746-3-smb {{(pid=102772) _set_version /opt/stack/neutron/neutron/api/rpc/callbacks/version_manager.py:113}}
Nov 29 19:02:54.451397 dv-cinder-815746-3-smb neutron-server[102772]: DEBUG neutron.api.rpc.callbacks.version_manager [None req-e7ddaff6-59dc-4968-9d4e-8fc602e9eb3f None None] Version for resource type Subnet changed None to 1.1 on consumer Open vSwitch agent@dv-cinder-815746-3-smb {{(pid=102772) _set_version /opt/stack/neutron/neutron/api/rpc/callbacks/version_manager.py:113}}
Nov 29 19:02:54.451903 dv-cinder-815746-3-smb neutron-server[102772]: DEBUG neutron.api.rpc.callbacks.version_manager [None req-e7ddaff6-59dc-4968-9d4e-8fc602e9eb3f None None] Version for resource type Trunk changed None to 1.1 on consumer Open vSwitch agent@dv-cinder-815746-3-smb {{(pid=102772) _set_version /opt/stack/neutron/neutron/api/rpc/callbacks/version_manager.py:113}}
Nov 29 19:02:54.453073 dv-cinder-815746-3-smb neutron-server[102772]: DEBUG neutron.api.rpc.callbacks.version_manager [None req-e7ddaff6-59dc-4968-9d4e-8fc602e9eb3f None None] Tracked resource versions report:
Nov 29 19:02:54.453073 dv-cinder-815746-3-smb neutron-server[102772]: pushed versions:
Nov 29 19:02:54.453073 dv-cinder-815746-3-smb neutron-server[102772]: { 'AddressGroup': {'1.2'},
Nov 29 19:02:54.453073 dv-cinder-815746-3-smb neutron-server[102772]: 'ConntrackHelper': {'1.0'},
Nov 29 19:02:54.453073 dv-cinder-815746-3-smb neutron-server[102772]: 'Log': {'1.0'},
Nov 29 19:02:54.453073 dv-cinder-815746-3-smb neutron-server[102772]: 'Network': {'1.1'},
Nov 29 19:02:54.453073 dv-cinder-815746-3-smb neutron-server[102772]: 'Port': {'1.7'},
Nov 29 19:02:54.453073 dv-cinder-815746-3-smb neutron-server[102772]: 'PortForwarding': {'1.2'},
Nov 29 19:02:54.453073 dv-cinder-815746-3-smb neutron-server[102772]: 'QosPolicy': {'1.10'},
Nov 29 19:02:54.453073 dv-cinder-815746-3-smb neutron-server[102772]: 'SecurityGroup': {'1.5'},
Nov 29 19:02:54.453073 dv-cinder-815746-3-smb neutron-server[102772]: 'SecurityGroupRule': {'1.2'},
Nov 29 19:02:54.453073 dv-cinder-815746-3-smb neutron-server[102772]: 'SubPort': {'1.0'},
Nov 29 19:02:54.453073 dv-cinder-815746-3-smb neutron-server[102772]: 'Subnet': {'1.1'},
Nov 29 19:02:54.453073 dv-cinder-815746-3-smb neutron-server[102772]: 'Trunk': {'1.1'}}
Nov 29 19:02:54.453073 dv-cinder-815746-3-smb neutron-server[102772]: consumer versions:
Nov 29 19:02:54.453073 dv-cinder-815746-3-smb neutron-server[102772]: { DHCP agent@dv-cinder-815746-3-smb: {},
Nov 29 19:02:54.453073 dv-cinder-815746-3-smb neutron-server[102772]: HyperV agent@hv-cinder-81574: {},
Nov 29 19:02:54.453073 dv-cinder-815746-3-smb neutron-server[102772]: L3 agent@dv-cinder-815746-3-smb: {},
Nov 29 19:02:54.453073 dv-cinder-815746-3-smb neutron-server[102772]: Metadata agent@dv-cinder-815746-3-smb: {},
Nov 29 19:02:54.453073 dv-cinder-815746-3-smb neutron-server[102772]: Metering agent@dv-cinder-815746-3-smb: {},
Nov 29 19:02:54.453073 dv-cinder-815746-3-smb neutron-server[102772]: Open vSwitch agent@dv-cinder-815746-3-smb: { 'AddressGroup': '1.2',
Nov 29 19:02:54.453073 dv-cinder-815746-3-smb neutron-server[102772]: 'ConntrackHelper': '1.0',
Nov 29 19:02:54.453073 dv-cinder-815746-3-smb neutron-server[102772]: 'Log': '1.0',
Nov 29 19:02:54.453073 dv-cinder-815746-3-smb neutron-server[102772]: 'Network': '1.1',
Nov 29 19:02:54.453073 dv-cinder-815746-3-smb neutron-server[102772]: 'Port': '1.7',
Nov 29 19:02:54.453073 dv-cinder-815746-3-smb neutron-server[102772]: 'PortForwarding': '1.2',
Nov 29 19:02:54.453073 dv-cinder-815746-3-smb neutron-server[102772]: 'QosPolicy': '1.10',
Nov 29 19:02:54.453073 dv-cinder-815746-3-smb neutron-server[102772]: 'SecurityGroup': '1.5',
Nov 29 19:02:54.453073 dv-cinder-815746-3-smb neutron-server[102772]: 'SecurityGroupRule': '1.2',
Nov 29 19:02:54.453073 dv-cinder-815746-3-smb neutron-server[102772]: 'SubPort': '1.0',
Nov 29 19:02:54.453073 dv-cinder-815746-3-smb neutron-server[102772]: 'Subnet': '1.1',
Nov 29 19:02:54.453073 dv-cinder-815746-3-smb neutron-server[102772]: 'Trunk': '1.1'}}
Nov 29 19:02:54.453073 dv-cinder-815746-3-smb neutron-server[102772]: {{(pid=102772) report /opt/stack/neutron/neutron/api/rpc/callbacks/version_manager.py:175}}
Nov 29 19:02:54.466976 dv-cinder-815746-3-smb neutron-server[102770]: DEBUG neutron.db.db_base_plugin_common [None req-a32011f2-8366-4b6b-9e0e-4fca286cc5d1 admin admin] Allocated IP 172.28.3.54 (77e6b1be-ed5f-4ba9-b6da-81bd065015d7/c959052b-4396-4a8f-af86-7fd5f1dcad5e/7c7ee18c-b581-453e-975d-bc319cae0384) {{(pid=102770) _store_ip_allocation /opt/stack/neutron/neutron/db/db_base_plugin_common.py:131}}
Nov 29 19:02:54.473173 dv-cinder-815746-3-smb neutron-server[102771]: DEBUG neutron.api.rpc.handlers.resources_rpc [None req-c66dd71a-6854-431c-a67c-0b6d957adbf2 admin admin] Pushing event updated for resources: {'SecurityGroup': ['ID=fe636e5c-7239-42c3-9e89-b3e9d3019a2f,revision_number=1']} {{(pid=102771) push /opt/stack/neutron/neutron/api/rpc/handlers/resources_rpc.py:237}}
Nov 29 19:02:54.480275 dv-cinder-815746-3-smb neutron-server[102771]: DEBUG neutron_lib.callbacks.manager [None req-c66dd71a-6854-431c-a67c-0b6d957adbf2 admin admin] Publish callbacks ['neutron.plugins.ml2.plugin.Ml2Plugin._handle_segment_change-524477'] for segment, precommit_create {{(pid=102771) _notify_loop /usr/local/lib/python3.8/dist-packages/neutron_lib/callbacks/manager.py:175}}
Nov 29 19:02:54.480576 dv-cinder-815746-3-smb neutron-server[102771]: INFO neutron.db.segments_db [None req-c66dd71a-6854-431c-a67c-0b6d957adbf2 admin admin] Added segment f38ea57e-56f3-4035-a26d-8a96c4e581ab of type vlan for network 0b444608-9a0c-4ca8-8da8-5e9ece7cc301
Nov 29 19:02:54.497540 dv-cinder-815746-3-smb neutron-server[102772]: DEBUG neutron.plugins.ml2.managers [None req-e7ddaff6-59dc-4968-9d4e-8fc602e9eb3f None None] Attempting to bind port 7508546f-aaff-4f76-87e8-2b14f76296e7 on host dv-cinder-815746-3-smb for vnic_type normal with profile {{(pid=102772) bind_port /opt/stack/neutron/neutron/plugins/ml2/managers.py:795}}
Nov 29 19:02:54.499445 dv-cinder-815746-3-smb neutron-server[102772]: DEBUG neutron.plugins.ml2.managers [None req-e7ddaff6-59dc-4968-9d4e-8fc602e9eb3f None None] Attempting to bind port 7508546f-aaff-4f76-87e8-2b14f76296e7 by drivers openvswitch,hyperv on host dv-cinder-815746-3-smb at level 0 using segments [{'id': '48a35866-9368-427d-a821-9079a6d6c302', 'network_type': 'vlan', 'physical_network': 'physnet1', 'segmentation_id': 636, 'network_id': '92fdb11f-296a-4e21-a087-84776d6d472a'}] {{(pid=102772) _bind_port_level /opt/stack/neutron/neutron/plugins/ml2/managers.py:820}}
Nov 29 19:02:54.499861 dv-cinder-815746-3-smb neutron-server[102772]: DEBUG neutron.plugins.ml2.drivers.mech_agent [None req-e7ddaff6-59dc-4968-9d4e-8fc602e9eb3f None None] Attempting to bind port 7508546f-aaff-4f76-87e8-2b14f76296e7 on network 92fdb11f-296a-4e21-a087-84776d6d472a {{(pid=102772) bind_port /opt/stack/neutron/neutron/plugins/ml2/drivers/mech_agent.py:91}}
Nov 29 19:02:54.509619 dv-cinder-815746-3-smb neutron-server[102772]: DEBUG neutron.plugins.ml2.drivers.mech_agent [None req-e7ddaff6-59dc-4968-9d4e-8fc602e9eb3f None None] Checking agent: {'id': 'e151d29b-737e-4c3b-b4d4-19f0b727bd5f', 'agent_type': 'Open vSwitch agent', 'binary': 'neutron-openvswitch-agent', 'topic': 'N/A', 'host': 'dv-cinder-815746-3-smb', 'admin_state_up': True, 'created_at': datetime.datetime(2021, 11, 29, 18, 54, 52), 'started_at': datetime.datetime(2021, 11, 29, 18, 55, 22), 'heartbeat_timestamp': datetime.datetime(2021, 11, 29, 19, 2, 52), 'description': None, 'resources_synced': None, 'availability_zone': None, 'alive': True, 'configurations': {'arp_responder_enabled': False, 'baremetal_smartnic': False, 'bridge_mappings': {'physnet1': 'br-data'}, 'datapath_type': 'system', 'devices': 0, 'enable_distributed_routing': False, 'extensions': [], 'in_distributed_mode': False, 'integration_bridge': 'br-int', 'l2_population': False, 'log_agent_heartbeats': False, 'ovs_capabilities': {'datapath_types': ['netdev', 'system'], 'iface_types': ['erspan', 'geneve', 'gre', 'internal', 'ip6erspan', 'ip6gre', 'lisp', 'patch', 'stt', 'system', 'tap', 'vxlan']}, 'ovs_hybrid_plug': False, 'resource_provider_bandwidths': {}, 'resource_provider_hypervisors': {'br-data': 'dv-cinder-815746-3-smb'}, 'resource_provider_inventory_defaults': {'allocation_ratio': 1.0, 'min_unit': 1, 'step_size': 1, 'reserved': 0}, 'resource_provider_packet_processing_inventory_defaults': {'allocation_ratio': 1.0, 'min_unit': 1, 'step_size': 1, 'reserved': 0}, 'resource_provider_packet_processing_with_direction': {}, 'resource_provider_packet_processing_without_direction': {}, 'tunnel_types': [], 'tunneling_ip': None, 'vhostuser_socket_dir': '/var/run/openvswitch'}, 'resource_versions': {'AddressGroup': '1.2', 'ConntrackHelper': '1.0', 'Log': '1.0', 'Network': '1.1', 'Port': '1.7', 'PortForwarding': '1.2', 'QosPolicy': '1.10', 'SecurityGroup': '1.5', 'SecurityGroupRule': '1.2', 'SubPort': '1.0', 'Subnet': '1.1', 'Trunk': '1.1'}} {{(pid=102772) bind_port /opt/stack/neutron/neutron/plugins/ml2/drivers/mech_agent.py:110}}
Nov 29 19:02:54.510025 dv-cinder-815746-3-smb neutron-server[102772]: DEBUG neutron.plugins.ml2.drivers.mech_agent [None req-e7ddaff6-59dc-4968-9d4e-8fc602e9eb3f None None] Checking segment: {'id': '48a35866-9368-427d-a821-9079a6d6c302', 'network_type': 'vlan', 'physical_network': 'physnet1', 'segmentation_id': 636, 'network_id': '92fdb11f-296a-4e21-a087-84776d6d472a'} for mappings: {'physnet1': 'br-data'} with network types: ['local', 'flat', 'vlan'] {{(pid=102772) check_segment_for_agent /opt/stack/neutron/neutron/plugins/ml2/drivers/mech_agent.py:371}}
Nov 29 19:02:54.511270 dv-cinder-815746-3-smb neutron-server[102772]: DEBUG neutron_lib.callbacks.manager [None req-e7ddaff6-59dc-4968-9d4e-8fc602e9eb3f None None] Publish callbacks [] for ovs_bridge_name, before_read {{(pid=102772) _notify_loop /usr/local/lib/python3.8/dist-packages/neutron_lib/callbacks/manager.py:175}}
Nov 29 19:02:54.512115 dv-cinder-815746-3-smb neutron-server[102772]: DEBUG neutron.plugins.ml2.drivers.mech_agent [None req-e7ddaff6-59dc-4968-9d4e-8fc602e9eb3f None None] Bound using segment: {'id': '48a35866-9368-427d-a821-9079a6d6c302', 'network_type': 'vlan', 'physical_network': 'physnet1', 'segmentation_id': 636, 'network_id': '92fdb11f-296a-4e21-a087-84776d6d472a'} {{(pid=102772) bind_port /opt/stack/neutron/neutron/plugins/ml2/drivers/mech_agent.py:120}}
Nov 29 19:02:54.513857 dv-cinder-815746-3-smb neutron-server[102772]: DEBUG neutron.plugins.ml2.managers [None req-e7ddaff6-59dc-4968-9d4e-8fc602e9eb3f None None] Bound port: 7508546f-aaff-4f76-87e8-2b14f76296e7, host: dv-cinder-815746-3-smb, vif_type: ovs, vif_details: {"connectivity": "l2", "port_filter": true, "ovs_hybrid_plug": false, "datapath_type": "system", "bridge_name": "br-int"}, binding_levels: [{'bound_driver': 'openvswitch', 'bound_segment': {'id': '48a35866-9368-427d-a821-9079a6d6c302', 'network_type': 'vlan', 'physical_network': 'physnet1', 'segmentation_id': 636, 'network_id': '92fdb11f-296a-4e21-a087-84776d6d472a'}}] {{(pid=102772) _bind_port_level /opt/stack/neutron/neutron/plugins/ml2/managers.py:932}}
Nov 29 19:02:54.514603 dv-cinder-815746-3-smb neutron-server[102772]: DEBUG neutron_lib.callbacks.manager [None req-e7ddaff6-59dc-4968-9d4e-8fc602e9eb3f None None] Publish callbacks ['neutron.plugins.ml2.plugin.SecurityGroupDbMixin._ensure_default_security_group_handler-592317'] for port, before_update {{(pid=102772) _notify_loop /usr/local/lib/python3.8/dist-packages/neutron_lib/callbacks/manager.py:175}}
Nov 29 19:02:54.592278 dv-cinder-815746-3-smb neutron-server[102770]: DEBUG neutron_lib.callbacks.manager [None req-a32011f2-8366-4b6b-9e0e-4fca286cc5d1 admin admin] Publish callbacks [] for port, precommit_create {{(pid=102770) _notify_loop /usr/local/lib/python3.8/dist-packages/neutron_lib/callbacks/manager.py:175}}
Nov 29 19:02:54.598746 dv-cinder-815746-3-smb neutron-server[102772]: DEBUG neutron.plugins.ml2.db [None req-e7ddaff6-59dc-4968-9d4e-8fc602e9eb3f None None] For port 7508546f-aaff-4f76-87e8-2b14f76296e7, host dv-cinder-815746-3-smb, cleared binding levels {{(pid=102772) clear_binding_levels /opt/stack/neutron/neutron/plugins/ml2/db.py:87}}
Nov 29 19:02:54.603491 dv-cinder-815746-3-smb neutron-server[102772]: DEBUG neutron.plugins.ml2.db [None req-e7ddaff6-59dc-4968-9d4e-8fc602e9eb3f None None] For port 7508546f-aaff-4f76-87e8-2b14f76296e7, host dv-cinder-815746-3-smb, set binding levels [PortBindingLevel(driver='openvswitch',host='dv-cinder-815746-3-smb',level=0,port_id=7508546f-aaff-4f76-87e8-2b14f76296e7,segment=NetworkSegment(48a35866-9368-427d-a821-9079a6d6c302),segment_id=48a35866-9368-427d-a821-9079a6d6c302)] {{(pid=102772) set_binding_levels /opt/stack/neutron/neutron/plugins/ml2/db.py:59}}
Nov 29 19:02:54.609081 dv-cinder-815746-3-smb neutron-server[102772]: DEBUG neutron_lib.callbacks.manager [None req-e7ddaff6-59dc-4968-9d4e-8fc602e9eb3f None None] Publish callbacks ['neutron.plugins.ml2.plugin.SecurityGroupServerNotifierRpcMixin._notify_sg_on_port_change-592252', 'neutron.plugins.ml2.ovo_rpc._ObjectChangeHandler.handle_event-146551', 'neutron.api.rpc.agentnotifiers.dhcp_rpc_agent_api.DhcpAgentNotifyAPI._native_event_send_dhcp_notification-8357200', 'neutron.db.l3_db.L3RpcNotifierMixin._notify_gateway_port_ip_changed-8768524031133', 'neutron.db.l3_dvrscheduler_db._notify_l3_agent_port_update-8768523560214', 'neutron.db.l3_hascheduler_db._notify_l3_agent_ha_port_update-8768523560232'] for port, after_update {{(pid=102772) _notify_loop /usr/local/lib/python3.8/dist-packages/neutron_lib/callbacks/manager.py:175}}
Nov 29 19:02:54.631657 dv-cinder-815746-3-smb neutron-server[102771]: DEBUG neutron_lib.callbacks.manager [None req-c66dd71a-6854-431c-a67c-0b6d957adbf2 admin admin] Publish callbacks ['neutron.services.auto_allocate.db._ensure_external_network_default_value_callback-8768523544158'] for network, precommit_create {{(pid=102771) _notify_loop /usr/local/lib/python3.8/dist-packages/neutron_lib/callbacks/manager.py:175}}
Nov 29 19:02:54.646674 dv-cinder-815746-3-smb neutron-server[102770]: DEBUG neutron_lib.callbacks.manager [None req-a32011f2-8366-4b6b-9e0e-4fca286cc5d1 admin admin] Publish callbacks ['neutron.plugins.ml2.plugin.SecurityGroupServerNotifierRpcMixin._notify_sg_on_port_change-592252', 'neutron.plugins.ml2.ovo_rpc._ObjectChangeHandler.handle_event-146551', 'neutron.api.rpc.agentnotifiers.dhcp_rpc_agent_api.DhcpAgentNotifyAPI._native_event_send_dhcp_notification-8357200', 'neutron.db.l3_dvrscheduler_db._notify_l3_agent_new_port-8768523560196'] for port, after_create {{(pid=102770) _notify_loop /usr/local/lib/python3.8/dist-packages/neutron_lib/callbacks/manager.py:175}}
Nov 29 19:02:54.669967 dv-cinder-815746-3-smb neutron-server[102771]: INFO neutron.wsgi [req-0ad12619-798c-4ced-9139-45bc84d334c3 req-f9bbda54-5ccf-4a8d-9642-ab970544e609 service neutron] 10.222.0.15 "GET /v2.0/networks/76f9dc72-e57e-4a54-8c62-4190cdab5cab?fields=segments HTTP/1.1" status: 200 len: 212 time: 0.3113279
Nov 29 19:02:54.676955 dv-cinder-815746-3-smb neutron-server[102772]: DEBUG neutron.api.rpc.handlers.resources_rpc [None req-e7ddaff6-59dc-4968-9d4e-8fc602e9eb3f None None] Pushing event updated for resources: {'Port': ['ID=7508546f-aaff-4f76-87e8-2b14f76296e7,revision_number=2']} {{(pid=102772) push /opt/stack/neutron/neutron/api/rpc/handlers/resources_rpc.py:237}}
Nov 29 19:02:54.695218 dv-cinder-815746-3-smb neutron-server[102771]: DEBUG neutron_lib.callbacks.manager [None req-d93de3cf-0785-4005-b1ac-ed541ee8d483 admin admin] Publish callbacks ['neutron.plugins.ml2.ovo_rpc._ObjectChangeHandler.handle_event-7901032'] for security_group, after_delete {{(pid=102771) _notify_loop /usr/local/lib/python3.8/dist-packages/neutron_lib/callbacks/manager.py:175}}
Nov 29 19:02:54.697786 dv-cinder-815746-3-smb neutron-server[102771]: DEBUG neutron_lib.callbacks.manager [None req-d93de3cf-0785-4005-b1ac-ed541ee8d483 admin admin] Publish callbacks [] for security_group, before_response {{(pid=102771) _notify_loop /usr/local/lib/python3.8/dist-packages/neutron_lib/callbacks/manager.py:175}}
Nov 29 19:02:54.698925 dv-cinder-815746-3-smb neutron-server[102771]: INFO neutron.wsgi [None req-d93de3cf-0785-4005-b1ac-ed541ee8d483 admin admin] 10.222.0.15 "DELETE /v2.0/security-groups/ba3c62d5-d022-4a00-9a77-2b3be2203a9d HTTP/1.1" status: 204 len: 168 time: 0.5618262
Nov 29 19:02:54.710053 dv-cinder-815746-3-smb neutron-server[102770]: DEBUG neutron.scheduler.dhcp_agent_scheduler [None req-a32011f2-8366-4b6b-9e0e-4fca286cc5d1 admin admin] Network 77e6b1be-ed5f-4ba9-b6da-81bd065015d7 is already hosted by enough agents. {{(pid=102770) _get_dhcp_agents_hosting_network /opt/stack/neutron/neutron/scheduler/dhcp_agent_scheduler.py:275}}
Nov 29 19:02:54.719674 dv-cinder-815746-3-smb neutron-server[102770]: DEBUG neutron.api.rpc.handlers.resources_rpc [None req-a32011f2-8366-4b6b-9e0e-4fca286cc5d1 admin admin] Pushing event updated for resources: {'Port': ['ID=7c7ee18c-b581-453e-975d-bc319cae0384,revision_number=1']} {{(pid=102770) push /opt/stack/neutron/neutron/api/rpc/handlers/resources_rpc.py:237}}
Nov 29 19:02:54.723149 dv-cinder-815746-3-smb neutron-server[102770]: DEBUG neutron.scheduler.base_scheduler [None req-a32011f2-8366-4b6b-9e0e-4fca286cc5d1 admin admin] Resources bound (agent type, host, resource id): {{(pid=102770) schedule /opt/stack/neutron/neutron/scheduler/base_scheduler.py:57}}
Nov 29 19:02:54.742358 dv-cinder-815746-3-smb neutron-server[102771]: DEBUG neutron.api.rpc.handlers.resources_rpc [None req-d93de3cf-0785-4005-b1ac-ed541ee8d483 admin admin] Pushing event deleted for resources: {'SecurityGroup': ['ID=ba3c62d5-d022-4a00-9a77-2b3be2203a9d,revision_number=None']} {{(pid=102771) push /opt/stack/neutron/neutron/api/rpc/handlers/resources_rpc.py:237}}
Nov 29 19:02:54.754704 dv-cinder-815746-3-smb neutron-server[102770]: DEBUG neutron.db.l3_dvrscheduler_db [None req-a32011f2-8366-4b6b-9e0e-4fca286cc5d1 admin admin] Received port after_create {{(pid=102770) _notify_l3_agent_new_port /opt/stack/neutron/neutron/db/l3_dvrscheduler_db.py:535}}
Nov 29 19:02:54.769535 dv-cinder-815746-3-smb neutron-server[102771]: DEBUG neutron_lib.callbacks.manager [None req-c66dd71a-6854-431c-a67c-0b6d957adbf2 admin admin] Publish callbacks ['neutron.plugins.ml2.ovo_rpc._ObjectChangeHandler.handle_event-7912368', 'neutron.api.rpc.agentnotifiers.dhcp_rpc_agent_api.DhcpAgentNotifyAPI._native_event_send_dhcp_notification-8357200'] for network, after_create {{(pid=102771) _notify_loop /usr/local/lib/python3.8/dist-packages/neutron_lib/callbacks/manager.py:175}}
Nov 29 19:02:54.772140 dv-cinder-815746-3-smb neutron-server[102771]: DEBUG neutron.pecan_wsgi.hooks.policy_enforcement [None req-c66dd71a-6854-431c-a67c-0b6d957adbf2 admin admin] Attributes excluded by policy engine: ['standard_attr_id', 'vlan_transparent'] {{(pid=102771) _exclude_attributes_by_policy /opt/stack/neutron/neutron/pecan_wsgi/hooks/policy_enforcement.py:255}}
Nov 29 19:02:54.772787 dv-cinder-815746-3-smb neutron-server[102771]: DEBUG neutron_lib.callbacks.manager [None req-c66dd71a-6854-431c-a67c-0b6d957adbf2 admin admin] Publish callbacks ['neutron.api.rpc.agentnotifiers.dhcp_rpc_agent_api.DhcpAgentNotifyAPI._send_dhcp_notification-8357246'] for network, before_response {{(pid=102771) _notify_loop /usr/local/lib/python3.8/dist-packages/neutron_lib/callbacks/manager.py:175}}
Nov 29 19:02:54.847283 dv-cinder-815746-3-smb neutron-server[102772]: DEBUG neutron_lib.callbacks.manager [None req-20e72964-8ddb-4903-962e-7dea1a63663a None None] Publish callbacks ['neutron.services.segments.db._update_segment_host_mapping_for_agent-8768524049695', 'neutron.plugins.ml2.plugin.Ml2Plugin._retry_binding_revived_agents-716277'] for agent, after_update {{(pid=102772) _notify_loop /usr/local/lib/python3.8/dist-packages/neutron_lib/callbacks/manager.py:175}}
Nov 29 19:02:54.855620 dv-cinder-815746-3-smb neutron-server[102771]: DEBUG neutron_lib.callbacks.manager [None req-7cb0b015-54f1-4ac7-8ebf-6ec3f95e9e6b admin admin] Publish callbacks [] for router_gateway, before_create {{(pid=102771) _notify_loop /usr/local/lib/python3.8/dist-packages/neutron_lib/callbacks/manager.py:175}}
Nov 29 19:02:54.900326 dv-cinder-815746-3-smb neutron-server[102771]: INFO neutron.wsgi [None req-c66dd71a-6854-431c-a67c-0b6d957adbf2 admin admin] 10.222.0.15 "POST /v2.0/networks HTTP/1.1" status: 201 len: 898 time: 1.1581230
Nov 29 19:02:54.904047 dv-cinder-815746-3-smb neutron-server[102771]: DEBUG neutron.wsgi [-] (102771) accepted ('10.222.0.15', 39862) {{(pid=102771) server /usr/local/lib/python3.8/dist-packages/eventlet/wsgi.py:1004}}
Nov 29 19:02:54.905187 dv-cinder-815746-3-smb neutron-server[102771]: DEBUG neutron_lib.callbacks.manager [None req-7cb0b015-54f1-4ac7-8ebf-6ec3f95e9e6b admin admin] Publish callbacks ['neutron.plugins.ml2.plugin.SecurityGroupDbMixin._ensure_default_security_group_handler-592317'] for port, before_create {{(pid=102771) _notify_loop /usr/local/lib/python3.8/dist-packages/neutron_lib/callbacks/manager.py:175}}
Nov 29 19:02:54.915632 dv-cinder-815746-3-smb neutron-server[102771]: DEBUG neutron.api.v2.base [None req-0dc8629f-c174-44bd-8d4a-fb1129e254df admin admin] Request body: {'subnet': {'network_id': '0b444608-9a0c-4ca8-8da8-5e9ece7cc301', 'cidr': '172.20.0.0/28', 'name': 'tempest-EncryptedVolumesExtendAttachedTest-1494780189-subnet', 'tenant_id': '3b2d5b2f446f48f7bcef192b30b1869f', 'enable_dhcp': False, 'ip_version': 4}} {{(pid=102771) prepare_request_body /opt/stack/neutron/neutron/api/v2/base.py:729}}
Nov 29 19:02:54.943778 dv-cinder-815746-3-smb neutron-server[102771]: DEBUG neutron.api.rpc.handlers.resources_rpc [None req-c66dd71a-6854-431c-a67c-0b6d957adbf2 admin admin] Pushing event updated for resources: {'Network': ['ID=0b444608-9a0c-4ca8-8da8-5e9ece7cc301,revision_number=1']} {{(pid=102771) push /opt/stack/neutron/neutron/api/rpc/handlers/resources_rpc.py:237}}
Nov 29 19:02:54.961875 dv-cinder-815746-3-smb neutron-server[102772]: DEBUG neutron.plugins.ml2.rpc [None req-22152ead-07ac-4414-a143-380bab0047eb None None] Network 0b444608-9a0c-4ca8-8da8-5e9ece7cc301 details requested by agent ovs-agent-dv-cinder-815746-3-smb with host dv-cinder-815746-3-smb {{(pid=102772) get_network_details /opt/stack/neutron/neutron/plugins/ml2/rpc.py:248}}
Nov 29 19:02:55.030925 dv-cinder-815746-3-smb neutron-server[102771]: INFO neutron.wsgi [req-0ad12619-798c-4ced-9139-45bc84d334c3 req-bc361c92-9952-464f-b5ae-d77da134318c service neutron] 10.222.0.15 "GET /v2.0/networks/76f9dc72-e57e-4a54-8c62-4190cdab5cab?fields=provider%3Aphysical_network&fields=provider%3Anetwork_type HTTP/1.1" status: 200 len: 281 time: 0.3253427
Nov 29 19:02:55.128062 dv-cinder-815746-3-smb neutron-server[102771]: DEBUG neutron.pecan_wsgi.hooks.quota_enforcement [None req-0dc8629f-c174-44bd-8d4a-fb1129e254df admin admin] Made reservation on behalf of 3b2d5b2f446f48f7bcef192b30b1869f for: {'subnet': 1} {{(pid=102771) before /opt/stack/neutron/neutron/pecan_wsgi/hooks/quota_enforcement.py:53}}
Nov 29 19:02:55.128062 dv-cinder-815746-3-smb neutron-server[102771]: DEBUG neutron_lib.callbacks.manager [None req-0dc8629f-c174-44bd-8d4a-fb1129e254df admin admin] Publish callbacks [] for subnet, before_create {{(pid=102771) _notify_loop /usr/local/lib/python3.8/dist-packages/neutron_lib/callbacks/manager.py:175}}
Nov 29 19:02:55.215072 dv-cinder-815746-3-smb neutron-server[102771]: DEBUG neutron.db.db_base_plugin_common [None req-7cb0b015-54f1-4ac7-8ebf-6ec3f95e9e6b admin admin] Allocated IP 172.28.3.198 (77e6b1be-ed5f-4ba9-b6da-81bd065015d7/c959052b-4396-4a8f-af86-7fd5f1dcad5e/e3f773b8-0a67-44ef-9bb8-ad0936c1db72) {{(pid=102771) _store_ip_allocation /opt/stack/neutron/neutron/db/db_base_plugin_common.py:131}}
Nov 29 19:02:55.251195 dv-cinder-815746-3-smb neutron-server[102770]: DEBUG neutron_lib.callbacks.manager [None req-a32011f2-8366-4b6b-9e0e-4fca286cc5d1 admin admin] Publish callbacks [] for router_gateway, after_create {{(pid=102770) _notify_loop /usr/local/lib/python3.8/dist-packages/neutron_lib/callbacks/manager.py:175}}
Nov 29 19:02:55.433808 dv-cinder-815746-3-smb neutron-server[102771]: DEBUG neutron_lib.callbacks.manager [None req-7cb0b015-54f1-4ac7-8ebf-6ec3f95e9e6b admin admin] Publish callbacks [] for port, precommit_create {{(pid=102771) _notify_loop /usr/local/lib/python3.8/dist-packages/neutron_lib/callbacks/manager.py:175}}
Nov 29 19:02:55.436893 dv-cinder-815746-3-smb neutron-server[102771]: DEBUG neutron_lib.callbacks.manager [None req-0dc8629f-c174-44bd-8d4a-fb1129e254df admin admin] Publish callbacks ['neutron.plugins.ml2.ovo_rpc._ObjectChangeHandler.handle_event-8353192', 'neutron.api.rpc.agentnotifiers.dhcp_rpc_agent_api.DhcpAgentNotifyAPI._native_event_send_dhcp_notification-8357200'] for subnet, after_create {{(pid=102771) _notify_loop /usr/local/lib/python3.8/dist-packages/neutron_lib/callbacks/manager.py:175}}
Nov 29 19:02:55.542845 dv-cinder-815746-3-smb neutron-server[102770]: DEBUG neutron.wsgi [-] (102770) accepted ('10.222.0.15', 39888) {{(pid=102770) server /usr/local/lib/python3.8/dist-packages/eventlet/wsgi.py:1004}}
Nov 29 19:02:55.573098 dv-cinder-815746-3-smb neutron-server[102770]: DEBUG neutron_lib.callbacks.manager [None req-66e0c768-7923-4557-a351-ad539cd7260e admin admin] Publish callbacks [] for security_group, before_create {{(pid=102770) _notify_loop /usr/local/lib/python3.8/dist-packages/neutron_lib/callbacks/manager.py:175}}
Nov 29 19:02:55.578294 dv-cinder-815746-3-smb neutron-server[102771]: DEBUG neutron.api.rpc.handlers.resources_rpc [None req-0dc8629f-c174-44bd-8d4a-fb1129e254df admin admin] Pushing event updated for resources: {'Subnet': ['ID=62eb5d3c-f5a4-4188-a89a-c532b5ecfc8f,revision_number=0']} {{(pid=102771) push /opt/stack/neutron/neutron/api/rpc/handlers/resources_rpc.py:237}}
Nov 29 19:02:55.588518 dv-cinder-815746-3-smb neutron-server[102771]: DEBUG neutron_lib.callbacks.manager [None req-7cb0b015-54f1-4ac7-8ebf-6ec3f95e9e6b admin admin] Publish callbacks ['neutron.plugins.ml2.plugin.SecurityGroupServerNotifierRpcMixin._notify_sg_on_port_change-592252', 'neutron.plugins.ml2.ovo_rpc._ObjectChangeHandler.handle_event-146551', 'neutron.api.rpc.agentnotifiers.dhcp_rpc_agent_api.DhcpAgentNotifyAPI._native_event_send_dhcp_notification-8357200', 'neutron.db.l3_dvrscheduler_db._notify_l3_agent_new_port-8768523560196'] for port, after_create {{(pid=102771) _notify_loop /usr/local/lib/python3.8/dist-packages/neutron_lib/callbacks/manager.py:175}}
Nov 29 19:02:55.593799 dv-cinder-815746-3-smb neutron-server[102771]: DEBUG neutron.wsgi [-] (102771) accepted ('10.222.0.15', 39894) {{(pid=102771) server /usr/local/lib/python3.8/dist-packages/eventlet/wsgi.py:1004}}
Nov 29 19:02:55.684410 dv-cinder-815746-3-smb neutron-server[102771]: DEBUG neutron.plugins.ml2.drivers.mech_agent [None req-0dc8629f-c174-44bd-8d4a-fb1129e254df admin admin] Checking segment: {'id': 'f38ea57e-56f3-4035-a26d-8a96c4e581ab', 'network_type': 'vlan', 'physical_network': 'physnet1', 'segmentation_id': 631, 'network_id': '0b444608-9a0c-4ca8-8da8-5e9ece7cc301'} for mappings: {'physnet1': 'br-data'} with network types: ['local', 'flat', 'vlan'] {{(pid=102771) check_segment_for_agent /opt/stack/neutron/neutron/plugins/ml2/drivers/mech_agent.py:371}}
Nov 29 19:02:55.684700 dv-cinder-815746-3-smb neutron-server[102771]: DEBUG neutron.scheduler.dhcp_agent_scheduler [None req-0dc8629f-c174-44bd-8d4a-fb1129e254df admin admin] Network hostable DHCP agents. Network: 0b444608-9a0c-4ca8-8da8-5e9ece7cc301, hostable agents: ['6d33996b-3325-46e2-be1c-3c2934534cdd'], hosted agents: [] {{(pid=102771) _get_network_hostable_dhcp_agents /opt/stack/neutron/neutron/scheduler/dhcp_agent_scheduler.py:329}}
Nov 29 19:02:55.747407 dv-cinder-815746-3-smb neutron-server[102770]: DEBUG neutron_lib.callbacks.manager [None req-a32011f2-8366-4b6b-9e0e-4fca286cc5d1 admin admin] Publish callbacks ['neutron.services.l3_router.l3_router_plugin.L3_HA_NAT_db_mixin._after_router_create-7950203', 'neutron.services.l3_router.l3_router_plugin.DVRResourceOperationHandler._create_snat_interfaces_after_change-7961328'] for router, after_create {{(pid=102770) _notify_loop /usr/local/lib/python3.8/dist-packages/neutron_lib/callbacks/manager.py:175}}
Nov 29 19:02:55.830575 dv-cinder-815746-3-smb neutron-server[102771]: INFO neutron.wsgi [req-2c685875-b751-4221-814e-e0e7de9eacd7 req-e60f2c34-0575-4ee7-985b-9209caed3cb7 tempest-DeleteServersTestJSON-1124362141 tempest-DeleteServersTestJSON-1124362141-project] 10.222.0.15 "GET /v2.0/ports?device_id=29769f66-b946-4ecb-9170-c3631dc97e75 HTTP/1.1" status: 200 len: 210 time: 0.1516366
Nov 29 19:02:55.870458 dv-cinder-815746-3-smb neutron-server[102771]: DEBUG neutron.scheduler.dhcp_agent_scheduler [None req-7cb0b015-54f1-4ac7-8ebf-6ec3f95e9e6b admin admin] Network 77e6b1be-ed5f-4ba9-b6da-81bd065015d7 is already hosted by enough agents. {{(pid=102771) _get_dhcp_agents_hosting_network /opt/stack/neutron/neutron/scheduler/dhcp_agent_scheduler.py:275}}
Nov 29 19:02:55.881422 dv-cinder-815746-3-smb neutron-server[102771]: DEBUG neutron.scheduler.base_scheduler [None req-7cb0b015-54f1-4ac7-8ebf-6ec3f95e9e6b admin admin] Resources bound (agent type, host, resource id): {{(pid=102771) schedule /opt/stack/neutron/neutron/scheduler/base_scheduler.py:57}}
Nov 29 19:02:55.893763 dv-cinder-815746-3-smb neutron-server[102771]: DEBUG neutron.db.l3_dvrscheduler_db [None req-7cb0b015-54f1-4ac7-8ebf-6ec3f95e9e6b admin admin] Received port after_create {{(pid=102771) _notify_l3_agent_new_port /opt/stack/neutron/neutron/db/l3_dvrscheduler_db.py:535}}
Nov 29 19:02:55.897621 dv-cinder-815746-3-smb neutron-server[102771]: DEBUG neutron.api.rpc.handlers.resources_rpc [None req-7cb0b015-54f1-4ac7-8ebf-6ec3f95e9e6b admin admin] Pushing event updated for resources: {'Port': ['ID=e3f773b8-0a67-44ef-9bb8-ad0936c1db72,revision_number=1']} {{(pid=102771) push /opt/stack/neutron/neutron/api/rpc/handlers/resources_rpc.py:237}}
Nov 29 19:02:55.949300 dv-cinder-815746-3-smb neutron-server[102771]: DEBUG neutron.scheduler.dhcp_agent_scheduler [None req-0dc8629f-c174-44bd-8d4a-fb1129e254df admin admin] Network 0b444608-9a0c-4ca8-8da8-5e9ece7cc301 is scheduled to be hosted by DHCP agent 6d33996b-3325-46e2-be1c-3c2934534cdd with binding_index 1 {{(pid=102771) bind /opt/stack/neutron/neutron/scheduler/dhcp_agent_scheduler.py:227}}
