Nov 29 19:03:12.845894 dv-cinder-815746-3-smb neutron-server[102772]: DEBUG neutron_lib.callbacks.manager [None req-27a681cf-1e45-4674-a911-bfd98f872a15 None None] Publish callbacks ['neutron.plugins.ml2.plugin.SecurityGroupServerNotifierRpcMixin._notify_sg_on_port_change-592252', 'neutron.plugins.ml2.ovo_rpc._ObjectChangeHandler.handle_event-146551', 'neutron.api.rpc.agentnotifiers.dhcp_rpc_agent_api.DhcpAgentNotifyAPI._native_event_send_dhcp_notification-8357200', 'neutron.db.l3_db.L3RpcNotifierMixin._notify_gateway_port_ip_changed-8768524031133', 'neutron.db.l3_dvrscheduler_db._notify_l3_agent_port_update-8768523560214', 'neutron.db.l3_hascheduler_db._notify_l3_agent_ha_port_update-8768523560232'] for port, after_update {{(pid=102772) _notify_loop /usr/local/lib/python3.8/dist-packages/neutron_lib/callbacks/manager.py:175}}
Nov 29 19:03:12.991638 dv-cinder-815746-3-smb neutron-server[102771]: DEBUG neutron.pecan_wsgi.hooks.policy_enforcement [req-0ad12619-798c-4ced-9139-45bc84d334c3 req-453aa7ec-33c6-4db2-ac0a-14b4c62609d4 service neutron] Attributes excluded by policy engine: ['standard_attr_id', 'shared', 'segment_id'] {{(pid=102771) _exclude_attributes_by_policy /opt/stack/neutron/neutron/pecan_wsgi/hooks/policy_enforcement.py:255}}
Nov 29 19:03:13.001084 dv-cinder-815746-3-smb neutron-server[102771]: INFO neutron.wsgi [req-0ad12619-798c-4ced-9139-45bc84d334c3 req-453aa7ec-33c6-4db2-ac0a-14b4c62609d4 service neutron] 10.222.0.49 "GET /v2.0/subnets?id=f4e268b6-f5cb-4f64-ad1e-76e7803c0cbc HTTP/1.1" status: 200 len: 851 time: 0.2029469
Nov 29 19:03:13.013729 dv-cinder-815746-3-smb neutron-server[102772]: DEBUG neutron.db.l3_dvrscheduler_db [None req-27a681cf-1e45-4674-a911-bfd98f872a15 None None] Routers {'79f35388-8945-4104-88aa-c0d3056be8a8'} bound to L3 agent in host dv-cinder-815746-3-smb {{(pid=102772) _get_router_ids_for_agent /opt/stack/neutron/neutron/db/l3_dvrscheduler_db.py:420}}
Nov 29 19:03:13.014535 dv-cinder-815746-3-smb neutron-server[102772]: DEBUG neutron.db.l3_hamode_db [None req-27a681cf-1e45-4674-a911-bfd98f872a15 None None] neutron.services.l3_router.l3_router_plugin.L3RouterPlugin method get_ha_sync_data_for_host called with arguments (, 'dv-cinder-815746-3-smb', Agent(admin_state_up=True,agent_type='L3 agent',availability_zone='nova',binary='neutron-l3-agent',configurations={"agent_mode": "legacy", "ex_gw_ports": 1, "extensions": [], "floating_ips": 0, "handle_internal_only_routers": true, "interface_driver": "openvswitch", "interfaces": 1, "log_agent_heartbeats": false, "routers": 1},created_at=2021-11-29T18:54:49Z,description=,heartbeat_timestamp=2021-11-29T19:02:49Z,host='dv-cinder-815746-3-smb',id=ff7f30b8-0562-48b1-8934-6c7777581eca,load=0,resource_versions=,resources_synced=,started_at=2021-11-29T18:54:49Z,topic='l3_agent')) {'router_ids': ['79f35388-8945-4104-88aa-c0d3056be8a8'], 'active': True} {{(pid=102772) wrapper /usr/local/lib/python3.8/dist-packages/oslo_log/helpers.py:65}}
Nov 29 19:03:13.032222 dv-cinder-815746-3-smb neutron-server[102771]: DEBUG novaclient.v2.client [-] REQ: curl -g -i --cacert "/opt/stack/data/ca-bundle.pem" -X POST http://10.222.0.15/compute/v2.1/os-server-external-events -H "Accept: application/json" -H "Content-Type: application/json" -H "User-Agent: python-novaclient" -H "X-Auth-Token: {SHA256}f97d5c475522f80a84ac6160db59537958eb769884a5ba2371c27c9ecd74cd45" -H "X-OpenStack-Nova-API-Version: 2.1" -H "X-OpenStack-Request-ID: req-88cebe1e-3f7f-4acb-888b-82ddb3255b75" -d '{"events": [{"name": "network-changed", "server_uuid": "29769f66-b946-4ecb-9170-c3631dc97e75", "tag": "345ae975-54ce-4888-826a-8b6f08c6b6e6"}]}' {{(pid=102771) _http_log_request /usr/local/lib/python3.8/dist-packages/keystoneauth1/session.py:519}}
Nov 29 19:03:13.035321 dv-cinder-815746-3-smb neutron-server[102772]: DEBUG neutron.db.provisioning_blocks [None req-40c6b862-21ec-4441-8834-4dfbc2a81e5c None None] Provisioning complete for port ded9f91a-3ceb-424b-9bc3-5c53f3e5ff21 triggered by entity DHCP. {{(pid=102772) provisioning_complete /opt/stack/neutron/neutron/db/provisioning_blocks.py:139}}
Nov 29 19:03:13.035901 dv-cinder-815746-3-smb neutron-server[102772]: DEBUG neutron_lib.callbacks.manager [None req-40c6b862-21ec-4441-8834-4dfbc2a81e5c None None] Publish callbacks ['neutron.plugins.ml2.plugin.Ml2Plugin._port_provisioned-716312'] for port, provisioning_complete {{(pid=102772) _notify_loop /usr/local/lib/python3.8/dist-packages/neutron_lib/callbacks/manager.py:175}}
Nov 29 19:03:13.222610 dv-cinder-815746-3-smb neutron-server[102771]: INFO neutron.wsgi [req-0ad12619-798c-4ced-9139-45bc84d334c3 req-b1f7f38f-79df-467a-aecf-10017b95046c service neutron] 10.222.0.49 "GET /v2.0/ports?network_id=76f9dc72-e57e-4a54-8c62-4190cdab5cab&device_owner=network%3Adhcp HTTP/1.1" status: 200 len: 210 time: 0.1853507
Nov 29 19:03:13.256840 dv-cinder-815746-3-smb neutron-server[102772]: DEBUG neutron.api.rpc.handlers.resources_rpc [None req-bac0ac7d-7961-4fe7-9b1a-f5a8d0f50609 None None] Pushing event updated for resources: {'Port': ['ID=ded9f91a-3ceb-424b-9bc3-5c53f3e5ff21,revision_number=4']} {{(pid=102772) push /opt/stack/neutron/neutron/api/rpc/handlers/resources_rpc.py:237}}
Nov 29 19:03:13.428252 dv-cinder-815746-3-smb neutron-server[102770]: DEBUG neutron_lib.callbacks.manager [None req-fa4ec44e-1f77-4011-88bc-8fd7c36185db tempest-AttachVolumeShelveTestJSON-1785690789 tempest-AttachVolumeShelveTestJSON-1785690789-project] Publish callbacks [] for security_group, before_create {{(pid=102770) _notify_loop /usr/local/lib/python3.8/dist-packages/neutron_lib/callbacks/manager.py:175}}
Nov 29 19:03:13.516642 dv-cinder-815746-3-smb neutron-server[102770]: DEBUG neutron.pecan_wsgi.hooks.policy_enforcement [req-37ddc890-56d3-4e57-b4bb-ce291d8e84c5 req-9a0d9d6a-46bc-4087-8abd-74bbee2985e0 tempest-ServerRescueNegativeTestJSON-1252401465 tempest-ServerRescueNegativeTestJSON-1252401465-project] Attributes excluded by policy engine: ['standard_attr_id', 'vlan_transparent', 'provider:network_type', 'provider:physical_network', 'provider:segmentation_id'] {{(pid=102770) _exclude_attributes_by_policy /opt/stack/neutron/neutron/pecan_wsgi/hooks/policy_enforcement.py:255}}
Nov 29 19:03:13.525470 dv-cinder-815746-3-smb neutron-server[102770]: INFO neutron.wsgi [req-37ddc890-56d3-4e57-b4bb-ce291d8e84c5 req-9a0d9d6a-46bc-4087-8abd-74bbee2985e0 tempest-ServerRescueNegativeTestJSON-1252401465 tempest-ServerRescueNegativeTestJSON-1252401465-project] 10.222.0.49 "GET /v2.0/networks?id=629c25c9-daf3-481e-a5a8-68213bca4fd6 HTTP/1.1" status: 200 len: 819 time: 0.8436570
Nov 29 19:03:13.551577 dv-cinder-815746-3-smb neutron-server[102771]: INFO neutron.wsgi [req-0ad12619-798c-4ced-9139-45bc84d334c3 req-8731fac9-c2a9-4272-b0cb-b3056f9c7096 service neutron] 10.222.0.49 "GET /v2.0/networks/76f9dc72-e57e-4a54-8c62-4190cdab5cab?fields=segments HTTP/1.1" status: 200 len: 212 time: 0.2942369
Nov 29 19:03:13.596717 dv-cinder-815746-3-smb neutron-server[102770]: DEBUG neutron.api.v2.base [req-37ddc890-56d3-4e57-b4bb-ce291d8e84c5 req-dc132f92-3d56-4385-9965-85aa5ceb281b tempest-ServerRescueNegativeTestJSON-1252401465 tempest-ServerRescueNegativeTestJSON-1252401465-project] Request body: {'port': {'device_id': '34c4ca54-17ad-48e0-9438-51b90e9b319c', 'network_id': '629c25c9-daf3-481e-a5a8-68213bca4fd6', 'admin_state_up': True, 'tenant_id': 'ee4da5d93858493ebb3e2ee20ba03b08'}} {{(pid=102770) prepare_request_body /opt/stack/neutron/neutron/api/v2/base.py:729}}
Nov 29 19:03:13.639472 dv-cinder-815746-3-smb neutron-server[102772]: DEBUG neutron_lib.callbacks.manager [None req-40c6b862-21ec-4441-8834-4dfbc2a81e5c None None] Publish callbacks ['neutron.plugins.ml2.plugin.SecurityGroupDbMixin._ensure_default_security_group_handler-592317'] for port, before_update {{(pid=102772) _notify_loop /usr/local/lib/python3.8/dist-packages/neutron_lib/callbacks/manager.py:175}}
Nov 29 19:03:13.839446 dv-cinder-815746-3-smb neutron-server[102772]: DEBUG neutron.plugins.ml2.db [None req-40c6b862-21ec-4441-8834-4dfbc2a81e5c None None] For port ded9f91a-3ceb-424b-9bc3-5c53f3e5ff21, host dv-cinder-815746-3-smb, got binding levels [PortBindingLevel(driver='openvswitch',host='dv-cinder-815746-3-smb',level=0,port_id=ded9f91a-3ceb-424b-9bc3-5c53f3e5ff21,segment=NetworkSegment(48a35866-9368-427d-a821-9079a6d6c302),segment_id=48a35866-9368-427d-a821-9079a6d6c302)] {{(pid=102772) get_binding_level_objs /opt/stack/neutron/neutron/plugins/ml2/db.py:74}}
Nov 29 19:03:13.856559 dv-cinder-815746-3-smb neutron-server[102772]: DEBUG neutron_lib.callbacks.manager [None req-40c6b862-21ec-4441-8834-4dfbc2a81e5c None None] Publish callbacks ['neutron.plugins.ml2.plugin.SecurityGroupServerNotifierRpcMixin._notify_sg_on_port_change-592252', 'neutron.plugins.ml2.ovo_rpc._ObjectChangeHandler.handle_event-146551', 'neutron.api.rpc.agentnotifiers.dhcp_rpc_agent_api.DhcpAgentNotifyAPI._native_event_send_dhcp_notification-8357200', 'neutron.db.l3_db.L3RpcNotifierMixin._notify_gateway_port_ip_changed-8768524031133', 'neutron.db.l3_dvrscheduler_db._notify_l3_agent_port_update-8768523560214', 'neutron.db.l3_hascheduler_db._notify_l3_agent_ha_port_update-8768523560232'] for port, after_update {{(pid=102772) _notify_loop /usr/local/lib/python3.8/dist-packages/neutron_lib/callbacks/manager.py:175}}
Nov 29 19:03:13.879545 dv-cinder-815746-3-smb neutron-server[102772]: DEBUG neutron.db.l3_dvr_db [None req-27a681cf-1e45-4674-a911-bfd98f872a15 None None] Set router 79f35388-8945-4104-88aa-c0d3056be8a8 gateway port host: dv-cinder-815746-3-smb {{(pid=102772) _build_routers_list /opt/stack/neutron/neutron/db/l3_dvr_db.py:906}}
Nov 29 19:03:14.055613 dv-cinder-815746-3-smb neutron-server[102770]: DEBUG neutron.wsgi [-] (102770) accepted ('10.222.0.49', 49924) {{(pid=102770) server /usr/local/lib/python3.8/dist-packages/eventlet/wsgi.py:1004}}
Nov 29 19:03:14.129296 dv-cinder-815746-3-smb neutron-server[102770]: DEBUG neutron_lib.callbacks.manager [None req-fa4ec44e-1f77-4011-88bc-8fd7c36185db tempest-AttachVolumeShelveTestJSON-1785690789 tempest-AttachVolumeShelveTestJSON-1785690789-project] Publish callbacks [] for security_group, precommit_create {{(pid=102770) _notify_loop /usr/local/lib/python3.8/dist-packages/neutron_lib/callbacks/manager.py:175}}
Nov 29 19:03:14.261223 dv-cinder-815746-3-smb neutron-server[102772]: DEBUG neutron.api.rpc.handlers.resources_rpc [None req-40c6b862-21ec-4441-8834-4dfbc2a81e5c None None] Pushing event updated for resources: {'Port': ['ID=ded9f91a-3ceb-424b-9bc3-5c53f3e5ff21,revision_number=5']} {{(pid=102772) push /opt/stack/neutron/neutron/api/rpc/handlers/resources_rpc.py:237}}
Nov 29 19:03:14.278683 dv-cinder-815746-3-smb neutron-server[102772]: DEBUG neutron.db.provisioning_blocks [None req-389548a2-cc35-4133-a7a9-9a217967531b None None] Provisioning complete for port ded9f91a-3ceb-424b-9bc3-5c53f3e5ff21 triggered by entity DHCP. {{(pid=102772) provisioning_complete /opt/stack/neutron/neutron/db/provisioning_blocks.py:139}}
Nov 29 19:03:14.279516 dv-cinder-815746-3-smb neutron-server[102772]: DEBUG neutron_lib.callbacks.manager [None req-389548a2-cc35-4133-a7a9-9a217967531b None None] Publish callbacks ['neutron.plugins.ml2.plugin.Ml2Plugin._port_provisioned-716312'] for port, provisioning_complete {{(pid=102772) _notify_loop /usr/local/lib/python3.8/dist-packages/neutron_lib/callbacks/manager.py:175}}
Nov 29 19:03:14.369294 dv-cinder-815746-3-smb neutron-server[102771]: DEBUG novaclient.v2.client [-] RESP: [200] Connection: close Content-Length: 179 Content-Type: application/json Date: Mon, 29 Nov 2021 19:03:13 GMT OpenStack-API-Version: compute 2.1 Server: Apache/2.4.41 (Ubuntu) Vary: OpenStack-API-Version,X-OpenStack-Nova-API-Version X-OpenStack-Nova-API-Version: 2.1 x-compute-request-id: req-70d4f0dd-c063-4d30-807a-7fcc3f80fc49 x-openstack-request-id: req-70d4f0dd-c063-4d30-807a-7fcc3f80fc49 {{(pid=102771) _http_log_response /usr/local/lib/python3.8/dist-packages/keystoneauth1/session.py:550}}
Nov 29 19:03:14.369921 dv-cinder-815746-3-smb neutron-server[102771]: DEBUG novaclient.v2.client [-] RESP BODY: {"events": [{"name": "network-changed", "server_uuid": "29769f66-b946-4ecb-9170-c3631dc97e75", "tag": "345ae975-54ce-4888-826a-8b6f08c6b6e6", "status": "completed", "code": 200}]} {{(pid=102771) _http_log_response /usr/local/lib/python3.8/dist-packages/keystoneauth1/session.py:582}}
Nov 29 19:03:14.373393 dv-cinder-815746-3-smb neutron-server[102771]: DEBUG novaclient.v2.client [-] POST call to compute for http://10.222.0.15/compute/v2.1/os-server-external-events used request id req-70d4f0dd-c063-4d30-807a-7fcc3f80fc49 {{(pid=102771) request /usr/local/lib/python3.8/dist-packages/keystoneauth1/session.py:954}}
Nov 29 19:03:14.374157 dv-cinder-815746-3-smb neutron-server[102771]: INFO neutron.notifiers.nova [-] Nova event response: {'name': 'network-changed', 'server_uuid': '29769f66-b946-4ecb-9170-c3631dc97e75', 'tag': '345ae975-54ce-4888-826a-8b6f08c6b6e6', 'status': 'completed', 'code': 200}
Nov 29 19:03:14.457593 dv-cinder-815746-3-smb neutron-server[102771]: DEBUG neutron.pecan_wsgi.hooks.policy_enforcement [req-c9164ea0-61d1-4948-989f-1d4145a4f6eb req-f4e76703-a3ef-4848-9f5c-5e15fef67e5e tempest-DeleteServersTestJSON-1124362141 tempest-DeleteServersTestJSON-1124362141-project] Attributes excluded by policy engine: ['standard_attr_id', 'binding:profile', 'binding:host_id', 'binding:vif_type', 'binding:vif_details'] {{(pid=102771) _exclude_attributes_by_policy /opt/stack/neutron/neutron/pecan_wsgi/hooks/policy_enforcement.py:255}}
Nov 29 19:03:14.469867 dv-cinder-815746-3-smb neutron-server[102771]: INFO neutron.wsgi [req-c9164ea0-61d1-4948-989f-1d4145a4f6eb req-f4e76703-a3ef-4848-9f5c-5e15fef67e5e tempest-DeleteServersTestJSON-1124362141 tempest-DeleteServersTestJSON-1124362141-project] 10.222.0.15 "GET /v2.0/ports?device_id=29769f66-b946-4ecb-9170-c3631dc97e75 HTTP/1.1" status: 200 len: 943 time: 0.9025166
Nov 29 19:03:14.513792 dv-cinder-815746-3-smb neutron-server[102770]: DEBUG neutron_lib.callbacks.manager [None req-fa4ec44e-1f77-4011-88bc-8fd7c36185db tempest-AttachVolumeShelveTestJSON-1785690789 tempest-AttachVolumeShelveTestJSON-1785690789-project] Publish callbacks ['neutron.plugins.ml2.ovo_rpc._ObjectChangeHandler.handle_event-7901032'] for security_group, after_create {{(pid=102770) _notify_loop /usr/local/lib/python3.8/dist-packages/neutron_lib/callbacks/manager.py:175}}
Nov 29 19:03:14.626793 dv-cinder-815746-3-smb neutron-server[102772]: DEBUG neutron.db.l3_hamode_db [None req-27a681cf-1e45-4674-a911-bfd98f872a15 None None] neutron.services.l3_router.l3_router_plugin.L3RouterPlugin method _process_sync_ha_data called with arguments (, [{'id': '79f35388-8945-4104-88aa-c0d3056be8a8', 'name': 'tempest-AttachVolumeShelveTestJSON-1848917752-router', 'tenant_id': '1d292a2603b04415ab58523ef3865b20', 'admin_state_up': True, 'status': 'ACTIVE', 'external_gateway_info': {'network_id': '77e6b1be-ed5f-4ba9-b6da-81bd065015d7', 'external_fixed_ips': [{'subnet_id': 'c959052b-4396-4a8f-af86-7fd5f1dcad5e', 'ip_address': '172.28.3.198'}], 'enable_snat': True}, 'gw_port_id': 'e3f773b8-0a67-44ef-9bb8-ad0936c1db72', 'description': '', 'availability_zones': ['nova'], 'distributed': False, 'ha': False, 'ha_vr_id': 0, 'availability_zone_hints': [], 'routes': [], 'flavor_id': None, 'tags': [], 'created_at': '2021-11-29T19:02:53Z', 'updated_at': '2021-11-29T19:03:07Z', 'revision_number': 4, 'project_id': '1d292a2603b04415ab58523ef3865b20', 'gw_port': {'id': 'e3f773b8-0a67-44ef-9bb8-ad0936c1db72', 'name': '', 'network_id': '77e6b1be-ed5f-4ba9-b6da-81bd065015d7', 'tenant_id': '', 'mac_address': 'fa:16:3e:ab:12:dd', 'admin_state_up': True, 'status': 'ACTIVE', 'device_id': '79f35388-8945-4104-88aa-c0d3056be8a8', 'device_owner': 'network:router_gateway', 'standard_attr_id': 79, 'fixed_ips': [{'subnet_id': 'c959052b-4396-4a8f-af86-7fd5f1dcad5e', 'ip_address': '172.28.3.198', 'prefixlen': 24}], 'allowed_address_pairs': [], 'extra_dhcp_opts': [], 'security_groups': [], 'description': '', 'binding:vnic_type': 'normal', 'binding:profile': {}, 'binding:host_id': 'dv-cinder-815746-3-smb', 'binding:vif_type': 'ovs', 'binding:vif_details': {'connectivity': 'l2', 'port_filter': True, 'ovs_hybrid_plug': False, 'datapath_type': 'system', 'bridge_name': 'br-int'}, 'port_security_enabled': False, 'tags': [], 'created_at': '2021-11-29T19:02:54Z', 'updated_at': '2021-11-29T19:03:04Z', 'revision_number': 4, 'project_id': '', 'subnets': [{'id': 'c959052b-4396-4a8f-af86-7fd5f1dcad5e', 'cidr': '172.28.3.0/24', 'gateway_ip': '172.28.3.1', 'dns_nameservers': [], 'ipv6_ra_mode': None, 'subnetpool_id': None}], 'extra_subnets': [], 'address_scopes': {4: None, 6: None}, 'mtu': 1500}, 'enable_snat': True, 'gw_port_host': 'dv-cinder-815746-3-smb', '_interfaces': [{'id': 'ded9f91a-3ceb-424b-9bc3-5c53f3e5ff21', 'name': '', 'network_id': '92fdb11f-296a-4e21-a087-84776d6d472a', 'tenant_id': '1d292a2603b04415ab58523ef3865b20', 'mac_address': 'fa:16:3e:47:ee:04', 'admin_state_up': True, 'status': 'DOWN', 'device_id': '79f35388-8945-4104-88aa-c0d3056be8a8', 'device_owner': 'network:router_interface', 'standard_attr_id': 98, 'fixed_ips': [{'subnet_id': 'f54b34c9-936c-402a-a76b-1146456c5cf3', 'ip_address': '172.20.0.1', 'prefixlen': 28}], 'allowed_address_pairs': [], 'extra_dhcp_opts': [], 'security_groups': [], 'description': '', 'binding:vnic_type': 'normal', 'binding:profile': {}, 'binding:host_id': 'dv-cinder-815746-3-smb', 'binding:vif_type': 'ovs', 'binding:vif_details': {'connectivity': 'l2', 'port_filter': True, 'ovs_hybrid_plug': False, 'datapath_type': 'system', 'bridge_name': 'br-int'}, 'port_security_enabled': False, 'tags': [], 'created_at': '2021-11-29T19:03:03Z', 'updated_at': '2021-11-29T19:03:12Z', 'revision_number': 4, 'project_id': '1d292a2603b04415ab58523ef3865b20', 'subnets': [{'id': 'f54b34c9-936c-402a-a76b-1146456c5cf3', 'cidr': '172.20.0.0/28', 'gateway_ip': '172.20.0.1', 'dns_nameservers': [], 'ipv6_ra_mode': None, 'subnetpool_id': None}], 'extra_subnets': [], 'address_scopes': {4: None, 6: None}, 'mtu': 1500}]}], 'dv-cinder-815746-3-smb', False) {} {{(pid=102772) wrapper /usr/local/lib/python3.8/dist-packages/oslo_log/helpers.py:65}}
Nov 29 19:03:14.705603 dv-cinder-815746-3-smb neutron-server[102770]: DEBUG neutron.api.rpc.handlers.resources_rpc [None req-fa4ec44e-1f77-4011-88bc-8fd7c36185db tempest-AttachVolumeShelveTestJSON-1785690789 tempest-AttachVolumeShelveTestJSON-1785690789-project] Pushing event updated for resources: {'SecurityGroup': ['ID=ef1823d4-4045-40a2-aba2-4a7fad3f64ac,revision_number=1']} {{(pid=102770) push /opt/stack/neutron/neutron/api/rpc/handlers/resources_rpc.py:237}}
Nov 29 19:03:14.717144 dv-cinder-815746-3-smb neutron-server[102772]: DEBUG neutron.api.rpc.handlers.l3_rpc [None req-27a681cf-1e45-4674-a911-bfd98f872a15 None None] The sync data for ids ['79f35388-8945-4104-88aa-c0d3056be8a8'] in dv-cinder-815746-3-smb is: [{'id': '79f35388-8945-4104-88aa-c0d3056be8a8', 'name': 'tempest-AttachVolumeShelveTestJSON-1848917752-router', 'tenant_id': '1d292a2603b04415ab58523ef3865b20', 'admin_state_up': True, 'status': 'ACTIVE', 'external_gateway_info': {'network_id': '77e6b1be-ed5f-4ba9-b6da-81bd065015d7', 'external_fixed_ips': [{'subnet_id': 'c959052b-4396-4a8f-af86-7fd5f1dcad5e', 'ip_address': '172.28.3.198'}], 'enable_snat': True}, 'gw_port_id': 'e3f773b8-0a67-44ef-9bb8-ad0936c1db72', 'description': '', 'availability_zones': ['nova'], 'distributed': False, 'ha': False, 'ha_vr_id': 0, 'availability_zone_hints': [], 'routes': [], 'flavor_id': None, 'tags': [], 'created_at': '2021-11-29T19:02:53Z', 'updated_at': '2021-11-29T19:03:07Z', 'revision_number': 4, 'project_id': '1d292a2603b04415ab58523ef3865b20', 'gw_port': {'id': 'e3f773b8-0a67-44ef-9bb8-ad0936c1db72', 'name': '', 'network_id': '77e6b1be-ed5f-4ba9-b6da-81bd065015d7', 'tenant_id': '', 'mac_address': 'fa:16:3e:ab:12:dd', 'admin_state_up': True, 'status': 'ACTIVE', 'device_id': '79f35388-8945-4104-88aa-c0d3056be8a8', 'device_owner': 'network:router_gateway', 'standard_attr_id': 79, 'fixed_ips': [{'subnet_id': 'c959052b-4396-4a8f-af86-7fd5f1dcad5e', 'ip_address': '172.28.3.198', 'prefixlen': 24}], 'allowed_address_pairs': [], 'extra_dhcp_opts': [], 'security_groups': [], 'description': '', 'binding:vnic_type': 'normal', 'binding:profile': {}, 'binding:host_id': 'dv-cinder-815746-3-smb', 'binding:vif_type': 'ovs', 'binding:vif_details': {'connectivity': 'l2', 'port_filter': True, 'ovs_hybrid_plug': False, 'datapath_type': 'system', 'bridge_name': 'br-int'}, 'port_security_enabled': False, 'tags': [], 'created_at': '2021-11-29T19:02:54Z', 'updated_at': '2021-11-29T19:03:04Z', 'revision_number': 4, 'project_id': '', 'subnets': [{'id': 'c959052b-4396-4a8f-af86-7fd5f1dcad5e', 'cidr': '172.28.3.0/24', 'gateway_ip': '172.28.3.1', 'dns_nameservers': [], 'ipv6_ra_mode': None, 'subnetpool_id': None}], 'extra_subnets': [], 'address_scopes': {4: None, 6: None}, 'mtu': 1500}, 'enable_snat': True, 'gw_port_host': 'dv-cinder-815746-3-smb', '_interfaces': [{'id': 'ded9f91a-3ceb-424b-9bc3-5c53f3e5ff21', 'name': '', 'network_id': '92fdb11f-296a-4e21-a087-84776d6d472a', 'tenant_id': '1d292a2603b04415ab58523ef3865b20', 'mac_address': 'fa:16:3e:47:ee:04', 'admin_state_up': True, 'status': 'DOWN', 'device_id': '79f35388-8945-4104-88aa-c0d3056be8a8', 'device_owner': 'network:router_interface', 'standard_attr_id': 98, 'fixed_ips': [{'subnet_id': 'f54b34c9-936c-402a-a76b-1146456c5cf3', 'ip_address': '172.20.0.1', 'prefixlen': 28}], 'allowed_address_pairs': [], 'extra_dhcp_opts': [], 'security_groups': [], 'description': '', 'binding:vnic_type': 'normal', 'binding:profile': {}, 'binding:host_id': 'dv-cinder-815746-3-smb', 'binding:vif_type': 'ovs', 'binding:vif_details': {'connectivity': 'l2', 'port_filter': True, 'ovs_hybrid_plug': False, 'datapath_type': 'system', 'bridge_name': 'br-int'}, 'port_security_enabled': False, 'tags': [], 'created_at': '2021-11-29T19:03:03Z', 'updated_at': '2021-11-29T19:03:12Z', 'revision_number': 4, 'project_id': '1d292a2603b04415ab58523ef3865b20', 'subnets': [{'id': 'f54b34c9-936c-402a-a76b-1146456c5cf3', 'cidr': '172.20.0.0/28', 'gateway_ip': '172.20.0.1', 'dns_nameservers': [], 'ipv6_ra_mode': None, 'subnetpool_id': None}], 'extra_subnets': [], 'address_scopes': {4: None, 6: None}, 'mtu': 1500}]}] {{(pid=102772) sync_routers /opt/stack/neutron/neutron/api/rpc/handlers/l3_rpc.py:137}}
Nov 29 19:03:14.723002 dv-cinder-815746-3-smb neutron-server[102770]: DEBUG neutron_lib.callbacks.manager [None req-fa4ec44e-1f77-4011-88bc-8fd7c36185db tempest-AttachVolumeShelveTestJSON-1785690789 tempest-AttachVolumeShelveTestJSON-1785690789-project] Publish callbacks [] for security_group, before_response {{(pid=102770) _notify_loop /usr/local/lib/python3.8/dist-packages/neutron_lib/callbacks/manager.py:175}}
Nov 29 19:03:14.724291 dv-cinder-815746-3-smb neutron-server[102770]: INFO neutron.wsgi [None req-fa4ec44e-1f77-4011-88bc-8fd7c36185db tempest-AttachVolumeShelveTestJSON-1785690789 tempest-AttachVolumeShelveTestJSON-1785690789-project] 10.222.0.15 "POST /v2.0/security-groups HTTP/1.1" status: 201 len: 1795 time: 2.0860691
Nov 29 19:03:14.756504 dv-cinder-815746-3-smb neutron-server[102771]: DEBUG neutron.wsgi [-] (102771) accepted ('10.222.0.15', 40536) {{(pid=102771) server /usr/local/lib/python3.8/dist-packages/eventlet/wsgi.py:1004}}
Nov 29 19:03:14.768208 dv-cinder-815746-3-smb neutron-server[102771]: INFO neutron.wsgi [req-c9164ea0-61d1-4948-989f-1d4145a4f6eb req-8f8a8f86-9145-4e63-983b-ec49bee13aee tempest-DeleteServersTestJSON-1124362141 tempest-DeleteServersTestJSON-1124362141-project] 10.222.0.15 "GET /v2.0/security-groups?id=3ff4a6ad-6a52-4cbb-895a-3ddda9a5bea3&fields=id&fields=name HTTP/1.1" status: 200 len: 286 time: 0.2854702
Nov 29 19:03:14.787571 dv-cinder-815746-3-smb neutron-server[102771]: DEBUG neutron.api.v2.base [None req-e437ae75-5398-4533-87a1-8e9012aa2ced tempest-AttachVolumeShelveTestJSON-1785690789 tempest-AttachVolumeShelveTestJSON-1785690789-project] Request body: {'security_group_rule': {'security_group_id': 'ef1823d4-4045-40a2-aba2-4a7fad3f64ac', 'protocol': 'tcp', 'ethertype': 'IPv4', 'port_range_min': 22, 'port_range_max': 22, 'direction': 'ingress'}} {{(pid=102771) prepare_request_body /opt/stack/neutron/neutron/api/v2/base.py:729}}
Nov 29 19:03:14.824023 dv-cinder-815746-3-smb neutron-server[102771]: INFO neutron.wsgi [req-0ad12619-798c-4ced-9139-45bc84d334c3 req-d2a9fe69-d0b8-4a2d-9121-4d44b2880805 service neutron] 10.222.0.49 "GET /v2.0/networks/76f9dc72-e57e-4a54-8c62-4190cdab5cab?fields=provider%3Aphysical_network&fields=provider%3Anetwork_type HTTP/1.1" status: 200 len: 281 time: 1.2016184
Nov 29 19:03:14.831655 dv-cinder-815746-3-smb neutron-server[102770]: INFO neutron.wsgi [req-73f04b5b-9e0c-400e-a8a0-ea4c3fed7fab req-460b0a05-4997-45d3-9fd7-28ddc8cd55db tempest-ServerRescueNegativeTestJSON-1252401465 tempest-ServerRescueNegativeTestJSON-1252401465-project] 10.222.0.15 "GET /v2.0/ports?device_id=cadc4639-9705-40e9-be9b-bfe85d56e17f HTTP/1.1" status: 200 len: 210 time: 0.3569841
Nov 29 19:03:14.929700 dv-cinder-815746-3-smb neutron-server[102770]: DEBUG neutron.pecan_wsgi.hooks.policy_enforcement [req-8d655e74-ad6d-4149-a8d9-e97e7971badf req-5bf20107-826c-4ae5-a236-be0cf0ef0422 tempest-ServerRescueNegativeTestJSON-1252401465 tempest-ServerRescueNegativeTestJSON-1252401465-project] Attributes excluded by policy engine: ['standard_attr_id', 'vlan_transparent', 'provider:network_type', 'provider:physical_network', 'provider:segmentation_id'] {{(pid=102770) _exclude_attributes_by_policy /opt/stack/neutron/neutron/pecan_wsgi/hooks/policy_enforcement.py:255}}
Nov 29 19:03:14.931308 dv-cinder-815746-3-smb neutron-server[102770]: INFO neutron.wsgi [req-8d655e74-ad6d-4149-a8d9-e97e7971badf req-5bf20107-826c-4ae5-a236-be0cf0ef0422 tempest-ServerRescueNegativeTestJSON-1252401465 tempest-ServerRescueNegativeTestJSON-1252401465-project] 10.222.0.49 "GET /v2.0/networks?id=629c25c9-daf3-481e-a5a8-68213bca4fd6 HTTP/1.1" status: 200 len: 819 time: 0.8330598
Nov 29 19:03:14.951746 dv-cinder-815746-3-smb neutron-server[102770]: DEBUG neutron_lib.db.api [req-37ddc890-56d3-4e57-b4bb-ce291d8e84c5 req-dc132f92-3d56-4385-9965-85aa5ceb281b tempest-ServerRescueNegativeTestJSON-1252401465 tempest-ServerRescueNegativeTestJSON-1252401465-project] Retry wrapper got retriable exception: (pymysql.err.OperationalError) (1213, 'Deadlock found when trying to get lock; try restarting transaction')
Nov 29 19:03:14.951746 dv-cinder-815746-3-smb neutron-server[102770]: [SQL: DELETE FROM reservations WHERE reservations.project_id = %(project_id_1)s AND reservations.expiration < %(expiration_1)s]
Nov 29 19:03:14.951746 dv-cinder-815746-3-smb neutron-server[102770]: [parameters: {'project_id_1': 'ee4da5d93858493ebb3e2ee20ba03b08', 'expiration_1': datetime.datetime(2021, 11, 29, 19, 2, 54, 865508)}]
Nov 29 19:03:14.951746 dv-cinder-815746-3-smb neutron-server[102770]: (Background on this error at: https://sqlalche.me/e/14/e3q8) {{(pid=102770) wrapped /usr/local/lib/python3.8/dist-packages/neutron_lib/db/api.py:183}}
Nov 29 19:03:14.952766 dv-cinder-815746-3-smb neutron-server[102770]: DEBUG oslo_db.api [req-37ddc890-56d3-4e57-b4bb-ce291d8e84c5 req-dc132f92-3d56-4385-9965-85aa5ceb281b tempest-ServerRescueNegativeTestJSON-1252401465 tempest-ServerRescueNegativeTestJSON-1252401465-project] Performing DB retry for function neutron.db.quota.driver_nolock.DbQuotaNoLockDriver.make_reservation {{(pid=102770) wrapper /usr/local/lib/python3.8/dist-packages/oslo_db/api.py:155}}
Nov 29 19:03:14.963337 dv-cinder-815746-3-smb neutron-server[102771]: DEBUG neutron_lib.callbacks.manager [None req-e437ae75-5398-4533-87a1-8e9012aa2ced tempest-AttachVolumeShelveTestJSON-1785690789 tempest-AttachVolumeShelveTestJSON-1785690789-project] Publish callbacks [] for security_group_rule, before_create {{(pid=102771) _notify_loop /usr/local/lib/python3.8/dist-packages/neutron_lib/callbacks/manager.py:175}}
Nov 29 19:03:15.142130 dv-cinder-815746-3-smb neutron-server[102771]: DEBUG neutron_lib.callbacks.manager [None req-e437ae75-5398-4533-87a1-8e9012aa2ced tempest-AttachVolumeShelveTestJSON-1785690789 tempest-AttachVolumeShelveTestJSON-1785690789-project] Publish callbacks [] for security_group_rule, precommit_create {{(pid=102771) _notify_loop /usr/local/lib/python3.8/dist-packages/neutron_lib/callbacks/manager.py:175}}
Nov 29 19:03:15.148778 dv-cinder-815746-3-smb neutron-server[102771]: DEBUG neutron_lib.callbacks.manager [None req-e437ae75-5398-4533-87a1-8e9012aa2ced tempest-AttachVolumeShelveTestJSON-1785690789 tempest-AttachVolumeShelveTestJSON-1785690789-project] Publish callbacks ['neutron.plugins.ml2.ovo_rpc._ObjectChangeHandler.handle_event-7901147'] for security_group_rule, after_create {{(pid=102771) _notify_loop /usr/local/lib/python3.8/dist-packages/neutron_lib/callbacks/manager.py:175}}
Nov 29 19:03:15.216792 dv-cinder-815746-3-smb neutron-server[102771]: DEBUG neutron.api.rpc.handlers.resources_rpc [None req-e437ae75-5398-4533-87a1-8e9012aa2ced tempest-AttachVolumeShelveTestJSON-1785690789 tempest-AttachVolumeShelveTestJSON-1785690789-project] Pushing event updated for resources: {'SecurityGroupRule': ['ID=bbb569e4-ea7d-4c28-acbe-69ee69198f49,revision_number=0']} {{(pid=102771) push /opt/stack/neutron/neutron/api/rpc/handlers/resources_rpc.py:237}}
Nov 29 19:03:15.231306 dv-cinder-815746-3-smb neutron-server[102771]: DEBUG neutron_lib.callbacks.manager [None req-e437ae75-5398-4533-87a1-8e9012aa2ced tempest-AttachVolumeShelveTestJSON-1785690789 tempest-AttachVolumeShelveTestJSON-1785690789-project] Publish callbacks [] for security_group_rule, before_response {{(pid=102771) _notify_loop /usr/local/lib/python3.8/dist-packages/neutron_lib/callbacks/manager.py:175}}
Nov 29 19:03:15.237146 dv-cinder-815746-3-smb neutron-server[102771]: INFO neutron.wsgi [None req-e437ae75-5398-4533-87a1-8e9012aa2ced tempest-AttachVolumeShelveTestJSON-1785690789 tempest-AttachVolumeShelveTestJSON-1785690789-project] 10.222.0.15 "POST /v2.0/security-group-rules HTTP/1.1" status: 201 len: 764 time: 0.4648662
Nov 29 19:03:15.237823 dv-cinder-815746-3-smb neutron-server[102770]: DEBUG neutron.wsgi [-] (102770) accepted ('10.222.0.15', 40554) {{(pid=102770) server /usr/local/lib/python3.8/dist-packages/eventlet/wsgi.py:1004}}
Nov 29 19:03:15.248359 dv-cinder-815746-3-smb neutron-server[102770]: DEBUG neutron.api.v2.base [None req-84214455-095f-4123-b89f-cf56aa37f95c tempest-AttachVolumeShelveTestJSON-1785690789 tempest-AttachVolumeShelveTestJSON-1785690789-project] Request body: {'security_group_rule': {'security_group_id': 'ef1823d4-4045-40a2-aba2-4a7fad3f64ac', 'protocol': 'icmp', 'ethertype': 'IPv4', 'direction': 'ingress'}} {{(pid=102770) prepare_request_body /opt/stack/neutron/neutron/api/v2/base.py:729}}
Nov 29 19:03:15.346299 dv-cinder-815746-3-smb neutron-server[102770]: DEBUG neutron_lib.callbacks.manager [None req-84214455-095f-4123-b89f-cf56aa37f95c tempest-AttachVolumeShelveTestJSON-1785690789 tempest-AttachVolumeShelveTestJSON-1785690789-project] Publish callbacks [] for security_group_rule, before_create {{(pid=102770) _notify_loop /usr/local/lib/python3.8/dist-packages/neutron_lib/callbacks/manager.py:175}}
Nov 29 19:03:15.529351 dv-cinder-815746-3-smb neutron-server[102770]: DEBUG neutron.pecan_wsgi.hooks.quota_enforcement [req-37ddc890-56d3-4e57-b4bb-ce291d8e84c5 req-dc132f92-3d56-4385-9965-85aa5ceb281b tempest-ServerRescueNegativeTestJSON-1252401465 tempest-ServerRescueNegativeTestJSON-1252401465-project] Made reservation on behalf of ee4da5d93858493ebb3e2ee20ba03b08 for: {'port': 1} {{(pid=102770) before /opt/stack/neutron/neutron/pecan_wsgi/hooks/quota_enforcement.py:53}}
Nov 29 19:03:15.534344 dv-cinder-815746-3-smb neutron-server[102770]: DEBUG neutron_lib.callbacks.manager [req-37ddc890-56d3-4e57-b4bb-ce291d8e84c5 req-dc132f92-3d56-4385-9965-85aa5ceb281b tempest-ServerRescueNegativeTestJSON-1252401465 tempest-ServerRescueNegativeTestJSON-1252401465-project] Publish callbacks ['neutron.plugins.ml2.plugin.SecurityGroupDbMixin._ensure_default_security_group_handler-592317'] for port, before_create {{(pid=102770) _notify_loop /usr/local/lib/python3.8/dist-packages/neutron_lib/callbacks/manager.py:175}}
Nov 29 19:03:15.554842 dv-cinder-815746-3-smb neutron-server[102770]: DEBUG neutron_lib.callbacks.manager [None req-84214455-095f-4123-b89f-cf56aa37f95c tempest-AttachVolumeShelveTestJSON-1785690789 tempest-AttachVolumeShelveTestJSON-1785690789-project] Publish callbacks [] for security_group_rule, precommit_create {{(pid=102770) _notify_loop /usr/local/lib/python3.8/dist-packages/neutron_lib/callbacks/manager.py:175}}
Nov 29 19:03:15.564965 dv-cinder-815746-3-smb neutron-server[102770]: DEBUG neutron_lib.callbacks.manager [None req-84214455-095f-4123-b89f-cf56aa37f95c tempest-AttachVolumeShelveTestJSON-1785690789 tempest-AttachVolumeShelveTestJSON-1785690789-project] Publish callbacks ['neutron.plugins.ml2.ovo_rpc._ObjectChangeHandler.handle_event-7901147'] for security_group_rule, after_create {{(pid=102770) _notify_loop /usr/local/lib/python3.8/dist-packages/neutron_lib/callbacks/manager.py:175}}
Nov 29 19:03:15.596248 dv-cinder-815746-3-smb neutron-server[102770]: DEBUG neutron.api.rpc.handlers.resources_rpc [None req-84214455-095f-4123-b89f-cf56aa37f95c tempest-AttachVolumeShelveTestJSON-1785690789 tempest-AttachVolumeShelveTestJSON-1785690789-project] Pushing event updated for resources: {'SecurityGroupRule': ['ID=f0636c72-a713-43f5-b3e1-23e56642010b,revision_number=0']} {{(pid=102770) push /opt/stack/neutron/neutron/api/rpc/handlers/resources_rpc.py:237}}
Nov 29 19:03:15.698491 dv-cinder-815746-3-smb neutron-server[102770]: DEBUG neutron_lib.callbacks.manager [None req-84214455-095f-4123-b89f-cf56aa37f95c tempest-AttachVolumeShelveTestJSON-1785690789 tempest-AttachVolumeShelveTestJSON-1785690789-project] Publish callbacks [] for security_group_rule, before_response {{(pid=102770) _notify_loop /usr/local/lib/python3.8/dist-packages/neutron_lib/callbacks/manager.py:175}}
Nov 29 19:03:15.699984 dv-cinder-815746-3-smb neutron-server[102770]: INFO neutron.wsgi [None req-84214455-095f-4123-b89f-cf56aa37f95c tempest-AttachVolumeShelveTestJSON-1785690789 tempest-AttachVolumeShelveTestJSON-1785690789-project] 10.222.0.15 "POST /v2.0/security-group-rules HTTP/1.1" status: 201 len: 769 time: 0.4590569
Nov 29 19:03:15.704203 dv-cinder-815746-3-smb neutron-server[102771]: DEBUG neutron.wsgi [-] (102771) accepted ('10.222.0.15', 40562) {{(pid=102771) server /usr/local/lib/python3.8/dist-packages/eventlet/wsgi.py:1004}}
Nov 29 19:03:15.710747 dv-cinder-815746-3-smb neutron-server[102771]: DEBUG neutron.api.v2.base [None req-3dd99e19-96e8-4e75-af76-926de75931ff tempest-AttachVolumeShelveTestJSON-1785690789 tempest-AttachVolumeShelveTestJSON-1785690789-project] Request body: {'floatingip': {'floating_network_id': '77e6b1be-ed5f-4ba9-b6da-81bd065015d7'}} {{(pid=102771) prepare_request_body /opt/stack/neutron/neutron/api/v2/base.py:729}}
Nov 29 19:03:15.765983 dv-cinder-815746-3-smb neutron-server[102771]: DEBUG neutron_lib.callbacks.manager [None req-3dd99e19-96e8-4e75-af76-926de75931ff tempest-AttachVolumeShelveTestJSON-1785690789 tempest-AttachVolumeShelveTestJSON-1785690789-project] Publish callbacks [] for floatingip, before_create {{(pid=102771) _notify_loop /usr/local/lib/python3.8/dist-packages/neutron_lib/callbacks/manager.py:175}}
Nov 29 19:03:15.807972 dv-cinder-815746-3-smb neutron-server[102772]: DEBUG neutron.plugins.ml2.rpc [None req-22152ead-07ac-4414-a143-380bab0047eb None None] Device ded9f91a-3ceb-424b-9bc3-5c53f3e5ff21 up at agent ovs-agent-dv-cinder-815746-3-smb {{(pid=102772) update_device_up /opt/stack/neutron/neutron/plugins/ml2/rpc.py:296}}
Nov 29 19:03:15.863546 dv-cinder-815746-3-smb neutron-server[102770]: DEBUG neutron.db.db_base_plugin_common [req-37ddc890-56d3-4e57-b4bb-ce291d8e84c5 req-dc132f92-3d56-4385-9965-85aa5ceb281b tempest-ServerRescueNegativeTestJSON-1252401465 tempest-ServerRescueNegativeTestJSON-1252401465-project] Allocated IP 172.20.0.11 (629c25c9-daf3-481e-a5a8-68213bca4fd6/65cf908a-1131-4d75-aeef-a9945c692aba/b568dc29-67aa-4a91-884f-91cd2232cf4f) {{(pid=102770) _store_ip_allocation /opt/stack/neutron/neutron/db/db_base_plugin_common.py:131}}
Nov 29 19:03:15.934294 dv-cinder-815746-3-smb neutron-server[102771]: DEBUG neutron_lib.callbacks.manager [None req-3dd99e19-96e8-4e75-af76-926de75931ff tempest-AttachVolumeShelveTestJSON-1785690789 tempest-AttachVolumeShelveTestJSON-1785690789-project] Publish callbacks ['neutron.plugins.ml2.plugin.SecurityGroupDbMixin._ensure_default_security_group_handler-592317'] for port, before_create {{(pid=102771) _notify_loop /usr/local/lib/python3.8/dist-packages/neutron_lib/callbacks/manager.py:175}}
Nov 29 19:03:15.981505 dv-cinder-815746-3-smb neutron-server[102772]: DEBUG neutron_lib.callbacks.manager [None req-c0284f0b-ce68-4855-a88b-a709f58211aa None None] Publish callbacks ['neutron.services.segments.db._update_segment_host_mapping_for_agent-8768524049695', 'neutron.plugins.ml2.plugin.Ml2Plugin._retry_binding_revived_agents-716277'] for agent, after_update {{(pid=102772) _notify_loop /usr/local/lib/python3.8/dist-packages/neutron_lib/callbacks/manager.py:175}}
Nov 29 19:03:16.014717 dv-cinder-815746-3-smb neutron-server[102772]: DEBUG neutron.db.provisioning_blocks [None req-22152ead-07ac-4414-a143-380bab0047eb None None] Provisioning complete for port ded9f91a-3ceb-424b-9bc3-5c53f3e5ff21 triggered by entity L2. {{(pid=102772) provisioning_complete /opt/stack/neutron/neutron/db/provisioning_blocks.py:139}}
Nov 29 19:03:16.015351 dv-cinder-815746-3-smb neutron-server[102772]: DEBUG neutron_lib.callbacks.manager [None req-22152ead-07ac-4414-a143-380bab0047eb None None] Publish callbacks ['neutron.plugins.ml2.plugin.Ml2Plugin._port_provisioned-716312'] for port, provisioning_complete {{(pid=102772) _notify_loop /usr/local/lib/python3.8/dist-packages/neutron_lib/callbacks/manager.py:175}}
Nov 29 19:03:16.076283 dv-cinder-815746-3-smb neutron-server[102771]: DEBUG neutron.wsgi [-] (102771) accepted ('10.222.0.15', 40574) {{(pid=102771) server /usr/local/lib/python3.8/dist-packages/eventlet/wsgi.py:1004}}
Nov 29 19:03:16.119022 dv-cinder-815746-3-smb neutron-server[102770]: DEBUG neutron.api.v2.base [req-8d655e74-ad6d-4149-a8d9-e97e7971badf req-1e77151c-b394-4a24-b19f-cc742c13050a tempest-ServerRescueNegativeTestJSON-1252401465 tempest-ServerRescueNegativeTestJSON-1252401465-project] Request body: {'port': {'device_id': 'cadc4639-9705-40e9-be9b-bfe85d56e17f', 'network_id': '629c25c9-daf3-481e-a5a8-68213bca4fd6', 'admin_state_up': True, 'tenant_id': 'ee4da5d93858493ebb3e2ee20ba03b08'}} {{(pid=102770) prepare_request_body /opt/stack/neutron/neutron/api/v2/base.py:729}}
Nov 29 19:03:16.126912 dv-cinder-815746-3-smb neutron-server[102771]: DEBUG neutron.wsgi [-] (102771) accepted ('10.222.0.15', 40582) {{(pid=102771) server /usr/local/lib/python3.8/dist-packages/eventlet/wsgi.py:1004}}
Nov 29 19:03:16.168964 dv-cinder-815746-3-smb neutron-server[102771]: DEBUG neutron.pecan_wsgi.hooks.policy_enforcement [req-6cd2ed08-9001-4dfd-9874-7308ad99de32 req-fb6b899a-aa5f-4ba6-ac95-60baa8f5ebbd tempest-DeleteServersTestJSON-1124362141 tempest-DeleteServersTestJSON-1124362141-project] Attributes excluded by policy engine: ['standard_attr_id', 'binding:profile', 'binding:host_id', 'binding:vif_type', 'binding:vif_details'] {{(pid=102771) _exclude_attributes_by_policy /opt/stack/neutron/neutron/pecan_wsgi/hooks/policy_enforcement.py:255}}
Nov 29 19:03:16.170710 dv-cinder-815746-3-smb neutron-server[102771]: INFO neutron.wsgi [req-6cd2ed08-9001-4dfd-9874-7308ad99de32 req-fb6b899a-aa5f-4ba6-ac95-60baa8f5ebbd tempest-DeleteServersTestJSON-1124362141 tempest-DeleteServersTestJSON-1124362141-project] 10.222.0.15 "GET /v2.0/ports?device_id=29769f66-b946-4ecb-9170-c3631dc97e75 HTTP/1.1" status: 200 len: 943 time: 0.2331152
Nov 29 19:03:16.232299 dv-cinder-815746-3-smb neutron-server[102771]: DEBUG neutron.pecan_wsgi.hooks.policy_enforcement [req-88cebe1e-3f7f-4acb-888b-82ddb3255b75 req-47846185-a18d-425c-920f-26728dd43eae service neutron] Attributes excluded by policy engine: ['standard_attr_id'] {{(pid=102771) _exclude_attributes_by_policy /opt/stack/neutron/neutron/pecan_wsgi/hooks/policy_enforcement.py:255}}
Nov 29 19:03:16.232299 dv-cinder-815746-3-smb neutron-server[102771]: INFO neutron.wsgi [req-88cebe1e-3f7f-4acb-888b-82ddb3255b75 req-47846185-a18d-425c-920f-26728dd43eae service neutron] 10.222.0.49 "GET /v2.0/ports?tenant_id=ed90480751014256aa51e6f95c8824b4&device_id=29769f66-b946-4ecb-9170-c3631dc97e75 HTTP/1.1" status: 200 len: 1096 time: 0.1550243
Nov 29 19:03:16.242422 dv-cinder-815746-3-smb neutron-server[102770]: INFO neutron.wsgi [req-849bbec6-7c59-4332-a2bc-a2e9ee62864d req-1dcee7f7-85c5-487e-8865-f5636f221732 tempest-ServerRescueNegativeTestJSON-1252401465 tempest-ServerRescueNegativeTestJSON-1252401465-project] 10.222.0.15 "GET /v2.0/ports?device_id=cadc4639-9705-40e9-be9b-bfe85d56e17f HTTP/1.1" status: 200 len: 210 time: 0.1353784
Nov 29 19:03:16.372579 dv-cinder-815746-3-smb neutron-server[102771]: INFO neutron.wsgi [req-6cd2ed08-9001-4dfd-9874-7308ad99de32 req-401a9ab6-de17-4173-a5e9-a76ae6724014 tempest-DeleteServersTestJSON-1124362141 tempest-DeleteServersTestJSON-1124362141-project] 10.222.0.15 "GET /v2.0/security-groups?id=3ff4a6ad-6a52-4cbb-895a-3ddda9a5bea3&fields=id&fields=name HTTP/1.1" status: 200 len: 286 time: 0.1937959
Nov 29 19:03:16.377363 dv-cinder-815746-3-smb neutron-server[102771]: DEBUG neutron.db.db_base_plugin_common [None req-3dd99e19-96e8-4e75-af76-926de75931ff tempest-AttachVolumeShelveTestJSON-1785690789 tempest-AttachVolumeShelveTestJSON-1785690789-project] Allocated IP 172.28.3.12 (77e6b1be-ed5f-4ba9-b6da-81bd065015d7/c959052b-4396-4a8f-af86-7fd5f1dcad5e/9d647dc5-847f-454e-8d07-4764880668e4) {{(pid=102771) _store_ip_allocation /opt/stack/neutron/neutron/db/db_base_plugin_common.py:131}}
Nov 29 19:03:16.436192 dv-cinder-815746-3-smb neutron-server[102770]: DEBUG neutron.pecan_wsgi.hooks.quota_enforcement [req-8d655e74-ad6d-4149-a8d9-e97e7971badf req-1e77151c-b394-4a24-b19f-cc742c13050a tempest-ServerRescueNegativeTestJSON-1252401465 tempest-ServerRescueNegativeTestJSON-1252401465-project] Made reservation on behalf of ee4da5d93858493ebb3e2ee20ba03b08 for: {'port': 1} {{(pid=102770) before /opt/stack/neutron/neutron/pecan_wsgi/hooks/quota_enforcement.py:53}}
Nov 29 19:03:16.439790 dv-cinder-815746-3-smb neutron-server[102770]: DEBUG neutron_lib.callbacks.manager [req-8d655e74-ad6d-4149-a8d9-e97e7971badf req-1e77151c-b394-4a24-b19f-cc742c13050a tempest-ServerRescueNegativeTestJSON-1252401465 tempest-ServerRescueNegativeTestJSON-1252401465-project] Publish callbacks ['neutron.plugins.ml2.plugin.SecurityGroupDbMixin._ensure_default_security_group_handler-592317'] for port, before_create {{(pid=102770) _notify_loop /usr/local/lib/python3.8/dist-packages/neutron_lib/callbacks/manager.py:175}}
Nov 29 19:03:16.460721 dv-cinder-815746-3-smb neutron-server[102770]: DEBUG neutron_lib.callbacks.manager [req-37ddc890-56d3-4e57-b4bb-ce291d8e84c5 req-dc132f92-3d56-4385-9965-85aa5ceb281b tempest-ServerRescueNegativeTestJSON-1252401465 tempest-ServerRescueNegativeTestJSON-1252401465-project] Publish callbacks [] for port, precommit_create {{(pid=102770) _notify_loop /usr/local/lib/python3.8/dist-packages/neutron_lib/callbacks/manager.py:175}}
Nov 29 19:03:16.542120 dv-cinder-815746-3-smb neutron-server[102771]: DEBUG neutron.pecan_wsgi.hooks.policy_enforcement [req-88cebe1e-3f7f-4acb-888b-82ddb3255b75 req-5a0c71dc-efca-4c5d-bd5f-cdef784ffd89 service neutron] Attributes excluded by policy engine: ['standard_attr_id', 'vlan_transparent'] {{(pid=102771) _exclude_attributes_by_policy /opt/stack/neutron/neutron/pecan_wsgi/hooks/policy_enforcement.py:255}}
Nov 29 19:03:16.543951 dv-cinder-815746-3-smb neutron-server[102771]: INFO neutron.wsgi [req-88cebe1e-3f7f-4acb-888b-82ddb3255b75 req-5a0c71dc-efca-4c5d-bd5f-cdef784ffd89 service neutron] 10.222.0.49 "GET /v2.0/networks?id=76f9dc72-e57e-4a54-8c62-4190cdab5cab HTTP/1.1" status: 200 len: 912 time: 0.2757099
Nov 29 19:03:16.554553 dv-cinder-815746-3-smb neutron-server[102771]: DEBUG neutron.api.v2.base [None req-4faf564b-6d64-4184-b983-f1e897f7018e admin admin] Request body: {'network': {'name': 'tempest-VolumesActionsTest-789480287-network', 'tenant_id': 'd1d00ccdd0fc4dbc84f7441a3ca5a4d2'}} {{(pid=102771) prepare_request_body /opt/stack/neutron/neutron/api/v2/base.py:729}}
Nov 29 19:03:16.571697 dv-cinder-815746-3-smb neutron-server[102770]: DEBUG neutron_lib.callbacks.manager [req-37ddc890-56d3-4e57-b4bb-ce291d8e84c5 req-dc132f92-3d56-4385-9965-85aa5ceb281b tempest-ServerRescueNegativeTestJSON-1252401465 tempest-ServerRescueNegativeTestJSON-1252401465-project] Publish callbacks ['neutron.plugins.ml2.plugin.SecurityGroupServerNotifierRpcMixin._notify_sg_on_port_change-592252', 'neutron.plugins.ml2.ovo_rpc._ObjectChangeHandler.handle_event-146551', 'neutron.api.rpc.agentnotifiers.dhcp_rpc_agent_api.DhcpAgentNotifyAPI._native_event_send_dhcp_notification-8357200', 'neutron.db.l3_dvrscheduler_db._notify_l3_agent_new_port-8768523560196'] for port, after_create {{(pid=102770) _notify_loop /usr/local/lib/python3.8/dist-packages/neutron_lib/callbacks/manager.py:175}}
Nov 29 19:03:16.633608 dv-cinder-815746-3-smb neutron-server[102771]: DEBUG neutron.pecan_wsgi.hooks.quota_enforcement [None req-4faf564b-6d64-4184-b983-f1e897f7018e admin admin] Made reservation on behalf of d1d00ccdd0fc4dbc84f7441a3ca5a4d2 for: {'network': 1} {{(pid=102771) before /opt/stack/neutron/neutron/pecan_wsgi/hooks/quota_enforcement.py:53}}
Nov 29 19:03:16.636129 dv-cinder-815746-3-smb neutron-server[102771]: DEBUG neutron_lib.callbacks.manager [None req-4faf564b-6d64-4184-b983-f1e897f7018e admin admin] Publish callbacks ['neutron.plugins.ml2.plugin.SecurityGroupDbMixin._ensure_default_security_group_handler-592317'] for network, before_create {{(pid=102771) _notify_loop /usr/local/lib/python3.8/dist-packages/neutron_lib/callbacks/manager.py:175}}
Nov 29 19:03:16.639791 dv-cinder-815746-3-smb neutron-server[102771]: DEBUG neutron_lib.callbacks.manager [None req-f62adeb9-2636-4703-96b5-cbcc69537190 admin admin] Publish callbacks [] for security_group, before_create {{(pid=102771) _notify_loop /usr/local/lib/python3.8/dist-packages/neutron_lib/callbacks/manager.py:175}}
Nov 29 19:03:16.683115 dv-cinder-815746-3-smb neutron-server[102770]: DEBUG neutron.scheduler.dhcp_agent_scheduler [req-37ddc890-56d3-4e57-b4bb-ce291d8e84c5 req-dc132f92-3d56-4385-9965-85aa5ceb281b tempest-ServerRescueNegativeTestJSON-1252401465 tempest-ServerRescueNegativeTestJSON-1252401465-project] Network 629c25c9-daf3-481e-a5a8-68213bca4fd6 is already hosted by enough agents. {{(pid=102770) _get_dhcp_agents_hosting_network /opt/stack/neutron/neutron/scheduler/dhcp_agent_scheduler.py:275}}
Nov 29 19:03:16.693694 dv-cinder-815746-3-smb neutron-server[102770]: DEBUG neutron.scheduler.base_scheduler [req-37ddc890-56d3-4e57-b4bb-ce291d8e84c5 req-dc132f92-3d56-4385-9965-85aa5ceb281b tempest-ServerRescueNegativeTestJSON-1252401465 tempest-ServerRescueNegativeTestJSON-1252401465-project] Resources bound (agent type, host, resource id): {{(pid=102770) schedule /opt/stack/neutron/neutron/scheduler/base_scheduler.py:57}}
Nov 29 19:03:16.706039 dv-cinder-815746-3-smb neutron-server[102770]: DEBUG neutron.db.l3_dvrscheduler_db [req-37ddc890-56d3-4e57-b4bb-ce291d8e84c5 req-dc132f92-3d56-4385-9965-85aa5ceb281b tempest-ServerRescueNegativeTestJSON-1252401465 tempest-ServerRescueNegativeTestJSON-1252401465-project] Received port after_create {{(pid=102770) _notify_l3_agent_new_port /opt/stack/neutron/neutron/db/l3_dvrscheduler_db.py:535}}
Nov 29 19:03:16.712231 dv-cinder-815746-3-smb neutron-server[102770]: DEBUG neutron.pecan_wsgi.hooks.policy_enforcement [req-37ddc890-56d3-4e57-b4bb-ce291d8e84c5 req-dc132f92-3d56-4385-9965-85aa5ceb281b tempest-ServerRescueNegativeTestJSON-1252401465 tempest-ServerRescueNegativeTestJSON-1252401465-project] Attributes excluded by policy engine: ['standard_attr_id', 'binding:profile', 'binding:host_id', 'binding:vif_type', 'binding:vif_details', 'network'] {{(pid=102770) _exclude_attributes_by_policy /opt/stack/neutron/neutron/pecan_wsgi/hooks/policy_enforcement.py:255}}
Nov 29 19:03:16.712770 dv-cinder-815746-3-smb neutron-server[102770]: DEBUG neutron_lib.callbacks.manager [req-37ddc890-56d3-4e57-b4bb-ce291d8e84c5 req-dc132f92-3d56-4385-9965-85aa5ceb281b tempest-ServerRescueNegativeTestJSON-1252401465 tempest-ServerRescueNegativeTestJSON-1252401465-project] Publish callbacks ['neutron.notifiers.nova.Notifier._send_nova_notification-359689', 'neutron.api.rpc.agentnotifiers.dhcp_rpc_agent_api.DhcpAgentNotifyAPI._send_dhcp_notification-8357246'] for port, before_response {{(pid=102770) _notify_loop /usr/local/lib/python3.8/dist-packages/neutron_lib/callbacks/manager.py:175}}
Nov 29 19:03:16.724759 dv-cinder-815746-3-smb neutron-server[102771]: DEBUG neutron_lib.callbacks.manager [None req-4faf564b-6d64-4184-b983-f1e897f7018e admin admin] Publish callbacks [] for security_group, before_create {{(pid=102771) _notify_loop /usr/local/lib/python3.8/dist-packages/neutron_lib/callbacks/manager.py:175}}
Nov 29 19:03:16.744710 dv-cinder-815746-3-smb neutron-server[102770]: INFO neutron.wsgi [req-37ddc890-56d3-4e57-b4bb-ce291d8e84c5 req-dc132f92-3d56-4385-9965-85aa5ceb281b tempest-ServerRescueNegativeTestJSON-1252401465 tempest-ServerRescueNegativeTestJSON-1252401465-project] 10.222.0.49 "POST /v2.0/ports HTTP/1.1" status: 201 len: 934 time: 3.1668756
