Oct 28 12:11:04.539378 dv-cinder-815746-2-smb neutron-server[101583]: INFO neutron.wsgi [req-a63f9ad4-3c39-4a57-ba9c-e00d3e956d52 req-d8a323d8-5f02-469d-837b-bd1400e61ba1 tempest-AttachVolumeShelveTestJSON-1699252668 tempest-AttachVolumeShelveTestJSON-1699252668-project] 10.222.0.102 "GET /v2.0/ports?device_id=e394af2c-37a4-43b0-826c-89579a80c8c0 HTTP/1.1" status: 200 len: 210 time: 0.1337628
Oct 28 12:11:04.696214 dv-cinder-815746-2-smb neutron-server[101584]: DEBUG neutron.pecan_wsgi.hooks.policy_enforcement [req-7b15d6e1-9905-499e-9fde-a69da9c510e3 req-3218adbe-fa88-4ee1-a0df-0d46e69e5b9b tempest-ServerRescueNegativeTestJSON-1088203379 tempest-ServerRescueNegativeTestJSON-1088203379-project] Attributes excluded by policy engine: ['standard_attr_id', 'binding:profile', 'binding:host_id', 'binding:vif_type', 'binding:vif_details'] {{(pid=101584) _exclude_attributes_by_policy /opt/stack/neutron/neutron/pecan_wsgi/hooks/policy_enforcement.py:255}}
Oct 28 12:11:04.699419 dv-cinder-815746-2-smb neutron-server[101584]: INFO neutron.wsgi [req-7b15d6e1-9905-499e-9fde-a69da9c510e3 req-3218adbe-fa88-4ee1-a0df-0d46e69e5b9b tempest-ServerRescueNegativeTestJSON-1088203379 tempest-ServerRescueNegativeTestJSON-1088203379-project] 10.222.0.102 "GET /v2.0/ports?device_id=be250bae-c941-4b62-a8ad-843a618aa722 HTTP/1.1" status: 200 len: 943 time: 0.1877618
Oct 28 12:11:04.700165 dv-cinder-815746-2-smb neutron-server[101583]: DEBUG neutron_lib.callbacks.manager [None req-e08874df-b948-4561-b8c6-e771f489f59e admin admin] Publish callbacks [] for security_group, precommit_create {{(pid=101583) _notify_loop /usr/local/lib/python3.8/dist-packages/neutron_lib/callbacks/manager.py:175}}
Oct 28 12:11:04.711837 dv-cinder-815746-2-smb neutron-server[101583]: DEBUG neutron_lib.callbacks.manager [None req-e08874df-b948-4561-b8c6-e771f489f59e admin admin] Publish callbacks ['neutron.plugins.ml2.ovo_rpc._ObjectChangeHandler.handle_event-2029324'] for security_group, after_create {{(pid=101583) _notify_loop /usr/local/lib/python3.8/dist-packages/neutron_lib/callbacks/manager.py:175}}
Oct 28 12:11:04.722493 dv-cinder-815746-2-smb neutron-server[101583]: INFO neutron.wsgi [req-7fc7f834-74a8-422a-8ddf-68943bfe2df8 req-e3a616f2-0c69-4741-94ca-5ab0b50fc7d9 service neutron] 10.222.0.52 "GET /v2.0/networks/c7c00918-48ba-4558-84d7-3f4dec73bcec?fields=segments HTTP/1.1" status: 200 len: 212 time: 0.3507526
Oct 28 12:11:04.745229 dv-cinder-815746-2-smb neutron-server[101584]: DEBUG neutron_lib.callbacks.manager [req-b7035d91-b170-490f-b332-91ee3beb3fae req-8d280c51-facb-4449-99f8-25d13890374e tempest-AttachVolumeShelveTestJSON-1699252668 tempest-AttachVolumeShelveTestJSON-1699252668-project] Publish callbacks ['neutron.plugins.ml2.plugin.SecurityGroupServerNotifierRpcMixin._notify_sg_on_port_change-567475', 'neutron.plugins.ml2.ovo_rpc._ObjectChangeHandler.handle_event-59022', 'neutron.api.rpc.agentnotifiers.dhcp_rpc_agent_api.DhcpAgentNotifyAPI._native_event_send_dhcp_notification-1812610', 'neutron.db.l3_dvrscheduler_db._notify_l3_agent_new_port-8762472370782', 'neutron.services.segments.plugin.NovaSegmentNotifier._notify_port_created_or_deleted-133579616'] for port, after_create {{(pid=101584) _notify_loop /usr/local/lib/python3.8/dist-packages/neutron_lib/callbacks/manager.py:175}}
Oct 28 12:11:04.790339 dv-cinder-815746-2-smb neutron-server[101584]: INFO neutron.wsgi [req-7b15d6e1-9905-499e-9fde-a69da9c510e3 req-bb8711d1-12f9-4863-8a00-957d0605e79f tempest-ServerRescueNegativeTestJSON-1088203379 tempest-ServerRescueNegativeTestJSON-1088203379-project] 10.222.0.102 "GET /v2.0/security-groups?id=337b2af5-a9f7-43aa-a0b8-5773d0e51a2a&fields=id&fields=name HTTP/1.1" status: 200 len: 286 time: 0.0834739
Oct 28 12:11:04.803251 dv-cinder-815746-2-smb neutron-server[101585]: DEBUG neutron.plugins.ml2.rpc [None req-20646dbb-5f56-450b-96a4-3f7a6addfd13 None None] Device eef21767-809c-48bb-8722-81906511d619 details requested by agent hyperv_hv-cinder-81574 with host hv-cinder-81574 {{(pid=101585) get_device_details /opt/stack/neutron/neutron/plugins/ml2/rpc.py:102}}
Oct 28 12:11:04.810253 dv-cinder-815746-2-smb neutron-server[101584]: DEBUG neutron.scheduler.dhcp_agent_scheduler [req-b7035d91-b170-490f-b332-91ee3beb3fae req-8d280c51-facb-4449-99f8-25d13890374e tempest-AttachVolumeShelveTestJSON-1699252668 tempest-AttachVolumeShelveTestJSON-1699252668-project] Network d9ee53df-568a-4162-9503-7668f4c2ba6f is already hosted by enough agents. {{(pid=101584) _get_dhcp_agents_hosting_network /opt/stack/neutron/neutron/scheduler/dhcp_agent_scheduler.py:275}}
Oct 28 12:11:04.820032 dv-cinder-815746-2-smb neutron-server[101584]: DEBUG neutron.scheduler.base_scheduler [req-b7035d91-b170-490f-b332-91ee3beb3fae req-8d280c51-facb-4449-99f8-25d13890374e tempest-AttachVolumeShelveTestJSON-1699252668 tempest-AttachVolumeShelveTestJSON-1699252668-project] Resources bound (agent type, host, resource id): {{(pid=101584) schedule /opt/stack/neutron/neutron/scheduler/base_scheduler.py:57}}
Oct 28 12:11:04.822527 dv-cinder-815746-2-smb neutron-server[101583]: DEBUG neutron.wsgi [-] (101583) accepted ('10.222.0.102', 42378) {{(pid=101583) server /usr/local/lib/python3.8/dist-packages/eventlet/wsgi.py:982}}
Oct 28 12:11:04.838642 dv-cinder-815746-2-smb neutron-server[101584]: DEBUG neutron.db.l3_dvrscheduler_db [req-b7035d91-b170-490f-b332-91ee3beb3fae req-8d280c51-facb-4449-99f8-25d13890374e tempest-AttachVolumeShelveTestJSON-1699252668 tempest-AttachVolumeShelveTestJSON-1699252668-project] Received port after_create {{(pid=101584) _notify_l3_agent_new_port /opt/stack/neutron/neutron/db/l3_dvrscheduler_db.py:535}}
Oct 28 12:11:04.878474 dv-cinder-815746-2-smb neutron-server[101584]: DEBUG neutron.api.rpc.handlers.resources_rpc [None req-8d280c51-facb-4449-99f8-25d13890374e tempest-AttachVolumeShelveTestJSON-1699252668 tempest-AttachVolumeShelveTestJSON-1699252668-project] Pushing event updated for resources: {'Port': ['ID=4ee84a4f-eb8d-48cb-9781-a5fe5f6db214,revision_number=1']} {{(pid=101584) push /opt/stack/neutron/neutron/api/rpc/handlers/resources_rpc.py:237}}
Oct 28 12:11:04.908592 dv-cinder-815746-2-smb neutron-server[101584]: DEBUG neutron.pecan_wsgi.hooks.policy_enforcement [req-b7035d91-b170-490f-b332-91ee3beb3fae req-8d280c51-facb-4449-99f8-25d13890374e tempest-AttachVolumeShelveTestJSON-1699252668 tempest-AttachVolumeShelveTestJSON-1699252668-project] Attributes excluded by policy engine: ['standard_attr_id', 'binding:profile', 'binding:host_id', 'binding:vif_type', 'binding:vif_details', 'network'] {{(pid=101584) _exclude_attributes_by_policy /opt/stack/neutron/neutron/pecan_wsgi/hooks/policy_enforcement.py:255}}
Oct 28 12:11:04.909516 dv-cinder-815746-2-smb neutron-server[101584]: DEBUG neutron_lib.callbacks.manager [req-b7035d91-b170-490f-b332-91ee3beb3fae req-8d280c51-facb-4449-99f8-25d13890374e tempest-AttachVolumeShelveTestJSON-1699252668 tempest-AttachVolumeShelveTestJSON-1699252668-project] Publish callbacks ['neutron.notifiers.nova.Notifier._send_nova_notification-11941', 'neutron.api.rpc.agentnotifiers.dhcp_rpc_agent_api.DhcpAgentNotifyAPI._send_dhcp_notification-1812624'] for port, before_response {{(pid=101584) _notify_loop /usr/local/lib/python3.8/dist-packages/neutron_lib/callbacks/manager.py:175}}
Oct 28 12:11:04.936374 dv-cinder-815746-2-smb neutron-server[101583]: INFO neutron.wsgi [None req-e08874df-b948-4561-b8c6-e771f489f59e admin admin] 10.222.0.102 "GET /v2.0/security-groups?tenant_id=c2c160baa18346c7861c340caf70a224&name=default HTTP/1.1" status: 200 len: 2979 time: 0.8219316
Oct 28 12:11:04.939015 dv-cinder-815746-2-smb neutron-server[101583]: DEBUG neutron_lib.callbacks.manager [None req-858dd65a-73bf-488e-b4ba-05442e633612 admin admin] Publish callbacks [] for security_group, before_create {{(pid=101583) _notify_loop /usr/local/lib/python3.8/dist-packages/neutron_lib/callbacks/manager.py:175}}
Oct 28 12:11:04.941139 dv-cinder-815746-2-smb neutron-server[101584]: INFO neutron.wsgi [req-b7035d91-b170-490f-b332-91ee3beb3fae req-8d280c51-facb-4449-99f8-25d13890374e tempest-AttachVolumeShelveTestJSON-1699252668 tempest-AttachVolumeShelveTestJSON-1699252668-project] 10.222.0.52 "POST /v2.0/ports HTTP/1.1" status: 201 len: 934 time: 1.3801167
Oct 28 12:11:04.942049 dv-cinder-815746-2-smb neutron-server[101584]: DEBUG neutron.wsgi [-] (101584) accepted ('10.222.0.102', 42382) {{(pid=101584) server /usr/local/lib/python3.8/dist-packages/eventlet/wsgi.py:982}}
Oct 28 12:11:04.960756 dv-cinder-815746-2-smb neutron-server[101583]: DEBUG neutron.api.rpc.handlers.resources_rpc [None req-e08874df-b948-4561-b8c6-e771f489f59e admin admin] Pushing event updated for resources: {'SecurityGroup': ['ID=cd4b12a9-a95f-4d06-969e-bafe48fb41b7,revision_number=1']} {{(pid=101583) push /opt/stack/neutron/neutron/api/rpc/handlers/resources_rpc.py:237}}
Oct 28 12:11:04.967322 dv-cinder-815746-2-smb neutron-server[101584]: DEBUG neutron.api.v2.base [req-b7035d91-b170-490f-b332-91ee3beb3fae req-fdf1733b-0bdc-4739-b91a-3a4377ad670c service neutron] Request body: {'port': {'device_id': 'e394af2c-37a4-43b0-826c-89579a80c8c0', 'device_owner': 'compute:nova', 'binding:host_id': 'hv-cinder-81574'}} {{(pid=101584) prepare_request_body /opt/stack/neutron/neutron/api/v2/base.py:729}}
Oct 28 12:11:04.997707 dv-cinder-815746-2-smb neutron-server[101585]: DEBUG neutron.plugins.ml2.db [None req-20646dbb-5f56-450b-96a4-3f7a6addfd13 None None] For port eef21767-809c-48bb-8722-81906511d619, host hv-cinder-81574, got binding levels [PortBindingLevel(driver='hyperv',host='hv-cinder-81574',level=0,port_id=eef21767-809c-48bb-8722-81906511d619,segment=NetworkSegment(a484fb48-928c-441b-a1fb-c08e5e005e46),segment_id=a484fb48-928c-441b-a1fb-c08e5e005e46)] {{(pid=101585) get_binding_level_objs /opt/stack/neutron/neutron/plugins/ml2/db.py:74}}
Oct 28 12:11:05.011030 dv-cinder-815746-2-smb neutron-server[101585]: DEBUG neutron.plugins.ml2.rpc [None req-20646dbb-5f56-450b-96a4-3f7a6addfd13 None None] Returning: {'device': 'eef21767-809c-48bb-8722-81906511d619', 'network_id': '090fae3d-4cfc-459b-a2e2-df92eb918c3d', 'port_id': 'eef21767-809c-48bb-8722-81906511d619', 'mac_address': 'fa:16:3e:a1:17:bc', 'admin_state_up': True, 'network_type': 'vlan', 'segmentation_id': 1274, 'physical_network': 'physnet1', 'mtu': 1500, 'fixed_ips': [{'subnet_id': '598a3ead-796b-4e62-8c27-7e1b24ef7825', 'ip_address': '172.20.0.9'}], 'device_owner': 'compute:nova', 'allowed_address_pairs': [], 'port_security_enabled': True, 'qos_policy_id': None, 'network_qos_policy_id': None, 'profile': {}, 'propagate_uplink_status': False} {{(pid=101585) _get_device_details /opt/stack/neutron/neutron/plugins/ml2/rpc.py:184}}
Oct 28 12:11:05.072267 dv-cinder-815746-2-smb neutron-server[101585]: DEBUG neutron_lib.callbacks.manager [None req-20646dbb-5f56-450b-96a4-3f7a6addfd13 None None] Publish callbacks ['neutron.plugins.ml2.plugin.SecurityGroupDbMixin._ensure_default_security_group_handler-567519'] for port, before_update {{(pid=101585) _notify_loop /usr/local/lib/python3.8/dist-packages/neutron_lib/callbacks/manager.py:175}}
Oct 28 12:11:05.097216 dv-cinder-815746-2-smb neutron-server[101583]: INFO neutron.wsgi [req-7fc7f834-74a8-422a-8ddf-68943bfe2df8 req-c672aded-ab05-42e0-8998-bc12721fa98d service neutron] 10.222.0.52 "GET /v2.0/networks/c7c00918-48ba-4558-84d7-3f4dec73bcec?fields=provider%3Aphysical_network&fields=provider%3Anetwork_type HTTP/1.1" status: 200 len: 281 time: 0.3475506
Oct 28 12:11:05.107854 dv-cinder-815746-2-smb neutron-server[101584]: DEBUG neutron_lib.callbacks.manager [req-b7035d91-b170-490f-b332-91ee3beb3fae req-fdf1733b-0bdc-4739-b91a-3a4377ad670c service neutron] Publish callbacks ['neutron.plugins.ml2.plugin.SecurityGroupDbMixin._ensure_default_security_group_handler-567519'] for port, before_update {{(pid=101584) _notify_loop /usr/local/lib/python3.8/dist-packages/neutron_lib/callbacks/manager.py:175}}
Oct 28 12:11:05.112525 dv-cinder-815746-2-smb neutron-server[101584]: DEBUG neutron_lib.callbacks.manager [None req-8ff7df83-be67-4e40-838d-2dbb3cc14895 admin admin] Publish callbacks [] for security_group, before_delete {{(pid=101584) _notify_loop /usr/local/lib/python3.8/dist-packages/neutron_lib/callbacks/manager.py:175}}
Oct 28 12:11:05.126620 dv-cinder-815746-2-smb neutron-server[101585]: DEBUG neutron.notifiers.nova [None req-20646dbb-5f56-450b-96a4-3f7a6addfd13 None None] Ignoring state change previous_port_status: DOWN current_port_status: BUILD port_id eef21767-809c-48bb-8722-81906511d619 {{(pid=101585) record_port_status_changed /opt/stack/neutron/neutron/notifiers/nova.py:224}}
Oct 28 12:11:05.153605 dv-cinder-815746-2-smb neutron-server[101585]: DEBUG neutron.plugins.ml2.db [None req-20646dbb-5f56-450b-96a4-3f7a6addfd13 None None] For port eef21767-809c-48bb-8722-81906511d619, host hv-cinder-81574, got binding levels [PortBindingLevel(driver='hyperv',host='hv-cinder-81574',level=0,port_id=eef21767-809c-48bb-8722-81906511d619,segment=NetworkSegment(a484fb48-928c-441b-a1fb-c08e5e005e46),segment_id=a484fb48-928c-441b-a1fb-c08e5e005e46)] {{(pid=101585) get_binding_level_objs /opt/stack/neutron/neutron/plugins/ml2/db.py:74}}
Oct 28 12:11:05.160535 dv-cinder-815746-2-smb neutron-server[101585]: DEBUG neutron_lib.callbacks.manager [None req-20646dbb-5f56-450b-96a4-3f7a6addfd13 None None] Publish callbacks ['neutron.plugins.ml2.plugin.SecurityGroupServerNotifierRpcMixin._notify_sg_on_port_change-567475', 'neutron.plugins.ml2.ovo_rpc._ObjectChangeHandler.handle_event-59022', 'neutron.api.rpc.agentnotifiers.dhcp_rpc_agent_api.DhcpAgentNotifyAPI._native_event_send_dhcp_notification-1812610', 'neutron.db.l3_db.L3RpcNotifierMixin._notify_gateway_port_ip_changed-8762472851438', 'neutron.db.l3_dvrscheduler_db._notify_l3_agent_port_update-8762472370800', 'neutron.db.l3_hascheduler_db._notify_l3_agent_ha_port_update-8762472370818'] for port, after_update {{(pid=101585) _notify_loop /usr/local/lib/python3.8/dist-packages/neutron_lib/callbacks/manager.py:175}}
Oct 28 12:11:05.161729 dv-cinder-815746-2-smb neutron-server[101585]: DEBUG neutron.plugins.ml2.rpc [None req-20646dbb-5f56-450b-96a4-3f7a6addfd13 None None] Device 2f686324-55cc-45ef-bba1-d846c7afc628 details requested by agent hyperv_hv-cinder-81574 with host hv-cinder-81574 {{(pid=101585) get_device_details /opt/stack/neutron/neutron/plugins/ml2/rpc.py:102}}
Oct 28 12:11:05.259891 dv-cinder-815746-2-smb neutron-server[101585]: DEBUG neutron.db.provisioning_blocks [None req-d58e6491-5f85-466f-b37b-235ca8f9e34a None None] Provisioning complete for port 4ee84a4f-eb8d-48cb-9781-a5fe5f6db214 triggered by entity DHCP. {{(pid=101585) provisioning_complete /opt/stack/neutron/neutron/db/provisioning_blocks.py:139}}
Oct 28 12:11:05.260325 dv-cinder-815746-2-smb neutron-server[101585]: DEBUG neutron_lib.callbacks.manager [None req-d58e6491-5f85-466f-b37b-235ca8f9e34a None None] Publish callbacks ['neutron.plugins.ml2.plugin.Ml2Plugin._port_provisioned-894319'] for port, provisioning_complete {{(pid=101585) _notify_loop /usr/local/lib/python3.8/dist-packages/neutron_lib/callbacks/manager.py:175}}
Oct 28 12:11:05.289654 dv-cinder-815746-2-smb neutron-server[101585]: DEBUG neutron.api.rpc.handlers.resources_rpc [None req-20646dbb-5f56-450b-96a4-3f7a6addfd13 None None] Pushing event updated for resources: {'Port': ['ID=eef21767-809c-48bb-8722-81906511d619,revision_number=4']} {{(pid=101585) push /opt/stack/neutron/neutron/api/rpc/handlers/resources_rpc.py:237}}
Oct 28 12:11:05.295864 dv-cinder-815746-2-smb neutron-server[101585]: DEBUG neutron.plugins.ml2.db [None req-20646dbb-5f56-450b-96a4-3f7a6addfd13 None None] For port 2f686324-55cc-45ef-bba1-d846c7afc628, host hv-cinder-81574, got binding levels [PortBindingLevel(driver='hyperv',host='hv-cinder-81574',level=0,port_id=2f686324-55cc-45ef-bba1-d846c7afc628,segment=NetworkSegment(a484fb48-928c-441b-a1fb-c08e5e005e46),segment_id=a484fb48-928c-441b-a1fb-c08e5e005e46)] {{(pid=101585) get_binding_level_objs /opt/stack/neutron/neutron/plugins/ml2/db.py:74}}
Oct 28 12:11:05.299529 dv-cinder-815746-2-smb neutron-server[101583]: DEBUG neutron.pecan_wsgi.hooks.policy_enforcement [req-d49618e0-fa40-44c3-82ea-0cd53e02253e req-b5b85f0b-73d8-4ff8-8c7d-a85522308671 tempest-AttachVolumeTestJSON-1280639218 tempest-AttachVolumeTestJSON-1280639218-project] Attributes excluded by policy engine: ['standard_attr_id', 'binding:profile', 'binding:host_id', 'binding:vif_type', 'binding:vif_details'] {{(pid=101583) _exclude_attributes_by_policy /opt/stack/neutron/neutron/pecan_wsgi/hooks/policy_enforcement.py:255}}
Oct 28 12:11:05.301711 dv-cinder-815746-2-smb neutron-server[101583]: INFO neutron.wsgi [req-d49618e0-fa40-44c3-82ea-0cd53e02253e req-b5b85f0b-73d8-4ff8-8c7d-a85522308671 tempest-AttachVolumeTestJSON-1280639218 tempest-AttachVolumeTestJSON-1280639218-project] 10.222.0.102 "GET /v2.0/ports?device_id=592fa40a-d5d8-4da9-b347-84d4d5c743f0 HTTP/1.1" status: 200 len: 944 time: 0.1959460
Oct 28 12:11:05.309245 dv-cinder-815746-2-smb neutron-server[101583]: DEBUG neutron.pecan_wsgi.hooks.policy_enforcement [req-079b7f56-ff6a-4651-87cc-b5219b650830 req-2607cdbc-92dc-4087-800c-e3fb77da1b0f service neutron] Attributes excluded by policy engine: ['standard_attr_id'] {{(pid=101583) _exclude_attributes_by_policy /opt/stack/neutron/neutron/pecan_wsgi/hooks/policy_enforcement.py:255}}
Oct 28 12:11:05.310752 dv-cinder-815746-2-smb neutron-server[101583]: INFO neutron.wsgi [req-079b7f56-ff6a-4651-87cc-b5219b650830 req-2607cdbc-92dc-4087-800c-e3fb77da1b0f service neutron] 10.222.0.52 "GET /v2.0/ports?tenant_id=98cb7064714c4351ad522c13dd6d886f&device_id=592fa40a-d5d8-4da9-b347-84d4d5c743f0 HTTP/1.1" status: 200 len: 1097 time: 0.1384623
Oct 28 12:11:05.325202 dv-cinder-815746-2-smb neutron-server[101584]: DEBUG neutron_lib.callbacks.manager [None req-8ff7df83-be67-4e40-838d-2dbb3cc14895 admin admin] Publish callbacks [] for security_group, precommit_delete {{(pid=101584) _notify_loop /usr/local/lib/python3.8/dist-packages/neutron_lib/callbacks/manager.py:175}}
Oct 28 12:11:05.336158 dv-cinder-815746-2-smb neutron-server[101585]: DEBUG neutron.plugins.ml2.rpc [None req-20646dbb-5f56-450b-96a4-3f7a6addfd13 None None] Returning: {'device': '2f686324-55cc-45ef-bba1-d846c7afc628', 'network_id': '090fae3d-4cfc-459b-a2e2-df92eb918c3d', 'port_id': '2f686324-55cc-45ef-bba1-d846c7afc628', 'mac_address': 'fa:16:3e:7b:ac:db', 'admin_state_up': True, 'network_type': 'vlan', 'segmentation_id': 1274, 'physical_network': 'physnet1', 'mtu': 1500, 'fixed_ips': [{'subnet_id': '598a3ead-796b-4e62-8c27-7e1b24ef7825', 'ip_address': '172.20.0.3'}], 'device_owner': 'compute:nova', 'allowed_address_pairs': [], 'port_security_enabled': True, 'qos_policy_id': None, 'network_qos_policy_id': None, 'profile': {}, 'propagate_uplink_status': False} {{(pid=101585) _get_device_details /opt/stack/neutron/neutron/plugins/ml2/rpc.py:184}}
Oct 28 12:11:05.393166 dv-cinder-815746-2-smb neutron-server[101585]: DEBUG neutron_lib.callbacks.manager [None req-20646dbb-5f56-450b-96a4-3f7a6addfd13 None None] Publish callbacks ['neutron.plugins.ml2.plugin.SecurityGroupDbMixin._ensure_default_security_group_handler-567519'] for port, before_update {{(pid=101585) _notify_loop /usr/local/lib/python3.8/dist-packages/neutron_lib/callbacks/manager.py:175}}
Oct 28 12:11:05.402315 dv-cinder-815746-2-smb neutron-server[101583]: DEBUG neutron_lib.callbacks.manager [None req-858dd65a-73bf-488e-b4ba-05442e633612 admin admin] Publish callbacks [] for security_group, precommit_create {{(pid=101583) _notify_loop /usr/local/lib/python3.8/dist-packages/neutron_lib/callbacks/manager.py:175}}
Oct 28 12:11:05.407508 dv-cinder-815746-2-smb neutron-server[101585]: DEBUG neutron.plugins.ml2.plugin [None req-d58e6491-5f85-466f-b37b-235ca8f9e34a None None] Port 4ee84a4f-eb8d-48cb-9781-a5fe5f6db214 cannot update to ACTIVE because it is not bound. {{(pid=101585) _port_provisioned /opt/stack/neutron/neutron/plugins/ml2/plugin.py:338}}
Oct 28 12:11:05.426711 dv-cinder-815746-2-smb neutron-server[101583]: DEBUG neutron_lib.callbacks.manager [None req-858dd65a-73bf-488e-b4ba-05442e633612 admin admin] Publish callbacks ['neutron.plugins.ml2.ovo_rpc._ObjectChangeHandler.handle_event-2029324'] for security_group, after_create {{(pid=101583) _notify_loop /usr/local/lib/python3.8/dist-packages/neutron_lib/callbacks/manager.py:175}}
Oct 28 12:11:05.442336 dv-cinder-815746-2-smb neutron-server[101585]: DEBUG neutron.notifiers.nova [None req-20646dbb-5f56-450b-96a4-3f7a6addfd13 None None] Ignoring state change previous_port_status: DOWN current_port_status: BUILD port_id 2f686324-55cc-45ef-bba1-d846c7afc628 {{(pid=101585) record_port_status_changed /opt/stack/neutron/neutron/notifiers/nova.py:224}}
Oct 28 12:11:05.496667 dv-cinder-815746-2-smb neutron-server[101585]: DEBUG neutron.plugins.ml2.db [None req-20646dbb-5f56-450b-96a4-3f7a6addfd13 None None] For port 2f686324-55cc-45ef-bba1-d846c7afc628, host hv-cinder-81574, got binding levels [PortBindingLevel(driver='hyperv',host='hv-cinder-81574',level=0,port_id=2f686324-55cc-45ef-bba1-d846c7afc628,segment=NetworkSegment(a484fb48-928c-441b-a1fb-c08e5e005e46),segment_id=a484fb48-928c-441b-a1fb-c08e5e005e46)] {{(pid=101585) get_binding_level_objs /opt/stack/neutron/neutron/plugins/ml2/db.py:74}}
Oct 28 12:11:05.505673 dv-cinder-815746-2-smb neutron-server[101585]: DEBUG neutron_lib.callbacks.manager [None req-20646dbb-5f56-450b-96a4-3f7a6addfd13 None None] Publish callbacks ['neutron.plugins.ml2.plugin.SecurityGroupServerNotifierRpcMixin._notify_sg_on_port_change-567475', 'neutron.plugins.ml2.ovo_rpc._ObjectChangeHandler.handle_event-59022', 'neutron.api.rpc.agentnotifiers.dhcp_rpc_agent_api.DhcpAgentNotifyAPI._native_event_send_dhcp_notification-1812610', 'neutron.db.l3_db.L3RpcNotifierMixin._notify_gateway_port_ip_changed-8762472851438', 'neutron.db.l3_dvrscheduler_db._notify_l3_agent_port_update-8762472370800', 'neutron.db.l3_hascheduler_db._notify_l3_agent_ha_port_update-8762472370818'] for port, after_update {{(pid=101585) _notify_loop /usr/local/lib/python3.8/dist-packages/neutron_lib/callbacks/manager.py:175}}
Oct 28 12:11:05.518377 dv-cinder-815746-2-smb neutron-server[101583]: INFO neutron.wsgi [req-d49618e0-fa40-44c3-82ea-0cd53e02253e req-2d46e950-b4c9-41e9-9a5f-8b8c188a102c tempest-AttachVolumeTestJSON-1280639218 tempest-AttachVolumeTestJSON-1280639218-project] 10.222.0.102 "GET /v2.0/security-groups?id=915ff8c7-c43f-4a69-99d4-2a9109251b3e&fields=id&fields=name HTTP/1.1" status: 200 len: 312 time: 0.2066541
Oct 28 12:11:05.519201 dv-cinder-815746-2-smb neutron-server[101584]: DEBUG neutron_lib.callbacks.manager [None req-8ff7df83-be67-4e40-838d-2dbb3cc14895 admin admin] Publish callbacks ['neutron.plugins.ml2.ovo_rpc._ObjectChangeHandler.handle_event-2029324'] for security_group, after_delete {{(pid=101584) _notify_loop /usr/local/lib/python3.8/dist-packages/neutron_lib/callbacks/manager.py:175}}
Oct 28 12:11:05.523858 dv-cinder-815746-2-smb neutron-server[101584]: DEBUG neutron_lib.callbacks.manager [None req-8ff7df83-be67-4e40-838d-2dbb3cc14895 admin admin] Publish callbacks [] for security_group, before_response {{(pid=101584) _notify_loop /usr/local/lib/python3.8/dist-packages/neutron_lib/callbacks/manager.py:175}}
Oct 28 12:11:05.527860 dv-cinder-815746-2-smb neutron-server[101584]: INFO neutron.wsgi [None req-8ff7df83-be67-4e40-838d-2dbb3cc14895 admin admin] 10.222.0.102 "DELETE /v2.0/security-groups/cd4b12a9-a95f-4d06-969e-bafe48fb41b7 HTTP/1.1" status: 204 len: 168 time: 0.5842788
Oct 28 12:11:05.580016 dv-cinder-815746-2-smb neutron-server[101583]: INFO neutron.wsgi [None req-858dd65a-73bf-488e-b4ba-05442e633612 admin admin] 10.222.0.102 "GET /v2.0/security-groups?tenant_id=9f1d1f7125474904ada9b9bf8fc36e9e&name=default HTTP/1.1" status: 200 len: 2979 time: 0.6984446
Oct 28 12:11:05.584827 dv-cinder-815746-2-smb neutron-server[101584]: DEBUG neutron.wsgi [-] (101584) accepted ('10.222.0.102', 42406) {{(pid=101584) server /usr/local/lib/python3.8/dist-packages/eventlet/wsgi.py:982}}
Oct 28 12:11:05.593941 dv-cinder-815746-2-smb neutron-server[101583]: DEBUG neutron.api.rpc.handlers.resources_rpc [None req-858dd65a-73bf-488e-b4ba-05442e633612 admin admin] Pushing event updated for resources: {'SecurityGroup': ['ID=48775e54-995d-44cd-b3b1-4ab370832aa7,revision_number=1']} {{(pid=101583) push /opt/stack/neutron/neutron/api/rpc/handlers/resources_rpc.py:237}}
Oct 28 12:11:05.608093 dv-cinder-815746-2-smb neutron-server[101585]: DEBUG neutron.api.rpc.handlers.resources_rpc [None req-20646dbb-5f56-450b-96a4-3f7a6addfd13 None None] Pushing event updated for resources: {'Port': ['ID=2f686324-55cc-45ef-bba1-d846c7afc628,revision_number=4']} {{(pid=101585) push /opt/stack/neutron/neutron/api/rpc/handlers/resources_rpc.py:237}}
Oct 28 12:11:05.654455 dv-cinder-815746-2-smb neutron-server[101583]: DEBUG neutron.pecan_wsgi.hooks.policy_enforcement [req-079b7f56-ff6a-4651-87cc-b5219b650830 req-fbe5a628-09d3-4fd7-99c0-37ead366e2a9 service neutron] Attributes excluded by policy engine: ['standard_attr_id', 'vlan_transparent'] {{(pid=101583) _exclude_attributes_by_policy /opt/stack/neutron/neutron/pecan_wsgi/hooks/policy_enforcement.py:255}}
Oct 28 12:11:05.656401 dv-cinder-815746-2-smb neutron-server[101583]: INFO neutron.wsgi [req-079b7f56-ff6a-4651-87cc-b5219b650830 req-fbe5a628-09d3-4fd7-99c0-37ead366e2a9 service neutron] 10.222.0.52 "GET /v2.0/networks?id=c7c00918-48ba-4558-84d7-3f4dec73bcec HTTP/1.1" status: 200 len: 912 time: 0.3102520
Oct 28 12:11:05.663985 dv-cinder-815746-2-smb neutron-server[101584]: DEBUG neutron.api.rpc.handlers.resources_rpc [None req-8ff7df83-be67-4e40-838d-2dbb3cc14895 admin admin] Pushing event deleted for resources: {'SecurityGroup': ['ID=cd4b12a9-a95f-4d06-969e-bafe48fb41b7,revision_number=None']} {{(pid=101584) push /opt/stack/neutron/neutron/api/rpc/handlers/resources_rpc.py:237}}
Oct 28 12:11:05.739179 dv-cinder-815746-2-smb neutron-server[101583]: INFO neutron.wsgi [req-079b7f56-ff6a-4651-87cc-b5219b650830 req-3081e946-1664-4e80-8a30-0db8bc7aa781 service neutron] 10.222.0.52 "GET /v2.0/floatingips?fixed_ip_address=172.20.0.14&port_id=1b558368-1b29-4169-9b33-2be4b32d2a7e HTTP/1.1" status: 200 len: 217 time: 0.0742757
Oct 28 12:11:05.765174 dv-cinder-815746-2-smb neutron-server[101585]: DEBUG neutron.plugins.ml2.db [None req-20646dbb-5f56-450b-96a4-3f7a6addfd13 None None] get_ports_and_sgs() called for port_ids ['eef21767-809c-48bb-8722-81906511d619'] {{(pid=101585) get_ports_and_sgs /opt/stack/neutron/neutron/plugins/ml2/db.py:156}}
Oct 28 12:11:05.796199 dv-cinder-815746-2-smb neutron-server[101584]: DEBUG neutron_lib.callbacks.manager [None req-708d45f4-c895-4e55-9da8-6f85b4f66e17 admin admin] Publish callbacks [] for security_group, before_delete {{(pid=101584) _notify_loop /usr/local/lib/python3.8/dist-packages/neutron_lib/callbacks/manager.py:175}}
Oct 28 12:11:05.822699 dv-cinder-815746-2-smb neutron-server[101584]: DEBUG neutron_lib.callbacks.manager [None req-708d45f4-c895-4e55-9da8-6f85b4f66e17 admin admin] Publish callbacks [] for security_group, precommit_delete {{(pid=101584) _notify_loop /usr/local/lib/python3.8/dist-packages/neutron_lib/callbacks/manager.py:175}}
Oct 28 12:11:05.829482 dv-cinder-815746-2-smb neutron-server[101583]: DEBUG neutron.pecan_wsgi.hooks.policy_enforcement [req-abde3d7a-d0d4-45a6-95da-e1d886ba5a51 req-2b875549-576d-4507-b1d9-d66dd374a2ff tempest-AttachVolumeShelveTestJSON-1699252668 tempest-AttachVolumeShelveTestJSON-1699252668-project] Attributes excluded by policy engine: ['standard_attr_id', 'binding:profile', 'binding:host_id', 'binding:vif_type', 'binding:vif_details'] {{(pid=101583) _exclude_attributes_by_policy /opt/stack/neutron/neutron/pecan_wsgi/hooks/policy_enforcement.py:255}}
Oct 28 12:11:05.831414 dv-cinder-815746-2-smb neutron-server[101583]: INFO neutron.wsgi [req-abde3d7a-d0d4-45a6-95da-e1d886ba5a51 req-2b875549-576d-4507-b1d9-d66dd374a2ff tempest-AttachVolumeShelveTestJSON-1699252668 tempest-AttachVolumeShelveTestJSON-1699252668-project] 10.222.0.102 "GET /v2.0/ports?device_id=e394af2c-37a4-43b0-826c-89579a80c8c0 HTTP/1.1" status: 200 len: 932 time: 0.1066024
Oct 28 12:11:05.838259 dv-cinder-815746-2-smb neutron-server[101583]: DEBUG neutron.pecan_wsgi.hooks.policy_enforcement [req-079b7f56-ff6a-4651-87cc-b5219b650830 req-db2e199f-4b3d-4bdd-a485-8d0b0ac164f1 service neutron] Attributes excluded by policy engine: ['standard_attr_id', 'shared', 'segment_id'] {{(pid=101583) _exclude_attributes_by_policy /opt/stack/neutron/neutron/pecan_wsgi/hooks/policy_enforcement.py:255}}
Oct 28 12:11:05.839750 dv-cinder-815746-2-smb neutron-server[101583]: INFO neutron.wsgi [req-079b7f56-ff6a-4651-87cc-b5219b650830 req-db2e199f-4b3d-4bdd-a485-8d0b0ac164f1 service neutron] 10.222.0.52 "GET /v2.0/subnets?id=fa5e4589-ff02-4c96-b1dd-892d482755b3 HTTP/1.1" status: 200 len: 849 time: 0.0803325
Oct 28 12:11:05.883986 dv-cinder-815746-2-smb neutron-server[101585]: DEBUG neutron.plugins.ml2.db [None req-20646dbb-5f56-450b-96a4-3f7a6addfd13 None None] get_ports_and_sgs() called for port_ids ['2f686324-55cc-45ef-bba1-d846c7afc628'] {{(pid=101585) get_ports_and_sgs /opt/stack/neutron/neutron/plugins/ml2/db.py:156}}
Oct 28 12:11:05.906295 dv-cinder-815746-2-smb neutron-server[101583]: INFO neutron.wsgi [req-abde3d7a-d0d4-45a6-95da-e1d886ba5a51 req-d6854401-d19c-4071-a83b-a85acfea0ec7 tempest-AttachVolumeShelveTestJSON-1699252668 tempest-AttachVolumeShelveTestJSON-1699252668-project] 10.222.0.102 "GET /v2.0/security-groups?id=c5d4a7ea-47df-46a8-bc2a-9b89852fafa1&fields=id&fields=name HTTP/1.1" status: 200 len: 312 time: 0.0655856
Oct 28 12:11:05.919990 dv-cinder-815746-2-smb neutron-server[101583]: DEBUG neutron.pecan_wsgi.hooks.policy_enforcement [req-079b7f56-ff6a-4651-87cc-b5219b650830 req-1895319e-1c74-4b8b-b26e-b6978bf8a0df service neutron] Attributes excluded by policy engine: ['standard_attr_id'] {{(pid=101583) _exclude_attributes_by_policy /opt/stack/neutron/neutron/pecan_wsgi/hooks/policy_enforcement.py:255}}
Oct 28 12:11:05.921463 dv-cinder-815746-2-smb neutron-server[101583]: INFO neutron.wsgi [req-079b7f56-ff6a-4651-87cc-b5219b650830 req-1895319e-1c74-4b8b-b26e-b6978bf8a0df service neutron] 10.222.0.52 "GET /v2.0/ports?network_id=c7c00918-48ba-4558-84d7-3f4dec73bcec&device_owner=network%3Adhcp HTTP/1.1" status: 200 len: 1173 time: 0.0665050
Oct 28 12:11:05.924741 dv-cinder-815746-2-smb neutron-server[101584]: DEBUG neutron.pecan_wsgi.hooks.policy_enforcement [req-6caff091-69c5-40af-9ece-10a722cc77cb req-0e9e08cc-0e3e-4887-a174-4e05fcda6374 tempest-DeleteServersTestJSON-577326528 tempest-DeleteServersTestJSON-577326528-project] Attributes excluded by policy engine: ['standard_attr_id', 'binding:profile', 'binding:host_id', 'binding:vif_type', 'binding:vif_details'] {{(pid=101584) _exclude_attributes_by_policy /opt/stack/neutron/neutron/pecan_wsgi/hooks/policy_enforcement.py:255}}
Oct 28 12:11:05.937464 dv-cinder-815746-2-smb neutron-server[101584]: INFO neutron.wsgi [req-6caff091-69c5-40af-9ece-10a722cc77cb req-0e9e08cc-0e3e-4887-a174-4e05fcda6374 tempest-DeleteServersTestJSON-577326528 tempest-DeleteServersTestJSON-577326528-project] 10.222.0.102 "GET /v2.0/ports?device_id=168d97ea-cf1c-4b54-a700-24ca0a0b721b HTTP/1.1" status: 200 len: 945 time: 0.1932933
Oct 28 12:11:05.949510 dv-cinder-815746-2-smb neutron-server[101584]: DEBUG neutron.notifiers.nova [req-b7035d91-b170-490f-b332-91ee3beb3fae req-fdf1733b-0bdc-4739-b91a-3a4377ad670c service neutron] Ignoring state change previous_port_status: DOWN current_port_status: DOWN port_id 4ee84a4f-eb8d-48cb-9781-a5fe5f6db214 {{(pid=101584) record_port_status_changed /opt/stack/neutron/neutron/notifiers/nova.py:224}}
Oct 28 12:11:05.989293 dv-cinder-815746-2-smb neutron-server[101584]: DEBUG neutron_lib.callbacks.manager [req-b7035d91-b170-490f-b332-91ee3beb3fae req-fdf1733b-0bdc-4739-b91a-3a4377ad670c service neutron] Publish callbacks [] for port, precommit_update {{(pid=101584) _notify_loop /usr/local/lib/python3.8/dist-packages/neutron_lib/callbacks/manager.py:175}}
Oct 28 12:11:06.028182 dv-cinder-815746-2-smb neutron-server[101584]: INFO neutron.wsgi [req-6caff091-69c5-40af-9ece-10a722cc77cb req-18d360bd-9eed-4e5f-bf09-439c965bd0ce tempest-DeleteServersTestJSON-577326528 tempest-DeleteServersTestJSON-577326528-project] 10.222.0.102 "GET /v2.0/security-groups?id=d166e957-8c2f-4beb-a25c-5a04e7610f54&fields=id&fields=name HTTP/1.1" status: 200 len: 286 time: 0.0935302
Oct 28 12:11:06.073667 dv-cinder-815746-2-smb neutron-server[101584]: DEBUG neutron.db.provisioning_blocks [req-b7035d91-b170-490f-b332-91ee3beb3fae req-fdf1733b-0bdc-4739-b91a-3a4377ad670c service neutron] Transition to ACTIVE for port object 4ee84a4f-eb8d-48cb-9781-a5fe5f6db214 will not be triggered until provisioned by entity L2. {{(pid=101584) add_provisioning_component /opt/stack/neutron/neutron/db/provisioning_blocks.py:73}}
Oct 28 12:11:06.075563 dv-cinder-815746-2-smb neutron-server[101584]: DEBUG neutron_lib.callbacks.manager [None req-708d45f4-c895-4e55-9da8-6f85b4f66e17 admin admin] Publish callbacks ['neutron.plugins.ml2.ovo_rpc._ObjectChangeHandler.handle_event-2029324'] for security_group, after_delete {{(pid=101584) _notify_loop /usr/local/lib/python3.8/dist-packages/neutron_lib/callbacks/manager.py:175}}
Oct 28 12:11:06.078507 dv-cinder-815746-2-smb neutron-server[101584]: DEBUG neutron_lib.callbacks.manager [None req-708d45f4-c895-4e55-9da8-6f85b4f66e17 admin admin] Publish callbacks [] for security_group, before_response {{(pid=101584) _notify_loop /usr/local/lib/python3.8/dist-packages/neutron_lib/callbacks/manager.py:175}}
Oct 28 12:11:06.083984 dv-cinder-815746-2-smb neutron-server[101584]: INFO neutron.wsgi [None req-708d45f4-c895-4e55-9da8-6f85b4f66e17 admin admin] 10.222.0.102 "DELETE /v2.0/security-groups/48775e54-995d-44cd-b3b1-4ab370832aa7 HTTP/1.1" status: 204 len: 168 time: 0.4936318
Oct 28 12:11:06.090302 dv-cinder-815746-2-smb neutron-server[101584]: DEBUG neutron_lib.callbacks.manager [req-b7035d91-b170-490f-b332-91ee3beb3fae req-fdf1733b-0bdc-4739-b91a-3a4377ad670c service neutron] Publish callbacks ['neutron.plugins.ml2.plugin.SecurityGroupServerNotifierRpcMixin._notify_sg_on_port_change-567475', 'neutron.plugins.ml2.ovo_rpc._ObjectChangeHandler.handle_event-59022', 'neutron.api.rpc.agentnotifiers.dhcp_rpc_agent_api.DhcpAgentNotifyAPI._native_event_send_dhcp_notification-1812610', 'neutron.db.l3_db.L3RpcNotifierMixin._notify_gateway_port_ip_changed-8762472851438', 'neutron.db.l3_dvrscheduler_db._notify_l3_agent_port_update-8762472370800', 'neutron.db.l3_hascheduler_db._notify_l3_agent_ha_port_update-8762472370818', 'neutron.services.segments.plugin.NovaSegmentNotifier._notify_port_updated-133579675'] for port, after_update {{(pid=101584) _notify_loop /usr/local/lib/python3.8/dist-packages/neutron_lib/callbacks/manager.py:175}}
Oct 28 12:11:06.157025 dv-cinder-815746-2-smb neutron-server[101584]: DEBUG neutron.api.rpc.handlers.resources_rpc [None req-fdf1733b-0bdc-4739-b91a-3a4377ad670c service neutron] Pushing event updated for resources: {'Port': ['ID=4ee84a4f-eb8d-48cb-9781-a5fe5f6db214,revision_number=2']} {{(pid=101584) push /opt/stack/neutron/neutron/api/rpc/handlers/resources_rpc.py:237}}
Oct 28 12:11:06.163055 dv-cinder-815746-2-smb neutron-server[101584]: DEBUG neutron.api.rpc.handlers.resources_rpc [None req-708d45f4-c895-4e55-9da8-6f85b4f66e17 admin admin] Pushing event deleted for resources: {'SecurityGroup': ['ID=48775e54-995d-44cd-b3b1-4ab370832aa7,revision_number=None']} {{(pid=101584) push /opt/stack/neutron/neutron/api/rpc/handlers/resources_rpc.py:237}}
Oct 28 12:11:06.304991 dv-cinder-815746-2-smb neutron-server[101583]: DEBUG neutron.pecan_wsgi.hooks.policy_enforcement [req-e21492b5-0de2-48b5-a733-1c60f9af568e req-0497af25-ef81-40f2-b62c-0d8312bb0327 tempest-ServerRescueNegativeTestJSON-1088203379 tempest-ServerRescueNegativeTestJSON-1088203379-project] Attributes excluded by policy engine: ['standard_attr_id', 'binding:profile', 'binding:host_id', 'binding:vif_type', 'binding:vif_details'] {{(pid=101583) _exclude_attributes_by_policy /opt/stack/neutron/neutron/pecan_wsgi/hooks/policy_enforcement.py:255}}
Oct 28 12:11:06.306540 dv-cinder-815746-2-smb neutron-server[101583]: INFO neutron.wsgi [req-e21492b5-0de2-48b5-a733-1c60f9af568e req-0497af25-ef81-40f2-b62c-0d8312bb0327 tempest-ServerRescueNegativeTestJSON-1088203379 tempest-ServerRescueNegativeTestJSON-1088203379-project] 10.222.0.102 "GET /v2.0/ports?device_id=be250bae-c941-4b62-a8ad-843a618aa722 HTTP/1.1" status: 200 len: 944 time: 0.2538800
Oct 28 12:11:06.340939 dv-cinder-815746-2-smb neutron-server[101584]: DEBUG neutron.plugins.ml2.managers [req-b7035d91-b170-490f-b332-91ee3beb3fae req-fdf1733b-0bdc-4739-b91a-3a4377ad670c service neutron] Attempting to bind port 4ee84a4f-eb8d-48cb-9781-a5fe5f6db214 on host hv-cinder-81574 for vnic_type normal with profile {{(pid=101584) bind_port /opt/stack/neutron/neutron/plugins/ml2/managers.py:795}}
Oct 28 12:11:06.342283 dv-cinder-815746-2-smb neutron-server[101584]: DEBUG neutron.plugins.ml2.managers [req-b7035d91-b170-490f-b332-91ee3beb3fae req-fdf1733b-0bdc-4739-b91a-3a4377ad670c service neutron] Attempting to bind port 4ee84a4f-eb8d-48cb-9781-a5fe5f6db214 by drivers openvswitch,hyperv on host hv-cinder-81574 at level 0 using segments [{'id': 'c1532797-02c1-41e2-975f-842e243ee1da', 'network_type': 'vlan', 'physical_network': 'physnet1', 'segmentation_id': 1281, 'network_id': 'd9ee53df-568a-4162-9503-7668f4c2ba6f'}] {{(pid=101584) _bind_port_level /opt/stack/neutron/neutron/plugins/ml2/managers.py:820}}
Oct 28 12:11:06.343134 dv-cinder-815746-2-smb neutron-server[101584]: DEBUG neutron.plugins.ml2.drivers.mech_agent [req-b7035d91-b170-490f-b332-91ee3beb3fae req-fdf1733b-0bdc-4739-b91a-3a4377ad670c service neutron] Attempting to bind port 4ee84a4f-eb8d-48cb-9781-a5fe5f6db214 on network d9ee53df-568a-4162-9503-7668f4c2ba6f {{(pid=101584) bind_port /opt/stack/neutron/neutron/plugins/ml2/drivers/mech_agent.py:91}}
Oct 28 12:11:06.350718 dv-cinder-815746-2-smb neutron-server[101584]: DEBUG neutron.plugins.ml2.drivers.mech_agent [req-b7035d91-b170-490f-b332-91ee3beb3fae req-fdf1733b-0bdc-4739-b91a-3a4377ad670c service neutron] Port 4ee84a4f-eb8d-48cb-9781-a5fe5f6db214 on network d9ee53df-568a-4162-9503-7668f4c2ba6f not bound, no agent of type Open vSwitch agent registered on host hv-cinder-81574 {{(pid=101584) bind_port /opt/stack/neutron/neutron/plugins/ml2/drivers/mech_agent.py:103}}
Oct 28 12:11:06.351253 dv-cinder-815746-2-smb neutron-server[101584]: DEBUG neutron.plugins.ml2.drivers.mech_agent [req-b7035d91-b170-490f-b332-91ee3beb3fae req-fdf1733b-0bdc-4739-b91a-3a4377ad670c service neutron] Attempting to bind port 4ee84a4f-eb8d-48cb-9781-a5fe5f6db214 on network d9ee53df-568a-4162-9503-7668f4c2ba6f {{(pid=101584) bind_port /opt/stack/neutron/neutron/plugins/ml2/drivers/mech_agent.py:91}}
Oct 28 12:11:06.360324 dv-cinder-815746-2-smb neutron-server[101584]: DEBUG neutron.plugins.ml2.drivers.mech_agent [req-b7035d91-b170-490f-b332-91ee3beb3fae req-fdf1733b-0bdc-4739-b91a-3a4377ad670c service neutron] Checking agent: {'id': '36a51312-8b55-4b37-a247-cfee45691c82', 'agent_type': 'HyperV agent', 'binary': 'neutron-hyperv-agent', 'topic': 'N/A', 'host': 'hv-cinder-81574', 'admin_state_up': True, 'created_at': datetime.datetime(2021, 10, 28, 12, 8, 34), 'started_at': datetime.datetime(2021, 10, 28, 12, 8, 34), 'heartbeat_timestamp': datetime.datetime(2021, 10, 28, 12, 11, 4), 'description': None, 'resources_synced': None, 'availability_zone': None, 'alive': True, 'configurations': {'vswitch_mappings': {'physnet1$': 'br-data'}}, 'resource_versions': {}} {{(pid=101584) bind_port /opt/stack/neutron/neutron/plugins/ml2/drivers/mech_agent.py:110}}
Oct 28 12:11:06.360999 dv-cinder-815746-2-smb neutron-server[101584]: DEBUG neutron.plugins.ml2.drivers.mech_agent [req-b7035d91-b170-490f-b332-91ee3beb3fae req-fdf1733b-0bdc-4739-b91a-3a4377ad670c service neutron] Checking segment: {'id': 'c1532797-02c1-41e2-975f-842e243ee1da', 'network_type': 'vlan', 'physical_network': 'physnet1', 'segmentation_id': 1281, 'network_id': 'd9ee53df-568a-4162-9503-7668f4c2ba6f'} for mappings: {'physnet1$': 'br-data'} with network types: ['local', 'flat', 'vlan'] {{(pid=101584) check_segment_for_agent /opt/stack/neutron/neutron/plugins/ml2/drivers/mech_agent.py:358}}
Oct 28 12:11:06.361587 dv-cinder-815746-2-smb neutron-server[101584]: DEBUG neutron.plugins.ml2.drivers.mech_agent [req-b7035d91-b170-490f-b332-91ee3beb3fae req-fdf1733b-0bdc-4739-b91a-3a4377ad670c service neutron] Bound using segment: {'id': 'c1532797-02c1-41e2-975f-842e243ee1da', 'network_type': 'vlan', 'physical_network': 'physnet1', 'segmentation_id': 1281, 'network_id': 'd9ee53df-568a-4162-9503-7668f4c2ba6f'} {{(pid=101584) bind_port /opt/stack/neutron/neutron/plugins/ml2/drivers/mech_agent.py:120}}
Oct 28 12:11:06.362254 dv-cinder-815746-2-smb neutron-server[101584]: DEBUG neutron.plugins.ml2.managers [req-b7035d91-b170-490f-b332-91ee3beb3fae req-fdf1733b-0bdc-4739-b91a-3a4377ad670c service neutron] Bound port: 4ee84a4f-eb8d-48cb-9781-a5fe5f6db214, host: hv-cinder-81574, vif_type: hyperv, vif_details: {"connectivity": "legacy", "port_filter": false}, binding_levels: [{'bound_driver': 'hyperv', 'bound_segment': {'id': 'c1532797-02c1-41e2-975f-842e243ee1da', 'network_type': 'vlan', 'physical_network': 'physnet1', 'segmentation_id': 1281, 'network_id': 'd9ee53df-568a-4162-9503-7668f4c2ba6f'}}] {{(pid=101584) _bind_port_level /opt/stack/neutron/neutron/plugins/ml2/managers.py:933}}
Oct 28 12:11:06.364212 dv-cinder-815746-2-smb neutron-server[101584]: DEBUG neutron_lib.callbacks.manager [req-b7035d91-b170-490f-b332-91ee3beb3fae req-fdf1733b-0bdc-4739-b91a-3a4377ad670c service neutron] Publish callbacks ['neutron.plugins.ml2.plugin.SecurityGroupDbMixin._ensure_default_security_group_handler-567519'] for port, before_update {{(pid=101584) _notify_loop /usr/local/lib/python3.8/dist-packages/neutron_lib/callbacks/manager.py:175}}
Oct 28 12:11:06.428057 dv-cinder-815746-2-smb neutron-server[101583]: INFO neutron.wsgi [req-079b7f56-ff6a-4651-87cc-b5219b650830 req-4bbc0d4b-9cef-4150-bdde-edd85c0bb929 service neutron] 10.222.0.52 "GET /v2.0/networks/c7c00918-48ba-4558-84d7-3f4dec73bcec?fields=segments HTTP/1.1" status: 200 len: 212 time: 0.4821832
Oct 28 12:11:06.512893 dv-cinder-815746-2-smb neutron-server[101584]: DEBUG neutron.plugins.ml2.db [req-b7035d91-b170-490f-b332-91ee3beb3fae req-fdf1733b-0bdc-4739-b91a-3a4377ad670c service neutron] For port 4ee84a4f-eb8d-48cb-9781-a5fe5f6db214, host hv-cinder-81574, cleared binding levels {{(pid=101584) clear_binding_levels /opt/stack/neutron/neutron/plugins/ml2/db.py:87}}
Oct 28 12:11:06.518520 dv-cinder-815746-2-smb neutron-server[101584]: DEBUG neutron.plugins.ml2.db [req-b7035d91-b170-490f-b332-91ee3beb3fae req-fdf1733b-0bdc-4739-b91a-3a4377ad670c service neutron] For port 4ee84a4f-eb8d-48cb-9781-a5fe5f6db214, host hv-cinder-81574, set binding levels [PortBindingLevel(driver='hyperv',host='hv-cinder-81574',level=0,port_id=4ee84a4f-eb8d-48cb-9781-a5fe5f6db214,segment=NetworkSegment(c1532797-02c1-41e2-975f-842e243ee1da),segment_id=c1532797-02c1-41e2-975f-842e243ee1da)] {{(pid=101584) set_binding_levels /opt/stack/neutron/neutron/plugins/ml2/db.py:59}}
Oct 28 12:11:06.525126 dv-cinder-815746-2-smb neutron-server[101584]: DEBUG neutron_lib.callbacks.manager [req-b7035d91-b170-490f-b332-91ee3beb3fae req-fdf1733b-0bdc-4739-b91a-3a4377ad670c service neutron] Publish callbacks ['neutron.plugins.ml2.plugin.SecurityGroupServerNotifierRpcMixin._notify_sg_on_port_change-567475', 'neutron.plugins.ml2.ovo_rpc._ObjectChangeHandler.handle_event-59022', 'neutron.api.rpc.agentnotifiers.dhcp_rpc_agent_api.DhcpAgentNotifyAPI._native_event_send_dhcp_notification-1812610', 'neutron.db.l3_db.L3RpcNotifierMixin._notify_gateway_port_ip_changed-8762472851438', 'neutron.db.l3_dvrscheduler_db._notify_l3_agent_port_update-8762472370800', 'neutron.db.l3_hascheduler_db._notify_l3_agent_ha_port_update-8762472370818', 'neutron.services.segments.plugin.NovaSegmentNotifier._notify_port_updated-133579675'] for port, after_update {{(pid=101584) _notify_loop /usr/local/lib/python3.8/dist-packages/neutron_lib/callbacks/manager.py:175}}
Oct 28 12:11:06.570085 dv-cinder-815746-2-smb neutron-server[101584]: DEBUG neutron.pecan_wsgi.hooks.policy_enforcement [req-b7035d91-b170-490f-b332-91ee3beb3fae req-fdf1733b-0bdc-4739-b91a-3a4377ad670c service neutron] Attributes excluded by policy engine: ['standard_attr_id'] {{(pid=101584) _exclude_attributes_by_policy /opt/stack/neutron/neutron/pecan_wsgi/hooks/policy_enforcement.py:255}}
Oct 28 12:11:06.571322 dv-cinder-815746-2-smb neutron-server[101584]: DEBUG neutron_lib.callbacks.manager [req-b7035d91-b170-490f-b332-91ee3beb3fae req-fdf1733b-0bdc-4739-b91a-3a4377ad670c service neutron] Publish callbacks ['neutron.notifiers.nova.Notifier._send_nova_notification-11941', 'neutron.api.rpc.agentnotifiers.dhcp_rpc_agent_api.DhcpAgentNotifyAPI._send_dhcp_notification-1812624'] for port, before_response {{(pid=101584) _notify_loop /usr/local/lib/python3.8/dist-packages/neutron_lib/callbacks/manager.py:175}}
Oct 28 12:11:06.573463 dv-cinder-815746-2-smb neutron-server[101584]: INFO neutron.wsgi [req-b7035d91-b170-490f-b332-91ee3beb3fae req-fdf1733b-0bdc-4739-b91a-3a4377ad670c service neutron] 10.222.0.52 "PUT /v2.0/ports/4ee84a4f-eb8d-48cb-9781-a5fe5f6db214 HTTP/1.1" status: 200 len: 1094 time: 1.6105413
Oct 28 12:11:06.575711 dv-cinder-815746-2-smb neutron-server[101584]: DEBUG neutron.notifiers.nova [-] Sending events: [{'name': 'network-changed', 'server_uuid': 'e394af2c-37a4-43b0-826c-89579a80c8c0', 'tag': '4ee84a4f-eb8d-48cb-9781-a5fe5f6db214'}] {{(pid=101584) send_events /opt/stack/neutron/neutron/notifiers/nova.py:262}}
Oct 28 12:11:06.589731 dv-cinder-815746-2-smb neutron-server[101584]: DEBUG novaclient.v2.client [-] REQ: curl -g -i --cacert "/opt/stack/data/ca-bundle.pem" -X POST http://10.222.0.102/compute/v2.1/os-server-external-events -H "Accept: application/json" -H "Content-Type: application/json" -H "User-Agent: python-novaclient" -H "X-Auth-Token: {SHA256}4da78fce29324d2280678419ed1057f13b31d7a30934ac992c786de3a04c71c6" -H "X-OpenStack-Nova-API-Version: 2.1" -H "X-OpenStack-Request-ID: req-75896075-15db-40ad-9079-5ee6db73fe40" -d '{"events": [{"name": "network-changed", "server_uuid": "e394af2c-37a4-43b0-826c-89579a80c8c0", "tag": "4ee84a4f-eb8d-48cb-9781-a5fe5f6db214"}]}' {{(pid=101584) _http_log_request /usr/local/lib/python3.8/dist-packages/keystoneauth1/session.py:519}}
Oct 28 12:11:06.606401 dv-cinder-815746-2-smb neutron-server[101583]: INFO neutron.wsgi [req-e21492b5-0de2-48b5-a733-1c60f9af568e req-e084b39e-5786-4dda-973c-834b9ad1920e tempest-ServerRescueNegativeTestJSON-1088203379 tempest-ServerRescueNegativeTestJSON-1088203379-project] 10.222.0.102 "GET /v2.0/security-groups?id=337b2af5-a9f7-43aa-a0b8-5773d0e51a2a&fields=id&fields=name HTTP/1.1" status: 200 len: 286 time: 0.2812657
Oct 28 12:11:06.755209 dv-cinder-815746-2-smb neutron-server[101583]: INFO neutron.wsgi [req-079b7f56-ff6a-4651-87cc-b5219b650830 req-38a42c25-4426-48ae-af5c-edb43a5d3bf6 service neutron] 10.222.0.52 "GET /v2.0/networks/c7c00918-48ba-4558-84d7-3f4dec73bcec?fields=provider%3Aphysical_network&fields=provider%3Anetwork_type HTTP/1.1" status: 200 len: 281 time: 0.3140347
Oct 28 12:11:06.769523 dv-cinder-815746-2-smb neutron-server[101584]: DEBUG novaclient.v2.client [-] RESP: [200] Connection: close Content-Length: 179 Content-Type: application/json Date: Thu, 28 Oct 2021 12:11:06 GMT OpenStack-API-Version: compute 2.1 Server: Apache/2.4.41 (Ubuntu) Vary: OpenStack-API-Version,X-OpenStack-Nova-API-Version X-OpenStack-Nova-API-Version: 2.1 x-compute-request-id: req-89db97cd-2ad9-416c-a9d9-d086d0e654a6 x-openstack-request-id: req-89db97cd-2ad9-416c-a9d9-d086d0e654a6 {{(pid=101584) _http_log_response /usr/local/lib/python3.8/dist-packages/keystoneauth1/session.py:550}}
Oct 28 12:11:06.770093 dv-cinder-815746-2-smb neutron-server[101584]: DEBUG novaclient.v2.client [-] RESP BODY: {"events": [{"name": "network-changed", "server_uuid": "e394af2c-37a4-43b0-826c-89579a80c8c0", "tag": "4ee84a4f-eb8d-48cb-9781-a5fe5f6db214", "status": "completed", "code": 200}]} {{(pid=101584) _http_log_response /usr/local/lib/python3.8/dist-packages/keystoneauth1/session.py:582}}
Oct 28 12:11:06.770492 dv-cinder-815746-2-smb neutron-server[101584]: DEBUG novaclient.v2.client [-] POST call to compute for http://10.222.0.102/compute/v2.1/os-server-external-events used request id req-89db97cd-2ad9-416c-a9d9-d086d0e654a6 {{(pid=101584) request /usr/local/lib/python3.8/dist-packages/keystoneauth1/session.py:954}}
Oct 28 12:11:06.771036 dv-cinder-815746-2-smb neutron-server[101584]: INFO neutron.notifiers.nova [-] Nova event response: {'name': 'network-changed', 'server_uuid': 'e394af2c-37a4-43b0-826c-89579a80c8c0', 'tag': '4ee84a4f-eb8d-48cb-9781-a5fe5f6db214', 'status': 'completed', 'code': 200}
Oct 28 12:11:06.984842 dv-cinder-815746-2-smb neutron-server[101583]: DEBUG neutron.wsgi [-] (101583) accepted ('10.222.0.102', 42500) {{(pid=101583) server /usr/local/lib/python3.8/dist-packages/eventlet/wsgi.py:982}}
Oct 28 12:11:06.998652 dv-cinder-815746-2-smb neutron-server[101584]: DEBUG neutron.pecan_wsgi.hooks.policy_enforcement [req-b7035d91-b170-490f-b332-91ee3beb3fae req-0f5f563f-da45-4868-912e-cffca9faf7ea service neutron] Attributes excluded by policy engine: ['standard_attr_id'] {{(pid=101584) _exclude_attributes_by_policy /opt/stack/neutron/neutron/pecan_wsgi/hooks/policy_enforcement.py:255}}
