Oct 28 12:10:55.595241 dv-cinder-815746-2-smb neutron-server[101585]: DEBUG neutron.db.l3_hamode_db [None req-2c2dd311-20ea-43e2-8eea-f74b8eaf46f8 None None] neutron.services.l3_router.l3_router_plugin.L3RouterPlugin method _process_sync_ha_data called with arguments (, [{'id': '726da634-4d42-4584-88e4-8355e46ef991', 'name': 'tempest-AttachVolumeTestJSON-697949774-router', 'tenant_id': '98cb7064714c4351ad522c13dd6d886f', 'admin_state_up': True, 'status': 'ACTIVE', 'external_gateway_info': {'network_id': '7ec07a47-f580-40c5-8043-7b907e0cdf2d', 'external_fixed_ips': [{'subnet_id': 'd02f825f-a336-4952-9869-50eeb79252f2', 'ip_address': '172.28.3.87'}], 'enable_snat': True}, 'gw_port_id': '39972d1d-2ac3-47fa-83cc-79fe78a63d74', 'description': '', 'availability_zones': ['nova'], 'distributed': False, 'ha': False, 'ha_vr_id': 0, 'availability_zone_hints': [], 'routes': [], 'flavor_id': None, 'tags': [], 'created_at': '2021-10-28T12:10:29Z', 'updated_at': '2021-10-28T12:10:45Z', 'revision_number': 4, 'project_id': '98cb7064714c4351ad522c13dd6d886f', 'gw_port': {'id': '39972d1d-2ac3-47fa-83cc-79fe78a63d74', 'name': '', 'network_id': '7ec07a47-f580-40c5-8043-7b907e0cdf2d', 'tenant_id': '', 'mac_address': 'fa:16:3e:fa:02:df', 'admin_state_up': True, 'status': 'ACTIVE', 'device_id': '726da634-4d42-4584-88e4-8355e46ef991', 'device_owner': 'network:router_gateway', 'standard_attr_id': 101, 'fixed_ips': [{'subnet_id': 'd02f825f-a336-4952-9869-50eeb79252f2', 'ip_address': '172.28.3.87', 'prefixlen': 24}], 'allowed_address_pairs': [], 'extra_dhcp_opts': [], 'security_groups': [], 'description': '', 'binding:vnic_type': 'normal', 'binding:profile': {}, 'binding:host_id': 'dv-cinder-815746-2-smb', 'binding:vif_type': 'ovs', 'binding:vif_details': {'connectivity': 'l2', 'port_filter': True, 'ovs_hybrid_plug': False, 'datapath_type': 'system', 'bridge_name': 'br-int'}, 'port_security_enabled': False, 'tags': [], 'created_at': '2021-10-28T12:10:31Z', 'updated_at': '2021-10-28T12:10:49Z', 'revision_number': 4, 'project_id': '', 'subnets': [{'id': 'd02f825f-a336-4952-9869-50eeb79252f2', 'cidr': '172.28.3.0/24', 'gateway_ip': '172.28.3.1', 'dns_nameservers': [], 'ipv6_ra_mode': None, 'subnetpool_id': None}], 'extra_subnets': [], 'address_scopes': {4: None, 6: None}, 'mtu': 1500}, 'enable_snat': True, 'gw_port_host': 'dv-cinder-815746-2-smb', '_interfaces': [{'id': '4a7e7c1d-ed9a-4d6e-a160-5a8f72b82eab', 'name': '', 'network_id': 'c7c00918-48ba-4558-84d7-3f4dec73bcec', 'tenant_id': '98cb7064714c4351ad522c13dd6d886f', 'mac_address': 'fa:16:3e:7e:bd:57', 'admin_state_up': True, 'status': 'DOWN', 'device_id': '726da634-4d42-4584-88e4-8355e46ef991', 'device_owner': 'network:router_interface', 'standard_attr_id': 115, 'fixed_ips': [{'subnet_id': 'fa5e4589-ff02-4c96-b1dd-892d482755b3', 'ip_address': '172.20.0.1', 'prefixlen': 28}], 'allowed_address_pairs': [], 'extra_dhcp_opts': [], 'security_groups': [], 'description': '', 'binding:vnic_type': 'normal', 'binding:profile': {}, 'binding:host_id': 'dv-cinder-815746-2-smb', 'binding:vif_type': 'ovs', 'binding:vif_details': {'connectivity': 'l2', 'port_filter': True, 'ovs_hybrid_plug': False, 'datapath_type': 'system', 'bridge_name': 'br-int'}, 'port_security_enabled': False, 'tags': [], 'created_at': '2021-10-28T12:10:42Z', 'updated_at': '2021-10-28T12:10:54Z', 'revision_number': 4, 'project_id': '98cb7064714c4351ad522c13dd6d886f', 'subnets': [{'id': 'fa5e4589-ff02-4c96-b1dd-892d482755b3', 'cidr': '172.20.0.0/28', 'gateway_ip': '172.20.0.1', 'dns_nameservers': [], 'ipv6_ra_mode': None, 'subnetpool_id': None}], 'extra_subnets': [], 'address_scopes': {4: None, 6: None}, 'mtu': 1500}]}], 'dv-cinder-815746-2-smb', False) {} {{(pid=101585) wrapper /usr/local/lib/python3.8/dist-packages/oslo_log/helpers.py:65}}
Oct 28 12:10:55.633563 dv-cinder-815746-2-smb neutron-server[101585]: DEBUG neutron.api.rpc.handlers.l3_rpc [None req-2c2dd311-20ea-43e2-8eea-f74b8eaf46f8 None None] The sync data for ids ['726da634-4d42-4584-88e4-8355e46ef991'] in dv-cinder-815746-2-smb is: [{'id': '726da634-4d42-4584-88e4-8355e46ef991', 'name': 'tempest-AttachVolumeTestJSON-697949774-router', 'tenant_id': '98cb7064714c4351ad522c13dd6d886f', 'admin_state_up': True, 'status': 'ACTIVE', 'external_gateway_info': {'network_id': '7ec07a47-f580-40c5-8043-7b907e0cdf2d', 'external_fixed_ips': [{'subnet_id': 'd02f825f-a336-4952-9869-50eeb79252f2', 'ip_address': '172.28.3.87'}], 'enable_snat': True}, 'gw_port_id': '39972d1d-2ac3-47fa-83cc-79fe78a63d74', 'description': '', 'availability_zones': ['nova'], 'distributed': False, 'ha': False, 'ha_vr_id': 0, 'availability_zone_hints': [], 'routes': [], 'flavor_id': None, 'tags': [], 'created_at': '2021-10-28T12:10:29Z', 'updated_at': '2021-10-28T12:10:45Z', 'revision_number': 4, 'project_id': '98cb7064714c4351ad522c13dd6d886f', 'gw_port': {'id': '39972d1d-2ac3-47fa-83cc-79fe78a63d74', 'name': '', 'network_id': '7ec07a47-f580-40c5-8043-7b907e0cdf2d', 'tenant_id': '', 'mac_address': 'fa:16:3e:fa:02:df', 'admin_state_up': True, 'status': 'ACTIVE', 'device_id': '726da634-4d42-4584-88e4-8355e46ef991', 'device_owner': 'network:router_gateway', 'standard_attr_id': 101, 'fixed_ips': [{'subnet_id': 'd02f825f-a336-4952-9869-50eeb79252f2', 'ip_address': '172.28.3.87', 'prefixlen': 24}], 'allowed_address_pairs': [], 'extra_dhcp_opts': [], 'security_groups': [], 'description': '', 'binding:vnic_type': 'normal', 'binding:profile': {}, 'binding:host_id': 'dv-cinder-815746-2-smb', 'binding:vif_type': 'ovs', 'binding:vif_details': {'connectivity': 'l2', 'port_filter': True, 'ovs_hybrid_plug': False, 'datapath_type': 'system', 'bridge_name': 'br-int'}, 'port_security_enabled': False, 'tags': [], 'created_at': '2021-10-28T12:10:31Z', 'updated_at': '2021-10-28T12:10:49Z', 'revision_number': 4, 'project_id': '', 'subnets': [{'id': 'd02f825f-a336-4952-9869-50eeb79252f2', 'cidr': '172.28.3.0/24', 'gateway_ip': '172.28.3.1', 'dns_nameservers': [], 'ipv6_ra_mode': None, 'subnetpool_id': None}], 'extra_subnets': [], 'address_scopes': {4: None, 6: None}, 'mtu': 1500}, 'enable_snat': True, 'gw_port_host': 'dv-cinder-815746-2-smb', '_interfaces': [{'id': '4a7e7c1d-ed9a-4d6e-a160-5a8f72b82eab', 'name': '', 'network_id': 'c7c00918-48ba-4558-84d7-3f4dec73bcec', 'tenant_id': '98cb7064714c4351ad522c13dd6d886f', 'mac_address': 'fa:16:3e:7e:bd:57', 'admin_state_up': True, 'status': 'DOWN', 'device_id': '726da634-4d42-4584-88e4-8355e46ef991', 'device_owner': 'network:router_interface', 'standard_attr_id': 115, 'fixed_ips': [{'subnet_id': 'fa5e4589-ff02-4c96-b1dd-892d482755b3', 'ip_address': '172.20.0.1', 'prefixlen': 28}], 'allowed_address_pairs': [], 'extra_dhcp_opts': [], 'security_groups': [], 'description': '', 'binding:vnic_type': 'normal', 'binding:profile': {}, 'binding:host_id': 'dv-cinder-815746-2-smb', 'binding:vif_type': 'ovs', 'binding:vif_details': {'connectivity': 'l2', 'port_filter': True, 'ovs_hybrid_plug': False, 'datapath_type': 'system', 'bridge_name': 'br-int'}, 'port_security_enabled': False, 'tags': [], 'created_at': '2021-10-28T12:10:42Z', 'updated_at': '2021-10-28T12:10:54Z', 'revision_number': 4, 'project_id': '98cb7064714c4351ad522c13dd6d886f', 'subnets': [{'id': 'fa5e4589-ff02-4c96-b1dd-892d482755b3', 'cidr': '172.20.0.0/28', 'gateway_ip': '172.20.0.1', 'dns_nameservers': [], 'ipv6_ra_mode': None, 'subnetpool_id': None}], 'extra_subnets': [], 'address_scopes': {4: None, 6: None}, 'mtu': 1500}]}] {{(pid=101585) sync_routers /opt/stack/neutron/neutron/api/rpc/handlers/l3_rpc.py:137}}
Oct 28 12:10:55.671299 dv-cinder-815746-2-smb neutron-server[101583]: DEBUG neutron.api.rpc.handlers.resources_rpc [None req-412bd5ba-d06e-458b-a6c8-2468f72307bf tempest-AttachVolumeTestJSON-1280639218 tempest-AttachVolumeTestJSON-1280639218-project] Pushing event updated for resources: {'Port': ['ID=8959f8cb-ff58-4ab9-846c-b0949b62b568,revision_number=1']} {{(pid=101583) push /opt/stack/neutron/neutron/api/rpc/handlers/resources_rpc.py:237}}
Oct 28 12:10:55.725224 dv-cinder-815746-2-smb neutron-server[101585]: DEBUG neutron.api.rpc.handlers.resources_rpc [None req-20646dbb-5f56-450b-96a4-3f7a6addfd13 None None] Pushing event updated for resources: {'Port': ['ID=e6c949cc-500c-498a-9606-92f5d129bff8,revision_number=4']} {{(pid=101585) push /opt/stack/neutron/neutron/api/rpc/handlers/resources_rpc.py:237}}
Oct 28 12:10:55.837747 dv-cinder-815746-2-smb neutron-server[101585]: DEBUG neutron.api.rpc.handlers.resources_rpc [None req-eb941277-3e73-453e-a82c-afa777d3d528 None None] Pushing event updated for resources: {'Port': ['ID=4a7e7c1d-ed9a-4d6e-a160-5a8f72b82eab,revision_number=5']} {{(pid=101585) push /opt/stack/neutron/neutron/api/rpc/handlers/resources_rpc.py:237}}
Oct 28 12:10:55.840990 dv-cinder-815746-2-smb neutron-server[101585]: DEBUG neutron.plugins.ml2.db [None req-20646dbb-5f56-450b-96a4-3f7a6addfd13 None None] get_ports_and_sgs() called for port_ids ['e6c949cc-500c-498a-9606-92f5d129bff8'] {{(pid=101585) get_ports_and_sgs /opt/stack/neutron/neutron/plugins/ml2/db.py:156}}
Oct 28 12:10:55.988843 dv-cinder-815746-2-smb neutron-server[101583]: DEBUG neutron_lib.callbacks.manager [None req-412bd5ba-d06e-458b-a6c8-2468f72307bf tempest-AttachVolumeTestJSON-1280639218 tempest-AttachVolumeTestJSON-1280639218-project] Publish callbacks [] for floatingip, precommit_create {{(pid=101583) _notify_loop /usr/local/lib/python3.8/dist-packages/neutron_lib/callbacks/manager.py:175}}
Oct 28 12:10:56.049331 dv-cinder-815746-2-smb neutron-server[101583]: DEBUG neutron_lib.callbacks.manager [None req-412bd5ba-d06e-458b-a6c8-2468f72307bf tempest-AttachVolumeTestJSON-1280639218 tempest-AttachVolumeTestJSON-1280639218-project] Publish callbacks ['neutron.plugins.ml2.plugin.SecurityGroupDbMixin._ensure_default_security_group_handler-567519'] for port, before_update {{(pid=101583) _notify_loop /usr/local/lib/python3.8/dist-packages/neutron_lib/callbacks/manager.py:175}}
Oct 28 12:10:56.114469 dv-cinder-815746-2-smb neutron-server[101584]: DEBUG neutron_lib.callbacks.manager [req-c4090c9e-34dd-47ba-8fac-9d581428f5e7 req-d93453f3-6e0f-4613-ad22-092741f21f22 tempest-ServerRescueNegativeTestJSON-1088203379 tempest-ServerRescueNegativeTestJSON-1088203379-project] Publish callbacks [] for port, precommit_create {{(pid=101584) _notify_loop /usr/local/lib/python3.8/dist-packages/neutron_lib/callbacks/manager.py:175}}
Oct 28 12:10:56.131087 dv-cinder-815746-2-smb neutron-server[101584]: DEBUG neutron_lib.callbacks.manager [None req-a8954cdf-0af2-4bfb-9644-7435d069d978 tempest-AttachVolumeShelveTestJSON-1699252668 tempest-AttachVolumeShelveTestJSON-1699252668-project] Publish callbacks [] for port, precommit_create {{(pid=101584) _notify_loop /usr/local/lib/python3.8/dist-packages/neutron_lib/callbacks/manager.py:175}}
Oct 28 12:10:56.175749 dv-cinder-815746-2-smb neutron-server[101584]: DEBUG neutron.pecan_wsgi.hooks.policy_enforcement [req-a03e30bf-fb58-41af-90fb-3afa3a440e26 req-c59a1d11-ec7d-4c2b-ae6e-244a84211a40 tempest-DeleteServersTestJSON-577326528 tempest-DeleteServersTestJSON-577326528-project] Attributes excluded by policy engine: ['standard_attr_id', 'binding:profile', 'binding:host_id', 'binding:vif_type', 'binding:vif_details'] {{(pid=101584) _exclude_attributes_by_policy /opt/stack/neutron/neutron/pecan_wsgi/hooks/policy_enforcement.py:255}}
Oct 28 12:10:56.181536 dv-cinder-815746-2-smb neutron-server[101584]: INFO neutron.wsgi [req-a03e30bf-fb58-41af-90fb-3afa3a440e26 req-c59a1d11-ec7d-4c2b-ae6e-244a84211a40 tempest-DeleteServersTestJSON-577326528 tempest-DeleteServersTestJSON-577326528-project] 10.222.0.102 "GET /v2.0/ports?device_id=168d97ea-cf1c-4b54-a700-24ca0a0b721b HTTP/1.1" status: 200 len: 944 time: 0.2299190
Oct 28 12:10:56.326478 dv-cinder-815746-2-smb neutron-server[101584]: INFO neutron.wsgi [req-a03e30bf-fb58-41af-90fb-3afa3a440e26 req-36a79542-dc71-4199-a52e-537697f32f14 tempest-DeleteServersTestJSON-577326528 tempest-DeleteServersTestJSON-577326528-project] 10.222.0.102 "GET /v2.0/security-groups?id=d166e957-8c2f-4beb-a25c-5a04e7610f54&fields=id&fields=name HTTP/1.1" status: 200 len: 286 time: 0.1248550
Oct 28 12:10:56.328010 dv-cinder-815746-2-smb neutron-server[101584]: DEBUG neutron_lib.callbacks.manager [req-c4090c9e-34dd-47ba-8fac-9d581428f5e7 req-d93453f3-6e0f-4613-ad22-092741f21f22 tempest-ServerRescueNegativeTestJSON-1088203379 tempest-ServerRescueNegativeTestJSON-1088203379-project] Publish callbacks ['neutron.plugins.ml2.plugin.SecurityGroupServerNotifierRpcMixin._notify_sg_on_port_change-567475', 'neutron.plugins.ml2.ovo_rpc._ObjectChangeHandler.handle_event-59022', 'neutron.api.rpc.agentnotifiers.dhcp_rpc_agent_api.DhcpAgentNotifyAPI._native_event_send_dhcp_notification-1812610', 'neutron.db.l3_dvrscheduler_db._notify_l3_agent_new_port-8762472370782', 'neutron.services.segments.plugin.NovaSegmentNotifier._notify_port_created_or_deleted-133579616'] for port, after_create {{(pid=101584) _notify_loop /usr/local/lib/python3.8/dist-packages/neutron_lib/callbacks/manager.py:175}}
Oct 28 12:10:56.375442 dv-cinder-815746-2-smb neutron-server[101584]: DEBUG neutron_lib.callbacks.manager [None req-a8954cdf-0af2-4bfb-9644-7435d069d978 tempest-AttachVolumeShelveTestJSON-1699252668 tempest-AttachVolumeShelveTestJSON-1699252668-project] Publish callbacks ['neutron.plugins.ml2.plugin.SecurityGroupServerNotifierRpcMixin._notify_sg_on_port_change-567475', 'neutron.plugins.ml2.ovo_rpc._ObjectChangeHandler.handle_event-59022', 'neutron.api.rpc.agentnotifiers.dhcp_rpc_agent_api.DhcpAgentNotifyAPI._native_event_send_dhcp_notification-1812610', 'neutron.db.l3_dvrscheduler_db._notify_l3_agent_new_port-8762472370782', 'neutron.services.segments.plugin.NovaSegmentNotifier._notify_port_created_or_deleted-133579616'] for port, after_create {{(pid=101584) _notify_loop /usr/local/lib/python3.8/dist-packages/neutron_lib/callbacks/manager.py:175}}
Oct 28 12:10:56.421025 dv-cinder-815746-2-smb neutron-server[101583]: DEBUG neutron_lib.callbacks.manager [None req-412bd5ba-d06e-458b-a6c8-2468f72307bf tempest-AttachVolumeTestJSON-1280639218 tempest-AttachVolumeTestJSON-1280639218-project] Publish callbacks [] for port, precommit_update {{(pid=101583) _notify_loop /usr/local/lib/python3.8/dist-packages/neutron_lib/callbacks/manager.py:175}}
Oct 28 12:10:56.428778 dv-cinder-815746-2-smb neutron-server[101583]: DEBUG neutron_lib.callbacks.manager [None req-412bd5ba-d06e-458b-a6c8-2468f72307bf tempest-AttachVolumeTestJSON-1280639218 tempest-AttachVolumeTestJSON-1280639218-project] Publish callbacks ['neutron.plugins.ml2.plugin.SecurityGroupServerNotifierRpcMixin._notify_sg_on_port_change-567475', 'neutron.plugins.ml2.ovo_rpc._ObjectChangeHandler.handle_event-59022', 'neutron.api.rpc.agentnotifiers.dhcp_rpc_agent_api.DhcpAgentNotifyAPI._native_event_send_dhcp_notification-1812610', 'neutron.db.l3_db.L3RpcNotifierMixin._notify_gateway_port_ip_changed-8762472851438', 'neutron.db.l3_dvrscheduler_db._notify_l3_agent_port_update-8762472370800', 'neutron.db.l3_hascheduler_db._notify_l3_agent_ha_port_update-8762472370818', 'neutron.services.segments.plugin.NovaSegmentNotifier._notify_port_updated-130913055'] for port, after_update {{(pid=101583) _notify_loop /usr/local/lib/python3.8/dist-packages/neutron_lib/callbacks/manager.py:175}}
Oct 28 12:10:56.475640 dv-cinder-815746-2-smb neutron-server[101583]: DEBUG neutron.pecan_wsgi.hooks.policy_enforcement [req-28513430-29d3-49e7-9bc3-662a0aa06983 req-3d24b706-6159-4c66-8fa0-d31d617cdb0a tempest-ServerRescueNegativeTestJSON-1088203379 tempest-ServerRescueNegativeTestJSON-1088203379-project] Attributes excluded by policy engine: ['standard_attr_id', 'binding:profile', 'binding:host_id', 'binding:vif_type', 'binding:vif_details'] {{(pid=101583) _exclude_attributes_by_policy /opt/stack/neutron/neutron/pecan_wsgi/hooks/policy_enforcement.py:255}}
Oct 28 12:10:56.483594 dv-cinder-815746-2-smb neutron-server[101583]: INFO neutron.wsgi [req-28513430-29d3-49e7-9bc3-662a0aa06983 req-3d24b706-6159-4c66-8fa0-d31d617cdb0a tempest-ServerRescueNegativeTestJSON-1088203379 tempest-ServerRescueNegativeTestJSON-1088203379-project] 10.222.0.102 "GET /v2.0/ports?device_id=be250bae-c941-4b62-a8ad-843a618aa722 HTTP/1.1" status: 200 len: 931 time: 0.1773870
Oct 28 12:10:56.571891 dv-cinder-815746-2-smb neutron-server[101583]: DEBUG neutron.api.rpc.handlers.resources_rpc [None req-412bd5ba-d06e-458b-a6c8-2468f72307bf tempest-AttachVolumeTestJSON-1280639218 tempest-AttachVolumeTestJSON-1280639218-project] Pushing event updated for resources: {'Port': ['ID=8959f8cb-ff58-4ab9-846c-b0949b62b568,revision_number=2']} {{(pid=101583) push /opt/stack/neutron/neutron/api/rpc/handlers/resources_rpc.py:237}}
Oct 28 12:10:56.581667 dv-cinder-815746-2-smb neutron-server[101583]: DEBUG neutron_lib.callbacks.manager [None req-412bd5ba-d06e-458b-a6c8-2468f72307bf tempest-AttachVolumeTestJSON-1280639218 tempest-AttachVolumeTestJSON-1280639218-project] Publish callbacks ['neutron.services.l3_router.l3_router_plugin.DVRResourceOperationHandler._create_dvr_floating_gw_port-1675071'] for floatingip, after_create {{(pid=101583) _notify_loop /usr/local/lib/python3.8/dist-packages/neutron_lib/callbacks/manager.py:175}}
Oct 28 12:10:56.599163 dv-cinder-815746-2-smb neutron-server[101583]: INFO neutron.wsgi [req-28513430-29d3-49e7-9bc3-662a0aa06983 req-0a0dd2bf-06a7-46df-9c9c-1641e96f3e98 tempest-ServerRescueNegativeTestJSON-1088203379 tempest-ServerRescueNegativeTestJSON-1088203379-project] 10.222.0.102 "GET /v2.0/security-groups?id=337b2af5-a9f7-43aa-a0b8-5773d0e51a2a&fields=id&fields=name HTTP/1.1" status: 200 len: 286 time: 0.1138475
Oct 28 12:10:56.602730 dv-cinder-815746-2-smb neutron-server[101585]: DEBUG neutron.plugins.ml2.rpc [None req-db7acb1a-a21f-4d1d-9435-babe4362604f None None] Device 4a7e7c1d-ed9a-4d6e-a160-5a8f72b82eab up at agent ovs-agent-dv-cinder-815746-2-smb {{(pid=101585) update_device_up /opt/stack/neutron/neutron/plugins/ml2/rpc.py:296}}
Oct 28 12:10:56.625315 dv-cinder-815746-2-smb neutron-server[101583]: DEBUG neutron_lib.callbacks.manager [None req-412bd5ba-d06e-458b-a6c8-2468f72307bf tempest-AttachVolumeTestJSON-1280639218 tempest-AttachVolumeTestJSON-1280639218-project] Publish callbacks ['neutron.notifiers.nova.Notifier._send_nova_notification-11941'] for floatingip, before_response {{(pid=101583) _notify_loop /usr/local/lib/python3.8/dist-packages/neutron_lib/callbacks/manager.py:175}}
Oct 28 12:10:56.635932 dv-cinder-815746-2-smb neutron-server[101583]: INFO neutron.wsgi [None req-412bd5ba-d06e-458b-a6c8-2468f72307bf tempest-AttachVolumeTestJSON-1280639218 tempest-AttachVolumeTestJSON-1280639218-project] 10.222.0.102 "POST /v2.0/floatingips HTTP/1.1" status: 201 len: 693 time: 2.2661545
Oct 28 12:10:56.636128 dv-cinder-815746-2-smb neutron-server[101584]: DEBUG neutron.scheduler.dhcp_agent_scheduler [None req-a8954cdf-0af2-4bfb-9644-7435d069d978 tempest-AttachVolumeShelveTestJSON-1699252668 tempest-AttachVolumeShelveTestJSON-1699252668-project] Network 7ec07a47-f580-40c5-8043-7b907e0cdf2d is already hosted by enough agents. {{(pid=101584) _get_dhcp_agents_hosting_network /opt/stack/neutron/neutron/scheduler/dhcp_agent_scheduler.py:275}}
Oct 28 12:10:56.645408 dv-cinder-815746-2-smb neutron-server[101584]: DEBUG neutron.scheduler.base_scheduler [None req-a8954cdf-0af2-4bfb-9644-7435d069d978 tempest-AttachVolumeShelveTestJSON-1699252668 tempest-AttachVolumeShelveTestJSON-1699252668-project] Resources bound (agent type, host, resource id): {{(pid=101584) schedule /opt/stack/neutron/neutron/scheduler/base_scheduler.py:57}}
Oct 28 12:10:56.652152 dv-cinder-815746-2-smb neutron-server[101584]: DEBUG neutron.db.l3_dvrscheduler_db [None req-a8954cdf-0af2-4bfb-9644-7435d069d978 tempest-AttachVolumeShelveTestJSON-1699252668 tempest-AttachVolumeShelveTestJSON-1699252668-project] Received port after_create {{(pid=101584) _notify_l3_agent_new_port /opt/stack/neutron/neutron/db/l3_dvrscheduler_db.py:535}}
Oct 28 12:10:56.687215 dv-cinder-815746-2-smb neutron-server[101584]: DEBUG neutron.scheduler.dhcp_agent_scheduler [req-c4090c9e-34dd-47ba-8fac-9d581428f5e7 req-d93453f3-6e0f-4613-ad22-092741f21f22 tempest-ServerRescueNegativeTestJSON-1088203379 tempest-ServerRescueNegativeTestJSON-1088203379-project] Network 090fae3d-4cfc-459b-a2e2-df92eb918c3d is already hosted by enough agents. {{(pid=101584) _get_dhcp_agents_hosting_network /opt/stack/neutron/neutron/scheduler/dhcp_agent_scheduler.py:275}}
Oct 28 12:10:56.688015 dv-cinder-815746-2-smb neutron-server[101584]: DEBUG neutron.api.rpc.handlers.resources_rpc [None req-a8954cdf-0af2-4bfb-9644-7435d069d978 tempest-AttachVolumeShelveTestJSON-1699252668 tempest-AttachVolumeShelveTestJSON-1699252668-project] Pushing event updated for resources: {'Port': ['ID=68fda526-b9a5-48ca-97a8-96f0cfd93a56,revision_number=1']} {{(pid=101584) push /opt/stack/neutron/neutron/api/rpc/handlers/resources_rpc.py:237}}
Oct 28 12:10:56.703392 dv-cinder-815746-2-smb neutron-server[101584]: DEBUG neutron.scheduler.base_scheduler [req-c4090c9e-34dd-47ba-8fac-9d581428f5e7 req-d93453f3-6e0f-4613-ad22-092741f21f22 tempest-ServerRescueNegativeTestJSON-1088203379 tempest-ServerRescueNegativeTestJSON-1088203379-project] Resources bound (agent type, host, resource id): {{(pid=101584) schedule /opt/stack/neutron/neutron/scheduler/base_scheduler.py:57}}
Oct 28 12:10:56.708856 dv-cinder-815746-2-smb neutron-server[101585]: DEBUG neutron.db.provisioning_blocks [None req-db7acb1a-a21f-4d1d-9435-babe4362604f None None] Provisioning complete for port 4a7e7c1d-ed9a-4d6e-a160-5a8f72b82eab triggered by entity L2. {{(pid=101585) provisioning_complete /opt/stack/neutron/neutron/db/provisioning_blocks.py:139}}
Oct 28 12:10:56.709229 dv-cinder-815746-2-smb neutron-server[101585]: DEBUG neutron_lib.callbacks.manager [None req-db7acb1a-a21f-4d1d-9435-babe4362604f None None] Publish callbacks ['neutron.plugins.ml2.plugin.Ml2Plugin._port_provisioned-894319'] for port, provisioning_complete {{(pid=101585) _notify_loop /usr/local/lib/python3.8/dist-packages/neutron_lib/callbacks/manager.py:175}}
Oct 28 12:10:56.731369 dv-cinder-815746-2-smb neutron-server[101584]: DEBUG neutron.db.l3_dvrscheduler_db [req-c4090c9e-34dd-47ba-8fac-9d581428f5e7 req-d93453f3-6e0f-4613-ad22-092741f21f22 tempest-ServerRescueNegativeTestJSON-1088203379 tempest-ServerRescueNegativeTestJSON-1088203379-project] Received port after_create {{(pid=101584) _notify_l3_agent_new_port /opt/stack/neutron/neutron/db/l3_dvrscheduler_db.py:535}}
Oct 28 12:10:56.761643 dv-cinder-815746-2-smb neutron-server[101585]: DEBUG neutron.plugins.ml2.rpc [None req-20646dbb-5f56-450b-96a4-3f7a6addfd13 None None] Device e6c949cc-500c-498a-9606-92f5d129bff8 up at agent hyperv_hv-cinder-81574 {{(pid=101585) update_device_up /opt/stack/neutron/neutron/plugins/ml2/rpc.py:296}}
Oct 28 12:10:56.910221 dv-cinder-815746-2-smb neutron-server[101585]: DEBUG neutron.plugins.ml2.rpc [None req-db7acb1a-a21f-4d1d-9435-babe4362604f None None] Device ed55ff6e-c50b-4134-af8a-fe4a28249bd3 up at agent ovs-agent-dv-cinder-815746-2-smb {{(pid=101585) update_device_up /opt/stack/neutron/neutron/plugins/ml2/rpc.py:296}}
Oct 28 12:10:56.956749 dv-cinder-815746-2-smb neutron-server[101585]: DEBUG neutron.db.provisioning_blocks [None req-20646dbb-5f56-450b-96a4-3f7a6addfd13 None None] Provisioning for port e6c949cc-500c-498a-9606-92f5d129bff8 completed by entity L2. {{(pid=101585) provisioning_complete /opt/stack/neutron/neutron/db/provisioning_blocks.py:133}}
Oct 28 12:10:56.968466 dv-cinder-815746-2-smb neutron-server[101585]: DEBUG neutron.db.provisioning_blocks [None req-20646dbb-5f56-450b-96a4-3f7a6addfd13 None None] Provisioning complete for port e6c949cc-500c-498a-9606-92f5d129bff8 triggered by entity L2. {{(pid=101585) provisioning_complete /opt/stack/neutron/neutron/db/provisioning_blocks.py:139}}
Oct 28 12:10:56.969103 dv-cinder-815746-2-smb neutron-server[101585]: DEBUG neutron_lib.callbacks.manager [None req-20646dbb-5f56-450b-96a4-3f7a6addfd13 None None] Publish callbacks ['neutron.plugins.ml2.plugin.Ml2Plugin._port_provisioned-894319'] for port, provisioning_complete {{(pid=101585) _notify_loop /usr/local/lib/python3.8/dist-packages/neutron_lib/callbacks/manager.py:175}}
Oct 28 12:10:56.983049 dv-cinder-815746-2-smb neutron-server[101584]: DEBUG neutron.pecan_wsgi.hooks.policy_enforcement [req-c4090c9e-34dd-47ba-8fac-9d581428f5e7 req-d93453f3-6e0f-4613-ad22-092741f21f22 tempest-ServerRescueNegativeTestJSON-1088203379 tempest-ServerRescueNegativeTestJSON-1088203379-project] Attributes excluded by policy engine: ['standard_attr_id', 'binding:profile', 'binding:host_id', 'binding:vif_type', 'binding:vif_details', 'network'] {{(pid=101584) _exclude_attributes_by_policy /opt/stack/neutron/neutron/pecan_wsgi/hooks/policy_enforcement.py:255}}
Oct 28 12:10:56.985085 dv-cinder-815746-2-smb neutron-server[101584]: DEBUG neutron_lib.callbacks.manager [req-c4090c9e-34dd-47ba-8fac-9d581428f5e7 req-d93453f3-6e0f-4613-ad22-092741f21f22 tempest-ServerRescueNegativeTestJSON-1088203379 tempest-ServerRescueNegativeTestJSON-1088203379-project] Publish callbacks ['neutron.notifiers.nova.Notifier._send_nova_notification-11941', 'neutron.api.rpc.agentnotifiers.dhcp_rpc_agent_api.DhcpAgentNotifyAPI._send_dhcp_notification-1812624'] for port, before_response {{(pid=101584) _notify_loop /usr/local/lib/python3.8/dist-packages/neutron_lib/callbacks/manager.py:175}}
Oct 28 12:10:56.987655 dv-cinder-815746-2-smb neutron-server[101584]: DEBUG neutron.api.rpc.handlers.resources_rpc [None req-d93453f3-6e0f-4613-ad22-092741f21f22 tempest-ServerRescueNegativeTestJSON-1088203379 tempest-ServerRescueNegativeTestJSON-1088203379-project] Pushing event updated for resources: {'Port': ['ID=eef21767-809c-48bb-8722-81906511d619,revision_number=1']} {{(pid=101584) push /opt/stack/neutron/neutron/api/rpc/handlers/resources_rpc.py:237}}
Oct 28 12:10:57.047152 dv-cinder-815746-2-smb neutron-server[101585]: DEBUG neutron.db.provisioning_blocks [None req-db7acb1a-a21f-4d1d-9435-babe4362604f None None] Provisioning complete for port ed55ff6e-c50b-4134-af8a-fe4a28249bd3 triggered by entity L2. {{(pid=101585) provisioning_complete /opt/stack/neutron/neutron/db/provisioning_blocks.py:139}}
Oct 28 12:10:57.047564 dv-cinder-815746-2-smb neutron-server[101585]: DEBUG neutron_lib.callbacks.manager [None req-db7acb1a-a21f-4d1d-9435-babe4362604f None None] Publish callbacks ['neutron.plugins.ml2.plugin.Ml2Plugin._port_provisioned-894319'] for port, provisioning_complete {{(pid=101585) _notify_loop /usr/local/lib/python3.8/dist-packages/neutron_lib/callbacks/manager.py:175}}
Oct 28 12:10:57.104795 dv-cinder-815746-2-smb neutron-server[101584]: DEBUG neutron.notifiers.nova [req-fc4f2f6a-dd72-42a3-ba91-fe717a78b49b req-ee72b1c0-b93b-49e1-b599-1393a4e90365 service neutron] Ignoring state change previous_port_status: DOWN current_port_status: DOWN port_id 2f686324-55cc-45ef-bba1-d846c7afc628 {{(pid=101584) record_port_status_changed /opt/stack/neutron/neutron/notifiers/nova.py:224}}
Oct 28 12:10:57.118077 dv-cinder-815746-2-smb neutron-server[101585]: DEBUG neutron_lib.callbacks.manager [None req-20646dbb-5f56-450b-96a4-3f7a6addfd13 None None] Publish callbacks ['neutron.plugins.ml2.plugin.SecurityGroupDbMixin._ensure_default_security_group_handler-567519'] for port, before_update {{(pid=101585) _notify_loop /usr/local/lib/python3.8/dist-packages/neutron_lib/callbacks/manager.py:175}}
Oct 28 12:10:57.137952 dv-cinder-815746-2-smb neutron-server[101584]: INFO neutron.wsgi [req-c4090c9e-34dd-47ba-8fac-9d581428f5e7 req-d93453f3-6e0f-4613-ad22-092741f21f22 tempest-ServerRescueNegativeTestJSON-1088203379 tempest-ServerRescueNegativeTestJSON-1088203379-project] 10.222.0.52 "POST /v2.0/ports HTTP/1.1" status: 201 len: 933 time: 2.6235430
Oct 28 12:10:57.139931 dv-cinder-815746-2-smb neutron-server[101584]: DEBUG neutron_lib.callbacks.manager [req-fc4f2f6a-dd72-42a3-ba91-fe717a78b49b req-ee72b1c0-b93b-49e1-b599-1393a4e90365 service neutron] Publish callbacks [] for port, precommit_update {{(pid=101584) _notify_loop /usr/local/lib/python3.8/dist-packages/neutron_lib/callbacks/manager.py:175}}
Oct 28 12:10:57.147948 dv-cinder-815746-2-smb neutron-server[101585]: DEBUG neutron.notifiers.nova [-] Sending events: [{'server_uuid': '168d97ea-cf1c-4b54-a700-24ca0a0b721b', 'name': 'network-vif-plugged', 'status': 'completed', 'tag': 'e6c949cc-500c-498a-9606-92f5d129bff8'}] {{(pid=101585) send_events /opt/stack/neutron/neutron/notifiers/nova.py:262}}
Oct 28 12:10:57.165374 dv-cinder-815746-2-smb neutron-server[101584]: DEBUG neutron.api.v2.base [req-c4090c9e-34dd-47ba-8fac-9d581428f5e7 req-4897f430-85cb-4383-b664-cf24875af43c service neutron] Request body: {'port': {'device_id': 'be250bae-c941-4b62-a8ad-843a618aa722', 'device_owner': 'compute:nova', 'binding:host_id': 'hv-cinder-81574'}} {{(pid=101584) prepare_request_body /opt/stack/neutron/neutron/api/v2/base.py:729}}
Oct 28 12:10:57.174500 dv-cinder-815746-2-smb neutron-server[101584]: INFO neutron.wsgi [req-7fc7f834-74a8-422a-8ddf-68943bfe2df8 req-87fe032e-566d-4fa6-a209-f544a1c64d1a tempest-AttachVolumeTestJSON-1280639218 tempest-AttachVolumeTestJSON-1280639218-project] 10.222.0.102 "GET /v2.0/security-groups?name=tempest-securitygroup--878354186&fields=id&tenant_id=98cb7064714c4351ad522c13dd6d886f HTTP/1.1" status: 200 len: 267 time: 0.3364828
Oct 28 12:10:57.218375 dv-cinder-815746-2-smb neutron-server[101584]: DEBUG neutron_lib.callbacks.manager [None req-a8954cdf-0af2-4bfb-9644-7435d069d978 tempest-AttachVolumeShelveTestJSON-1699252668 tempest-AttachVolumeShelveTestJSON-1699252668-project] Publish callbacks [] for floatingip, precommit_create {{(pid=101584) _notify_loop /usr/local/lib/python3.8/dist-packages/neutron_lib/callbacks/manager.py:175}}
Oct 28 12:10:57.406663 dv-cinder-815746-2-smb neutron-server[101585]: DEBUG neutron.plugins.ml2.db [None req-20646dbb-5f56-450b-96a4-3f7a6addfd13 None None] For port e6c949cc-500c-498a-9606-92f5d129bff8, host hv-cinder-81574, got binding levels [PortBindingLevel(driver='hyperv',host='hv-cinder-81574',level=0,port_id=e6c949cc-500c-498a-9606-92f5d129bff8,segment=NetworkSegment(1e52a21b-b7c7-4340-b1ca-6d0848fa0826),segment_id=1e52a21b-b7c7-4340-b1ca-6d0848fa0826)] {{(pid=101585) get_binding_level_objs /opt/stack/neutron/neutron/plugins/ml2/db.py:74}}
Oct 28 12:10:57.418922 dv-cinder-815746-2-smb neutron-server[101585]: DEBUG neutron_lib.callbacks.manager [None req-20646dbb-5f56-450b-96a4-3f7a6addfd13 None None] Publish callbacks ['neutron.plugins.ml2.plugin.SecurityGroupServerNotifierRpcMixin._notify_sg_on_port_change-567475', 'neutron.plugins.ml2.ovo_rpc._ObjectChangeHandler.handle_event-59022', 'neutron.api.rpc.agentnotifiers.dhcp_rpc_agent_api.DhcpAgentNotifyAPI._native_event_send_dhcp_notification-1812610', 'neutron.db.l3_db.L3RpcNotifierMixin._notify_gateway_port_ip_changed-8762472851438', 'neutron.db.l3_dvrscheduler_db._notify_l3_agent_port_update-8762472370800', 'neutron.db.l3_hascheduler_db._notify_l3_agent_ha_port_update-8762472370818'] for port, after_update {{(pid=101585) _notify_loop /usr/local/lib/python3.8/dist-packages/neutron_lib/callbacks/manager.py:175}}
Oct 28 12:10:57.437247 dv-cinder-815746-2-smb neutron-server[101584]: DEBUG neutron.pecan_wsgi.hooks.policy_enforcement [req-7fc7f834-74a8-422a-8ddf-68943bfe2df8 req-64486fb0-7744-4c0d-ac7b-467d5b212a07 tempest-AttachVolumeTestJSON-1280639218 tempest-AttachVolumeTestJSON-1280639218-project] Attributes excluded by policy engine: ['standard_attr_id', 'vlan_transparent', 'provider:network_type', 'provider:physical_network', 'provider:segmentation_id'] {{(pid=101584) _exclude_attributes_by_policy /opt/stack/neutron/neutron/pecan_wsgi/hooks/policy_enforcement.py:255}}
Oct 28 12:10:57.444366 dv-cinder-815746-2-smb neutron-server[101584]: INFO neutron.wsgi [req-7fc7f834-74a8-422a-8ddf-68943bfe2df8 req-64486fb0-7744-4c0d-ac7b-467d5b212a07 tempest-AttachVolumeTestJSON-1280639218 tempest-AttachVolumeTestJSON-1280639218-project] 10.222.0.102 "GET /v2.0/networks?id=c7c00918-48ba-4558-84d7-3f4dec73bcec HTTP/1.1" status: 200 len: 810 time: 0.2407427
Oct 28 12:10:57.446085 dv-cinder-815746-2-smb neutron-server[101584]: DEBUG neutron.db.provisioning_blocks [req-fc4f2f6a-dd72-42a3-ba91-fe717a78b49b req-ee72b1c0-b93b-49e1-b599-1393a4e90365 service neutron] Transition to ACTIVE for port object 2f686324-55cc-45ef-bba1-d846c7afc628 will not be triggered until provisioned by entity L2. {{(pid=101584) add_provisioning_component /opt/stack/neutron/neutron/db/provisioning_blocks.py:73}}
Oct 28 12:10:57.493379 dv-cinder-815746-2-smb neutron-server[101585]: DEBUG novaclient.v2.client [-] REQ: curl -g -i --cacert "/opt/stack/data/ca-bundle.pem" -X POST http://10.222.0.102/compute/v2.1/os-server-external-events -H "Accept: application/json" -H "Content-Type: application/json" -H "User-Agent: python-novaclient" -H "X-Auth-Token: {SHA256}2cc120f2ee0775092f37ddddfce4ad589791ffb59bd6e32bed8da31197f2ebad" -H "X-OpenStack-Nova-API-Version: 2.1" -H "X-OpenStack-Request-ID: req-1fc4ef7c-a577-488f-b050-6ffba542d14f" -d '{"events": [{"server_uuid": "168d97ea-cf1c-4b54-a700-24ca0a0b721b", "name": "network-vif-plugged", "status": "completed", "tag": "e6c949cc-500c-498a-9606-92f5d129bff8"}]}' {{(pid=101585) _http_log_request /usr/local/lib/python3.8/dist-packages/keystoneauth1/session.py:519}}
Oct 28 12:10:57.514652 dv-cinder-815746-2-smb neutron-server[101584]: DEBUG neutron_lib.callbacks.manager [None req-a8954cdf-0af2-4bfb-9644-7435d069d978 tempest-AttachVolumeShelveTestJSON-1699252668 tempest-AttachVolumeShelveTestJSON-1699252668-project] Publish callbacks ['neutron.plugins.ml2.plugin.SecurityGroupDbMixin._ensure_default_security_group_handler-567519'] for port, before_update {{(pid=101584) _notify_loop /usr/local/lib/python3.8/dist-packages/neutron_lib/callbacks/manager.py:175}}
Oct 28 12:10:57.552522 dv-cinder-815746-2-smb neutron-server[101585]: DEBUG neutron.api.rpc.handlers.resources_rpc [None req-20646dbb-5f56-450b-96a4-3f7a6addfd13 None None] Pushing event updated for resources: {'Port': ['ID=e6c949cc-500c-498a-9606-92f5d129bff8,revision_number=5']} {{(pid=101585) push /opt/stack/neutron/neutron/api/rpc/handlers/resources_rpc.py:237}}
Oct 28 12:10:57.561822 dv-cinder-815746-2-smb neutron-server[101584]: DEBUG neutron_lib.callbacks.manager [req-fc4f2f6a-dd72-42a3-ba91-fe717a78b49b req-ee72b1c0-b93b-49e1-b599-1393a4e90365 service neutron] Publish callbacks ['neutron.plugins.ml2.plugin.SecurityGroupServerNotifierRpcMixin._notify_sg_on_port_change-567475', 'neutron.plugins.ml2.ovo_rpc._ObjectChangeHandler.handle_event-59022', 'neutron.api.rpc.agentnotifiers.dhcp_rpc_agent_api.DhcpAgentNotifyAPI._native_event_send_dhcp_notification-1812610', 'neutron.db.l3_db.L3RpcNotifierMixin._notify_gateway_port_ip_changed-8762472851438', 'neutron.db.l3_dvrscheduler_db._notify_l3_agent_port_update-8762472370800', 'neutron.db.l3_hascheduler_db._notify_l3_agent_ha_port_update-8762472370818', 'neutron.services.segments.plugin.NovaSegmentNotifier._notify_port_updated-133579675'] for port, after_update {{(pid=101584) _notify_loop /usr/local/lib/python3.8/dist-packages/neutron_lib/callbacks/manager.py:175}}
Oct 28 12:10:57.570094 dv-cinder-815746-2-smb neutron-server[101583]: DEBUG neutron.pecan_wsgi.hooks.policy_enforcement [req-3f4d647d-6e8b-4eaf-99a2-42713d29930e req-52e05b19-0bdd-4e01-b8a6-508f8c7494a8 tempest-DeleteServersTestJSON-577326528 tempest-DeleteServersTestJSON-577326528-project] Attributes excluded by policy engine: ['standard_attr_id', 'binding:profile', 'binding:host_id', 'binding:vif_type', 'binding:vif_details'] {{(pid=101583) _exclude_attributes_by_policy /opt/stack/neutron/neutron/pecan_wsgi/hooks/policy_enforcement.py:255}}
Oct 28 12:10:57.573574 dv-cinder-815746-2-smb neutron-server[101583]: INFO neutron.wsgi [req-3f4d647d-6e8b-4eaf-99a2-42713d29930e req-52e05b19-0bdd-4e01-b8a6-508f8c7494a8 tempest-DeleteServersTestJSON-577326528 tempest-DeleteServersTestJSON-577326528-project] 10.222.0.102 "GET /v2.0/ports?device_id=168d97ea-cf1c-4b54-a700-24ca0a0b721b HTTP/1.1" status: 200 len: 945 time: 0.1114082
Oct 28 12:10:57.648096 dv-cinder-815746-2-smb neutron-server[101584]: INFO neutron.wsgi [req-7fc7f834-74a8-422a-8ddf-68943bfe2df8 req-684c6c56-f261-44c5-bfda-86f21cf4e9a0 tempest-AttachVolumeTestJSON-1280639218 tempest-AttachVolumeTestJSON-1280639218-project] 10.222.0.102 "GET /v2.0/quotas/98cb7064714c4351ad522c13dd6d886f HTTP/1.1" status: 200 len: 375 time: 0.1440315
Oct 28 12:10:57.650826 dv-cinder-815746-2-smb neutron-server[101583]: INFO neutron.wsgi [req-3f4d647d-6e8b-4eaf-99a2-42713d29930e req-4260041f-a8a1-4df9-b3c9-c8ea69e40a12 tempest-DeleteServersTestJSON-577326528 tempest-DeleteServersTestJSON-577326528-project] 10.222.0.102 "GET /v2.0/security-groups?id=d166e957-8c2f-4beb-a25c-5a04e7610f54&fields=id&fields=name HTTP/1.1" status: 200 len: 286 time: 0.0688696
Oct 28 12:10:57.737883 dv-cinder-815746-2-smb neutron-server[101584]: DEBUG neutron_lib.callbacks.manager [req-c4090c9e-34dd-47ba-8fac-9d581428f5e7 req-4897f430-85cb-4383-b664-cf24875af43c service neutron] Publish callbacks ['neutron.plugins.ml2.plugin.SecurityGroupDbMixin._ensure_default_security_group_handler-567519'] for port, before_update {{(pid=101584) _notify_loop /usr/local/lib/python3.8/dist-packages/neutron_lib/callbacks/manager.py:175}}
Oct 28 12:10:57.744733 dv-cinder-815746-2-smb neutron-server[101584]: DEBUG neutron.api.rpc.handlers.resources_rpc [None req-ee72b1c0-b93b-49e1-b599-1393a4e90365 service neutron] Pushing event updated for resources: {'Port': ['ID=2f686324-55cc-45ef-bba1-d846c7afc628,revision_number=2']} {{(pid=101584) push /opt/stack/neutron/neutron/api/rpc/handlers/resources_rpc.py:237}}
Oct 28 12:10:57.921840 dv-cinder-815746-2-smb neutron-server[101584]: INFO neutron.wsgi [req-7fc7f834-74a8-422a-8ddf-68943bfe2df8 req-ff17c8cc-ec52-4d28-8dcb-07e0fd6e2b28 tempest-AttachVolumeTestJSON-1280639218 tempest-AttachVolumeTestJSON-1280639218-project] 10.222.0.102 "GET /v2.0/ports?tenant_id=98cb7064714c4351ad522c13dd6d886f&fields=id HTTP/1.1" status: 200 len: 348 time: 0.2725599
Oct 28 12:10:57.939043 dv-cinder-815746-2-smb neutron-server[101585]: DEBUG novaclient.v2.client [-] RESP: [200] Connection: close Content-Length: 183 Content-Type: application/json Date: Thu, 28 Oct 2021 12:10:57 GMT OpenStack-API-Version: compute 2.1 Server: Apache/2.4.41 (Ubuntu) Vary: OpenStack-API-Version,X-OpenStack-Nova-API-Version X-OpenStack-Nova-API-Version: 2.1 x-compute-request-id: req-319e8bbc-8a26-468a-8a2a-e65b93ded732 x-openstack-request-id: req-319e8bbc-8a26-468a-8a2a-e65b93ded732 {{(pid=101585) _http_log_response /usr/local/lib/python3.8/dist-packages/keystoneauth1/session.py:550}}
Oct 28 12:10:57.939906 dv-cinder-815746-2-smb neutron-server[101585]: DEBUG novaclient.v2.client [-] RESP BODY: {"events": [{"server_uuid": "168d97ea-cf1c-4b54-a700-24ca0a0b721b", "name": "network-vif-plugged", "status": "completed", "tag": "e6c949cc-500c-498a-9606-92f5d129bff8", "code": 200}]} {{(pid=101585) _http_log_response /usr/local/lib/python3.8/dist-packages/keystoneauth1/session.py:582}}
Oct 28 12:10:57.939906 dv-cinder-815746-2-smb neutron-server[101585]: DEBUG novaclient.v2.client [-] POST call to compute for http://10.222.0.102/compute/v2.1/os-server-external-events used request id req-319e8bbc-8a26-468a-8a2a-e65b93ded732 {{(pid=101585) request /usr/local/lib/python3.8/dist-packages/keystoneauth1/session.py:954}}
Oct 28 12:10:57.940082 dv-cinder-815746-2-smb neutron-server[101585]: INFO neutron.notifiers.nova [-] Nova event response: {'server_uuid': '168d97ea-cf1c-4b54-a700-24ca0a0b721b', 'name': 'network-vif-plugged', 'status': 'completed', 'tag': 'e6c949cc-500c-498a-9606-92f5d129bff8', 'code': 200}
Oct 28 12:10:58.097298 dv-cinder-815746-2-smb neutron-server[101583]: DEBUG neutron.pecan_wsgi.hooks.policy_enforcement [req-8d56a71e-c364-4ae7-864c-80eb3d5d5b31 req-b317bf21-97fc-49c9-bd7a-d4ad3f8ef320 tempest-ServerRescueNegativeTestJSON-1088203379 tempest-ServerRescueNegativeTestJSON-1088203379-project] Attributes excluded by policy engine: ['standard_attr_id', 'binding:profile', 'binding:host_id', 'binding:vif_type', 'binding:vif_details'] {{(pid=101583) _exclude_attributes_by_policy /opt/stack/neutron/neutron/pecan_wsgi/hooks/policy_enforcement.py:255}}
Oct 28 12:10:58.107347 dv-cinder-815746-2-smb neutron-server[101583]: INFO neutron.wsgi [req-8d56a71e-c364-4ae7-864c-80eb3d5d5b31 req-b317bf21-97fc-49c9-bd7a-d4ad3f8ef320 tempest-ServerRescueNegativeTestJSON-1088203379 tempest-ServerRescueNegativeTestJSON-1088203379-project] 10.222.0.102 "GET /v2.0/ports?device_id=be250bae-c941-4b62-a8ad-843a618aa722 HTTP/1.1" status: 200 len: 931 time: 0.0804679
Oct 28 12:10:58.110392 dv-cinder-815746-2-smb neutron-server[101584]: DEBUG neutron_lib.callbacks.manager [None req-a8954cdf-0af2-4bfb-9644-7435d069d978 tempest-AttachVolumeShelveTestJSON-1699252668 tempest-AttachVolumeShelveTestJSON-1699252668-project] Publish callbacks [] for port, precommit_update {{(pid=101584) _notify_loop /usr/local/lib/python3.8/dist-packages/neutron_lib/callbacks/manager.py:175}}
Oct 28 12:10:58.140558 dv-cinder-815746-2-smb neutron-server[101584]: DEBUG neutron_lib.callbacks.manager [None req-a8954cdf-0af2-4bfb-9644-7435d069d978 tempest-AttachVolumeShelveTestJSON-1699252668 tempest-AttachVolumeShelveTestJSON-1699252668-project] Publish callbacks ['neutron.plugins.ml2.plugin.SecurityGroupServerNotifierRpcMixin._notify_sg_on_port_change-567475', 'neutron.plugins.ml2.ovo_rpc._ObjectChangeHandler.handle_event-59022', 'neutron.api.rpc.agentnotifiers.dhcp_rpc_agent_api.DhcpAgentNotifyAPI._native_event_send_dhcp_notification-1812610', 'neutron.db.l3_db.L3RpcNotifierMixin._notify_gateway_port_ip_changed-8762472851438', 'neutron.db.l3_dvrscheduler_db._notify_l3_agent_port_update-8762472370800', 'neutron.db.l3_hascheduler_db._notify_l3_agent_ha_port_update-8762472370818', 'neutron.services.segments.plugin.NovaSegmentNotifier._notify_port_updated-133579675'] for port, after_update {{(pid=101584) _notify_loop /usr/local/lib/python3.8/dist-packages/neutron_lib/callbacks/manager.py:175}}
Oct 28 12:10:58.176000 dv-cinder-815746-2-smb neutron-server[101583]: INFO neutron.wsgi [req-8d56a71e-c364-4ae7-864c-80eb3d5d5b31 req-5c954577-9f42-48f9-b4f6-58d7a835b82e tempest-ServerRescueNegativeTestJSON-1088203379 tempest-ServerRescueNegativeTestJSON-1088203379-project] 10.222.0.102 "GET /v2.0/security-groups?id=337b2af5-a9f7-43aa-a0b8-5773d0e51a2a&fields=id&fields=name HTTP/1.1" status: 200 len: 286 time: 0.0673699
Oct 28 12:10:58.182769 dv-cinder-815746-2-smb neutron-server[101584]: DEBUG neutron.plugins.ml2.managers [req-fc4f2f6a-dd72-42a3-ba91-fe717a78b49b req-ee72b1c0-b93b-49e1-b599-1393a4e90365 service neutron] Attempting to bind port 2f686324-55cc-45ef-bba1-d846c7afc628 on host hv-cinder-81574 for vnic_type normal with profile {{(pid=101584) bind_port /opt/stack/neutron/neutron/plugins/ml2/managers.py:795}}
Oct 28 12:10:58.183002 dv-cinder-815746-2-smb neutron-server[101584]: DEBUG neutron.plugins.ml2.managers [req-fc4f2f6a-dd72-42a3-ba91-fe717a78b49b req-ee72b1c0-b93b-49e1-b599-1393a4e90365 service neutron] Attempting to bind port 2f686324-55cc-45ef-bba1-d846c7afc628 by drivers openvswitch,hyperv on host hv-cinder-81574 at level 0 using segments [{'id': 'a484fb48-928c-441b-a1fb-c08e5e005e46', 'network_type': 'vlan', 'physical_network': 'physnet1', 'segmentation_id': 1274, 'network_id': '090fae3d-4cfc-459b-a2e2-df92eb918c3d'}] {{(pid=101584) _bind_port_level /opt/stack/neutron/neutron/plugins/ml2/managers.py:820}}
Oct 28 12:10:58.183378 dv-cinder-815746-2-smb neutron-server[101584]: DEBUG neutron.plugins.ml2.drivers.mech_agent [req-fc4f2f6a-dd72-42a3-ba91-fe717a78b49b req-ee72b1c0-b93b-49e1-b599-1393a4e90365 service neutron] Attempting to bind port 2f686324-55cc-45ef-bba1-d846c7afc628 on network 090fae3d-4cfc-459b-a2e2-df92eb918c3d {{(pid=101584) bind_port /opt/stack/neutron/neutron/plugins/ml2/drivers/mech_agent.py:91}}
Oct 28 12:10:58.252894 dv-cinder-815746-2-smb neutron-server[101584]: DEBUG neutron.plugins.ml2.drivers.mech_agent [req-fc4f2f6a-dd72-42a3-ba91-fe717a78b49b req-ee72b1c0-b93b-49e1-b599-1393a4e90365 service neutron] Port 2f686324-55cc-45ef-bba1-d846c7afc628 on network 090fae3d-4cfc-459b-a2e2-df92eb918c3d not bound, no agent of type Open vSwitch agent registered on host hv-cinder-81574 {{(pid=101584) bind_port /opt/stack/neutron/neutron/plugins/ml2/drivers/mech_agent.py:103}}
Oct 28 12:10:58.253218 dv-cinder-815746-2-smb neutron-server[101584]: DEBUG neutron.plugins.ml2.drivers.mech_agent [req-fc4f2f6a-dd72-42a3-ba91-fe717a78b49b req-ee72b1c0-b93b-49e1-b599-1393a4e90365 service neutron] Attempting to bind port 2f686324-55cc-45ef-bba1-d846c7afc628 on network 090fae3d-4cfc-459b-a2e2-df92eb918c3d {{(pid=101584) bind_port /opt/stack/neutron/neutron/plugins/ml2/drivers/mech_agent.py:91}}
Oct 28 12:10:58.300055 dv-cinder-815746-2-smb neutron-server[101584]: DEBUG neutron.plugins.ml2.drivers.mech_agent [req-fc4f2f6a-dd72-42a3-ba91-fe717a78b49b req-ee72b1c0-b93b-49e1-b599-1393a4e90365 service neutron] Checking agent: {'id': '36a51312-8b55-4b37-a247-cfee45691c82', 'agent_type': 'HyperV agent', 'binary': 'neutron-hyperv-agent', 'topic': 'N/A', 'host': 'hv-cinder-81574', 'admin_state_up': True, 'created_at': datetime.datetime(2021, 10, 28, 12, 8, 34), 'started_at': datetime.datetime(2021, 10, 28, 12, 8, 34), 'heartbeat_timestamp': datetime.datetime(2021, 10, 28, 12, 10, 34), 'description': None, 'resources_synced': None, 'availability_zone': None, 'alive': True, 'configurations': {'vswitch_mappings': {'physnet1$': 'br-data'}}, 'resource_versions': {}} {{(pid=101584) bind_port /opt/stack/neutron/neutron/plugins/ml2/drivers/mech_agent.py:110}}
Oct 28 12:10:58.300423 dv-cinder-815746-2-smb neutron-server[101584]: DEBUG neutron.plugins.ml2.drivers.mech_agent [req-fc4f2f6a-dd72-42a3-ba91-fe717a78b49b req-ee72b1c0-b93b-49e1-b599-1393a4e90365 service neutron] Checking segment: {'id': 'a484fb48-928c-441b-a1fb-c08e5e005e46', 'network_type': 'vlan', 'physical_network': 'physnet1', 'segmentation_id': 1274, 'network_id': '090fae3d-4cfc-459b-a2e2-df92eb918c3d'} for mappings: {'physnet1$': 'br-data'} with network types: ['local', 'flat', 'vlan'] {{(pid=101584) check_segment_for_agent /opt/stack/neutron/neutron/plugins/ml2/drivers/mech_agent.py:358}}
Oct 28 12:10:58.301212 dv-cinder-815746-2-smb neutron-server[101584]: DEBUG neutron.plugins.ml2.drivers.mech_agent [req-fc4f2f6a-dd72-42a3-ba91-fe717a78b49b req-ee72b1c0-b93b-49e1-b599-1393a4e90365 service neutron] Bound using segment: {'id': 'a484fb48-928c-441b-a1fb-c08e5e005e46', 'network_type': 'vlan', 'physical_network': 'physnet1', 'segmentation_id': 1274, 'network_id': '090fae3d-4cfc-459b-a2e2-df92eb918c3d'} {{(pid=101584) bind_port /opt/stack/neutron/neutron/plugins/ml2/drivers/mech_agent.py:120}}
Oct 28 12:10:58.301705 dv-cinder-815746-2-smb neutron-server[101584]: DEBUG neutron.plugins.ml2.managers [req-fc4f2f6a-dd72-42a3-ba91-fe717a78b49b req-ee72b1c0-b93b-49e1-b599-1393a4e90365 service neutron] Bound port: 2f686324-55cc-45ef-bba1-d846c7afc628, host: hv-cinder-81574, vif_type: hyperv, vif_details: {"connectivity": "legacy", "port_filter": false}, binding_levels: [{'bound_driver': 'hyperv', 'bound_segment': {'id': 'a484fb48-928c-441b-a1fb-c08e5e005e46', 'network_type': 'vlan', 'physical_network': 'physnet1', 'segmentation_id': 1274, 'network_id': '090fae3d-4cfc-459b-a2e2-df92eb918c3d'}}] {{(pid=101584) _bind_port_level /opt/stack/neutron/neutron/plugins/ml2/managers.py:933}}
Oct 28 12:10:58.302066 dv-cinder-815746-2-smb neutron-server[101584]: DEBUG neutron_lib.callbacks.manager [req-fc4f2f6a-dd72-42a3-ba91-fe717a78b49b req-ee72b1c0-b93b-49e1-b599-1393a4e90365 service neutron] Publish callbacks ['neutron.plugins.ml2.plugin.SecurityGroupDbMixin._ensure_default_security_group_handler-567519'] for port, before_update {{(pid=101584) _notify_loop /usr/local/lib/python3.8/dist-packages/neutron_lib/callbacks/manager.py:175}}
Oct 28 12:10:58.315017 dv-cinder-815746-2-smb neutron-server[101584]: INFO neutron.wsgi [req-7fc7f834-74a8-422a-8ddf-68943bfe2df8 req-9f7a591c-52fd-47ee-8629-62d8695488c5 service neutron] 10.222.0.102 "GET /v2.0/networks/c7c00918-48ba-4558-84d7-3f4dec73bcec?fields=segments HTTP/1.1" status: 200 len: 212 time: 0.3648744
Oct 28 12:10:58.320934 dv-cinder-815746-2-smb neutron-server[101584]: DEBUG neutron.api.rpc.handlers.resources_rpc [None req-a8954cdf-0af2-4bfb-9644-7435d069d978 tempest-AttachVolumeShelveTestJSON-1699252668 tempest-AttachVolumeShelveTestJSON-1699252668-project] Pushing event updated for resources: {'Port': ['ID=68fda526-b9a5-48ca-97a8-96f0cfd93a56,revision_number=2']} {{(pid=101584) push /opt/stack/neutron/neutron/api/rpc/handlers/resources_rpc.py:237}}
Oct 28 12:10:58.370507 dv-cinder-815746-2-smb neutron-server[101583]: DEBUG neutron.pecan_wsgi.hooks.policy_enforcement [req-ed8fe15a-9c62-4816-98b0-609910e639a4 req-9f89cfe0-0207-4775-8ac0-e0d89c1cac16 service neutron] Attributes excluded by policy engine: ['standard_attr_id'] {{(pid=101583) _exclude_attributes_by_policy /opt/stack/neutron/neutron/pecan_wsgi/hooks/policy_enforcement.py:255}}
Oct 28 12:10:58.372832 dv-cinder-815746-2-smb neutron-server[101583]: INFO neutron.wsgi [req-ed8fe15a-9c62-4816-98b0-609910e639a4 req-9f89cfe0-0207-4775-8ac0-e0d89c1cac16 service neutron] 10.222.0.52 "GET /v2.0/ports?device_id=168d97ea-cf1c-4b54-a700-24ca0a0b721b HTTP/1.1" status: 200 len: 1098 time: 0.1886501
Oct 28 12:10:58.398893 dv-cinder-815746-2-smb neutron-server[101583]: DEBUG neutron_lib.callbacks.manager [req-ed8fe15a-9c62-4816-98b0-609910e639a4 req-160010d9-d76f-4ecb-a626-ce3564a7461e service neutron] Publish callbacks [] for security_group, before_create {{(pid=101583) _notify_loop /usr/local/lib/python3.8/dist-packages/neutron_lib/callbacks/manager.py:175}}
