Nov 29 19:15:20.224592 dv-cinder-815712-6-smb devstack@c-api.service[110148]: /usr/local/lib/python3.8/dist-packages/oslo_policy/policy.py:785: UserWarning: Policy "volume_extension:default_set_or_update":"rule:system_or_domain_or_project_admin" was deprecated in X in favor of "volume_extension:default_set_or_update":"rule:admin_api". Reason: Default policies now support the three Keystone default roles, namely 'admin', 'member', and 'reader' to implement three Cinder "personas". See "Policy Personas and Permissions" in the "Cinder Service Configuration" documentation (Xena release) for details.. Either ensure your deployment is ready for the new default or copy/paste the deprecated policy into your policy file and maintain it manually.
Nov 29 19:15:20.224592 dv-cinder-815712-6-smb devstack@c-api.service[110148]: warnings.warn(deprecated_msg)
Nov 29 19:15:20.224592 dv-cinder-815712-6-smb devstack@c-api.service[110148]: /usr/local/lib/python3.8/dist-packages/oslo_policy/policy.py:785: UserWarning: Policy "volume_extension:default_get":"rule:system_or_domain_or_project_admin" was deprecated in X in favor of "volume_extension:default_get":"rule:admin_api". Reason: Default policies now support the three Keystone default roles, namely 'admin', 'member', and 'reader' to implement three Cinder "personas". See "Policy Personas and Permissions" in the "Cinder Service Configuration" documentation (Xena release) for details.. Either ensure your deployment is ready for the new default or copy/paste the deprecated policy into your policy file and maintain it manually.
Nov 29 19:15:20.224592 dv-cinder-815712-6-smb devstack@c-api.service[110148]: warnings.warn(deprecated_msg)
Nov 29 19:15:20.224592 dv-cinder-815712-6-smb devstack@c-api.service[110148]: /usr/local/lib/python3.8/dist-packages/oslo_policy/policy.py:785: UserWarning: Policy "volume_extension:default_get_all":"role:admin and system_scope:all" was deprecated in X in favor of "volume_extension:default_get_all":"rule:admin_api". Reason: Default policies now support the three Keystone default roles, namely 'admin', 'member', and 'reader' to implement three Cinder "personas". See "Policy Personas and Permissions" in the "Cinder Service Configuration" documentation (Xena release) for details.. Either ensure your deployment is ready for the new default or copy/paste the deprecated policy into your policy file and maintain it manually.
Nov 29 19:15:20.224980 dv-cinder-815712-6-smb devstack@c-api.service[110148]: warnings.warn(deprecated_msg)
Nov 29 19:15:20.224980 dv-cinder-815712-6-smb devstack@c-api.service[110148]: /usr/local/lib/python3.8/dist-packages/oslo_policy/policy.py:785: UserWarning: Policy "volume_extension:default_unset":"rule:system_or_domain_or_project_admin" was deprecated in X in favor of "volume_extension:default_unset":"rule:admin_api". Reason: Default policies now support the three Keystone default roles, namely 'admin', 'member', and 'reader' to implement three Cinder "personas". See "Policy Personas and Permissions" in the "Cinder Service Configuration" documentation (Xena release) for details.. Either ensure your deployment is ready for the new default or copy/paste the deprecated policy into your policy file and maintain it manually.
Nov 29 19:15:20.224980 dv-cinder-815712-6-smb devstack@c-api.service[110148]: warnings.warn(deprecated_msg)
Nov 29 19:15:20.568577 dv-cinder-815712-6-smb devstack@c-api.service[110148]: INFO cinder.api.openstack.wsgi [req-496b954d-e25d-4685-af50-832e59f56961 req-3ceeb885-16f5-45cc-9c32-6691134cef24 admin admin] POST http://10.222.0.21/volume/v3/9b7ced09c5e54f10a9edea4fc43d21c7/types/fa40ec1d-281a-4f66-a422-03df053d615f/extra_specs
Nov 29 19:15:20.570263 dv-cinder-815712-6-smb devstack@c-api.service[110148]: /usr/local/lib/python3.8/dist-packages/webob/acceptparse.py:1047: DeprecationWarning: The behavior of AcceptValidHeader.best_match is currently being maintained for backward compatibility, but it will be deprecated in the future, as it does not conform to the RFC.
Nov 29 19:15:20.570263 dv-cinder-815712-6-smb devstack@c-api.service[110148]: warnings.warn(
Nov 29 19:15:20.570857 dv-cinder-815712-6-smb devstack@c-api.service[110148]: DEBUG cinder.api.openstack.wsgi [req-496b954d-e25d-4685-af50-832e59f56961 req-3ceeb885-16f5-45cc-9c32-6691134cef24 admin admin] Action: 'create', calling method: create, body: {"extra_specs": {"volume_backend_name": "lvmdriver-1"}} {{(pid=110148) _process_stack /opt/stack/cinder/cinder/api/openstack/wsgi.py:854}}
Nov 29 19:15:20.573043 dv-cinder-815712-6-smb devstack@c-api.service[110148]: /usr/local/lib/python3.8/dist-packages/oslo_context/context.py:105: DeprecationWarning: Policy enforcement is depending on the value of is_admin. This key is deprecated. Please update your policy file to use the standard policy values.
Nov 29 19:15:20.573043 dv-cinder-815712-6-smb devstack@c-api.service[110148]: warnings.warn('Policy enforcement is depending on the value of '
Nov 29 19:15:20.584037 dv-cinder-815712-6-smb devstack@c-api.service[110148]: DEBUG oslo_db.sqlalchemy.engines [req-496b954d-e25d-4685-af50-832e59f56961 req-3ceeb885-16f5-45cc-9c32-6691134cef24 admin admin] MySQL server mode set to STRICT_TRANS_TABLES,STRICT_ALL_TABLES,NO_ZERO_IN_DATE,NO_ZERO_DATE,ERROR_FOR_DIVISION_BY_ZERO,TRADITIONAL,NO_ENGINE_SUBSTITUTION {{(pid=110148) _check_effective_sql_mode /usr/local/lib/python3.8/dist-packages/oslo_db/sqlalchemy/engines.py:314}}
Nov 29 19:15:20.761797 dv-cinder-815712-6-smb devstack@c-api.service[110148]: INFO cinder.api.openstack.wsgi [req-496b954d-e25d-4685-af50-832e59f56961 req-3ceeb885-16f5-45cc-9c32-6691134cef24 admin admin] http://10.222.0.21/volume/v3/9b7ced09c5e54f10a9edea4fc43d21c7/types/fa40ec1d-281a-4f66-a422-03df053d615f/extra_specs returned with HTTP 200
Nov 29 19:15:20.762729 dv-cinder-815712-6-smb devstack@c-api.service[110148]: [pid: 110148|app: 0|req: 2/3] 10.222.0.21 () {62 vars in 1454 bytes} [Mon Nov 29 19:15:20 2021] POST /volume/v3/9b7ced09c5e54f10a9edea4fc43d21c7/types/fa40ec1d-281a-4f66-a422-03df053d615f/extra_specs => generated 55 bytes in 578 msecs (HTTP/1.1 200) 7 headers in 284 bytes (1 switches on core 0)
Nov 29 19:16:00.475856 dv-cinder-815712-6-smb devstack@c-api.service[110149]: INFO cinder.api.openstack.wsgi [None req-496b954d-e25d-4685-af50-832e59f56961 admin admin] GET http://10.222.0.21/volume//
Nov 29 19:16:00.476458 dv-cinder-815712-6-smb devstack@c-api.service[110149]: DEBUG cinder.api.openstack.wsgi [None req-496b954d-e25d-4685-af50-832e59f56961 admin admin] Empty body provided in request {{(pid=110149) get_body /opt/stack/cinder/cinder/api/openstack/wsgi.py:703}}
Nov 29 19:16:00.476751 dv-cinder-815712-6-smb devstack@c-api.service[110149]: DEBUG cinder.api.openstack.wsgi [None req-496b954d-e25d-4685-af50-832e59f56961 admin admin] Calling method 'all' {{(pid=110149) _process_stack /opt/stack/cinder/cinder/api/openstack/wsgi.py:856}}
Nov 29 19:16:00.477819 dv-cinder-815712-6-smb devstack@c-api.service[110149]: INFO cinder.api.openstack.wsgi [None req-496b954d-e25d-4685-af50-832e59f56961 admin admin] http://10.222.0.21/volume// returned with HTTP 300
Nov 29 19:16:00.478348 dv-cinder-815712-6-smb devstack@c-api.service[110149]: [pid: 110149|app: 0|req: 2/4] 10.222.0.21 () {56 vars in 1098 bytes} [Mon Nov 29 19:16:00 2021] GET /volume/ => generated 386 bytes in 4 msecs (HTTP/1.1 300) 5 headers in 169 bytes (1 switches on core 0)
Nov 29 19:18:42.301830 dv-cinder-815712-6-smb devstack@c-api.service[110148]: INFO cinder.api.openstack.wsgi [None req-89e8b78c-cd53-4ee7-a35e-35e00b06dfff tempest-verify_tempest_config-1370087200 tempest-verify_tempest_config-1370087200-project] GET http://10.222.0.21/volume/v3/f9967270013941eb93c95804b3619e3c/extensions
Nov 29 19:18:42.302385 dv-cinder-815712-6-smb devstack@c-api.service[110148]: DEBUG cinder.api.openstack.wsgi [None req-89e8b78c-cd53-4ee7-a35e-35e00b06dfff tempest-verify_tempest_config-1370087200 tempest-verify_tempest_config-1370087200-project] Empty body provided in request {{(pid=110148) get_body /opt/stack/cinder/cinder/api/openstack/wsgi.py:703}}
Nov 29 19:18:42.302661 dv-cinder-815712-6-smb devstack@c-api.service[110148]: DEBUG cinder.api.openstack.wsgi [None req-89e8b78c-cd53-4ee7-a35e-35e00b06dfff tempest-verify_tempest_config-1370087200 tempest-verify_tempest_config-1370087200-project] Calling method 'index' {{(pid=110148) _process_stack /opt/stack/cinder/cinder/api/openstack/wsgi.py:856}}
Nov 29 19:18:42.303445 dv-cinder-815712-6-smb devstack@c-api.service[110148]: INFO cinder.api.openstack.wsgi [None req-89e8b78c-cd53-4ee7-a35e-35e00b06dfff tempest-verify_tempest_config-1370087200 tempest-verify_tempest_config-1370087200-project] http://10.222.0.21/volume/v3/f9967270013941eb93c95804b3619e3c/extensions returned with HTTP 200
Nov 29 19:18:42.304120 dv-cinder-815712-6-smb devstack@c-api.service[110148]: [pid: 110148|app: 0|req: 3/5] 10.222.0.21 () {58 vars in 1222 bytes} [Mon Nov 29 19:18:42 2021] GET /volume/v3/f9967270013941eb93c95804b3619e3c/extensions => generated 5245 bytes in 8 msecs (HTTP/1.1 200) 7 headers in 286 bytes (1 switches on core 0)
Nov 29 19:20:47.795214 dv-cinder-815712-6-smb devstack@c-api.service[110149]: INFO cinder.api.openstack.wsgi [None req-3caa476f-69af-4259-9f14-9b9bd8b21334 admin admin] GET http://10.222.0.21/volume/v3/9b7ced09c5e54f10a9edea4fc43d21c7/os-services
Nov 29 19:20:47.795851 dv-cinder-815712-6-smb devstack@c-api.service[110149]: DEBUG cinder.api.openstack.wsgi [None req-3caa476f-69af-4259-9f14-9b9bd8b21334 admin admin] Empty body provided in request {{(pid=110149) get_body /opt/stack/cinder/cinder/api/openstack/wsgi.py:703}}
Nov 29 19:20:47.796087 dv-cinder-815712-6-smb devstack@c-api.service[110149]: DEBUG cinder.api.openstack.wsgi [None req-3caa476f-69af-4259-9f14-9b9bd8b21334 admin admin] Calling method 'index' {{(pid=110149) _process_stack /opt/stack/cinder/cinder/api/openstack/wsgi.py:856}}
Nov 29 19:20:47.805968 dv-cinder-815712-6-smb devstack@c-api.service[110149]: INFO cinder.api.openstack.wsgi [None req-3caa476f-69af-4259-9f14-9b9bd8b21334 admin admin] http://10.222.0.21/volume/v3/9b7ced09c5e54f10a9edea4fc43d21c7/os-services returned with HTTP 200
Nov 29 19:20:47.806722 dv-cinder-815712-6-smb devstack@c-api.service[110149]: [pid: 110149|app: 0|req: 3/6] 10.222.0.21 () {56 vars in 1201 bytes} [Mon Nov 29 19:20:47 2021] GET /volume/v3/9b7ced09c5e54f10a9edea4fc43d21c7/os-services => generated 640 bytes in 132 msecs (HTTP/1.1 200) 7 headers in 285 bytes (1 switches on core 0)
Nov 29 19:20:50.464865 dv-cinder-815712-6-smb devstack@c-api.service[110148]: INFO cinder.api.openstack.wsgi [None req-fa8214a7-6836-4154-8a86-7cb7a0851b13 admin admin] GET http://10.222.0.21/volume/v3/9b7ced09c5e54f10a9edea4fc43d21c7/os-services
Nov 29 19:20:50.465614 dv-cinder-815712-6-smb devstack@c-api.service[110148]: DEBUG cinder.api.openstack.wsgi [None req-fa8214a7-6836-4154-8a86-7cb7a0851b13 admin admin] Empty body provided in request {{(pid=110148) get_body /opt/stack/cinder/cinder/api/openstack/wsgi.py:703}}
Nov 29 19:20:50.465804 dv-cinder-815712-6-smb devstack@c-api.service[110148]: DEBUG cinder.api.openstack.wsgi [None req-fa8214a7-6836-4154-8a86-7cb7a0851b13 admin admin] Calling method 'index' {{(pid=110148) _process_stack /opt/stack/cinder/cinder/api/openstack/wsgi.py:856}}
Nov 29 19:20:50.475163 dv-cinder-815712-6-smb devstack@c-api.service[110148]: INFO cinder.api.openstack.wsgi [None req-fa8214a7-6836-4154-8a86-7cb7a0851b13 admin admin] http://10.222.0.21/volume/v3/9b7ced09c5e54f10a9edea4fc43d21c7/os-services returned with HTTP 200
Nov 29 19:20:50.475905 dv-cinder-815712-6-smb devstack@c-api.service[110148]: [pid: 110148|app: 0|req: 4/7] 10.222.0.21 () {56 vars in 1201 bytes} [Mon Nov 29 19:20:50 2021] GET /volume/v3/9b7ced09c5e54f10a9edea4fc43d21c7/os-services => generated 640 bytes in 106 msecs (HTTP/1.1 200) 7 headers in 285 bytes (1 switches on core 0)
Nov 29 19:22:32.081167 dv-cinder-815712-6-smb devstack@c-api.service[110149]: INFO cinder.api.openstack.wsgi [None req-02cd7e9a-9821-4eac-97ee-3243a2f120f5 tempest-VolumeManageAdminTest-497770001 tempest-VolumeManageAdminTest-497770001-project] POST http://10.222.0.21/volume/v3/0af79842e772495da532b3e928ec4153/volumes
Nov 29 19:22:32.082098 dv-cinder-815712-6-smb devstack@c-api.service[110149]: DEBUG cinder.api.openstack.wsgi [None req-02cd7e9a-9821-4eac-97ee-3243a2f120f5 tempest-VolumeManageAdminTest-497770001 tempest-VolumeManageAdminTest-497770001-project] Action: 'create', calling method: create, body: {"volume": {"size": 1, "name": "tempest-VolumeManageAdminTest-Volume-1124517539"}} {{(pid=110149) _process_stack /opt/stack/cinder/cinder/api/openstack/wsgi.py:854}}
Nov 29 19:22:32.083092 dv-cinder-815712-6-smb devstack@c-api.service[110149]: DEBUG cinder.api.v3.volumes [None req-02cd7e9a-9821-4eac-97ee-3243a2f120f5 tempest-VolumeManageAdminTest-497770001 tempest-VolumeManageAdminTest-497770001-project] Create volume request body: {'volume': {'size': 1, 'name': 'tempest-VolumeManageAdminTest-Volume-1124517539'}} {{(pid=110149) create /opt/stack/cinder/cinder/api/v3/volumes.py:298}}
Nov 29 19:22:32.083770 dv-cinder-815712-6-smb devstack@c-api.service[110149]: INFO cinder.api.v3.volumes [None req-02cd7e9a-9821-4eac-97ee-3243a2f120f5 tempest-VolumeManageAdminTest-497770001 tempest-VolumeManageAdminTest-497770001-project] Create volume of 1 GB
Nov 29 19:22:32.113242 dv-cinder-815712-6-smb devstack@c-api.service[110149]: DEBUG cinder.volume.api [None req-02cd7e9a-9821-4eac-97ee-3243a2f120f5 tempest-VolumeManageAdminTest-497770001 tempest-VolumeManageAdminTest-497770001-project] Availability zone cache updated, next update will occur around 2021-11-29 20:22:32.112401. {{(pid=110149) list_availability_zones /opt/stack/cinder/cinder/volume/api.py:148}}
Nov 29 19:22:32.116826 dv-cinder-815712-6-smb devstack@c-api.service[110149]: INFO cinder.volume.api [None req-02cd7e9a-9821-4eac-97ee-3243a2f120f5 tempest-VolumeManageAdminTest-497770001 tempest-VolumeManageAdminTest-497770001-project] Availability Zones retrieved successfully.
Nov 29 19:22:32.207419 dv-cinder-815712-6-smb devstack@c-api.service[110149]: DEBUG cinder.volume.api [None req-02cd7e9a-9821-4eac-97ee-3243a2f120f5 tempest-VolumeManageAdminTest-497770001 tempest-VolumeManageAdminTest-497770001-project] Flow 'volume_create_api' (281ac35e-f509-45ec-89e9-a3497f3f3a91) transitioned into state 'RUNNING' from state 'PENDING' {{(pid=110149) _flow_receiver /usr/local/lib/python3.8/dist-packages/taskflow/listeners/logging.py:141}}
Nov 29 19:22:32.211907 dv-cinder-815712-6-smb devstack@c-api.service[110149]: DEBUG cinder.volume.api [None req-02cd7e9a-9821-4eac-97ee-3243a2f120f5 tempest-VolumeManageAdminTest-497770001 tempest-VolumeManageAdminTest-497770001-project] Task 'cinder.volume.flows.api.create_volume.ExtractVolumeRequestTask;volume:create' (29ccc607-99b0-4d4e-b1a0-eb43d3014d24) transitioned into state 'RUNNING' from state 'PENDING' {{(pid=110149) _task_receiver /usr/local/lib/python3.8/dist-packages/taskflow/listeners/logging.py:190}}
Nov 29 19:22:32.214899 dv-cinder-815712-6-smb devstack@c-api.service[110149]: DEBUG cinder.volume.flows.api.create_volume [None req-02cd7e9a-9821-4eac-97ee-3243a2f120f5 tempest-VolumeManageAdminTest-497770001 tempest-VolumeManageAdminTest-497770001-project] Validating volume size '1' using validate_int {{(pid=110149) _extract_size /opt/stack/cinder/cinder/volume/flows/api/create_volume.py:225}}
Nov 29 19:22:32.296723 dv-cinder-815712-6-smb devstack@c-api.service[110149]: DEBUG cinder.volume.api [None req-02cd7e9a-9821-4eac-97ee-3243a2f120f5 tempest-VolumeManageAdminTest-497770001 tempest-VolumeManageAdminTest-497770001-project] Task 'cinder.volume.flows.api.create_volume.ExtractVolumeRequestTask;volume:create' (29ccc607-99b0-4d4e-b1a0-eb43d3014d24) transitioned into state 'SUCCESS' from state 'RUNNING' with result '{'size': 1, 'snapshot_id': None, 'source_volid': None, 'volume_type': VolumeType(created_at=2021-11-29T19:08:02Z,deleted=False,deleted_at=None,description='Default Volume Type',extra_specs={},id=092509ac-7cf9-4224-be14-5b7a06a8edd8,is_public=True,name='__DEFAULT__',projects=[],qos_specs=,qos_specs_id=None,updated_at=2021-11-29T19:08:02Z), 'volume_type_id': '092509ac-7cf9-4224-be14-5b7a06a8edd8', 'encryption_key_id': None, 'qos_specs': None, 'consistencygroup_id': None, 'cgsnapshot_id': None, 'group_id': None, 'replication_status': 'disabled', 'refresh_az': False, 'backup_id': None, 'multiattach': False, 'availability_zones': ['nova']}' {{(pid=110149) _task_receiver /usr/local/lib/python3.8/dist-packages/taskflow/listeners/logging.py:178}}
Nov 29 19:22:32.299578 dv-cinder-815712-6-smb devstack@c-api.service[110149]: DEBUG cinder.volume.api [None req-02cd7e9a-9821-4eac-97ee-3243a2f120f5 tempest-VolumeManageAdminTest-497770001 tempest-VolumeManageAdminTest-497770001-project] Task 'cinder.volume.flows.api.create_volume.QuotaReserveTask;volume:create' (e0be0afb-bb71-4868-b96b-021af56b0fa9) transitioned into state 'RUNNING' from state 'PENDING' {{(pid=110149) _task_receiver /usr/local/lib/python3.8/dist-packages/taskflow/listeners/logging.py:190}}
Nov 29 19:22:32.388951 dv-cinder-815712-6-smb devstack@c-api.service[110149]: WARNING cinder.quota [None req-02cd7e9a-9821-4eac-97ee-3243a2f120f5 tempest-VolumeManageAdminTest-497770001 tempest-VolumeManageAdminTest-497770001-project] Deprecated: Default quota for resource: volumes___DEFAULT__ is set by the default quota flag: quota_volumes___DEFAULT__, it is now deprecated. Please use the default quota class for default quota.
Nov 29 19:22:32.389943 dv-cinder-815712-6-smb devstack@c-api.service[110149]: WARNING cinder.quota [None req-02cd7e9a-9821-4eac-97ee-3243a2f120f5 tempest-VolumeManageAdminTest-497770001 tempest-VolumeManageAdminTest-497770001-project] Deprecated: Default quota for resource: gigabytes___DEFAULT__ is set by the default quota flag: quota_gigabytes___DEFAULT__, it is now deprecated. Please use the default quota class for default quota.
Nov 29 19:22:32.798829 dv-cinder-815712-6-smb devstack@c-api.service[110149]: DEBUG cinder.quota [None req-02cd7e9a-9821-4eac-97ee-3243a2f120f5 tempest-VolumeManageAdminTest-497770001 tempest-VolumeManageAdminTest-497770001-project] Created reservations ['ca3872a2-8b2b-487d-8332-6699ffb4f136', '05010b43-6599-4b65-9b7f-c91fa718c953', '0892a8d2-a45f-4b11-925f-3b924c4b9bc7', '6fb8ab56-2fd0-42d5-ab81-8660e9583667'] {{(pid=110149) reserve /opt/stack/cinder/cinder/quota.py:755}}
Nov 29 19:22:32.801322 dv-cinder-815712-6-smb devstack@c-api.service[110149]: DEBUG cinder.volume.api [None req-02cd7e9a-9821-4eac-97ee-3243a2f120f5 tempest-VolumeManageAdminTest-497770001 tempest-VolumeManageAdminTest-497770001-project] Task 'cinder.volume.flows.api.create_volume.QuotaReserveTask;volume:create' (e0be0afb-bb71-4868-b96b-021af56b0fa9) transitioned into state 'SUCCESS' from state 'RUNNING' with result '{'reservations': ['ca3872a2-8b2b-487d-8332-6699ffb4f136', '05010b43-6599-4b65-9b7f-c91fa718c953', '0892a8d2-a45f-4b11-925f-3b924c4b9bc7', '6fb8ab56-2fd0-42d5-ab81-8660e9583667']}' {{(pid=110149) _task_receiver /usr/local/lib/python3.8/dist-packages/taskflow/listeners/logging.py:178}}
Nov 29 19:22:32.804142 dv-cinder-815712-6-smb devstack@c-api.service[110149]: DEBUG cinder.volume.api [None req-02cd7e9a-9821-4eac-97ee-3243a2f120f5 tempest-VolumeManageAdminTest-497770001 tempest-VolumeManageAdminTest-497770001-project] Task 'cinder.volume.flows.api.create_volume.EntryCreateTask;volume:create' (c21d0da0-d63a-420d-adf3-942f3a06c8c5) transitioned into state 'RUNNING' from state 'PENDING' {{(pid=110149) _task_receiver /usr/local/lib/python3.8/dist-packages/taskflow/listeners/logging.py:190}}
Nov 29 19:22:32.819406 dv-cinder-815712-6-smb devstack@c-api.service[110148]: WARNING keystonemiddleware.auth_token [None req-fa8214a7-6836-4154-8a86-7cb7a0851b13 admin admin] A valid token was submitted as a service token, but it was not a valid service token. This is incorrect but backwards compatible behaviour. This will be removed in future releases.
Nov 29 19:22:32.823424 dv-cinder-815712-6-smb devstack@c-api.service[110148]: INFO cinder.api.openstack.wsgi [req-12cc4b2d-308d-4da2-8694-eb2296039e33 req-ca3312f2-215d-4ab9-b620-8050e6e9ff39 tempest-VolumesGetTestJSON-2062520502 tempest-VolumesGetTestJSON-2062520502-project] POST http://10.222.0.21/volume/v3/02107c6e5bb3483cba48f90cf50cec2e/volumes
Nov 29 19:22:32.824520 dv-cinder-815712-6-smb devstack@c-api.service[110148]: DEBUG cinder.api.openstack.wsgi [req-12cc4b2d-308d-4da2-8694-eb2296039e33 req-ca3312f2-215d-4ab9-b620-8050e6e9ff39 tempest-VolumesGetTestJSON-2062520502 tempest-VolumesGetTestJSON-2062520502-project] Action: 'create', calling method: create, body: {"volume": {"size": 1, "consistencygroup_id": null, "snapshot_id": null, "name": "tempest-VolumesGetTestJSON-Volume-1492284032", "description": null, "volume_type": null, "availability_zone": null, "metadata": {"Type": "work"}, "imageRef": null, "source_volid": null, "backup_id": null}} {{(pid=110148) _process_stack /opt/stack/cinder/cinder/api/openstack/wsgi.py:854}}
Nov 29 19:22:32.826680 dv-cinder-815712-6-smb devstack@c-api.service[110148]: DEBUG cinder.api.v3.volumes [req-12cc4b2d-308d-4da2-8694-eb2296039e33 req-ca3312f2-215d-4ab9-b620-8050e6e9ff39 tempest-VolumesGetTestJSON-2062520502 tempest-VolumesGetTestJSON-2062520502-project] Create volume request body: {'volume': {'size': 1, 'consistencygroup_id': None, 'snapshot_id': None, 'name': 'tempest-VolumesGetTestJSON-Volume-1492284032', 'description': None, 'volume_type': None, 'availability_zone': None, 'metadata': {'Type': 'work'}, 'imageRef': None, 'source_volid': None, 'backup_id': None}} {{(pid=110148) create /opt/stack/cinder/cinder/api/v3/volumes.py:298}}
Nov 29 19:22:32.828210 dv-cinder-815712-6-smb devstack@c-api.service[110148]: INFO cinder.api.v3.volumes [req-12cc4b2d-308d-4da2-8694-eb2296039e33 req-ca3312f2-215d-4ab9-b620-8050e6e9ff39 tempest-VolumesGetTestJSON-2062520502 tempest-VolumesGetTestJSON-2062520502-project] Create volume of 1 GB
Nov 29 19:22:32.892509 dv-cinder-815712-6-smb devstack@c-api.service[110148]: DEBUG cinder.volume.api [req-12cc4b2d-308d-4da2-8694-eb2296039e33 req-ca3312f2-215d-4ab9-b620-8050e6e9ff39 tempest-VolumesGetTestJSON-2062520502 tempest-VolumesGetTestJSON-2062520502-project] Availability zone cache updated, next update will occur around 2021-11-29 20:22:32.891125. {{(pid=110148) list_availability_zones /opt/stack/cinder/cinder/volume/api.py:148}}
Nov 29 19:22:32.896203 dv-cinder-815712-6-smb devstack@c-api.service[110148]: INFO cinder.volume.api [req-12cc4b2d-308d-4da2-8694-eb2296039e33 req-ca3312f2-215d-4ab9-b620-8050e6e9ff39 tempest-VolumesGetTestJSON-2062520502 tempest-VolumesGetTestJSON-2062520502-project] Availability Zones retrieved successfully.
Nov 29 19:22:32.951797 dv-cinder-815712-6-smb devstack@c-api.service[110148]: DEBUG cinder.volume.api [req-12cc4b2d-308d-4da2-8694-eb2296039e33 req-ca3312f2-215d-4ab9-b620-8050e6e9ff39 tempest-VolumesGetTestJSON-2062520502 tempest-VolumesGetTestJSON-2062520502-project] Flow 'volume_create_api' (b3a81239-7fd2-4465-b005-96eab07b50b1) transitioned into state 'RUNNING' from state 'PENDING' {{(pid=110148) _flow_receiver /usr/local/lib/python3.8/dist-packages/taskflow/listeners/logging.py:141}}
Nov 29 19:22:32.954471 dv-cinder-815712-6-smb devstack@c-api.service[110148]: DEBUG cinder.volume.api [req-12cc4b2d-308d-4da2-8694-eb2296039e33 req-ca3312f2-215d-4ab9-b620-8050e6e9ff39 tempest-VolumesGetTestJSON-2062520502 tempest-VolumesGetTestJSON-2062520502-project] Task 'cinder.volume.flows.api.create_volume.ExtractVolumeRequestTask;volume:create' (c92ceff4-2a6a-4f25-9634-1276971f1036) transitioned into state 'RUNNING' from state 'PENDING' {{(pid=110148) _task_receiver /usr/local/lib/python3.8/dist-packages/taskflow/listeners/logging.py:190}}
Nov 29 19:22:32.957047 dv-cinder-815712-6-smb devstack@c-api.service[110148]: DEBUG cinder.volume.flows.api.create_volume [req-12cc4b2d-308d-4da2-8694-eb2296039e33 req-ca3312f2-215d-4ab9-b620-8050e6e9ff39 tempest-VolumesGetTestJSON-2062520502 tempest-VolumesGetTestJSON-2062520502-project] Validating volume size '1' using validate_int {{(pid=110148) _extract_size /opt/stack/cinder/cinder/volume/flows/api/create_volume.py:225}}
Nov 29 19:22:33.040723 dv-cinder-815712-6-smb devstack@c-api.service[110149]: DEBUG cinder.volume.api [None req-02cd7e9a-9821-4eac-97ee-3243a2f120f5 tempest-VolumeManageAdminTest-497770001 tempest-VolumeManageAdminTest-497770001-project] Task 'cinder.volume.flows.api.create_volume.EntryCreateTask;volume:create' (c21d0da0-d63a-420d-adf3-942f3a06c8c5) transitioned into state 'SUCCESS' from state 'RUNNING' with result '{'volume_id': '51071d3e-b780-4e03-b77c-b09155606132', 'volume_properties': VolumeProperties(attach_status='detached',availability_zone='nova',cgsnapshot_id=None,consistencygroup_id=None,display_description=None,display_name='tempest-VolumeManageAdminTest-Volume-1124517539',encryption_key_id=None,group_id=None,group_type_id=,metadata={},multiattach=False,project_id='0af79842e772495da532b3e928ec4153',qos_specs=None,replication_status=,reservations=['ca3872a2-8b2b-487d-8332-6699ffb4f136','05010b43-6599-4b65-9b7f-c91fa718c953','0892a8d2-a45f-4b11-925f-3b924c4b9bc7','6fb8ab56-2fd0-42d5-ab81-8660e9583667'],size=1,snapshot_id=None,source_replicaid=,source_volid=None,status='creating',user_id='a3f3a54138344c9abfd94fdc27a0104f',volume_type_id=092509ac-7cf9-4224-be14-5b7a06a8edd8), 'volume': Volume(_name_id=None,admin_metadata=,attach_status='detached',availability_zone='nova',bootable=False,cluster=,cluster_name=None,consistencygroup=,consistencygroup_id=None,created_at=2021-11-29T19:22:32Z,deleted=False,deleted_at=None,display_description=None,display_name='tempest-VolumeManageAdminTest-Volume-1124517539',ec2_id=None,encryption_key_id=None,glance_metadata=,group=,group_id=None,host=None,id=51071d3e-b780-4e03-b77c-b09155606132,launched_at=None,metadata={},migration_status=None,multiattach=False,previous_status=None,project_id='0af79842e772495da532b3e928ec4153',provider_auth=None,provider_geometry=None,provider_id=None,provider_location=None,replication_driver_data=None,replication_extended_status=None,replication_status=None,scheduled_at=None,service_uuid=None,shared_targets=True,size=1,snapshot_id=None,snapshots=,source_volid=None,status='creating',terminated_at=None,updated_at=None,use_quota=True,user_id='a3f3a54138344c9abfd94fdc27a0104f',volume_attachment=VolumeAttachmentList,volume_type=VolumeType(092509ac-7cf9-4224-be14-5b7a06a8edd8),volume_type_id=092509ac-7cf9-4224-be14-5b7a06a8edd8)}' {{(pid=110149) _task_receiver /usr/local/lib/python3.8/dist-packages/taskflow/listeners/logging.py:178}}
Nov 29 19:22:33.042776 dv-cinder-815712-6-smb devstack@c-api.service[110149]: DEBUG cinder.volume.api [None req-02cd7e9a-9821-4eac-97ee-3243a2f120f5 tempest-VolumeManageAdminTest-497770001 tempest-VolumeManageAdminTest-497770001-project] Task 'cinder.volume.flows.api.create_volume.QuotaCommitTask;volume:create' (ffd9caac-a7e3-41f1-a8cf-dc6b382d28d0) transitioned into state 'RUNNING' from state 'PENDING' {{(pid=110149) _task_receiver /usr/local/lib/python3.8/dist-packages/taskflow/listeners/logging.py:190}}
Nov 29 19:22:33.055178 dv-cinder-815712-6-smb devstack@c-api.service[110148]: DEBUG cinder.volume.api [req-12cc4b2d-308d-4da2-8694-eb2296039e33 req-ca3312f2-215d-4ab9-b620-8050e6e9ff39 tempest-VolumesGetTestJSON-2062520502 tempest-VolumesGetTestJSON-2062520502-project] Task 'cinder.volume.flows.api.create_volume.ExtractVolumeRequestTask;volume:create' (c92ceff4-2a6a-4f25-9634-1276971f1036) transitioned into state 'SUCCESS' from state 'RUNNING' with result '{'size': 1, 'snapshot_id': None, 'source_volid': None, 'volume_type': VolumeType(created_at=2021-11-29T19:08:02Z,deleted=False,deleted_at=None,description='Default Volume Type',extra_specs={},id=092509ac-7cf9-4224-be14-5b7a06a8edd8,is_public=True,name='__DEFAULT__',projects=[],qos_specs=,qos_specs_id=None,updated_at=2021-11-29T19:08:02Z), 'volume_type_id': '092509ac-7cf9-4224-be14-5b7a06a8edd8', 'encryption_key_id': None, 'qos_specs': None, 'consistencygroup_id': None, 'cgsnapshot_id': None, 'group_id': None, 'replication_status': 'disabled', 'refresh_az': False, 'backup_id': None, 'multiattach': False, 'availability_zones': ['nova']}' {{(pid=110148) _task_receiver /usr/local/lib/python3.8/dist-packages/taskflow/listeners/logging.py:178}}
Nov 29 19:22:33.060114 dv-cinder-815712-6-smb devstack@c-api.service[110148]: DEBUG cinder.volume.api [req-12cc4b2d-308d-4da2-8694-eb2296039e33 req-ca3312f2-215d-4ab9-b620-8050e6e9ff39 tempest-VolumesGetTestJSON-2062520502 tempest-VolumesGetTestJSON-2062520502-project] Task 'cinder.volume.flows.api.create_volume.QuotaReserveTask;volume:create' (1e9648c2-4ade-4647-aaf6-3f49ef4f530b) transitioned into state 'RUNNING' from state 'PENDING' {{(pid=110148) _task_receiver /usr/local/lib/python3.8/dist-packages/taskflow/listeners/logging.py:190}}
Nov 29 19:22:33.117218 dv-cinder-815712-6-smb devstack@c-api.service[110148]: WARNING cinder.quota [req-12cc4b2d-308d-4da2-8694-eb2296039e33 req-ca3312f2-215d-4ab9-b620-8050e6e9ff39 tempest-VolumesGetTestJSON-2062520502 tempest-VolumesGetTestJSON-2062520502-project] Deprecated: Default quota for resource: volumes___DEFAULT__ is set by the default quota flag: quota_volumes___DEFAULT__, it is now deprecated. Please use the default quota class for default quota.
Nov 29 19:22:33.118134 dv-cinder-815712-6-smb devstack@c-api.service[110148]: WARNING cinder.quota [req-12cc4b2d-308d-4da2-8694-eb2296039e33 req-ca3312f2-215d-4ab9-b620-8050e6e9ff39 tempest-VolumesGetTestJSON-2062520502 tempest-VolumesGetTestJSON-2062520502-project] Deprecated: Default quota for resource: gigabytes___DEFAULT__ is set by the default quota flag: quota_gigabytes___DEFAULT__, it is now deprecated. Please use the default quota class for default quota.
Nov 29 19:22:33.243365 dv-cinder-815712-6-smb devstack@c-api.service[110149]: DEBUG cinder.volume.api [None req-02cd7e9a-9821-4eac-97ee-3243a2f120f5 tempest-VolumeManageAdminTest-497770001 tempest-VolumeManageAdminTest-497770001-project] Task 'cinder.volume.flows.api.create_volume.QuotaCommitTask;volume:create' (ffd9caac-a7e3-41f1-a8cf-dc6b382d28d0) transitioned into state 'SUCCESS' from state 'RUNNING' with result '{'volume_properties': VolumeProperties(attach_status='detached',availability_zone='nova',cgsnapshot_id=None,consistencygroup_id=None,display_description=None,display_name='tempest-VolumeManageAdminTest-Volume-1124517539',encryption_key_id=None,group_id=None,group_type_id=,metadata={},multiattach=False,project_id='0af79842e772495da532b3e928ec4153',qos_specs=None,replication_status=,reservations=['ca3872a2-8b2b-487d-8332-6699ffb4f136','05010b43-6599-4b65-9b7f-c91fa718c953','0892a8d2-a45f-4b11-925f-3b924c4b9bc7','6fb8ab56-2fd0-42d5-ab81-8660e9583667'],size=1,snapshot_id=None,source_replicaid=,source_volid=None,status='creating',user_id='a3f3a54138344c9abfd94fdc27a0104f',volume_type_id=092509ac-7cf9-4224-be14-5b7a06a8edd8)}' {{(pid=110149) _task_receiver /usr/local/lib/python3.8/dist-packages/taskflow/listeners/logging.py:178}}
Nov 29 19:22:33.257208 dv-cinder-815712-6-smb devstack@c-api.service[110149]: DEBUG cinder.volume.api [None req-02cd7e9a-9821-4eac-97ee-3243a2f120f5 tempest-VolumeManageAdminTest-497770001 tempest-VolumeManageAdminTest-497770001-project] Task 'cinder.volume.flows.api.create_volume.VolumeCastTask;volume:create' (48dc5130-fc2f-45b5-8809-b2f093ed519a) transitioned into state 'RUNNING' from state 'PENDING' {{(pid=110149) _task_receiver /usr/local/lib/python3.8/dist-packages/taskflow/listeners/logging.py:190}}
Nov 29 19:22:33.591642 dv-cinder-815712-6-smb devstack@c-api.service[110149]: DEBUG cinder.volume.api [None req-02cd7e9a-9821-4eac-97ee-3243a2f120f5 tempest-VolumeManageAdminTest-497770001 tempest-VolumeManageAdminTest-497770001-project] Task 'cinder.volume.flows.api.create_volume.VolumeCastTask;volume:create' (48dc5130-fc2f-45b5-8809-b2f093ed519a) transitioned into state 'SUCCESS' from state 'RUNNING' with result 'None' {{(pid=110149) _task_receiver /usr/local/lib/python3.8/dist-packages/taskflow/listeners/logging.py:178}}
Nov 29 19:22:33.598306 dv-cinder-815712-6-smb devstack@c-api.service[110149]: DEBUG cinder.volume.api [None req-02cd7e9a-9821-4eac-97ee-3243a2f120f5 tempest-VolumeManageAdminTest-497770001 tempest-VolumeManageAdminTest-497770001-project] Flow 'volume_create_api' (281ac35e-f509-45ec-89e9-a3497f3f3a91) transitioned into state 'SUCCESS' from state 'RUNNING' {{(pid=110149) _flow_receiver /usr/local/lib/python3.8/dist-packages/taskflow/listeners/logging.py:141}}
Nov 29 19:22:33.598978 dv-cinder-815712-6-smb devstack@c-api.service[110149]: INFO cinder.volume.api [None req-02cd7e9a-9821-4eac-97ee-3243a2f120f5 tempest-VolumeManageAdminTest-497770001 tempest-VolumeManageAdminTest-497770001-project] Create volume request issued successfully.
Nov 29 19:22:33.609553 dv-cinder-815712-6-smb devstack@c-api.service[110149]: INFO cinder.api.openstack.wsgi [None req-02cd7e9a-9821-4eac-97ee-3243a2f120f5 tempest-VolumeManageAdminTest-497770001 tempest-VolumeManageAdminTest-497770001-project] http://10.222.0.21/volume/v3/0af79842e772495da532b3e928ec4153/volumes returned with HTTP 202
Nov 29 19:22:33.621990 dv-cinder-815712-6-smb devstack@c-api.service[110149]: [pid: 110149|app: 0|req: 4/8] 10.222.0.21 () {60 vars in 1234 bytes} [Mon Nov 29 19:22:31 2021] POST /volume/v3/0af79842e772495da532b3e928ec4153/volumes => generated 821 bytes in 1820 msecs (HTTP/1.1 202) 7 headers in 291 bytes (1 switches on core 0)
Nov 29 19:22:33.663281 dv-cinder-815712-6-smb devstack@c-api.service[110148]: DEBUG cinder.quota [req-12cc4b2d-308d-4da2-8694-eb2296039e33 req-ca3312f2-215d-4ab9-b620-8050e6e9ff39 tempest-VolumesGetTestJSON-2062520502 tempest-VolumesGetTestJSON-2062520502-project] Created reservations ['0274e90c-78f3-41a8-8f12-ee4a20707282', '78db0e06-2acc-4f3f-ac3f-486d192e2b95', '02422130-612d-469c-8b20-5184cad9687d', '291d2959-f963-439e-aee1-1d12b0a52e95'] {{(pid=110148) reserve /opt/stack/cinder/cinder/quota.py:755}}
Nov 29 19:22:33.665918 dv-cinder-815712-6-smb devstack@c-api.service[110148]: DEBUG cinder.volume.api [req-12cc4b2d-308d-4da2-8694-eb2296039e33 req-ca3312f2-215d-4ab9-b620-8050e6e9ff39 tempest-VolumesGetTestJSON-2062520502 tempest-VolumesGetTestJSON-2062520502-project] Task 'cinder.volume.flows.api.create_volume.QuotaReserveTask;volume:create' (1e9648c2-4ade-4647-aaf6-3f49ef4f530b) transitioned into state 'SUCCESS' from state 'RUNNING' with result '{'reservations': ['0274e90c-78f3-41a8-8f12-ee4a20707282', '78db0e06-2acc-4f3f-ac3f-486d192e2b95', '02422130-612d-469c-8b20-5184cad9687d', '291d2959-f963-439e-aee1-1d12b0a52e95']}' {{(pid=110148) _task_receiver /usr/local/lib/python3.8/dist-packages/taskflow/listeners/logging.py:178}}
Nov 29 19:22:33.673450 dv-cinder-815712-6-smb devstack@c-api.service[110148]: DEBUG cinder.volume.api [req-12cc4b2d-308d-4da2-8694-eb2296039e33 req-ca3312f2-215d-4ab9-b620-8050e6e9ff39 tempest-VolumesGetTestJSON-2062520502 tempest-VolumesGetTestJSON-2062520502-project] Task 'cinder.volume.flows.api.create_volume.EntryCreateTask;volume:create' (b4bcb2da-4470-4f1d-b0eb-9caf300335f3) transitioned into state 'RUNNING' from state 'PENDING' {{(pid=110148) _task_receiver /usr/local/lib/python3.8/dist-packages/taskflow/listeners/logging.py:190}}
Nov 29 19:22:33.823058 dv-cinder-815712-6-smb devstack@c-api.service[110149]: INFO cinder.api.openstack.wsgi [None req-9d4109eb-b70a-4f54-bf66-b58a0b852543 tempest-GroupSnapshotsTest-978742374 tempest-GroupSnapshotsTest-978742374-project-admin] POST http://10.222.0.21/volume/v3/f154201f29ad4e0997afa74c16f8bfe4/types
Nov 29 19:22:33.823543 dv-cinder-815712-6-smb devstack@c-api.service[110149]: /usr/local/lib/python3.8/dist-packages/webob/acceptparse.py:1047: DeprecationWarning: The behavior of AcceptValidHeader.best_match is currently being maintained for backward compatibility, but it will be deprecated in the future, as it does not conform to the RFC.
Nov 29 19:22:33.823543 dv-cinder-815712-6-smb devstack@c-api.service[110149]: warnings.warn(
Nov 29 19:22:33.824038 dv-cinder-815712-6-smb devstack@c-api.service[110149]: DEBUG cinder.api.openstack.wsgi [None req-9d4109eb-b70a-4f54-bf66-b58a0b852543 tempest-GroupSnapshotsTest-978742374 tempest-GroupSnapshotsTest-978742374-project-admin] Action: 'create', calling method: _create, body: {"volume_type": {"name": "tempest-GroupSnapshotsTest-volume-type-1366998003"}} {{(pid=110149) _process_stack /opt/stack/cinder/cinder/api/openstack/wsgi.py:854}}
Nov 29 19:22:33.828821 dv-cinder-815712-6-smb devstack@c-api.service[110149]: /usr/local/lib/python3.8/dist-packages/oslo_context/context.py:105: DeprecationWarning: Policy enforcement is depending on the value of is_admin. This key is deprecated. Please update your policy file to use the standard policy values.
Nov 29 19:22:33.828821 dv-cinder-815712-6-smb devstack@c-api.service[110149]: warnings.warn('Policy enforcement is depending on the value of '
Nov 29 19:22:34.057858 dv-cinder-815712-6-smb devstack@c-api.service[110149]: INFO cinder.api.openstack.wsgi [None req-9d4109eb-b70a-4f54-bf66-b58a0b852543 tempest-GroupSnapshotsTest-978742374 tempest-GroupSnapshotsTest-978742374-project-admin] http://10.222.0.21/volume/v3/f154201f29ad4e0997afa74c16f8bfe4/types returned with HTTP 200
Nov 29 19:22:34.072194 dv-cinder-815712-6-smb devstack@c-api.service[110149]: [pid: 110149|app: 0|req: 5/9] 10.222.0.21 () {60 vars in 1228 bytes} [Mon Nov 29 19:22:33 2021] POST /volume/v3/f154201f29ad4e0997afa74c16f8bfe4/types => generated 224 bytes in 449 msecs (HTTP/1.1 200) 7 headers in 285 bytes (1 switches on core 0)
Nov 29 19:22:34.088058 dv-cinder-815712-6-smb devstack@c-api.service[110149]: INFO cinder.api.openstack.wsgi [None req-fe1169c7-55b5-4021-b285-1e5de3202dbb tempest-VolumeManageAdminTest-497770001 tempest-VolumeManageAdminTest-497770001-project] GET http://10.222.0.21/volume/v3/0af79842e772495da532b3e928ec4153/volumes/51071d3e-b780-4e03-b77c-b09155606132
Nov 29 19:22:34.100686 dv-cinder-815712-6-smb devstack@c-api.service[110149]: DEBUG cinder.api.openstack.wsgi [None req-fe1169c7-55b5-4021-b285-1e5de3202dbb tempest-VolumeManageAdminTest-497770001 tempest-VolumeManageAdminTest-497770001-project] Empty body provided in request {{(pid=110149) get_body /opt/stack/cinder/cinder/api/openstack/wsgi.py:703}}
Nov 29 19:22:34.103688 dv-cinder-815712-6-smb devstack@c-api.service[110149]: DEBUG cinder.api.openstack.wsgi [None req-fe1169c7-55b5-4021-b285-1e5de3202dbb tempest-VolumeManageAdminTest-497770001 tempest-VolumeManageAdminTest-497770001-project] Calling method 'show' {{(pid=110149) _process_stack /opt/stack/cinder/cinder/api/openstack/wsgi.py:856}}
Nov 29 19:22:34.156146 dv-cinder-815712-6-smb devstack@c-api.service[110148]: DEBUG cinder.volume.api [req-12cc4b2d-308d-4da2-8694-eb2296039e33 req-ca3312f2-215d-4ab9-b620-8050e6e9ff39 tempest-VolumesGetTestJSON-2062520502 tempest-VolumesGetTestJSON-2062520502-project] Task 'cinder.volume.flows.api.create_volume.EntryCreateTask;volume:create' (b4bcb2da-4470-4f1d-b0eb-9caf300335f3) transitioned into state 'SUCCESS' from state 'RUNNING' with result '{'volume_id': '96a62252-cf3c-4f15-887f-7512a3d9eeee', 'volume_properties': VolumeProperties(attach_status='detached',availability_zone='nova',cgsnapshot_id=None,consistencygroup_id=None,display_description=None,display_name='tempest-VolumesGetTestJSON-Volume-1492284032',encryption_key_id=None,group_id=None,group_type_id=,metadata={Type='work'},multiattach=False,project_id='02107c6e5bb3483cba48f90cf50cec2e',qos_specs=None,replication_status=,reservations=['0274e90c-78f3-41a8-8f12-ee4a20707282','78db0e06-2acc-4f3f-ac3f-486d192e2b95','02422130-612d-469c-8b20-5184cad9687d','291d2959-f963-439e-aee1-1d12b0a52e95'],size=1,snapshot_id=None,source_replicaid=,source_volid=None,status='creating',user_id='36b6598c70044f6b841e341b4c74f0c1',volume_type_id=092509ac-7cf9-4224-be14-5b7a06a8edd8), 'volume': Volume(_name_id=None,admin_metadata=,attach_status='detached',availability_zone='nova',bootable=False,cluster=,cluster_name=None,consistencygroup=,consistencygroup_id=None,created_at=2021-11-29T19:22:33Z,deleted=False,deleted_at=None,display_description=None,display_name='tempest-VolumesGetTestJSON-Volume-1492284032',ec2_id=None,encryption_key_id=None,glance_metadata=,group=,group_id=None,host=None,id=96a62252-cf3c-4f15-887f-7512a3d9eeee,launched_at=None,metadata={Type='work'},migration_status=None,multiattach=False,previous_status=None,project_id='02107c6e5bb3483cba48f90cf50cec2e',provider_auth=None,provider_geometry=None,provider_id=None,provider_location=None,replication_driver_data=None,replication_extended_status=None,replication_status=None,scheduled_at=None,service_uuid=None,shared_targets=True,size=1,snapshot_id=None,snapshots=,source_volid=None,status='creating',terminated_at=None,updated_at=None,use_quota=True,user_id='36b6598c70044f6b841e341b4c74f0c1',volume_attachment=VolumeAttachmentList,volume_type=VolumeType(092509ac-7cf9-4224-be14-5b7a06a8edd8),volume_type_id=092509ac-7cf9-4224-be14-5b7a06a8edd8)}' {{(pid=110148) _task_receiver /usr/local/lib/python3.8/dist-packages/taskflow/listeners/logging.py:178}}
Nov 29 19:22:34.165437 dv-cinder-815712-6-smb devstack@c-api.service[110149]: /usr/local/lib/python3.8/dist-packages/oslo_context/context.py:105: DeprecationWarning: Policy enforcement is depending on the value of is_admin. This key is deprecated. Please update your policy file to use the standard policy values.
Nov 29 19:22:34.165437 dv-cinder-815712-6-smb devstack@c-api.service[110149]: warnings.warn('Policy enforcement is depending on the value of '
Nov 29 19:22:34.168642 dv-cinder-815712-6-smb devstack@c-api.service[110148]: DEBUG cinder.volume.api [req-12cc4b2d-308d-4da2-8694-eb2296039e33 req-ca3312f2-215d-4ab9-b620-8050e6e9ff39 tempest-VolumesGetTestJSON-2062520502 tempest-VolumesGetTestJSON-2062520502-project] Task 'cinder.volume.flows.api.create_volume.QuotaCommitTask;volume:create' (a7c04900-66fb-42e5-8085-8329f81e39f6) transitioned into state 'RUNNING' from state 'PENDING' {{(pid=110148) _task_receiver /usr/local/lib/python3.8/dist-packages/taskflow/listeners/logging.py:190}}
Nov 29 19:22:34.204836 dv-cinder-815712-6-smb devstack@c-api.service[110149]: INFO cinder.volume.api [None req-fe1169c7-55b5-4021-b285-1e5de3202dbb tempest-VolumeManageAdminTest-497770001 tempest-VolumeManageAdminTest-497770001-project] Volume info retrieved successfully.
Nov 29 19:22:34.244290 dv-cinder-815712-6-smb devstack@c-api.service[110149]: INFO cinder.api.openstack.wsgi [None req-fe1169c7-55b5-4021-b285-1e5de3202dbb tempest-VolumeManageAdminTest-497770001 tempest-VolumeManageAdminTest-497770001-project] http://10.222.0.21/volume/v3/0af79842e772495da532b3e928ec4153/volumes/51071d3e-b780-4e03-b77c-b09155606132 returned with HTTP 200
Nov 29 19:22:34.245352 dv-cinder-815712-6-smb devstack@c-api.service[110149]: [pid: 110149|app: 0|req: 6/10] 10.222.0.21 () {58 vars in 1324 bytes} [Mon Nov 29 19:22:34 2021] GET /volume/v3/0af79842e772495da532b3e928ec4153/volumes/51071d3e-b780-4e03-b77c-b09155606132 => generated 889 bytes in 172 msecs (HTTP/1.1 200) 7 headers in 285 bytes (1 switches on core 0)
Nov 29 19:22:34.266808 dv-cinder-815712-6-smb devstack@c-api.service[110149]: INFO cinder.api.openstack.wsgi [None req-1d6f0359-77ec-4398-97a3-b7158451b69b tempest-GroupSnapshotsTest-978742374 tempest-GroupSnapshotsTest-978742374-project-admin] POST http://10.222.0.21/volume/v3/f154201f29ad4e0997afa74c16f8bfe4/group_types
Nov 29 19:22:34.266808 dv-cinder-815712-6-smb devstack@c-api.service[110149]: /usr/local/lib/python3.8/dist-packages/webob/acceptparse.py:1047: DeprecationWarning: The behavior of AcceptValidHeader.best_match is currently being maintained for backward compatibility, but it will be deprecated in the future, as it does not conform to the RFC.
Nov 29 19:22:34.266808 dv-cinder-815712-6-smb devstack@c-api.service[110149]: warnings.warn(
Nov 29 19:22:34.266808 dv-cinder-815712-6-smb devstack@c-api.service[110149]: DEBUG cinder.api.openstack.wsgi [None req-1d6f0359-77ec-4398-97a3-b7158451b69b tempest-GroupSnapshotsTest-978742374 tempest-GroupSnapshotsTest-978742374-project-admin] Action: 'create', calling method: version_select, body: {"group_type": {"name": "tempest-GroupSnapshotsTest-group-type-1759450116"}} {{(pid=110149) _process_stack /opt/stack/cinder/cinder/api/openstack/wsgi.py:854}}
Nov 29 19:22:34.448806 dv-cinder-815712-6-smb devstack@c-api.service[110148]: DEBUG cinder.volume.api [req-12cc4b2d-308d-4da2-8694-eb2296039e33 req-ca3312f2-215d-4ab9-b620-8050e6e9ff39 tempest-VolumesGetTestJSON-2062520502 tempest-VolumesGetTestJSON-2062520502-project] Task 'cinder.volume.flows.api.create_volume.QuotaCommitTask;volume:create' (a7c04900-66fb-42e5-8085-8329f81e39f6) transitioned into state 'SUCCESS' from state 'RUNNING' with result '{'volume_properties': VolumeProperties(attach_status='detached',availability_zone='nova',cgsnapshot_id=None,consistencygroup_id=None,display_description=None,display_name='tempest-VolumesGetTestJSON-Volume-1492284032',encryption_key_id=None,group_id=None,group_type_id=,metadata={Type='work'},multiattach=False,project_id='02107c6e5bb3483cba48f90cf50cec2e',qos_specs=None,replication_status=,reservations=['0274e90c-78f3-41a8-8f12-ee4a20707282','78db0e06-2acc-4f3f-ac3f-486d192e2b95','02422130-612d-469c-8b20-5184cad9687d','291d2959-f963-439e-aee1-1d12b0a52e95'],size=1,snapshot_id=None,source_replicaid=,source_volid=None,status='creating',user_id='36b6598c70044f6b841e341b4c74f0c1',volume_type_id=092509ac-7cf9-4224-be14-5b7a06a8edd8)}' {{(pid=110148) _task_receiver /usr/local/lib/python3.8/dist-packages/taskflow/listeners/logging.py:178}}
Nov 29 19:22:34.451615 dv-cinder-815712-6-smb devstack@c-api.service[110148]: DEBUG cinder.volume.api [req-12cc4b2d-308d-4da2-8694-eb2296039e33 req-ca3312f2-215d-4ab9-b620-8050e6e9ff39 tempest-VolumesGetTestJSON-2062520502 tempest-VolumesGetTestJSON-2062520502-project] Task 'cinder.volume.flows.api.create_volume.VolumeCastTask;volume:create' (3a3675b2-ad84-491a-a23d-d9850d45bf04) transitioned into state 'RUNNING' from state 'PENDING' {{(pid=110148) _task_receiver /usr/local/lib/python3.8/dist-packages/taskflow/listeners/logging.py:190}}
Nov 29 19:22:34.523898 dv-cinder-815712-6-smb devstack@c-api.service[110149]: INFO cinder.api.openstack.wsgi [None req-1d6f0359-77ec-4398-97a3-b7158451b69b tempest-GroupSnapshotsTest-978742374 tempest-GroupSnapshotsTest-978742374-project-admin] http://10.222.0.21/volume/v3/f154201f29ad4e0997afa74c16f8bfe4/group_types returned with HTTP 202
Nov 29 19:22:34.523898 dv-cinder-815712-6-smb devstack@c-api.service[110149]: [pid: 110149|app: 0|req: 7/11] 10.222.0.21 () {62 vars in 1287 bytes} [Mon Nov 29 19:22:34 2021] POST /volume/v3/f154201f29ad4e0997afa74c16f8bfe4/group_types => generated 181 bytes in 273 msecs (HTTP/1.1 202) 7 headers in 292 bytes (1 switches on core 0)
Nov 29 19:22:34.635964 dv-cinder-815712-6-smb devstack@c-api.service[110148]: DEBUG cinder.volume.api [req-12cc4b2d-308d-4da2-8694-eb2296039e33 req-ca3312f2-215d-4ab9-b620-8050e6e9ff39 tempest-VolumesGetTestJSON-2062520502 tempest-VolumesGetTestJSON-2062520502-project] Task 'cinder.volume.flows.api.create_volume.VolumeCastTask;volume:create' (3a3675b2-ad84-491a-a23d-d9850d45bf04) transitioned into state 'SUCCESS' from state 'RUNNING' with result 'None' {{(pid=110148) _task_receiver /usr/local/lib/python3.8/dist-packages/taskflow/listeners/logging.py:178}}
Nov 29 19:22:34.651717 dv-cinder-815712-6-smb devstack@c-api.service[110148]: DEBUG cinder.volume.api [req-12cc4b2d-308d-4da2-8694-eb2296039e33 req-ca3312f2-215d-4ab9-b620-8050e6e9ff39 tempest-VolumesGetTestJSON-2062520502 tempest-VolumesGetTestJSON-2062520502-project] Flow 'volume_create_api' (b3a81239-7fd2-4465-b005-96eab07b50b1) transitioned into state 'SUCCESS' from state 'RUNNING' {{(pid=110148) _flow_receiver /usr/local/lib/python3.8/dist-packages/taskflow/listeners/logging.py:141}}
Nov 29 19:22:34.651717 dv-cinder-815712-6-smb devstack@c-api.service[110148]: INFO cinder.volume.api [req-12cc4b2d-308d-4da2-8694-eb2296039e33 req-ca3312f2-215d-4ab9-b620-8050e6e9ff39 tempest-VolumesGetTestJSON-2062520502 tempest-VolumesGetTestJSON-2062520502-project] Create volume request issued successfully.
Nov 29 19:22:34.651717 dv-cinder-815712-6-smb devstack@c-api.service[110148]: INFO cinder.api.openstack.wsgi [req-12cc4b2d-308d-4da2-8694-eb2296039e33 req-ca3312f2-215d-4ab9-b620-8050e6e9ff39 tempest-VolumesGetTestJSON-2062520502 tempest-VolumesGetTestJSON-2062520502-project] http://10.222.0.21/volume/v3/02107c6e5bb3483cba48f90cf50cec2e/volumes returned with HTTP 202
Nov 29 19:22:34.663994 dv-cinder-815712-6-smb devstack@c-api.service[110148]: [pid: 110148|app: 0|req: 5/12] 10.222.0.21 () {64 vars in 1521 bytes} [Mon Nov 29 19:22:32 2021] POST /volume/v3/02107c6e5bb3483cba48f90cf50cec2e/volumes => generated 832 bytes in 2164 msecs (HTTP/1.1 202) 7 headers in 291 bytes (2 switches on core 0)
Nov 29 19:22:34.674898 dv-cinder-815712-6-smb devstack@c-api.service[110148]: INFO cinder.api.openstack.wsgi [req-12cc4b2d-308d-4da2-8694-eb2296039e33 req-aa0d38e1-9239-4fe4-8461-2d3fbac18c18 tempest-VolumesGetTestJSON-2062520502 tempest-VolumesGetTestJSON-2062520502-project] GET http://10.222.0.21/volume/v3/02107c6e5bb3483cba48f90cf50cec2e/volumes/96a62252-cf3c-4f15-887f-7512a3d9eeee
Nov 29 19:22:34.676462 dv-cinder-815712-6-smb devstack@c-api.service[110148]: DEBUG cinder.api.openstack.wsgi [req-12cc4b2d-308d-4da2-8694-eb2296039e33 req-aa0d38e1-9239-4fe4-8461-2d3fbac18c18 tempest-VolumesGetTestJSON-2062520502 tempest-VolumesGetTestJSON-2062520502-project] Empty body provided in request {{(pid=110148) get_body /opt/stack/cinder/cinder/api/openstack/wsgi.py:703}}
