Nov 29 19:07:08.732168 dv-cinder-815712-6-iscsi neutron-server[102918]: DEBUG neutron.db.db_base_plugin_common [None req-43b5d1e0-39b2-467c-afc4-0f08711b7c7a admin admin] Allocated IP 172.27.3.222 (c1c9691a-9b68-43f4-841a-28d42b52c369/ac5b9c72-74cd-4517-a97e-9509297c5f35/d0b8a237-9d62-460d-89b9-0d5de5270ebe) {{(pid=102918) _store_ip_allocation /opt/stack/neutron/neutron/db/db_base_plugin_common.py:131}}
Nov 29 19:07:08.758959 dv-cinder-815712-6-iscsi neutron-server[102918]: DEBUG neutron_lib.callbacks.manager [None req-9696f5a1-0cb7-4561-a91b-0e953bb2dcf2 admin admin] Publish callbacks ['neutron.services.l3_router.l3_router_plugin.L3_HA_NAT_db_mixin._before_router_create_handler-3757767', 'neutron.services.l3_router.service_providers.driver_controller.DriverController._check_router_request-4604'] for router, before_create {{(pid=102918) _notify_loop /usr/local/lib/python3.8/dist-packages/neutron_lib/callbacks/manager.py:175}}
Nov 29 19:07:08.760206 dv-cinder-815712-6-iscsi neutron-server[102918]: DEBUG neutron_lib.callbacks.manager [None req-9696f5a1-0cb7-4561-a91b-0e953bb2dcf2 admin admin] Publish callbacks ['neutron.services.l3_router.l3_router_plugin.L3_HA_NAT_db_mixin._precommit_router_create-3756407', 'neutron.services.l3_router.l3_router_plugin.DVRResourceOperationHandler._set_distributed_flag-3758342', 'neutron.services.l3_router.l3_router_plugin.RouterAvailabilityZoneMixin._process_az_request-3744718', 'neutron.services.l3_router.service_providers.driver_controller.DriverController._set_router_provider-4599'] for router, precommit_create {{(pid=102918) _notify_loop /usr/local/lib/python3.8/dist-packages/neutron_lib/callbacks/manager.py:175}}
Nov 29 19:07:08.828022 dv-cinder-815712-6-iscsi neutron-server[102918]: DEBUG neutron_lib.callbacks.manager [None req-9696f5a1-0cb7-4561-a91b-0e953bb2dcf2 admin admin] Publish callbacks [] for router_controller, precommit_add_association {{(pid=102918) _notify_loop /usr/local/lib/python3.8/dist-packages/neutron_lib/callbacks/manager.py:175}}
Nov 29 19:07:09.021686 dv-cinder-815712-6-iscsi neutron-server[102918]: DEBUG neutron_lib.callbacks.manager [None req-43b5d1e0-39b2-467c-afc4-0f08711b7c7a admin admin] Publish callbacks [] for port, precommit_create {{(pid=102918) _notify_loop /usr/local/lib/python3.8/dist-packages/neutron_lib/callbacks/manager.py:175}}
Nov 29 19:07:09.055891 dv-cinder-815712-6-iscsi neutron-server[102919]: DEBUG neutron.api.rpc.handlers.dhcp_rpc [None req-134f6699-263a-4e4e-8a68-6135d0b260de None None] Network 1e5d4168-2a48-42d0-abd3-7347b64af3c1 requested from dv-cinder-815712-6-iscsi {{(pid=102919) get_network_info /opt/stack/neutron/neutron/api/rpc/handlers/dhcp_rpc.py:218}}
Nov 29 19:07:09.116907 dv-cinder-815712-6-iscsi neutron-server[102919]: DEBUG neutron.api.rpc.handlers.dhcp_rpc [None req-d50be843-fe53-4dec-8d82-facc7d6e5a87 None None] Create dhcp port {'port': {'name': '', 'admin_state_up': True, 'device_id': 'dhcpd2207c70-2361-59cd-b191-cbe5ce020fb4-a23c8ce2-8b2c-46ac-abb2-98c135b38856', 'network_id': 'a23c8ce2-8b2c-46ac-abb2-98c135b38856', 'tenant_id': 'd5072d14423d4f84adfbb0bb6a3a10ad', 'fixed_ips': [{'subnet_id': 'bfcb0bb3-a293-48e0-837d-b6ebd29e977d'}]}} from dv-cinder-815712-6-iscsi. {{(pid=102919) create_dhcp_port /opt/stack/neutron/neutron/api/rpc/handlers/dhcp_rpc.py:285}}
Nov 29 19:07:09.118230 dv-cinder-815712-6-iscsi neutron-server[102919]: DEBUG neutron_lib.callbacks.manager [None req-d50be843-fe53-4dec-8d82-facc7d6e5a87 None None] Publish callbacks ['neutron.plugins.ml2.plugin.SecurityGroupDbMixin._ensure_default_security_group_handler-591047'] for port, before_create {{(pid=102919) _notify_loop /usr/local/lib/python3.8/dist-packages/neutron_lib/callbacks/manager.py:175}}
Nov 29 19:07:09.170767 dv-cinder-815712-6-iscsi neutron-server[102917]: DEBUG neutron.wsgi [-] (102917) accepted ('10.222.0.30', 59904) {{(pid=102917) server /usr/local/lib/python3.8/dist-packages/eventlet/wsgi.py:1004}}
Nov 29 19:07:09.178822 dv-cinder-815712-6-iscsi neutron-server[102917]: WARNING keystonemiddleware.auth_token [-] A valid token was submitted as a service token, but it was not a valid service token. This is incorrect but backwards compatible behaviour. This will be removed in future releases.
Nov 29 19:07:09.232095 dv-cinder-815712-6-iscsi neutron-server[102917]: DEBUG neutron.wsgi [-] (102917) accepted ('10.222.0.30', 59910) {{(pid=102917) server /usr/local/lib/python3.8/dist-packages/eventlet/wsgi.py:1004}}
Nov 29 19:07:09.237134 dv-cinder-815712-6-iscsi neutron-server[102918]: DEBUG neutron_lib.callbacks.manager [None req-9696f5a1-0cb7-4561-a91b-0e953bb2dcf2 admin admin] Publish callbacks [] for router_gateway, precommit_update {{(pid=102918) _notify_loop /usr/local/lib/python3.8/dist-packages/neutron_lib/callbacks/manager.py:175}}
Nov 29 19:07:09.243280 dv-cinder-815712-6-iscsi neutron-server[102918]: DEBUG neutron_lib.callbacks.manager [None req-43b5d1e0-39b2-467c-afc4-0f08711b7c7a admin admin] Publish callbacks ['neutron.plugins.ml2.plugin.SecurityGroupServerNotifierRpcMixin._notify_sg_on_port_change-590854', 'neutron.plugins.ml2.ovo_rpc._ObjectChangeHandler.handle_event-202570', 'neutron.api.rpc.agentnotifiers.dhcp_rpc_agent_api.DhcpAgentNotifyAPI._native_event_send_dhcp_notification-3703891', 'neutron.db.l3_dvrscheduler_db._notify_l3_agent_new_port-8749823226628'] for port, after_create {{(pid=102918) _notify_loop /usr/local/lib/python3.8/dist-packages/neutron_lib/callbacks/manager.py:175}}
Nov 29 19:07:09.337889 dv-cinder-815712-6-iscsi neutron-server[102918]: DEBUG neutron.api.rpc.handlers.resources_rpc [None req-43b5d1e0-39b2-467c-afc4-0f08711b7c7a admin admin] Pushing event updated for resources: {'Port': ['ID=d0b8a237-9d62-460d-89b9-0d5de5270ebe,revision_number=1']} {{(pid=102918) push /opt/stack/neutron/neutron/api/rpc/handlers/resources_rpc.py:237}}
Nov 29 19:07:09.342548 dv-cinder-815712-6-iscsi neutron-server[102918]: DEBUG neutron.scheduler.dhcp_agent_scheduler [None req-43b5d1e0-39b2-467c-afc4-0f08711b7c7a admin admin] Network c1c9691a-9b68-43f4-841a-28d42b52c369 is already hosted by enough agents. {{(pid=102918) _get_dhcp_agents_hosting_network /opt/stack/neutron/neutron/scheduler/dhcp_agent_scheduler.py:275}}
Nov 29 19:07:09.346934 dv-cinder-815712-6-iscsi neutron-server[102918]: DEBUG neutron.scheduler.base_scheduler [None req-43b5d1e0-39b2-467c-afc4-0f08711b7c7a admin admin] Resources bound (agent type, host, resource id): {{(pid=102918) schedule /opt/stack/neutron/neutron/scheduler/base_scheduler.py:57}}
Nov 29 19:07:09.357823 dv-cinder-815712-6-iscsi neutron-server[102918]: DEBUG neutron.db.l3_dvrscheduler_db [None req-43b5d1e0-39b2-467c-afc4-0f08711b7c7a admin admin] Received port after_create {{(pid=102918) _notify_l3_agent_new_port /opt/stack/neutron/neutron/db/l3_dvrscheduler_db.py:535}}
Nov 29 19:07:09.366646 dv-cinder-815712-6-iscsi neutron-server[102919]: DEBUG neutron.db.db_base_plugin_common [None req-d50be843-fe53-4dec-8d82-facc7d6e5a87 None None] Allocated IP 172.20.0.2 (a23c8ce2-8b2c-46ac-abb2-98c135b38856/bfcb0bb3-a293-48e0-837d-b6ebd29e977d/e858a251-487a-4f38-822d-51550fc2a8d5) {{(pid=102919) _store_ip_allocation /opt/stack/neutron/neutron/db/db_base_plugin_common.py:131}}
Nov 29 19:07:09.452858 dv-cinder-815712-6-iscsi neutron-server[102917]: DEBUG neutron.pecan_wsgi.hooks.policy_enforcement [req-d8964a6a-1089-4d19-8db9-74e04319cf41 req-589cb0ba-6bf7-4eec-9810-3246e7dce8f3 tempest-AttachVolumeNegativeTest-213712499 tempest-AttachVolumeNegativeTest-213712499-project] Attributes excluded by policy engine: ['standard_attr_id', 'vlan_transparent', 'provider:network_type', 'provider:physical_network', 'provider:segmentation_id'] {{(pid=102917) _exclude_attributes_by_policy /opt/stack/neutron/neutron/pecan_wsgi/hooks/policy_enforcement.py:255}}
Nov 29 19:07:09.454271 dv-cinder-815712-6-iscsi neutron-server[102917]: INFO neutron.wsgi [req-d8964a6a-1089-4d19-8db9-74e04319cf41 req-589cb0ba-6bf7-4eec-9810-3246e7dce8f3 tempest-AttachVolumeNegativeTest-213712499 tempest-AttachVolumeNegativeTest-213712499-project] 10.222.0.30 "GET /v2.0/networks?id=d0af5060-766f-4e85-a4ca-ef7ffc411f01 HTTP/1.1" status: 200 len: 815 time: 0.2819138
Nov 29 19:07:09.463469 dv-cinder-815712-6-iscsi neutron-server[102917]: DEBUG neutron.pecan_wsgi.hooks.policy_enforcement [req-14fb438a-b274-426a-b935-5b482a1acc7d req-4f848cf8-87cd-4579-a4f5-2e74f6f7b412 tempest-DeleteServersTestJSON-1706719408 tempest-DeleteServersTestJSON-1706719408-project] Attributes excluded by policy engine: ['standard_attr_id', 'vlan_transparent', 'provider:network_type', 'provider:physical_network', 'provider:segmentation_id'] {{(pid=102917) _exclude_attributes_by_policy /opt/stack/neutron/neutron/pecan_wsgi/hooks/policy_enforcement.py:255}}
Nov 29 19:07:09.465212 dv-cinder-815712-6-iscsi neutron-server[102917]: INFO neutron.wsgi [req-14fb438a-b274-426a-b935-5b482a1acc7d req-4f848cf8-87cd-4579-a4f5-2e74f6f7b412 tempest-DeleteServersTestJSON-1706719408 tempest-DeleteServersTestJSON-1706719408-project] 10.222.0.30 "GET /v2.0/networks?id=1e5d4168-2a48-42d0-abd3-7347b64af3c1 HTTP/1.1" status: 200 len: 812 time: 0.2318692
Nov 29 19:07:09.490842 dv-cinder-815712-6-iscsi neutron-server[102917]: INFO neutron.wsgi [req-d8964a6a-1089-4d19-8db9-74e04319cf41 req-9e781f47-ec06-44e2-bda9-afc2c9062810 tempest-AttachVolumeNegativeTest-213712499 tempest-AttachVolumeNegativeTest-213712499-project] 10.222.0.30 "GET /v2.0/quotas/e6829e3002dc4f70a3a919c90bec5f11 HTTP/1.1" status: 200 len: 375 time: 0.0208795
Nov 29 19:07:09.492532 dv-cinder-815712-6-iscsi neutron-server[102917]: INFO neutron.wsgi [req-14fb438a-b274-426a-b935-5b482a1acc7d req-a4a092ba-da28-49cc-9741-688572a0ac9c tempest-DeleteServersTestJSON-1706719408 tempest-DeleteServersTestJSON-1706719408-project] 10.222.0.30 "GET /v2.0/quotas/f9b6a16ecf6e4b819b53c28083a95e65 HTTP/1.1" status: 200 len: 375 time: 0.0154281
Nov 29 19:07:09.517549 dv-cinder-815712-6-iscsi neutron-server[102919]: DEBUG neutron_lib.callbacks.manager [None req-d50be843-fe53-4dec-8d82-facc7d6e5a87 None None] Publish callbacks [] for port, precommit_create {{(pid=102919) _notify_loop /usr/local/lib/python3.8/dist-packages/neutron_lib/callbacks/manager.py:175}}
Nov 29 19:07:09.524609 dv-cinder-815712-6-iscsi neutron-server[102919]: DEBUG neutron_lib.callbacks.manager [None req-d50be843-fe53-4dec-8d82-facc7d6e5a87 None None] Publish callbacks ['neutron.plugins.ml2.plugin.SecurityGroupServerNotifierRpcMixin._notify_sg_on_port_change-590854', 'neutron.plugins.ml2.ovo_rpc._ObjectChangeHandler.handle_event-202570', 'neutron.api.rpc.agentnotifiers.dhcp_rpc_agent_api.DhcpAgentNotifyAPI._native_event_send_dhcp_notification-3703891', 'neutron.db.l3_dvrscheduler_db._notify_l3_agent_new_port-8749823226628'] for port, after_create {{(pid=102919) _notify_loop /usr/local/lib/python3.8/dist-packages/neutron_lib/callbacks/manager.py:175}}
Nov 29 19:07:09.558338 dv-cinder-815712-6-iscsi neutron-server[102917]: INFO neutron.wsgi [req-d8964a6a-1089-4d19-8db9-74e04319cf41 req-9bd09283-2a3d-498b-8138-00ed375aff40 tempest-AttachVolumeNegativeTest-213712499 tempest-AttachVolumeNegativeTest-213712499-project] 10.222.0.30 "GET /v2.0/ports?tenant_id=e6829e3002dc4f70a3a919c90bec5f11&fields=id HTTP/1.1" status: 200 len: 210 time: 0.0612583
Nov 29 19:07:09.564642 dv-cinder-815712-6-iscsi neutron-server[102919]: DEBUG neutron.scheduler.dhcp_agent_scheduler [None req-d50be843-fe53-4dec-8d82-facc7d6e5a87 None None] Network a23c8ce2-8b2c-46ac-abb2-98c135b38856 is already hosted by enough agents. {{(pid=102919) _get_dhcp_agents_hosting_network /opt/stack/neutron/neutron/scheduler/dhcp_agent_scheduler.py:275}}
Nov 29 19:07:09.568578 dv-cinder-815712-6-iscsi neutron-server[102919]: DEBUG neutron.scheduler.base_scheduler [None req-d50be843-fe53-4dec-8d82-facc7d6e5a87 None None] Resources bound (agent type, host, resource id): {{(pid=102919) schedule /opt/stack/neutron/neutron/scheduler/base_scheduler.py:57}}
Nov 29 19:07:09.576313 dv-cinder-815712-6-iscsi neutron-server[102919]: DEBUG neutron.db.l3_dvrscheduler_db [None req-d50be843-fe53-4dec-8d82-facc7d6e5a87 None None] Received port after_create {{(pid=102919) _notify_l3_agent_new_port /opt/stack/neutron/neutron/db/l3_dvrscheduler_db.py:535}}
Nov 29 19:07:09.580495 dv-cinder-815712-6-iscsi neutron-server[102917]: INFO neutron.wsgi [req-14fb438a-b274-426a-b935-5b482a1acc7d req-99b0c953-2727-4dbb-857a-d28093ca05e8 tempest-DeleteServersTestJSON-1706719408 tempest-DeleteServersTestJSON-1706719408-project] 10.222.0.30 "GET /v2.0/ports?tenant_id=f9b6a16ecf6e4b819b53c28083a95e65&fields=id HTTP/1.1" status: 200 len: 210 time: 0.0816038
Nov 29 19:07:09.611880 dv-cinder-815712-6-iscsi neutron-server[102919]: DEBUG neutron.api.rpc.handlers.resources_rpc [None req-d50be843-fe53-4dec-8d82-facc7d6e5a87 None None] Pushing event updated for resources: {'Port': ['ID=e858a251-487a-4f38-822d-51550fc2a8d5,revision_number=1']} {{(pid=102919) push /opt/stack/neutron/neutron/api/rpc/handlers/resources_rpc.py:237}}
Nov 29 19:07:09.620327 dv-cinder-815712-6-iscsi neutron-server[102919]: DEBUG neutron.api.rpc.callbacks.version_manager [None req-d50be843-fe53-4dec-8d82-facc7d6e5a87 None None] Version for resource type AddressGroup changed None to 1.2 on consumer Open vSwitch agent@dv-cinder-815712-6-iscsi {{(pid=102919) _set_version /opt/stack/neutron/neutron/api/rpc/callbacks/version_manager.py:113}}
Nov 29 19:07:09.620699 dv-cinder-815712-6-iscsi neutron-server[102919]: DEBUG neutron.api.rpc.callbacks.version_manager [None req-d50be843-fe53-4dec-8d82-facc7d6e5a87 None None] Version for resource type ConntrackHelper changed None to 1.0 on consumer Open vSwitch agent@dv-cinder-815712-6-iscsi {{(pid=102919) _set_version /opt/stack/neutron/neutron/api/rpc/callbacks/version_manager.py:113}}
Nov 29 19:07:09.621050 dv-cinder-815712-6-iscsi neutron-server[102919]: DEBUG neutron.api.rpc.callbacks.version_manager [None req-d50be843-fe53-4dec-8d82-facc7d6e5a87 None None] Version for resource type Log changed None to 1.0 on consumer Open vSwitch agent@dv-cinder-815712-6-iscsi {{(pid=102919) _set_version /opt/stack/neutron/neutron/api/rpc/callbacks/version_manager.py:113}}
Nov 29 19:07:09.621394 dv-cinder-815712-6-iscsi neutron-server[102919]: DEBUG neutron.api.rpc.callbacks.version_manager [None req-d50be843-fe53-4dec-8d82-facc7d6e5a87 None None] Version for resource type Network changed None to 1.1 on consumer Open vSwitch agent@dv-cinder-815712-6-iscsi {{(pid=102919) _set_version /opt/stack/neutron/neutron/api/rpc/callbacks/version_manager.py:113}}
Nov 29 19:07:09.621731 dv-cinder-815712-6-iscsi neutron-server[102919]: DEBUG neutron.api.rpc.callbacks.version_manager [None req-d50be843-fe53-4dec-8d82-facc7d6e5a87 None None] Version for resource type Port changed None to 1.7 on consumer Open vSwitch agent@dv-cinder-815712-6-iscsi {{(pid=102919) _set_version /opt/stack/neutron/neutron/api/rpc/callbacks/version_manager.py:113}}
Nov 29 19:07:09.622059 dv-cinder-815712-6-iscsi neutron-server[102919]: DEBUG neutron.api.rpc.callbacks.version_manager [None req-d50be843-fe53-4dec-8d82-facc7d6e5a87 None None] Version for resource type PortForwarding changed None to 1.2 on consumer Open vSwitch agent@dv-cinder-815712-6-iscsi {{(pid=102919) _set_version /opt/stack/neutron/neutron/api/rpc/callbacks/version_manager.py:113}}
Nov 29 19:07:09.622568 dv-cinder-815712-6-iscsi neutron-server[102919]: DEBUG neutron.api.rpc.callbacks.version_manager [None req-d50be843-fe53-4dec-8d82-facc7d6e5a87 None None] Version for resource type QosPolicy changed None to 1.10 on consumer Open vSwitch agent@dv-cinder-815712-6-iscsi {{(pid=102919) _set_version /opt/stack/neutron/neutron/api/rpc/callbacks/version_manager.py:113}}
Nov 29 19:07:09.623060 dv-cinder-815712-6-iscsi neutron-server[102919]: DEBUG neutron.api.rpc.callbacks.version_manager [None req-d50be843-fe53-4dec-8d82-facc7d6e5a87 None None] Version for resource type SecurityGroup changed None to 1.5 on consumer Open vSwitch agent@dv-cinder-815712-6-iscsi {{(pid=102919) _set_version /opt/stack/neutron/neutron/api/rpc/callbacks/version_manager.py:113}}
Nov 29 19:07:09.623554 dv-cinder-815712-6-iscsi neutron-server[102919]: DEBUG neutron.api.rpc.callbacks.version_manager [None req-d50be843-fe53-4dec-8d82-facc7d6e5a87 None None] Version for resource type SecurityGroupRule changed None to 1.2 on consumer Open vSwitch agent@dv-cinder-815712-6-iscsi {{(pid=102919) _set_version /opt/stack/neutron/neutron/api/rpc/callbacks/version_manager.py:113}}
Nov 29 19:07:09.624090 dv-cinder-815712-6-iscsi neutron-server[102919]: DEBUG neutron.api.rpc.callbacks.version_manager [None req-d50be843-fe53-4dec-8d82-facc7d6e5a87 None None] Version for resource type SubPort changed None to 1.0 on consumer Open vSwitch agent@dv-cinder-815712-6-iscsi {{(pid=102919) _set_version /opt/stack/neutron/neutron/api/rpc/callbacks/version_manager.py:113}}
Nov 29 19:07:09.624604 dv-cinder-815712-6-iscsi neutron-server[102919]: DEBUG neutron.api.rpc.callbacks.version_manager [None req-d50be843-fe53-4dec-8d82-facc7d6e5a87 None None] Version for resource type Subnet changed None to 1.1 on consumer Open vSwitch agent@dv-cinder-815712-6-iscsi {{(pid=102919) _set_version /opt/stack/neutron/neutron/api/rpc/callbacks/version_manager.py:113}}
Nov 29 19:07:09.625081 dv-cinder-815712-6-iscsi neutron-server[102919]: DEBUG neutron.api.rpc.callbacks.version_manager [None req-d50be843-fe53-4dec-8d82-facc7d6e5a87 None None] Version for resource type Trunk changed None to 1.1 on consumer Open vSwitch agent@dv-cinder-815712-6-iscsi {{(pid=102919) _set_version /opt/stack/neutron/neutron/api/rpc/callbacks/version_manager.py:113}}
Nov 29 19:07:09.626296 dv-cinder-815712-6-iscsi neutron-server[102919]: DEBUG neutron.api.rpc.callbacks.version_manager [None req-d50be843-fe53-4dec-8d82-facc7d6e5a87 None None] Tracked resource versions report:
Nov 29 19:07:09.626296 dv-cinder-815712-6-iscsi neutron-server[102919]: pushed versions:
Nov 29 19:07:09.626296 dv-cinder-815712-6-iscsi neutron-server[102919]: { 'AddressGroup': {'1.2'},
Nov 29 19:07:09.626296 dv-cinder-815712-6-iscsi neutron-server[102919]: 'ConntrackHelper': {'1.0'},
Nov 29 19:07:09.626296 dv-cinder-815712-6-iscsi neutron-server[102919]: 'Log': {'1.0'},
Nov 29 19:07:09.626296 dv-cinder-815712-6-iscsi neutron-server[102919]: 'Network': {'1.1'},
Nov 29 19:07:09.626296 dv-cinder-815712-6-iscsi neutron-server[102919]: 'Port': {'1.7'},
Nov 29 19:07:09.626296 dv-cinder-815712-6-iscsi neutron-server[102919]: 'PortForwarding': {'1.2'},
Nov 29 19:07:09.626296 dv-cinder-815712-6-iscsi neutron-server[102919]: 'QosPolicy': {'1.10'},
Nov 29 19:07:09.626296 dv-cinder-815712-6-iscsi neutron-server[102919]: 'SecurityGroup': {'1.5'},
Nov 29 19:07:09.626296 dv-cinder-815712-6-iscsi neutron-server[102919]: 'SecurityGroupRule': {'1.2'},
Nov 29 19:07:09.626296 dv-cinder-815712-6-iscsi neutron-server[102919]: 'SubPort': {'1.0'},
Nov 29 19:07:09.626296 dv-cinder-815712-6-iscsi neutron-server[102919]: 'Subnet': {'1.1'},
Nov 29 19:07:09.626296 dv-cinder-815712-6-iscsi neutron-server[102919]: 'Trunk': {'1.1'}}
Nov 29 19:07:09.626296 dv-cinder-815712-6-iscsi neutron-server[102919]: consumer versions:
Nov 29 19:07:09.626296 dv-cinder-815712-6-iscsi neutron-server[102919]: { DHCP agent@dv-cinder-815712-6-iscsi: {},
Nov 29 19:07:09.626296 dv-cinder-815712-6-iscsi neutron-server[102919]: HyperV agent@hv-cinder-81571: {},
Nov 29 19:07:09.626296 dv-cinder-815712-6-iscsi neutron-server[102919]: L3 agent@dv-cinder-815712-6-iscsi: {},
Nov 29 19:07:09.626296 dv-cinder-815712-6-iscsi neutron-server[102919]: Metadata agent@dv-cinder-815712-6-iscsi: {},
Nov 29 19:07:09.626296 dv-cinder-815712-6-iscsi neutron-server[102919]: Metering agent@dv-cinder-815712-6-iscsi: {},
Nov 29 19:07:09.626296 dv-cinder-815712-6-iscsi neutron-server[102919]: Open vSwitch agent@dv-cinder-815712-6-iscsi: { 'AddressGroup': '1.2',
Nov 29 19:07:09.626296 dv-cinder-815712-6-iscsi neutron-server[102919]: 'ConntrackHelper': '1.0',
Nov 29 19:07:09.626296 dv-cinder-815712-6-iscsi neutron-server[102919]: 'Log': '1.0',
Nov 29 19:07:09.626296 dv-cinder-815712-6-iscsi neutron-server[102919]: 'Network': '1.1',
Nov 29 19:07:09.626296 dv-cinder-815712-6-iscsi neutron-server[102919]: 'Port': '1.7',
Nov 29 19:07:09.626296 dv-cinder-815712-6-iscsi neutron-server[102919]: 'PortForwarding': '1.2',
Nov 29 19:07:09.626296 dv-cinder-815712-6-iscsi neutron-server[102919]: 'QosPolicy': '1.10',
Nov 29 19:07:09.626296 dv-cinder-815712-6-iscsi neutron-server[102919]: 'SecurityGroup': '1.5',
Nov 29 19:07:09.626296 dv-cinder-815712-6-iscsi neutron-server[102919]: 'SecurityGroupRule': '1.2',
Nov 29 19:07:09.626296 dv-cinder-815712-6-iscsi neutron-server[102919]: 'SubPort': '1.0',
Nov 29 19:07:09.626296 dv-cinder-815712-6-iscsi neutron-server[102919]: 'Subnet': '1.1',
Nov 29 19:07:09.626296 dv-cinder-815712-6-iscsi neutron-server[102919]: 'Trunk': '1.1'}}
Nov 29 19:07:09.626296 dv-cinder-815712-6-iscsi neutron-server[102919]: {{(pid=102919) report /opt/stack/neutron/neutron/api/rpc/callbacks/version_manager.py:175}}
Nov 29 19:07:09.658090 dv-cinder-815712-6-iscsi neutron-server[102919]: DEBUG neutron.plugins.ml2.managers [None req-d50be843-fe53-4dec-8d82-facc7d6e5a87 None None] Attempting to bind port e858a251-487a-4f38-822d-51550fc2a8d5 on host dv-cinder-815712-6-iscsi for vnic_type normal with profile {{(pid=102919) bind_port /opt/stack/neutron/neutron/plugins/ml2/managers.py:795}}
Nov 29 19:07:09.658670 dv-cinder-815712-6-iscsi neutron-server[102919]: DEBUG neutron.plugins.ml2.managers [None req-d50be843-fe53-4dec-8d82-facc7d6e5a87 None None] Attempting to bind port e858a251-487a-4f38-822d-51550fc2a8d5 by drivers openvswitch,hyperv on host dv-cinder-815712-6-iscsi at level 0 using segments [{'id': '2927e338-f117-4cf0-8881-1dc1f9192aac', 'network_type': 'vlan', 'physical_network': 'physnet1', 'segmentation_id': 673, 'network_id': 'a23c8ce2-8b2c-46ac-abb2-98c135b38856'}] {{(pid=102919) _bind_port_level /opt/stack/neutron/neutron/plugins/ml2/managers.py:820}}
Nov 29 19:07:09.659306 dv-cinder-815712-6-iscsi neutron-server[102919]: DEBUG neutron.plugins.ml2.drivers.mech_agent [None req-d50be843-fe53-4dec-8d82-facc7d6e5a87 None None] Attempting to bind port e858a251-487a-4f38-822d-51550fc2a8d5 on network a23c8ce2-8b2c-46ac-abb2-98c135b38856 {{(pid=102919) bind_port /opt/stack/neutron/neutron/plugins/ml2/drivers/mech_agent.py:91}}
Nov 29 19:07:09.665014 dv-cinder-815712-6-iscsi neutron-server[102919]: DEBUG neutron.plugins.ml2.drivers.mech_agent [None req-d50be843-fe53-4dec-8d82-facc7d6e5a87 None None] Checking agent: {'id': '4196c1a4-f6e8-416b-817e-ecedd698daf2', 'agent_type': 'Open vSwitch agent', 'binary': 'neutron-openvswitch-agent', 'topic': 'N/A', 'host': 'dv-cinder-815712-6-iscsi', 'admin_state_up': True, 'created_at': datetime.datetime(2021, 11, 29, 18, 59, 24), 'started_at': datetime.datetime(2021, 11, 29, 18, 59, 54), 'heartbeat_timestamp': datetime.datetime(2021, 11, 29, 19, 6, 54), 'description': None, 'resources_synced': None, 'availability_zone': None, 'alive': True, 'configurations': {'arp_responder_enabled': False, 'baremetal_smartnic': False, 'bridge_mappings': {'physnet1': 'br-data'}, 'datapath_type': 'system', 'devices': 0, 'enable_distributed_routing': False, 'extensions': [], 'in_distributed_mode': False, 'integration_bridge': 'br-int', 'l2_population': False, 'log_agent_heartbeats': False, 'ovs_capabilities': {'datapath_types': ['netdev', 'system'], 'iface_types': ['erspan', 'geneve', 'gre', 'internal', 'ip6erspan', 'ip6gre', 'lisp', 'patch', 'stt', 'system', 'tap', 'vxlan']}, 'ovs_hybrid_plug': False, 'resource_provider_bandwidths': {}, 'resource_provider_hypervisors': {'br-data': 'dv-cinder-815712-6-iscsi'}, 'resource_provider_inventory_defaults': {'allocation_ratio': 1.0, 'min_unit': 1, 'step_size': 1, 'reserved': 0}, 'resource_provider_packet_processing_inventory_defaults': {'allocation_ratio': 1.0, 'min_unit': 1, 'step_size': 1, 'reserved': 0}, 'resource_provider_packet_processing_with_direction': {}, 'resource_provider_packet_processing_without_direction': {}, 'tunnel_types': [], 'tunneling_ip': None, 'vhostuser_socket_dir': '/var/run/openvswitch'}, 'resource_versions': {'AddressGroup': '1.2', 'ConntrackHelper': '1.0', 'Log': '1.0', 'Network': '1.1', 'Port': '1.7', 'PortForwarding': '1.2', 'QosPolicy': '1.10', 'SecurityGroup': '1.5', 'SecurityGroupRule': '1.2', 'SubPort': '1.0', 'Subnet': '1.1', 'Trunk': '1.1'}} {{(pid=102919) bind_port /opt/stack/neutron/neutron/plugins/ml2/drivers/mech_agent.py:110}}
Nov 29 19:07:09.667148 dv-cinder-815712-6-iscsi neutron-server[102919]: DEBUG neutron.plugins.ml2.drivers.mech_agent [None req-d50be843-fe53-4dec-8d82-facc7d6e5a87 None None] Checking segment: {'id': '2927e338-f117-4cf0-8881-1dc1f9192aac', 'network_type': 'vlan', 'physical_network': 'physnet1', 'segmentation_id': 673, 'network_id': 'a23c8ce2-8b2c-46ac-abb2-98c135b38856'} for mappings: {'physnet1': 'br-data'} with network types: ['local', 'flat', 'vlan'] {{(pid=102919) check_segment_for_agent /opt/stack/neutron/neutron/plugins/ml2/drivers/mech_agent.py:371}}
Nov 29 19:07:09.667148 dv-cinder-815712-6-iscsi neutron-server[102919]: DEBUG neutron_lib.callbacks.manager [None req-d50be843-fe53-4dec-8d82-facc7d6e5a87 None None] Publish callbacks [] for ovs_bridge_name, before_read {{(pid=102919) _notify_loop /usr/local/lib/python3.8/dist-packages/neutron_lib/callbacks/manager.py:175}}
Nov 29 19:07:09.667148 dv-cinder-815712-6-iscsi neutron-server[102919]: DEBUG neutron.plugins.ml2.drivers.mech_agent [None req-d50be843-fe53-4dec-8d82-facc7d6e5a87 None None] Bound using segment: {'id': '2927e338-f117-4cf0-8881-1dc1f9192aac', 'network_type': 'vlan', 'physical_network': 'physnet1', 'segmentation_id': 673, 'network_id': 'a23c8ce2-8b2c-46ac-abb2-98c135b38856'} {{(pid=102919) bind_port /opt/stack/neutron/neutron/plugins/ml2/drivers/mech_agent.py:120}}
Nov 29 19:07:09.668195 dv-cinder-815712-6-iscsi neutron-server[102919]: DEBUG neutron.plugins.ml2.managers [None req-d50be843-fe53-4dec-8d82-facc7d6e5a87 None None] Bound port: e858a251-487a-4f38-822d-51550fc2a8d5, host: dv-cinder-815712-6-iscsi, vif_type: ovs, vif_details: {"connectivity": "l2", "port_filter": true, "ovs_hybrid_plug": false, "datapath_type": "system", "bridge_name": "br-int"}, binding_levels: [{'bound_driver': 'openvswitch', 'bound_segment': {'id': '2927e338-f117-4cf0-8881-1dc1f9192aac', 'network_type': 'vlan', 'physical_network': 'physnet1', 'segmentation_id': 673, 'network_id': 'a23c8ce2-8b2c-46ac-abb2-98c135b38856'}}] {{(pid=102919) _bind_port_level /opt/stack/neutron/neutron/plugins/ml2/managers.py:932}}
Nov 29 19:07:09.668758 dv-cinder-815712-6-iscsi neutron-server[102919]: DEBUG neutron_lib.callbacks.manager [None req-d50be843-fe53-4dec-8d82-facc7d6e5a87 None None] Publish callbacks ['neutron.plugins.ml2.plugin.SecurityGroupDbMixin._ensure_default_security_group_handler-591047'] for port, before_update {{(pid=102919) _notify_loop /usr/local/lib/python3.8/dist-packages/neutron_lib/callbacks/manager.py:175}}
Nov 29 19:07:09.742452 dv-cinder-815712-6-iscsi neutron-server[102919]: DEBUG neutron.plugins.ml2.db [None req-d50be843-fe53-4dec-8d82-facc7d6e5a87 None None] For port e858a251-487a-4f38-822d-51550fc2a8d5, host dv-cinder-815712-6-iscsi, cleared binding levels {{(pid=102919) clear_binding_levels /opt/stack/neutron/neutron/plugins/ml2/db.py:87}}
Nov 29 19:07:09.746205 dv-cinder-815712-6-iscsi neutron-server[102919]: DEBUG neutron.plugins.ml2.db [None req-d50be843-fe53-4dec-8d82-facc7d6e5a87 None None] For port e858a251-487a-4f38-822d-51550fc2a8d5, host dv-cinder-815712-6-iscsi, set binding levels [PortBindingLevel(driver='openvswitch',host='dv-cinder-815712-6-iscsi',level=0,port_id=e858a251-487a-4f38-822d-51550fc2a8d5,segment=NetworkSegment(2927e338-f117-4cf0-8881-1dc1f9192aac),segment_id=2927e338-f117-4cf0-8881-1dc1f9192aac)] {{(pid=102919) set_binding_levels /opt/stack/neutron/neutron/plugins/ml2/db.py:59}}
Nov 29 19:07:09.753109 dv-cinder-815712-6-iscsi neutron-server[102919]: DEBUG neutron_lib.callbacks.manager [None req-d50be843-fe53-4dec-8d82-facc7d6e5a87 None None] Publish callbacks ['neutron.plugins.ml2.plugin.SecurityGroupServerNotifierRpcMixin._notify_sg_on_port_change-590854', 'neutron.plugins.ml2.ovo_rpc._ObjectChangeHandler.handle_event-202570', 'neutron.api.rpc.agentnotifiers.dhcp_rpc_agent_api.DhcpAgentNotifyAPI._native_event_send_dhcp_notification-3703891', 'neutron.db.l3_db.L3RpcNotifierMixin._notify_gateway_port_ip_changed-8749823698077', 'neutron.db.l3_dvrscheduler_db._notify_l3_agent_port_update-8749823226646', 'neutron.db.l3_hascheduler_db._notify_l3_agent_ha_port_update-8749823226664'] for port, after_update {{(pid=102919) _notify_loop /usr/local/lib/python3.8/dist-packages/neutron_lib/callbacks/manager.py:175}}
Nov 29 19:07:09.785807 dv-cinder-815712-6-iscsi neutron-server[102917]: DEBUG neutron.wsgi [req-d8964a6a-1089-4d19-8db9-74e04319cf41 req-37d87656-b6ec-4dc0-864a-9d287f4f68e5 service neutron] http://10.222.0.30:9696/v2.0/extensions returned with HTTP 200 {{(pid=102917) __call__ /opt/stack/neutron/neutron/wsgi.py:729}}
Nov 29 19:07:09.787162 dv-cinder-815712-6-iscsi neutron-server[102917]: INFO neutron.wsgi [req-d8964a6a-1089-4d19-8db9-74e04319cf41 req-37d87656-b6ec-4dc0-864a-9d287f4f68e5 service neutron] 10.222.0.30 "GET /v2.0/extensions HTTP/1.1" status: 200 len: 14082 time: 0.0536840
Nov 29 19:07:09.806653 dv-cinder-815712-6-iscsi neutron-server[102917]: DEBUG neutron.wsgi [req-14fb438a-b274-426a-b935-5b482a1acc7d req-cc3b2421-81d5-4791-9066-a50090143bf0 service neutron] http://10.222.0.30:9696/v2.0/extensions returned with HTTP 200 {{(pid=102917) __call__ /opt/stack/neutron/neutron/wsgi.py:729}}
Nov 29 19:07:09.807803 dv-cinder-815712-6-iscsi neutron-server[102917]: INFO neutron.wsgi [req-14fb438a-b274-426a-b935-5b482a1acc7d req-cc3b2421-81d5-4791-9066-a50090143bf0 service neutron] 10.222.0.30 "GET /v2.0/extensions HTTP/1.1" status: 200 len: 14082 time: 0.0640471
Nov 29 19:07:09.821395 dv-cinder-815712-6-iscsi neutron-server[102919]: DEBUG neutron.api.rpc.handlers.resources_rpc [None req-d50be843-fe53-4dec-8d82-facc7d6e5a87 None None] Pushing event updated for resources: {'Port': ['ID=e858a251-487a-4f38-822d-51550fc2a8d5,revision_number=2']} {{(pid=102919) push /opt/stack/neutron/neutron/api/rpc/handlers/resources_rpc.py:237}}
Nov 29 19:07:09.855489 dv-cinder-815712-6-iscsi neutron-server[102918]: DEBUG neutron_lib.callbacks.manager [None req-43b5d1e0-39b2-467c-afc4-0f08711b7c7a admin admin] Publish callbacks [] for router_gateway, after_create {{(pid=102918) _notify_loop /usr/local/lib/python3.8/dist-packages/neutron_lib/callbacks/manager.py:175}}
Nov 29 19:07:09.860621 dv-cinder-815712-6-iscsi neutron-server[102918]: DEBUG neutron_lib.callbacks.manager [None req-9696f5a1-0cb7-4561-a91b-0e953bb2dcf2 admin admin] Publish callbacks [] for router_gateway, before_create {{(pid=102918) _notify_loop /usr/local/lib/python3.8/dist-packages/neutron_lib/callbacks/manager.py:175}}
Nov 29 19:07:09.913102 dv-cinder-815712-6-iscsi neutron-server[102918]: DEBUG neutron_lib.callbacks.manager [None req-9696f5a1-0cb7-4561-a91b-0e953bb2dcf2 admin admin] Publish callbacks ['neutron.plugins.ml2.plugin.SecurityGroupDbMixin._ensure_default_security_group_handler-591047'] for port, before_create {{(pid=102918) _notify_loop /usr/local/lib/python3.8/dist-packages/neutron_lib/callbacks/manager.py:175}}
Nov 29 19:07:09.964282 dv-cinder-815712-6-iscsi neutron-server[102917]: INFO neutron.wsgi [req-d8964a6a-1089-4d19-8db9-74e04319cf41 req-7bbf9f7c-8bbe-4c5a-a4bb-4d9b73f6931d service neutron] 10.222.0.30 "GET /v2.0/networks/d0af5060-766f-4e85-a4ca-ef7ffc411f01?fields=segments HTTP/1.1" status: 200 len: 212 time: 0.1553893
Nov 29 19:07:09.966127 dv-cinder-815712-6-iscsi neutron-server[102917]: INFO neutron.wsgi [req-14fb438a-b274-426a-b935-5b482a1acc7d req-6adf3675-4ad8-443b-9429-4f4118d1a0b3 service neutron] 10.222.0.30 "GET /v2.0/networks/1e5d4168-2a48-42d0-abd3-7347b64af3c1?fields=segments HTTP/1.1" status: 200 len: 212 time: 0.1478372
Nov 29 19:07:10.179264 dv-cinder-815712-6-iscsi neutron-server[102918]: DEBUG neutron.db.db_base_plugin_common [None req-9696f5a1-0cb7-4561-a91b-0e953bb2dcf2 admin admin] Allocated IP 172.27.3.167 (c1c9691a-9b68-43f4-841a-28d42b52c369/ac5b9c72-74cd-4517-a97e-9509297c5f35/e3ba0c2f-b40f-47f5-a9c3-26a3ff2f6045) {{(pid=102918) _store_ip_allocation /opt/stack/neutron/neutron/db/db_base_plugin_common.py:131}}
Nov 29 19:07:10.180391 dv-cinder-815712-6-iscsi neutron-server[102917]: INFO neutron.wsgi [req-14fb438a-b274-426a-b935-5b482a1acc7d req-cf21b616-acfe-4cfa-a00b-5cb9555845e6 service neutron] 10.222.0.30 "GET /v2.0/networks/1e5d4168-2a48-42d0-abd3-7347b64af3c1?fields=provider%3Aphysical_network&fields=provider%3Anetwork_type HTTP/1.1" status: 200 len: 281 time: 0.1778393
Nov 29 19:07:10.192968 dv-cinder-815712-6-iscsi neutron-server[102917]: INFO neutron.wsgi [req-d8964a6a-1089-4d19-8db9-74e04319cf41 req-7cc272ed-d027-4a0f-9882-151a1be486c1 service neutron] 10.222.0.30 "GET /v2.0/networks/d0af5060-766f-4e85-a4ca-ef7ffc411f01?fields=provider%3Aphysical_network&fields=provider%3Anetwork_type HTTP/1.1" status: 200 len: 281 time: 0.2114115
Nov 29 19:07:10.235317 dv-cinder-815712-6-iscsi neutron-server[102918]: DEBUG neutron_lib.callbacks.manager [None req-43b5d1e0-39b2-467c-afc4-0f08711b7c7a admin admin] Publish callbacks ['neutron.services.l3_router.l3_router_plugin.L3_HA_NAT_db_mixin._after_router_create-3756414', 'neutron.services.l3_router.l3_router_plugin.DVRResourceOperationHandler._create_snat_interfaces_after_change-3758581'] for router, after_create {{(pid=102918) _notify_loop /usr/local/lib/python3.8/dist-packages/neutron_lib/callbacks/manager.py:175}}
Nov 29 19:07:10.388046 dv-cinder-815712-6-iscsi neutron-server[102918]: DEBUG neutron_lib.callbacks.manager [None req-9696f5a1-0cb7-4561-a91b-0e953bb2dcf2 admin admin] Publish callbacks [] for port, precommit_create {{(pid=102918) _notify_loop /usr/local/lib/python3.8/dist-packages/neutron_lib/callbacks/manager.py:175}}
Nov 29 19:07:10.468305 dv-cinder-815712-6-iscsi neutron-server[102918]: DEBUG neutron_lib.callbacks.manager [None req-9696f5a1-0cb7-4561-a91b-0e953bb2dcf2 admin admin] Publish callbacks ['neutron.plugins.ml2.plugin.SecurityGroupServerNotifierRpcMixin._notify_sg_on_port_change-590854', 'neutron.plugins.ml2.ovo_rpc._ObjectChangeHandler.handle_event-202570', 'neutron.api.rpc.agentnotifiers.dhcp_rpc_agent_api.DhcpAgentNotifyAPI._native_event_send_dhcp_notification-3703891', 'neutron.db.l3_dvrscheduler_db._notify_l3_agent_new_port-8749823226628'] for port, after_create {{(pid=102918) _notify_loop /usr/local/lib/python3.8/dist-packages/neutron_lib/callbacks/manager.py:175}}
Nov 29 19:07:10.501860 dv-cinder-815712-6-iscsi neutron-server[102918]: DEBUG neutron.scheduler.l3_agent_scheduler [None req-43b5d1e0-39b2-467c-afc4-0f08711b7c7a admin admin] Router 5d9a134f-e51d-4187-8202-d521b37d7e04 is scheduled to L3 agent 27c7630d-7936-4c5c-88c3-f98aa581dcd2 with binding_index 1 {{(pid=102918) bind_router /opt/stack/neutron/neutron/scheduler/l3_agent_scheduler.py:209}}
Nov 29 19:07:10.546559 dv-cinder-815712-6-iscsi neutron-server[102918]: DEBUG neutron.scheduler.dhcp_agent_scheduler [None req-9696f5a1-0cb7-4561-a91b-0e953bb2dcf2 admin admin] Network c1c9691a-9b68-43f4-841a-28d42b52c369 is already hosted by enough agents. {{(pid=102918) _get_dhcp_agents_hosting_network /opt/stack/neutron/neutron/scheduler/dhcp_agent_scheduler.py:275}}
Nov 29 19:07:10.557214 dv-cinder-815712-6-iscsi neutron-server[102918]: DEBUG neutron.scheduler.base_scheduler [None req-9696f5a1-0cb7-4561-a91b-0e953bb2dcf2 admin admin] Resources bound (agent type, host, resource id): {{(pid=102918) schedule /opt/stack/neutron/neutron/scheduler/base_scheduler.py:57}}
Nov 29 19:07:10.591368 dv-cinder-815712-6-iscsi neutron-server[102918]: DEBUG neutron.api.rpc.handlers.resources_rpc [None req-9696f5a1-0cb7-4561-a91b-0e953bb2dcf2 admin admin] Pushing event updated for resources: {'Port': ['ID=e3ba0c2f-b40f-47f5-a9c3-26a3ff2f6045,revision_number=1']} {{(pid=102918) push /opt/stack/neutron/neutron/api/rpc/handlers/resources_rpc.py:237}}
Nov 29 19:07:10.593897 dv-cinder-815712-6-iscsi neutron-server[102918]: DEBUG neutron.db.l3_dvrscheduler_db [None req-9696f5a1-0cb7-4561-a91b-0e953bb2dcf2 admin admin] Received port after_create {{(pid=102918) _notify_l3_agent_new_port /opt/stack/neutron/neutron/db/l3_dvrscheduler_db.py:535}}
Nov 29 19:07:10.868612 dv-cinder-815712-6-iscsi neutron-server[102918]: DEBUG neutron.api.rpc.agentnotifiers.l3_rpc_agent_api [None req-43b5d1e0-39b2-467c-afc4-0f08711b7c7a admin admin] Notify agent at l3_agent.dv-cinder-815712-6-iscsi the message routers_updated {{(pid=102918) _agent_notification /opt/stack/neutron/neutron/api/rpc/agentnotifiers/l3_rpc_agent_api.py:65}}
Nov 29 19:07:10.885674 dv-cinder-815712-6-iscsi neutron-server[102920]: DEBUG neutron.api.rpc.handlers.l3_rpc [None req-a784b6e2-5c0f-4a9b-b394-af91c65aa2e1 None None] Sync routers for ids ['5d9a134f-e51d-4187-8202-d521b37d7e04'] in dv-cinder-815712-6-iscsi {{(pid=102920) sync_routers /opt/stack/neutron/neutron/api/rpc/handlers/l3_rpc.py:125}}
Nov 29 19:07:10.914313 dv-cinder-815712-6-iscsi neutron-server[102920]: DEBUG neutron.db.l3_dvrscheduler_db [None req-a784b6e2-5c0f-4a9b-b394-af91c65aa2e1 None None] Routers {'5d9a134f-e51d-4187-8202-d521b37d7e04'} bound to L3 agent in host dv-cinder-815712-6-iscsi {{(pid=102920) _get_router_ids_for_agent /opt/stack/neutron/neutron/db/l3_dvrscheduler_db.py:420}}
Nov 29 19:07:10.915006 dv-cinder-815712-6-iscsi neutron-server[102920]: DEBUG neutron.db.l3_hamode_db [None req-a784b6e2-5c0f-4a9b-b394-af91c65aa2e1 None None] neutron.services.l3_router.l3_router_plugin.L3RouterPlugin method get_ha_sync_data_for_host called with arguments (, 'dv-cinder-815712-6-iscsi', Agent(admin_state_up=True,agent_type='L3 agent',availability_zone='nova',binary='neutron-l3-agent',configurations={"agent_mode": "legacy", "ex_gw_ports": 1, "extensions": [], "floating_ips": 0, "handle_internal_only_routers": true, "interface_driver": "openvswitch", "interfaces": 1, "log_agent_heartbeats": false, "routers": 1},created_at=2021-11-29T18:59:20Z,description=,heartbeat_timestamp=2021-11-29T19:06:50Z,host='dv-cinder-815712-6-iscsi',id=27c7630d-7936-4c5c-88c3-f98aa581dcd2,load=0,resource_versions=,resources_synced=,started_at=2021-11-29T18:59:20Z,topic='l3_agent')) {'router_ids': ['5d9a134f-e51d-4187-8202-d521b37d7e04'], 'active': True} {{(pid=102920) wrapper /usr/local/lib/python3.8/dist-packages/oslo_log/helpers.py:65}}
Nov 29 19:07:10.958975 dv-cinder-815712-6-iscsi neutron-server[102918]: DEBUG neutron_lib.callbacks.manager [None req-43b5d1e0-39b2-467c-afc4-0f08711b7c7a admin admin] Publish callbacks [] for router, before_response {{(pid=102918) _notify_loop /usr/local/lib/python3.8/dist-packages/neutron_lib/callbacks/manager.py:175}}
Nov 29 19:07:10.960883 dv-cinder-815712-6-iscsi neutron-server[102918]: INFO neutron.wsgi [None req-43b5d1e0-39b2-467c-afc4-0f08711b7c7a admin admin] 10.222.0.30 "POST /v2.0/routers HTTP/1.1" status: 201 len: 930 time: 3.3079884
Nov 29 19:07:10.980595 dv-cinder-815712-6-iscsi neutron-server[102918]: DEBUG neutron.wsgi [-] (102918) accepted ('10.222.0.30', 59994) {{(pid=102918) server /usr/local/lib/python3.8/dist-packages/eventlet/wsgi.py:1004}}
Nov 29 19:07:11.103297 dv-cinder-815712-6-iscsi neutron-server[102917]: INFO neutron.wsgi [req-ac972750-3df6-4559-ab01-e49fefa5d7a0 req-b63e079f-5583-4da6-bb9c-8c6108d2688a tempest-AttachVolumeNegativeTest-213712499 tempest-AttachVolumeNegativeTest-213712499-project] 10.222.0.30 "GET /v2.0/ports?device_id=a0667e51-2537-4133-8420-c8e36c94971d HTTP/1.1" status: 200 len: 210 time: 0.1403663
Nov 29 19:07:11.169894 dv-cinder-815712-6-iscsi neutron-server[102917]: INFO neutron.wsgi [req-f5cec509-5d94-484b-ba6c-08fa077a2393 req-d182dfed-1ba1-4dc3-8e72-52ac2b687114 tempest-DeleteServersTestJSON-1706719408 tempest-DeleteServersTestJSON-1706719408-project] 10.222.0.30 "GET /v2.0/ports?device_id=57ac16b6-011e-4153-ae6f-a6487619c647 HTTP/1.1" status: 200 len: 210 time: 0.1287413
Nov 29 19:07:11.381053 dv-cinder-815712-6-iscsi neutron-server[102920]: DEBUG neutron.db.l3_dvr_db [None req-a784b6e2-5c0f-4a9b-b394-af91c65aa2e1 None None] Set router 5d9a134f-e51d-4187-8202-d521b37d7e04 gateway port host: dv-cinder-815712-6-iscsi {{(pid=102920) _build_routers_list /opt/stack/neutron/neutron/db/l3_dvr_db.py:906}}
Nov 29 19:07:11.440933 dv-cinder-815712-6-iscsi neutron-server[102918]: DEBUG neutron_lib.callbacks.manager [None req-9696f5a1-0cb7-4561-a91b-0e953bb2dcf2 admin admin] Publish callbacks [] for router_gateway, after_create {{(pid=102918) _notify_loop /usr/local/lib/python3.8/dist-packages/neutron_lib/callbacks/manager.py:175}}
Nov 29 19:07:11.619222 dv-cinder-815712-6-iscsi neutron-server[102919]: DEBUG neutron.api.rpc.handlers.dhcp_rpc [None req-21ab691c-a2d6-47d0-ad0e-736e3c677535 None None] Network a23c8ce2-8b2c-46ac-abb2-98c135b38856 requested from dv-cinder-815712-6-iscsi {{(pid=102919) get_network_info /opt/stack/neutron/neutron/api/rpc/handlers/dhcp_rpc.py:218}}
Nov 29 19:07:11.797996 dv-cinder-815712-6-iscsi neutron-server[102919]: DEBUG neutron.db.provisioning_blocks [None req-ed66d7ce-d292-436d-bd10-2cd7bf646741 None None] Provisioning complete for port e858a251-487a-4f38-822d-51550fc2a8d5 triggered by entity DHCP. {{(pid=102919) provisioning_complete /opt/stack/neutron/neutron/db/provisioning_blocks.py:139}}
Nov 29 19:07:11.798622 dv-cinder-815712-6-iscsi neutron-server[102919]: DEBUG neutron_lib.callbacks.manager [None req-ed66d7ce-d292-436d-bd10-2cd7bf646741 None None] Publish callbacks ['neutron.plugins.ml2.plugin.Ml2Plugin._port_provisioned-733026'] for port, provisioning_complete {{(pid=102919) _notify_loop /usr/local/lib/python3.8/dist-packages/neutron_lib/callbacks/manager.py:175}}
Nov 29 19:07:11.803938 dv-cinder-815712-6-iscsi neutron-server[102920]: DEBUG neutron.db.l3_hamode_db [None req-a784b6e2-5c0f-4a9b-b394-af91c65aa2e1 None None] neutron.services.l3_router.l3_router_plugin.L3RouterPlugin method _process_sync_ha_data called with arguments (, [{'id': '5d9a134f-e51d-4187-8202-d521b37d7e04', 'name': 'tempest-ServerRescueNegativeTestJSON-309501003-router', 'tenant_id': 'dbb0d644707b46d3a9cbfc8d8e5d2bb7', 'admin_state_up': True, 'status': 'ACTIVE', 'external_gateway_info': {'network_id': 'c1c9691a-9b68-43f4-841a-28d42b52c369', 'external_fixed_ips': [{'subnet_id': 'ac5b9c72-74cd-4517-a97e-9509297c5f35', 'ip_address': '172.27.3.222'}], 'enable_snat': True}, 'gw_port_id': 'd0b8a237-9d62-460d-89b9-0d5de5270ebe', 'description': '', 'availability_zones': ['nova'], 'distributed': False, 'ha': False, 'ha_vr_id': 0, 'availability_zone_hints': [], 'routes': [], 'flavor_id': None, 'tags': [], 'created_at': '2021-11-29T19:07:07Z', 'updated_at': '2021-11-29T19:07:09Z', 'revision_number': 3, 'project_id': 'dbb0d644707b46d3a9cbfc8d8e5d2bb7', 'gw_port': {'id': 'd0b8a237-9d62-460d-89b9-0d5de5270ebe', 'name': '', 'network_id': 'c1c9691a-9b68-43f4-841a-28d42b52c369', 'tenant_id': '', 'mac_address': 'fa:16:3e:bf:a9:64', 'admin_state_up': True, 'status': 'DOWN', 'device_id': '5d9a134f-e51d-4187-8202-d521b37d7e04', 'device_owner': 'network:router_gateway', 'standard_attr_id': 64, 'fixed_ips': [{'subnet_id': 'ac5b9c72-74cd-4517-a97e-9509297c5f35', 'ip_address': '172.27.3.222', 'prefixlen': 24}], 'allowed_address_pairs': [], 'extra_dhcp_opts': [], 'security_groups': [], 'description': '', 'binding:vnic_type': 'normal', 'binding:profile': {}, 'binding:host_id': '', 'binding:vif_type': 'unbound', 'binding:vif_details': {}, 'port_security_enabled': False, 'tags': [], 'created_at': '2021-11-29T19:07:08Z', 'updated_at': '2021-11-29T19:07:08Z', 'revision_number': 1, 'project_id': '', 'subnets': [{'id': 'ac5b9c72-74cd-4517-a97e-9509297c5f35', 'cidr': '172.27.3.0/24', 'gateway_ip': '172.27.3.1', 'dns_nameservers': [], 'ipv6_ra_mode': None, 'subnetpool_id': None}], 'extra_subnets': [], 'address_scopes': {4: None, 6: None}, 'mtu': 1500}, 'enable_snat': True, 'gw_port_host': 'dv-cinder-815712-6-iscsi'}], 'dv-cinder-815712-6-iscsi', False) {} {{(pid=102920) wrapper /usr/local/lib/python3.8/dist-packages/oslo_log/helpers.py:65}}
Nov 29 19:07:11.849770 dv-cinder-815712-6-iscsi neutron-server[102920]: DEBUG neutron.api.rpc.handlers.l3_rpc [None req-a784b6e2-5c0f-4a9b-b394-af91c65aa2e1 None None] Checking router: 5d9a134f-e51d-4187-8202-d521b37d7e04 for host: dv-cinder-815712-6-iscsi {{(pid=102920) _ensure_host_set_on_ports /opt/stack/neutron/neutron/api/rpc/handlers/l3_rpc.py:155}}
Nov 29 19:07:11.850310 dv-cinder-815712-6-iscsi neutron-server[102920]: DEBUG neutron.api.rpc.handlers.l3_rpc [None req-a784b6e2-5c0f-4a9b-b394-af91c65aa2e1 None None] Updating router 5d9a134f-e51d-4187-8202-d521b37d7e04 port d0b8a237-9d62-460d-89b9-0d5de5270ebe binding host dv-cinder-815712-6-iscsi {{(pid=102920) _ensure_host_set_on_port /opt/stack/neutron/neutron/api/rpc/handlers/l3_rpc.py:205}}
Nov 29 19:07:11.889114 dv-cinder-815712-6-iscsi neutron-server[102920]: DEBUG neutron_lib.callbacks.manager [None req-a784b6e2-5c0f-4a9b-b394-af91c65aa2e1 None None] Publish callbacks ['neutron.plugins.ml2.plugin.SecurityGroupDbMixin._ensure_default_security_group_handler-591047'] for port, before_update {{(pid=102920) _notify_loop /usr/local/lib/python3.8/dist-packages/neutron_lib/callbacks/manager.py:175}}
Nov 29 19:07:12.058452 dv-cinder-815712-6-iscsi neutron-server[102919]: DEBUG neutron_lib.callbacks.manager [None req-ed66d7ce-d292-436d-bd10-2cd7bf646741 None None] Publish callbacks ['neutron.plugins.ml2.plugin.SecurityGroupDbMixin._ensure_default_security_group_handler-591047'] for port, before_update {{(pid=102919) _notify_loop /usr/local/lib/python3.8/dist-packages/neutron_lib/callbacks/manager.py:175}}
Nov 29 19:07:12.101824 dv-cinder-815712-6-iscsi neutron-server[102919]: DEBUG neutron.plugins.ml2.rpc [None req-af88dffd-d4e2-4917-82f8-5122e139d5fb None None] Device e858a251-487a-4f38-822d-51550fc2a8d5 up at agent ovs-agent-dv-cinder-815712-6-iscsi {{(pid=102919) update_device_up /opt/stack/neutron/neutron/plugins/ml2/rpc.py:296}}
Nov 29 19:07:12.170082 dv-cinder-815712-6-iscsi neutron-server[102918]: DEBUG neutron_lib.callbacks.manager [None req-9696f5a1-0cb7-4561-a91b-0e953bb2dcf2 admin admin] Publish callbacks ['neutron.services.l3_router.l3_router_plugin.L3_HA_NAT_db_mixin._after_router_create-3756414', 'neutron.services.l3_router.l3_router_plugin.DVRResourceOperationHandler._create_snat_interfaces_after_change-3758581'] for router, after_create {{(pid=102918) _notify_loop /usr/local/lib/python3.8/dist-packages/neutron_lib/callbacks/manager.py:175}}
Nov 29 19:07:12.261687 dv-cinder-815712-6-iscsi neutron-server[102917]: INFO neutron.wsgi [req-f8a9676c-615d-4f7e-a985-092f6b5cbab4 req-00d92c26-423a-402e-b683-c49ef9a1a38f tempest-AttachVolumeNegativeTest-213712499 tempest-AttachVolumeNegativeTest-213712499-project] 10.222.0.30 "GET /v2.0/ports?device_id=a0667e51-2537-4133-8420-c8e36c94971d HTTP/1.1" status: 200 len: 210 time: 0.0677574
Nov 29 19:07:12.358713 dv-cinder-815712-6-iscsi neutron-server[102919]: DEBUG neutron.db.provisioning_blocks [None req-af88dffd-d4e2-4917-82f8-5122e139d5fb None None] Provisioning complete for port e858a251-487a-4f38-822d-51550fc2a8d5 triggered by entity L2. {{(pid=102919) provisioning_complete /opt/stack/neutron/neutron/db/provisioning_blocks.py:139}}
Nov 29 19:07:12.360431 dv-cinder-815712-6-iscsi neutron-server[102919]: DEBUG neutron_lib.callbacks.manager [None req-af88dffd-d4e2-4917-82f8-5122e139d5fb None None] Publish callbacks ['neutron.plugins.ml2.plugin.Ml2Plugin._port_provisioned-733026'] for port, provisioning_complete {{(pid=102919) _notify_loop /usr/local/lib/python3.8/dist-packages/neutron_lib/callbacks/manager.py:175}}
Nov 29 19:07:12.383410 dv-cinder-815712-6-iscsi neutron-server[102917]: INFO neutron.wsgi [req-d13f7739-ae68-4639-8f3f-7b5889bee012 req-5ead735c-0a7b-4206-b5d7-eb9afeaaa88e tempest-DeleteServersTestJSON-1706719408 tempest-DeleteServersTestJSON-1706719408-project] 10.222.0.30 "GET /v2.0/ports?device_id=57ac16b6-011e-4153-ae6f-a6487619c647 HTTP/1.1" status: 200 len: 210 time: 0.0638690
Nov 29 19:07:12.450461 dv-cinder-815712-6-iscsi neutron-server[102918]: DEBUG neutron_lib.callbacks.manager [None req-2c8d874b-717e-4f35-a3e6-724e97069bd3 admin admin] Publish callbacks ['neutron.plugins.ml2.plugin.SecurityGroupDbMixin._ensure_default_security_group_handler-591047'] for port, before_create {{(pid=102918) _notify_loop /usr/local/lib/python3.8/dist-packages/neutron_lib/callbacks/manager.py:175}}
Nov 29 19:07:12.462031 dv-cinder-815712-6-iscsi neutron-server[102918]: DEBUG neutron.scheduler.l3_agent_scheduler [None req-9696f5a1-0cb7-4561-a91b-0e953bb2dcf2 admin admin] Router b45c14a0-bc56-4e4b-ade6-61f2dd28c05c is scheduled to L3 agent 27c7630d-7936-4c5c-88c3-f98aa581dcd2 with binding_index 1 {{(pid=102918) bind_router /opt/stack/neutron/neutron/scheduler/l3_agent_scheduler.py:209}}
Nov 29 19:07:12.482338 dv-cinder-815712-6-iscsi neutron-server[102919]: DEBUG neutron.plugins.ml2.db [None req-ed66d7ce-d292-436d-bd10-2cd7bf646741 None None] For port e858a251-487a-4f38-822d-51550fc2a8d5, host dv-cinder-815712-6-iscsi, got binding levels [PortBindingLevel(driver='openvswitch',host='dv-cinder-815712-6-iscsi',level=0,port_id=e858a251-487a-4f38-822d-51550fc2a8d5,segment=NetworkSegment(2927e338-f117-4cf0-8881-1dc1f9192aac),segment_id=2927e338-f117-4cf0-8881-1dc1f9192aac)] {{(pid=102919) get_binding_level_objs /opt/stack/neutron/neutron/plugins/ml2/db.py:74}}
