Nov 29 19:09:30.370795 dv-cinder-815712-6-iscsi neutron-server[102919]: DEBUG neutron_lib.callbacks.manager [None req-af88dffd-d4e2-4917-82f8-5122e139d5fb None None] Publish callbacks ['neutron.plugins.ml2.plugin.Ml2Plugin._port_provisioned-733026'] for port, provisioning_complete {{(pid=102919) _notify_loop /usr/local/lib/python3.8/dist-packages/neutron_lib/callbacks/manager.py:175}}
Nov 29 19:09:30.417244 dv-cinder-815712-6-iscsi neutron-server[102917]: DEBUG neutron.pecan_wsgi.hooks.policy_enforcement [req-0c18c43b-910b-43e8-8c0c-c9a87512a6f7 req-6d7f37cb-3a39-4eef-a161-8dc70bc65ba7 tempest-ServerRescueNegativeTestJSON-165020190 tempest-ServerRescueNegativeTestJSON-165020190-project] Attributes excluded by policy engine: ['standard_attr_id', 'binding:profile', 'binding:host_id', 'binding:vif_type', 'binding:vif_details'] {{(pid=102917) _exclude_attributes_by_policy /opt/stack/neutron/neutron/pecan_wsgi/hooks/policy_enforcement.py:255}}
Nov 29 19:09:30.420482 dv-cinder-815712-6-iscsi neutron-server[102917]: INFO neutron.wsgi [req-0c18c43b-910b-43e8-8c0c-c9a87512a6f7 req-6d7f37cb-3a39-4eef-a161-8dc70bc65ba7 tempest-ServerRescueNegativeTestJSON-165020190 tempest-ServerRescueNegativeTestJSON-165020190-project] 10.222.0.30 "GET /v2.0/ports?device_id=c55f79fd-00e3-4cdd-a3a1-bef6b2094d9c HTTP/1.1" status: 200 len: 945 time: 0.1586831
Nov 29 19:09:30.550480 dv-cinder-815712-6-iscsi neutron-server[102917]: INFO neutron.wsgi [req-0c18c43b-910b-43e8-8c0c-c9a87512a6f7 req-423880c6-45b3-46d3-8159-9e003ad3c7d2 tempest-ServerRescueNegativeTestJSON-165020190 tempest-ServerRescueNegativeTestJSON-165020190-project] 10.222.0.30 "GET /v2.0/security-groups?id=42e10f8a-a012-4914-baf4-a4ae4b11acca&fields=id&fields=name HTTP/1.1" status: 200 len: 286 time: 0.1232336
Nov 29 19:09:30.579778 dv-cinder-815712-6-iscsi neutron-server[102919]: DEBUG neutron_lib.callbacks.manager [None req-af88dffd-d4e2-4917-82f8-5122e139d5fb None None] Publish callbacks ['neutron.plugins.ml2.plugin.SecurityGroupDbMixin._ensure_default_security_group_handler-591047'] for port, before_update {{(pid=102919) _notify_loop /usr/local/lib/python3.8/dist-packages/neutron_lib/callbacks/manager.py:175}}
Nov 29 19:09:30.621611 dv-cinder-815712-6-iscsi neutron-server[102919]: DEBUG neutron.plugins.ml2.db [None req-af88dffd-d4e2-4917-82f8-5122e139d5fb None None] For port 4ec31690-3267-48e5-ad63-df46ce687ed3, host dv-cinder-815712-6-iscsi, got binding levels [PortBindingLevel(driver='openvswitch',host='dv-cinder-815712-6-iscsi',level=0,port_id=4ec31690-3267-48e5-ad63-df46ce687ed3,segment=NetworkSegment(30e20b08-103b-408b-8a6a-62ed509f7db5),segment_id=30e20b08-103b-408b-8a6a-62ed509f7db5)] {{(pid=102919) get_binding_level_objs /opt/stack/neutron/neutron/plugins/ml2/db.py:74}}
Nov 29 19:09:30.629434 dv-cinder-815712-6-iscsi neutron-server[102919]: DEBUG neutron_lib.callbacks.manager [None req-af88dffd-d4e2-4917-82f8-5122e139d5fb None None] Publish callbacks ['neutron.plugins.ml2.plugin.SecurityGroupServerNotifierRpcMixin._notify_sg_on_port_change-590854', 'neutron.plugins.ml2.ovo_rpc._ObjectChangeHandler.handle_event-202570', 'neutron.api.rpc.agentnotifiers.dhcp_rpc_agent_api.DhcpAgentNotifyAPI._native_event_send_dhcp_notification-3703891', 'neutron.db.l3_db.L3RpcNotifierMixin._notify_gateway_port_ip_changed-8749823698077', 'neutron.db.l3_dvrscheduler_db._notify_l3_agent_port_update-8749823226646', 'neutron.db.l3_hascheduler_db._notify_l3_agent_ha_port_update-8749823226664'] for port, after_update {{(pid=102919) _notify_loop /usr/local/lib/python3.8/dist-packages/neutron_lib/callbacks/manager.py:175}}
Nov 29 19:09:30.669987 dv-cinder-815712-6-iscsi neutron-server[102917]: DEBUG neutron.wsgi [-] (102917) accepted ('10.222.0.30', 35854) {{(pid=102917) server /usr/local/lib/python3.8/dist-packages/eventlet/wsgi.py:1004}}
Nov 29 19:09:30.701390 dv-cinder-815712-6-iscsi neutron-server[102919]: DEBUG neutron.api.rpc.handlers.resources_rpc [None req-af88dffd-d4e2-4917-82f8-5122e139d5fb None None] Pushing event updated for resources: {'Port': ['ID=4ec31690-3267-48e5-ad63-df46ce687ed3,revision_number=4']} {{(pid=102919) push /opt/stack/neutron/neutron/api/rpc/handlers/resources_rpc.py:237}}
Nov 29 19:09:30.712421 dv-cinder-815712-6-iscsi neutron-server[102917]: DEBUG neutron_lib.callbacks.manager [None req-1d42074d-69e0-4834-995f-fb77cd73742b admin admin] Publish callbacks [] for security_group, before_create {{(pid=102917) _notify_loop /usr/local/lib/python3.8/dist-packages/neutron_lib/callbacks/manager.py:175}}
Nov 29 19:09:30.860689 dv-cinder-815712-6-iscsi neutron-server[102917]: DEBUG neutron_lib.callbacks.manager [None req-1d42074d-69e0-4834-995f-fb77cd73742b admin admin] Publish callbacks [] for security_group, precommit_create {{(pid=102917) _notify_loop /usr/local/lib/python3.8/dist-packages/neutron_lib/callbacks/manager.py:175}}
Nov 29 19:09:30.867419 dv-cinder-815712-6-iscsi neutron-server[102917]: DEBUG neutron_lib.callbacks.manager [None req-1d42074d-69e0-4834-995f-fb77cd73742b admin admin] Publish callbacks ['neutron.plugins.ml2.ovo_rpc._ObjectChangeHandler.handle_event-3735649'] for security_group, after_create {{(pid=102917) _notify_loop /usr/local/lib/python3.8/dist-packages/neutron_lib/callbacks/manager.py:175}}
Nov 29 19:09:30.897046 dv-cinder-815712-6-iscsi neutron-server[102919]: DEBUG neutron.api.rpc.handlers.l3_rpc [None req-30f7bc70-743d-4527-873e-290eb951195f None None] Sync routers for ids ['a00b6820-72e8-4602-ad36-28114bad81f7'] in dv-cinder-815712-6-iscsi {{(pid=102919) sync_routers /opt/stack/neutron/neutron/api/rpc/handlers/l3_rpc.py:125}}
Nov 29 19:09:30.913725 dv-cinder-815712-6-iscsi neutron-server[102919]: DEBUG neutron.db.l3_dvrscheduler_db [None req-30f7bc70-743d-4527-873e-290eb951195f None None] Routers {'a00b6820-72e8-4602-ad36-28114bad81f7'} bound to L3 agent in host dv-cinder-815712-6-iscsi {{(pid=102919) _get_router_ids_for_agent /opt/stack/neutron/neutron/db/l3_dvrscheduler_db.py:420}}
Nov 29 19:09:30.914518 dv-cinder-815712-6-iscsi neutron-server[102919]: DEBUG neutron.db.l3_hamode_db [None req-30f7bc70-743d-4527-873e-290eb951195f None None] neutron.services.l3_router.l3_router_plugin.L3RouterPlugin method get_ha_sync_data_for_host called with arguments (, 'dv-cinder-815712-6-iscsi', Agent(admin_state_up=True,agent_type='L3 agent',availability_zone='nova',binary='neutron-l3-agent',configurations={"agent_mode": "legacy", "ex_gw_ports": 3, "extensions": [], "floating_ips": 1, "handle_internal_only_routers": true, "interface_driver": "openvswitch", "interfaces": 3, "log_agent_heartbeats": false, "routers": 3},created_at=2021-11-29T18:59:20Z,description=,heartbeat_timestamp=2021-11-29T19:09:20Z,host='dv-cinder-815712-6-iscsi',id=27c7630d-7936-4c5c-88c3-f98aa581dcd2,load=0,resource_versions=,resources_synced=,started_at=2021-11-29T18:59:20Z,topic='l3_agent')) {'router_ids': ['a00b6820-72e8-4602-ad36-28114bad81f7'], 'active': True} {{(pid=102919) wrapper /usr/local/lib/python3.8/dist-packages/oslo_log/helpers.py:65}}
Nov 29 19:09:30.946969 dv-cinder-815712-6-iscsi neutron-server[102917]: INFO neutron.wsgi [None req-1d42074d-69e0-4834-995f-fb77cd73742b admin admin] 10.222.0.30 "GET /v2.0/security-groups?tenant_id=a7e41a12a87149cbbd65f869bc9f833d&name=default HTTP/1.1" status: 200 len: 2996 time: 0.2752206
Nov 29 19:09:30.949412 dv-cinder-815712-6-iscsi neutron-server[102917]: DEBUG neutron.api.rpc.handlers.resources_rpc [None req-1d42074d-69e0-4834-995f-fb77cd73742b admin admin] Pushing event updated for resources: {'SecurityGroup': ['ID=7c5c9cc2-a214-4a03-bf9a-133db43473db,revision_number=1']} {{(pid=102917) push /opt/stack/neutron/neutron/api/rpc/handlers/resources_rpc.py:237}}
Nov 29 19:09:30.951560 dv-cinder-815712-6-iscsi neutron-server[102918]: DEBUG neutron.wsgi [-] (102918) accepted ('10.222.0.30', 35860) {{(pid=102918) server /usr/local/lib/python3.8/dist-packages/eventlet/wsgi.py:1004}}
Nov 29 19:09:31.037598 dv-cinder-815712-6-iscsi neutron-server[102918]: DEBUG neutron_lib.callbacks.manager [None req-fb028d8f-100d-4d72-9a4a-6a847c2f4246 admin admin] Publish callbacks [] for security_group, before_delete {{(pid=102918) _notify_loop /usr/local/lib/python3.8/dist-packages/neutron_lib/callbacks/manager.py:175}}
Nov 29 19:09:31.066724 dv-cinder-815712-6-iscsi neutron-server[102918]: DEBUG neutron_lib.callbacks.manager [None req-fb028d8f-100d-4d72-9a4a-6a847c2f4246 admin admin] Publish callbacks [] for security_group, precommit_delete {{(pid=102918) _notify_loop /usr/local/lib/python3.8/dist-packages/neutron_lib/callbacks/manager.py:175}}
Nov 29 19:09:31.074268 dv-cinder-815712-6-iscsi neutron-server[102919]: DEBUG neutron.db.l3_dvr_db [None req-30f7bc70-743d-4527-873e-290eb951195f None None] Set router a00b6820-72e8-4602-ad36-28114bad81f7 gateway port host: dv-cinder-815712-6-iscsi {{(pid=102919) _build_routers_list /opt/stack/neutron/neutron/db/l3_dvr_db.py:906}}
Nov 29 19:09:31.165679 dv-cinder-815712-6-iscsi neutron-server[102918]: DEBUG neutron_lib.callbacks.manager [None req-fb028d8f-100d-4d72-9a4a-6a847c2f4246 admin admin] Publish callbacks ['neutron.plugins.ml2.ovo_rpc._ObjectChangeHandler.handle_event-3735649'] for security_group, after_delete {{(pid=102918) _notify_loop /usr/local/lib/python3.8/dist-packages/neutron_lib/callbacks/manager.py:175}}
Nov 29 19:09:31.172492 dv-cinder-815712-6-iscsi neutron-server[102918]: DEBUG neutron_lib.callbacks.manager [None req-fb028d8f-100d-4d72-9a4a-6a847c2f4246 admin admin] Publish callbacks [] for security_group, before_response {{(pid=102918) _notify_loop /usr/local/lib/python3.8/dist-packages/neutron_lib/callbacks/manager.py:175}}
Nov 29 19:09:31.177168 dv-cinder-815712-6-iscsi neutron-server[102918]: INFO neutron.wsgi [None req-fb028d8f-100d-4d72-9a4a-6a847c2f4246 admin admin] 10.222.0.30 "DELETE /v2.0/security-groups/7c5c9cc2-a214-4a03-bf9a-133db43473db HTTP/1.1" status: 204 len: 168 time: 0.2238572
Nov 29 19:09:31.197539 dv-cinder-815712-6-iscsi neutron-server[102918]: DEBUG neutron.api.rpc.handlers.resources_rpc [None req-fb028d8f-100d-4d72-9a4a-6a847c2f4246 admin admin] Pushing event deleted for resources: {'SecurityGroup': ['ID=7c5c9cc2-a214-4a03-bf9a-133db43473db,revision_number=None']} {{(pid=102918) push /opt/stack/neutron/neutron/api/rpc/handlers/resources_rpc.py:237}}
Nov 29 19:09:31.571223 dv-cinder-815712-6-iscsi neutron-server[102918]: DEBUG neutron.pecan_wsgi.hooks.policy_enforcement [req-3e796e1c-4b26-41ff-a550-a994bcc43bcd req-360a630f-27cf-4ff1-9bd6-3e780b29aa6a service neutron] Attributes excluded by policy engine: ['standard_attr_id'] {{(pid=102918) _exclude_attributes_by_policy /opt/stack/neutron/neutron/pecan_wsgi/hooks/policy_enforcement.py:255}}
Nov 29 19:09:31.573825 dv-cinder-815712-6-iscsi neutron-server[102918]: INFO neutron.wsgi [req-3e796e1c-4b26-41ff-a550-a994bcc43bcd req-360a630f-27cf-4ff1-9bd6-3e780b29aa6a service neutron] 10.222.0.61 "GET /v2.0/ports?device_id=c55f79fd-00e3-4cdd-a3a1-bef6b2094d9c HTTP/1.1" status: 200 len: 1098 time: 0.0747850
Nov 29 19:09:31.705704 dv-cinder-815712-6-iscsi neutron-server[102918]: INFO neutron.wsgi [req-3e796e1c-4b26-41ff-a550-a994bcc43bcd req-22cd31d8-8e6e-4a17-a980-9920666e1584 service neutron] 10.222.0.61 "GET /v2.0/security-groups?id=42e10f8a-a012-4914-baf4-a4ae4b11acca&fields=id&fields=name HTTP/1.1" status: 200 len: 286 time: 0.1213839
Nov 29 19:09:31.747819 dv-cinder-815712-6-iscsi neutron-server[102919]: DEBUG neutron.db.l3_hamode_db [None req-30f7bc70-743d-4527-873e-290eb951195f None None] neutron.services.l3_router.l3_router_plugin.L3RouterPlugin method _process_sync_ha_data called with arguments (, [{'id': 'a00b6820-72e8-4602-ad36-28114bad81f7', 'name': 'tempest-TestVolumeBootPattern-171086605-router', 'tenant_id': '89cdfb59a705495f9336370e26f74283', 'admin_state_up': True, 'status': 'ACTIVE', 'external_gateway_info': {'network_id': 'c1c9691a-9b68-43f4-841a-28d42b52c369', 'external_fixed_ips': [{'subnet_id': 'ac5b9c72-74cd-4517-a97e-9509297c5f35', 'ip_address': '172.27.3.213'}], 'enable_snat': True}, 'gw_port_id': '4ec31690-3267-48e5-ad63-df46ce687ed3', 'description': '', 'availability_zones': ['nova'], 'distributed': False, 'ha': False, 'ha_vr_id': 0, 'availability_zone_hints': [], 'routes': [], 'flavor_id': None, 'tags': [], 'created_at': '2021-11-29T19:09:23Z', 'updated_at': '2021-11-29T19:09:28Z', 'revision_number': 4, 'project_id': '89cdfb59a705495f9336370e26f74283', 'gw_port': {'id': '4ec31690-3267-48e5-ad63-df46ce687ed3', 'name': '', 'network_id': 'c1c9691a-9b68-43f4-841a-28d42b52c369', 'tenant_id': '', 'mac_address': 'fa:16:3e:93:0d:38', 'admin_state_up': True, 'status': 'ACTIVE', 'device_id': 'a00b6820-72e8-4602-ad36-28114bad81f7', 'device_owner': 'network:router_gateway', 'standard_attr_id': 299, 'fixed_ips': [{'subnet_id': 'ac5b9c72-74cd-4517-a97e-9509297c5f35', 'ip_address': '172.27.3.213', 'prefixlen': 24}], 'allowed_address_pairs': [], 'extra_dhcp_opts': [], 'security_groups': [], 'description': '', 'binding:vnic_type': 'normal', 'binding:profile': {}, 'binding:host_id': 'dv-cinder-815712-6-iscsi', 'binding:vif_type': 'ovs', 'binding:vif_details': {'connectivity': 'l2', 'port_filter': True, 'ovs_hybrid_plug': False, 'datapath_type': 'system', 'bridge_name': 'br-int'}, 'port_security_enabled': False, 'tags': [], 'created_at': '2021-11-29T19:09:24Z', 'updated_at': '2021-11-29T19:09:30Z', 'revision_number': 4, 'project_id': '', 'subnets': [{'id': 'ac5b9c72-74cd-4517-a97e-9509297c5f35', 'cidr': '172.27.3.0/24', 'gateway_ip': '172.27.3.1', 'dns_nameservers': [], 'ipv6_ra_mode': None, 'subnetpool_id': None}], 'extra_subnets': [], 'address_scopes': {4: None, 6: None}, 'mtu': 1500}, 'enable_snat': True, 'gw_port_host': 'dv-cinder-815712-6-iscsi', '_interfaces': [{'id': '9879bacc-6074-477e-9f86-d563ecf57070', 'name': '', 'network_id': '0d554dae-fa53-4839-ba43-ad1d7f4252e2', 'tenant_id': '89cdfb59a705495f9336370e26f74283', 'mac_address': 'fa:16:3e:8c:23:bb', 'admin_state_up': True, 'status': 'DOWN', 'device_id': 'a00b6820-72e8-4602-ad36-28114bad81f7', 'device_owner': 'network:router_interface', 'standard_attr_id': 300, 'fixed_ips': [{'subnet_id': '5757b06f-01b8-488c-bded-a979246d55e5', 'ip_address': '172.20.0.1', 'prefixlen': 28}], 'allowed_address_pairs': [], 'extra_dhcp_opts': [], 'security_groups': [], 'description': '', 'binding:vnic_type': 'normal', 'binding:profile': {}, 'binding:host_id': '', 'binding:vif_type': 'unbound', 'binding:vif_details': {}, 'port_security_enabled': False, 'tags': [], 'created_at': '2021-11-29T19:09:27Z', 'updated_at': '2021-11-29T19:09:29Z', 'revision_number': 2, 'project_id': '89cdfb59a705495f9336370e26f74283', 'subnets': [{'id': '5757b06f-01b8-488c-bded-a979246d55e5', 'cidr': '172.20.0.0/28', 'gateway_ip': '172.20.0.1', 'dns_nameservers': [], 'ipv6_ra_mode': None, 'subnetpool_id': None}], 'extra_subnets': [], 'address_scopes': {4: None, 6: None}, 'mtu': 1500}]}], 'dv-cinder-815712-6-iscsi', False) {} {{(pid=102919) wrapper /usr/local/lib/python3.8/dist-packages/oslo_log/helpers.py:65}}
Nov 29 19:09:31.770141 dv-cinder-815712-6-iscsi neutron-server[102917]: DEBUG neutron.pecan_wsgi.hooks.policy_enforcement [req-519bcc72-7aff-4792-916f-f38540d6ae30 req-9d4f805f-89fd-4ee0-ad78-1e1f9f51f8e6 tempest-ServerRescueNegativeTestJSON-165020190 tempest-ServerRescueNegativeTestJSON-165020190-project] Attributes excluded by policy engine: ['standard_attr_id', 'binding:profile', 'binding:host_id', 'binding:vif_type', 'binding:vif_details'] {{(pid=102917) _exclude_attributes_by_policy /opt/stack/neutron/neutron/pecan_wsgi/hooks/policy_enforcement.py:255}}
Nov 29 19:09:31.771919 dv-cinder-815712-6-iscsi neutron-server[102917]: INFO neutron.wsgi [req-519bcc72-7aff-4792-916f-f38540d6ae30 req-9d4f805f-89fd-4ee0-ad78-1e1f9f51f8e6 tempest-ServerRescueNegativeTestJSON-165020190 tempest-ServerRescueNegativeTestJSON-165020190-project] 10.222.0.30 "GET /v2.0/ports?device_id=c55f79fd-00e3-4cdd-a3a1-bef6b2094d9c HTTP/1.1" status: 200 len: 945 time: 0.0829201
Nov 29 19:09:31.806268 dv-cinder-815712-6-iscsi neutron-server[102919]: DEBUG neutron.api.rpc.handlers.l3_rpc [None req-30f7bc70-743d-4527-873e-290eb951195f None None] Checking router: a00b6820-72e8-4602-ad36-28114bad81f7 for host: dv-cinder-815712-6-iscsi {{(pid=102919) _ensure_host_set_on_ports /opt/stack/neutron/neutron/api/rpc/handlers/l3_rpc.py:155}}
Nov 29 19:09:31.806268 dv-cinder-815712-6-iscsi neutron-server[102919]: DEBUG neutron.api.rpc.handlers.l3_rpc [None req-30f7bc70-743d-4527-873e-290eb951195f None None] Updating router a00b6820-72e8-4602-ad36-28114bad81f7 port 9879bacc-6074-477e-9f86-d563ecf57070 binding host dv-cinder-815712-6-iscsi {{(pid=102919) _ensure_host_set_on_port /opt/stack/neutron/neutron/api/rpc/handlers/l3_rpc.py:205}}
Nov 29 19:09:31.846014 dv-cinder-815712-6-iscsi neutron-server[102919]: DEBUG neutron_lib.callbacks.manager [None req-30f7bc70-743d-4527-873e-290eb951195f None None] Publish callbacks ['neutron.plugins.ml2.plugin.SecurityGroupDbMixin._ensure_default_security_group_handler-591047'] for port, before_update {{(pid=102919) _notify_loop /usr/local/lib/python3.8/dist-packages/neutron_lib/callbacks/manager.py:175}}
Nov 29 19:09:31.862625 dv-cinder-815712-6-iscsi neutron-server[102917]: INFO neutron.wsgi [req-519bcc72-7aff-4792-916f-f38540d6ae30 req-cb313927-1dfe-4e74-8afc-9a987fa00b58 tempest-ServerRescueNegativeTestJSON-165020190 tempest-ServerRescueNegativeTestJSON-165020190-project] 10.222.0.30 "GET /v2.0/security-groups?id=42e10f8a-a012-4914-baf4-a4ae4b11acca&fields=id&fields=name HTTP/1.1" status: 200 len: 286 time: 0.0778496
Nov 29 19:09:31.901612 dv-cinder-815712-6-iscsi neutron-server[102918]: DEBUG neutron.wsgi [-] (102918) accepted ('10.222.0.30', 35896) {{(pid=102918) server /usr/local/lib/python3.8/dist-packages/eventlet/wsgi.py:1004}}
Nov 29 19:09:31.909789 dv-cinder-815712-6-iscsi neutron-server[102918]: DEBUG neutron.api.v2.base [None req-b45d08ff-180b-47ec-b07a-9482d76cf07d admin admin] Request body: {'network': {'name': 'tempest-TestVolumeBootPattern-1853949947-network', 'tenant_id': '6836fc9954b642fcb9c2c31c82ce1fb9'}} {{(pid=102918) prepare_request_body /opt/stack/neutron/neutron/api/v2/base.py:729}}
Nov 29 19:09:31.964940 dv-cinder-815712-6-iscsi neutron-server[102918]: DEBUG neutron.pecan_wsgi.hooks.quota_enforcement [None req-b45d08ff-180b-47ec-b07a-9482d76cf07d admin admin] Made reservation on behalf of 6836fc9954b642fcb9c2c31c82ce1fb9 for: {'network': 1} {{(pid=102918) before /opt/stack/neutron/neutron/pecan_wsgi/hooks/quota_enforcement.py:53}}
Nov 29 19:09:31.976030 dv-cinder-815712-6-iscsi neutron-server[102918]: DEBUG neutron_lib.callbacks.manager [None req-b45d08ff-180b-47ec-b07a-9482d76cf07d admin admin] Publish callbacks ['neutron.plugins.ml2.plugin.SecurityGroupDbMixin._ensure_default_security_group_handler-591047'] for network, before_create {{(pid=102918) _notify_loop /usr/local/lib/python3.8/dist-packages/neutron_lib/callbacks/manager.py:175}}
Nov 29 19:09:32.009707 dv-cinder-815712-6-iscsi neutron-server[102918]: DEBUG neutron_lib.callbacks.manager [None req-b45d08ff-180b-47ec-b07a-9482d76cf07d admin admin] Publish callbacks [] for security_group, before_create {{(pid=102918) _notify_loop /usr/local/lib/python3.8/dist-packages/neutron_lib/callbacks/manager.py:175}}
Nov 29 19:09:32.159803 dv-cinder-815712-6-iscsi neutron-server[102918]: DEBUG neutron_lib.callbacks.manager [None req-b45d08ff-180b-47ec-b07a-9482d76cf07d admin admin] Publish callbacks [] for security_group, precommit_create {{(pid=102918) _notify_loop /usr/local/lib/python3.8/dist-packages/neutron_lib/callbacks/manager.py:175}}
Nov 29 19:09:32.167861 dv-cinder-815712-6-iscsi neutron-server[102918]: DEBUG neutron_lib.callbacks.manager [None req-b45d08ff-180b-47ec-b07a-9482d76cf07d admin admin] Publish callbacks ['neutron.plugins.ml2.ovo_rpc._ObjectChangeHandler.handle_event-3735649'] for security_group, after_create {{(pid=102918) _notify_loop /usr/local/lib/python3.8/dist-packages/neutron_lib/callbacks/manager.py:175}}
Nov 29 19:09:32.211796 dv-cinder-815712-6-iscsi neutron-server[102919]: DEBUG neutron.plugins.ml2.rpc [None req-af88dffd-d4e2-4917-82f8-5122e139d5fb None None] Device 4ec31690-3267-48e5-ad63-df46ce687ed3 up at agent ovs-agent-dv-cinder-815712-6-iscsi {{(pid=102919) update_device_up /opt/stack/neutron/neutron/plugins/ml2/rpc.py:296}}
Nov 29 19:09:32.222758 dv-cinder-815712-6-iscsi neutron-server[102918]: DEBUG neutron.plugins.ml2.drivers.helpers [None req-b45d08ff-180b-47ec-b07a-9482d76cf07d admin admin] vlan segment allocate from pool success with {'physical_network': 'physnet1', 'vlan_id': 695} {{(pid=102918) allocate_partially_specified_segment /opt/stack/neutron/neutron/plugins/ml2/drivers/helpers.py:153}}
Nov 29 19:09:32.264236 dv-cinder-815712-6-iscsi neutron-server[102918]: DEBUG neutron.api.rpc.handlers.resources_rpc [None req-b45d08ff-180b-47ec-b07a-9482d76cf07d admin admin] Pushing event updated for resources: {'SecurityGroup': ['ID=f1d3db1e-22a8-43fc-91cb-7d8b679c5286,revision_number=1']} {{(pid=102918) push /opt/stack/neutron/neutron/api/rpc/handlers/resources_rpc.py:237}}
Nov 29 19:09:32.278723 dv-cinder-815712-6-iscsi neutron-server[102918]: DEBUG neutron_lib.callbacks.manager [None req-b45d08ff-180b-47ec-b07a-9482d76cf07d admin admin] Publish callbacks ['neutron.plugins.ml2.plugin.Ml2Plugin._handle_segment_change-526791'] for segment, precommit_create {{(pid=102918) _notify_loop /usr/local/lib/python3.8/dist-packages/neutron_lib/callbacks/manager.py:175}}
Nov 29 19:09:32.281147 dv-cinder-815712-6-iscsi neutron-server[102918]: INFO neutron.db.segments_db [None req-b45d08ff-180b-47ec-b07a-9482d76cf07d admin admin] Added segment 760056f8-de15-40fb-b689-92a5bd77e61c of type vlan for network 03a1d558-6f31-43ee-be28-d6f667414f19
Nov 29 19:09:32.376951 dv-cinder-815712-6-iscsi neutron-server[102919]: DEBUG neutron.db.provisioning_blocks [None req-af88dffd-d4e2-4917-82f8-5122e139d5fb None None] Provisioning complete for port 4ec31690-3267-48e5-ad63-df46ce687ed3 triggered by entity L2. {{(pid=102919) provisioning_complete /opt/stack/neutron/neutron/db/provisioning_blocks.py:139}}
Nov 29 19:09:32.377327 dv-cinder-815712-6-iscsi neutron-server[102919]: DEBUG neutron_lib.callbacks.manager [None req-af88dffd-d4e2-4917-82f8-5122e139d5fb None None] Publish callbacks ['neutron.plugins.ml2.plugin.Ml2Plugin._port_provisioned-733026'] for port, provisioning_complete {{(pid=102919) _notify_loop /usr/local/lib/python3.8/dist-packages/neutron_lib/callbacks/manager.py:175}}
Nov 29 19:09:32.378933 dv-cinder-815712-6-iscsi neutron-server[102918]: DEBUG neutron_lib.callbacks.manager [None req-b45d08ff-180b-47ec-b07a-9482d76cf07d admin admin] Publish callbacks ['neutron.services.auto_allocate.db._ensure_external_network_default_value_callback-8749823210590'] for network, precommit_create {{(pid=102918) _notify_loop /usr/local/lib/python3.8/dist-packages/neutron_lib/callbacks/manager.py:175}}
Nov 29 19:09:32.420482 dv-cinder-815712-6-iscsi neutron-server[102918]: DEBUG neutron_lib.callbacks.manager [None req-b45d08ff-180b-47ec-b07a-9482d76cf07d admin admin] Publish callbacks ['neutron.plugins.ml2.ovo_rpc._ObjectChangeHandler.handle_event-3755191', 'neutron.api.rpc.agentnotifiers.dhcp_rpc_agent_api.DhcpAgentNotifyAPI._native_event_send_dhcp_notification-3703891'] for network, after_create {{(pid=102918) _notify_loop /usr/local/lib/python3.8/dist-packages/neutron_lib/callbacks/manager.py:175}}
Nov 29 19:09:32.422709 dv-cinder-815712-6-iscsi neutron-server[102918]: DEBUG neutron.pecan_wsgi.hooks.policy_enforcement [None req-b45d08ff-180b-47ec-b07a-9482d76cf07d admin admin] Attributes excluded by policy engine: ['standard_attr_id', 'vlan_transparent'] {{(pid=102918) _exclude_attributes_by_policy /opt/stack/neutron/neutron/pecan_wsgi/hooks/policy_enforcement.py:255}}
Nov 29 19:09:32.424133 dv-cinder-815712-6-iscsi neutron-server[102918]: DEBUG neutron_lib.callbacks.manager [None req-b45d08ff-180b-47ec-b07a-9482d76cf07d admin admin] Publish callbacks ['neutron.api.rpc.agentnotifiers.dhcp_rpc_agent_api.DhcpAgentNotifyAPI._send_dhcp_notification-3703933'] for network, before_response {{(pid=102918) _notify_loop /usr/local/lib/python3.8/dist-packages/neutron_lib/callbacks/manager.py:175}}
Nov 29 19:09:32.521244 dv-cinder-815712-6-iscsi neutron-server[102919]: DEBUG neutron_lib.callbacks.manager [None req-30f7bc70-743d-4527-873e-290eb951195f None None] Publish callbacks [] for port, precommit_update {{(pid=102919) _notify_loop /usr/local/lib/python3.8/dist-packages/neutron_lib/callbacks/manager.py:175}}
Nov 29 19:09:32.560536 dv-cinder-815712-6-iscsi neutron-server[102917]: DEBUG neutron.wsgi [-] (102917) accepted ('10.222.0.30', 35912) {{(pid=102917) server /usr/local/lib/python3.8/dist-packages/eventlet/wsgi.py:1004}}
Nov 29 19:09:32.563896 dv-cinder-815712-6-iscsi neutron-server[102919]: DEBUG neutron_lib.callbacks.manager [None req-30f7bc70-743d-4527-873e-290eb951195f None None] Publish callbacks ['neutron.plugins.ml2.plugin.SecurityGroupServerNotifierRpcMixin._notify_sg_on_port_change-590854', 'neutron.plugins.ml2.ovo_rpc._ObjectChangeHandler.handle_event-202570', 'neutron.api.rpc.agentnotifiers.dhcp_rpc_agent_api.DhcpAgentNotifyAPI._native_event_send_dhcp_notification-3703891', 'neutron.db.l3_db.L3RpcNotifierMixin._notify_gateway_port_ip_changed-8749823698077', 'neutron.db.l3_dvrscheduler_db._notify_l3_agent_port_update-8749823226646', 'neutron.db.l3_hascheduler_db._notify_l3_agent_ha_port_update-8749823226664'] for port, after_update {{(pid=102919) _notify_loop /usr/local/lib/python3.8/dist-packages/neutron_lib/callbacks/manager.py:175}}
Nov 29 19:09:32.568662 dv-cinder-815712-6-iscsi neutron-server[102917]: DEBUG neutron.api.v2.base [None req-6ba2f912-a73d-471c-8e04-4def2d6c3ca7 admin admin] Request body: {'subnet': {'network_id': '03a1d558-6f31-43ee-be28-d6f667414f19', 'cidr': '172.20.0.0/28', 'name': 'tempest-TestVolumeBootPattern-1853949947-subnet', 'tenant_id': '6836fc9954b642fcb9c2c31c82ce1fb9', 'ip_version': 4}} {{(pid=102917) prepare_request_body /opt/stack/neutron/neutron/api/v2/base.py:729}}
Nov 29 19:09:32.573723 dv-cinder-815712-6-iscsi neutron-server[102918]: INFO neutron.wsgi [None req-b45d08ff-180b-47ec-b07a-9482d76cf07d admin admin] 10.222.0.30 "POST /v2.0/networks HTTP/1.1" status: 201 len: 885 time: 0.6705699
Nov 29 19:09:32.589539 dv-cinder-815712-6-iscsi neutron-server[102918]: DEBUG neutron.api.rpc.handlers.resources_rpc [None req-b45d08ff-180b-47ec-b07a-9482d76cf07d admin admin] Pushing event updated for resources: {'Network': ['ID=03a1d558-6f31-43ee-be28-d6f667414f19,revision_number=1']} {{(pid=102918) push /opt/stack/neutron/neutron/api/rpc/handlers/resources_rpc.py:237}}
Nov 29 19:09:32.618879 dv-cinder-815712-6-iscsi neutron-server[102917]: DEBUG neutron.pecan_wsgi.hooks.quota_enforcement [None req-6ba2f912-a73d-471c-8e04-4def2d6c3ca7 admin admin] Made reservation on behalf of 6836fc9954b642fcb9c2c31c82ce1fb9 for: {'subnet': 1} {{(pid=102917) before /opt/stack/neutron/neutron/pecan_wsgi/hooks/quota_enforcement.py:53}}
Nov 29 19:09:32.623064 dv-cinder-815712-6-iscsi neutron-server[102917]: DEBUG neutron_lib.callbacks.manager [None req-6ba2f912-a73d-471c-8e04-4def2d6c3ca7 admin admin] Publish callbacks ['neutron.services.segments.plugin.SegmentHostRoutes.host_routes_before_create-59323585'] for subnet, before_create {{(pid=102917) _notify_loop /usr/local/lib/python3.8/dist-packages/neutron_lib/callbacks/manager.py:175}}
Nov 29 19:09:32.644258 dv-cinder-815712-6-iscsi neutron-server[102919]: DEBUG neutron.plugins.ml2.rpc [None req-af88dffd-d4e2-4917-82f8-5122e139d5fb None None] Network 03a1d558-6f31-43ee-be28-d6f667414f19 details requested by agent ovs-agent-dv-cinder-815712-6-iscsi with host dv-cinder-815712-6-iscsi {{(pid=102919) get_network_details /opt/stack/neutron/neutron/plugins/ml2/rpc.py:248}}
Nov 29 19:09:32.809464 dv-cinder-815712-6-iscsi neutron-server[102919]: DEBUG neutron.api.rpc.handlers.resources_rpc [None req-b003858e-57ba-4107-b15e-84a7ac833d60 None None] Pushing event updated for resources: {'Port': ['ID=9879bacc-6074-477e-9f86-d563ecf57070,revision_number=3']} {{(pid=102919) push /opt/stack/neutron/neutron/api/rpc/handlers/resources_rpc.py:237}}
Nov 29 19:09:32.882702 dv-cinder-815712-6-iscsi neutron-server[102919]: DEBUG neutron.plugins.ml2.managers [None req-30f7bc70-743d-4527-873e-290eb951195f None None] Attempting to bind port 9879bacc-6074-477e-9f86-d563ecf57070 on host dv-cinder-815712-6-iscsi for vnic_type normal with profile {{(pid=102919) bind_port /opt/stack/neutron/neutron/plugins/ml2/managers.py:795}}
Nov 29 19:09:32.884601 dv-cinder-815712-6-iscsi neutron-server[102919]: DEBUG neutron.plugins.ml2.managers [None req-30f7bc70-743d-4527-873e-290eb951195f None None] Attempting to bind port 9879bacc-6074-477e-9f86-d563ecf57070 by drivers openvswitch,hyperv on host dv-cinder-815712-6-iscsi at level 0 using segments [{'id': '6dacf1a6-7c9b-4cd1-a90f-afb64f1970c9', 'network_type': 'vlan', 'physical_network': 'physnet1', 'segmentation_id': 690, 'network_id': '0d554dae-fa53-4839-ba43-ad1d7f4252e2'}] {{(pid=102919) _bind_port_level /opt/stack/neutron/neutron/plugins/ml2/managers.py:820}}
Nov 29 19:09:32.885087 dv-cinder-815712-6-iscsi neutron-server[102919]: DEBUG neutron.plugins.ml2.drivers.mech_agent [None req-30f7bc70-743d-4527-873e-290eb951195f None None] Attempting to bind port 9879bacc-6074-477e-9f86-d563ecf57070 on network 0d554dae-fa53-4839-ba43-ad1d7f4252e2 {{(pid=102919) bind_port /opt/stack/neutron/neutron/plugins/ml2/drivers/mech_agent.py:91}}
Nov 29 19:09:32.897535 dv-cinder-815712-6-iscsi neutron-server[102919]: DEBUG neutron.plugins.ml2.drivers.mech_agent [None req-30f7bc70-743d-4527-873e-290eb951195f None None] Checking agent: {'id': '4196c1a4-f6e8-416b-817e-ecedd698daf2', 'agent_type': 'Open vSwitch agent', 'binary': 'neutron-openvswitch-agent', 'topic': 'N/A', 'host': 'dv-cinder-815712-6-iscsi', 'admin_state_up': True, 'created_at': datetime.datetime(2021, 11, 29, 18, 59, 24), 'started_at': datetime.datetime(2021, 11, 29, 18, 59, 54), 'heartbeat_timestamp': datetime.datetime(2021, 11, 29, 19, 9, 24), 'description': None, 'resources_synced': None, 'availability_zone': None, 'alive': True, 'configurations': {'arp_responder_enabled': False, 'baremetal_smartnic': False, 'bridge_mappings': {'physnet1': 'br-data'}, 'datapath_type': 'system', 'devices': 0, 'enable_distributed_routing': False, 'extensions': [], 'in_distributed_mode': False, 'integration_bridge': 'br-int', 'l2_population': False, 'log_agent_heartbeats': False, 'ovs_capabilities': {'datapath_types': ['netdev', 'system'], 'iface_types': ['erspan', 'geneve', 'gre', 'internal', 'ip6erspan', 'ip6gre', 'lisp', 'patch', 'stt', 'system', 'tap', 'vxlan']}, 'ovs_hybrid_plug': False, 'resource_provider_bandwidths': {}, 'resource_provider_hypervisors': {'br-data': 'dv-cinder-815712-6-iscsi'}, 'resource_provider_inventory_defaults': {'allocation_ratio': 1.0, 'min_unit': 1, 'step_size': 1, 'reserved': 0}, 'resource_provider_packet_processing_inventory_defaults': {'allocation_ratio': 1.0, 'min_unit': 1, 'step_size': 1, 'reserved': 0}, 'resource_provider_packet_processing_with_direction': {}, 'resource_provider_packet_processing_without_direction': {}, 'tunnel_types': [], 'tunneling_ip': None, 'vhostuser_socket_dir': '/var/run/openvswitch'}, 'resource_versions': {'AddressGroup': '1.2', 'ConntrackHelper': '1.0', 'Log': '1.0', 'Network': '1.1', 'Port': '1.7', 'PortForwarding': '1.2', 'QosPolicy': '1.10', 'SecurityGroup': '1.5', 'SecurityGroupRule': '1.2', 'SubPort': '1.0', 'Subnet': '1.1', 'Trunk': '1.1'}} {{(pid=102919) bind_port /opt/stack/neutron/neutron/plugins/ml2/drivers/mech_agent.py:110}}
Nov 29 19:09:32.898385 dv-cinder-815712-6-iscsi neutron-server[102919]: DEBUG neutron.plugins.ml2.drivers.mech_agent [None req-30f7bc70-743d-4527-873e-290eb951195f None None] Checking segment: {'id': '6dacf1a6-7c9b-4cd1-a90f-afb64f1970c9', 'network_type': 'vlan', 'physical_network': 'physnet1', 'segmentation_id': 690, 'network_id': '0d554dae-fa53-4839-ba43-ad1d7f4252e2'} for mappings: {'physnet1': 'br-data'} with network types: ['local', 'flat', 'vlan'] {{(pid=102919) check_segment_for_agent /opt/stack/neutron/neutron/plugins/ml2/drivers/mech_agent.py:371}}
Nov 29 19:09:32.898816 dv-cinder-815712-6-iscsi neutron-server[102919]: DEBUG neutron_lib.callbacks.manager [None req-30f7bc70-743d-4527-873e-290eb951195f None None] Publish callbacks [] for ovs_bridge_name, before_read {{(pid=102919) _notify_loop /usr/local/lib/python3.8/dist-packages/neutron_lib/callbacks/manager.py:175}}
Nov 29 19:09:32.899226 dv-cinder-815712-6-iscsi neutron-server[102919]: DEBUG neutron.plugins.ml2.drivers.mech_agent [None req-30f7bc70-743d-4527-873e-290eb951195f None None] Bound using segment: {'id': '6dacf1a6-7c9b-4cd1-a90f-afb64f1970c9', 'network_type': 'vlan', 'physical_network': 'physnet1', 'segmentation_id': 690, 'network_id': '0d554dae-fa53-4839-ba43-ad1d7f4252e2'} {{(pid=102919) bind_port /opt/stack/neutron/neutron/plugins/ml2/drivers/mech_agent.py:120}}
Nov 29 19:09:32.902211 dv-cinder-815712-6-iscsi neutron-server[102919]: DEBUG neutron.plugins.ml2.managers [None req-30f7bc70-743d-4527-873e-290eb951195f None None] Bound port: 9879bacc-6074-477e-9f86-d563ecf57070, host: dv-cinder-815712-6-iscsi, vif_type: ovs, vif_details: {"connectivity": "l2", "port_filter": true, "ovs_hybrid_plug": false, "datapath_type": "system", "bridge_name": "br-int"}, binding_levels: [{'bound_driver': 'openvswitch', 'bound_segment': {'id': '6dacf1a6-7c9b-4cd1-a90f-afb64f1970c9', 'network_type': 'vlan', 'physical_network': 'physnet1', 'segmentation_id': 690, 'network_id': '0d554dae-fa53-4839-ba43-ad1d7f4252e2'}}] {{(pid=102919) _bind_port_level /opt/stack/neutron/neutron/plugins/ml2/managers.py:932}}
Nov 29 19:09:32.902211 dv-cinder-815712-6-iscsi neutron-server[102919]: DEBUG neutron_lib.callbacks.manager [None req-30f7bc70-743d-4527-873e-290eb951195f None None] Publish callbacks ['neutron.plugins.ml2.plugin.SecurityGroupDbMixin._ensure_default_security_group_handler-591047'] for port, before_update {{(pid=102919) _notify_loop /usr/local/lib/python3.8/dist-packages/neutron_lib/callbacks/manager.py:175}}
Nov 29 19:09:33.028906 dv-cinder-815712-6-iscsi neutron-server[102917]: DEBUG neutron_lib.callbacks.manager [None req-6ba2f912-a73d-471c-8e04-4def2d6c3ca7 admin admin] Publish callbacks ['neutron.plugins.ml2.ovo_rpc._ObjectChangeHandler.handle_event-3792815', 'neutron.api.rpc.agentnotifiers.dhcp_rpc_agent_api.DhcpAgentNotifyAPI._native_event_send_dhcp_notification-3703891', 'neutron.services.segments.plugin.NovaSegmentNotifier._notify_subnet_created-58968081', 'neutron.services.segments.plugin.SegmentHostRoutes.host_routes_after_create-59323615'] for subnet, after_create {{(pid=102917) _notify_loop /usr/local/lib/python3.8/dist-packages/neutron_lib/callbacks/manager.py:175}}
Nov 29 19:09:33.062182 dv-cinder-815712-6-iscsi neutron-server[102919]: DEBUG neutron.plugins.ml2.db [None req-30f7bc70-743d-4527-873e-290eb951195f None None] For port 9879bacc-6074-477e-9f86-d563ecf57070, host dv-cinder-815712-6-iscsi, cleared binding levels {{(pid=102919) clear_binding_levels /opt/stack/neutron/neutron/plugins/ml2/db.py:87}}
Nov 29 19:09:33.067313 dv-cinder-815712-6-iscsi neutron-server[102919]: DEBUG neutron.plugins.ml2.db [None req-30f7bc70-743d-4527-873e-290eb951195f None None] For port 9879bacc-6074-477e-9f86-d563ecf57070, host dv-cinder-815712-6-iscsi, set binding levels [PortBindingLevel(driver='openvswitch',host='dv-cinder-815712-6-iscsi',level=0,port_id=9879bacc-6074-477e-9f86-d563ecf57070,segment=NetworkSegment(6dacf1a6-7c9b-4cd1-a90f-afb64f1970c9),segment_id=6dacf1a6-7c9b-4cd1-a90f-afb64f1970c9)] {{(pid=102919) set_binding_levels /opt/stack/neutron/neutron/plugins/ml2/db.py:59}}
Nov 29 19:09:33.074715 dv-cinder-815712-6-iscsi neutron-server[102919]: DEBUG neutron_lib.callbacks.manager [None req-30f7bc70-743d-4527-873e-290eb951195f None None] Publish callbacks ['neutron.plugins.ml2.plugin.SecurityGroupServerNotifierRpcMixin._notify_sg_on_port_change-590854', 'neutron.plugins.ml2.ovo_rpc._ObjectChangeHandler.handle_event-202570', 'neutron.api.rpc.agentnotifiers.dhcp_rpc_agent_api.DhcpAgentNotifyAPI._native_event_send_dhcp_notification-3703891', 'neutron.db.l3_db.L3RpcNotifierMixin._notify_gateway_port_ip_changed-8749823698077', 'neutron.db.l3_dvrscheduler_db._notify_l3_agent_port_update-8749823226646', 'neutron.db.l3_hascheduler_db._notify_l3_agent_ha_port_update-8749823226664'] for port, after_update {{(pid=102919) _notify_loop /usr/local/lib/python3.8/dist-packages/neutron_lib/callbacks/manager.py:175}}
Nov 29 19:09:33.206766 dv-cinder-815712-6-iscsi neutron-server[102917]: DEBUG neutron.api.rpc.handlers.resources_rpc [None req-6ba2f912-a73d-471c-8e04-4def2d6c3ca7 admin admin] Pushing event updated for resources: {'Subnet': ['ID=41679f76-6951-4ed0-93ee-8b58dade6a70,revision_number=0']} {{(pid=102917) push /opt/stack/neutron/neutron/api/rpc/handlers/resources_rpc.py:237}}
Nov 29 19:09:33.236348 dv-cinder-815712-6-iscsi neutron-server[102917]: DEBUG neutron.pecan_wsgi.hooks.policy_enforcement [req-4977df7f-0134-4303-bbff-5032bd04e7db req-93c66fe8-cb01-4d30-9f1d-8b9cba01de97 tempest-ServerRescueNegativeTestJSON-165020190 tempest-ServerRescueNegativeTestJSON-165020190-project] Attributes excluded by policy engine: ['standard_attr_id', 'binding:profile', 'binding:host_id', 'binding:vif_type', 'binding:vif_details'] {{(pid=102917) _exclude_attributes_by_policy /opt/stack/neutron/neutron/pecan_wsgi/hooks/policy_enforcement.py:255}}
Nov 29 19:09:33.239624 dv-cinder-815712-6-iscsi neutron-server[102917]: INFO neutron.wsgi [req-4977df7f-0134-4303-bbff-5032bd04e7db req-93c66fe8-cb01-4d30-9f1d-8b9cba01de97 tempest-ServerRescueNegativeTestJSON-165020190 tempest-ServerRescueNegativeTestJSON-165020190-project] 10.222.0.30 "GET /v2.0/ports?device_id=c55f79fd-00e3-4cdd-a3a1-bef6b2094d9c HTTP/1.1" status: 200 len: 945 time: 0.1345370
Nov 29 19:09:33.244941 dv-cinder-815712-6-iscsi neutron-server[102917]: DEBUG neutron.plugins.ml2.drivers.mech_agent [None req-6ba2f912-a73d-471c-8e04-4def2d6c3ca7 admin admin] Checking segment: {'id': '760056f8-de15-40fb-b689-92a5bd77e61c', 'network_type': 'vlan', 'physical_network': 'physnet1', 'segmentation_id': 695, 'network_id': '03a1d558-6f31-43ee-be28-d6f667414f19'} for mappings: {'physnet1': 'br-data'} with network types: ['local', 'flat', 'vlan'] {{(pid=102917) check_segment_for_agent /opt/stack/neutron/neutron/plugins/ml2/drivers/mech_agent.py:371}}
Nov 29 19:09:33.245794 dv-cinder-815712-6-iscsi neutron-server[102917]: DEBUG neutron.scheduler.dhcp_agent_scheduler [None req-6ba2f912-a73d-471c-8e04-4def2d6c3ca7 admin admin] Network hostable DHCP agents. Network: 03a1d558-6f31-43ee-be28-d6f667414f19, hostable agents: ['837bf017-2429-4f86-babb-91794668e4a2'], hosted agents: [] {{(pid=102917) _get_network_hostable_dhcp_agents /opt/stack/neutron/neutron/scheduler/dhcp_agent_scheduler.py:329}}
Nov 29 19:09:33.262004 dv-cinder-815712-6-iscsi neutron-server[102919]: DEBUG neutron.db.provisioning_blocks [None req-8f04c8c4-e1dd-4f5a-bf74-5b99d13577cc None None] Provisioning complete for port 9879bacc-6074-477e-9f86-d563ecf57070 triggered by entity DHCP. {{(pid=102919) provisioning_complete /opt/stack/neutron/neutron/db/provisioning_blocks.py:139}}
Nov 29 19:09:33.262440 dv-cinder-815712-6-iscsi neutron-server[102919]: DEBUG neutron_lib.callbacks.manager [None req-8f04c8c4-e1dd-4f5a-bf74-5b99d13577cc None None] Publish callbacks ['neutron.plugins.ml2.plugin.Ml2Plugin._port_provisioned-733026'] for port, provisioning_complete {{(pid=102919) _notify_loop /usr/local/lib/python3.8/dist-packages/neutron_lib/callbacks/manager.py:175}}
Nov 29 19:09:33.398292 dv-cinder-815712-6-iscsi neutron-server[102919]: DEBUG neutron.api.rpc.handlers.resources_rpc [None req-b003858e-57ba-4107-b15e-84a7ac833d60 None None] Pushing event updated for resources: {'Port': ['ID=9879bacc-6074-477e-9f86-d563ecf57070,revision_number=4']} {{(pid=102919) push /opt/stack/neutron/neutron/api/rpc/handlers/resources_rpc.py:237}}
Nov 29 19:09:33.420658 dv-cinder-815712-6-iscsi neutron-server[102919]: DEBUG neutron.db.l3_dvrscheduler_db [None req-30f7bc70-743d-4527-873e-290eb951195f None None] Routers {'a00b6820-72e8-4602-ad36-28114bad81f7'} bound to L3 agent in host dv-cinder-815712-6-iscsi {{(pid=102919) _get_router_ids_for_agent /opt/stack/neutron/neutron/db/l3_dvrscheduler_db.py:420}}
Nov 29 19:09:33.426432 dv-cinder-815712-6-iscsi neutron-server[102919]: DEBUG neutron.db.l3_hamode_db [None req-30f7bc70-743d-4527-873e-290eb951195f None None] neutron.services.l3_router.l3_router_plugin.L3RouterPlugin method get_ha_sync_data_for_host called with arguments (, 'dv-cinder-815712-6-iscsi', Agent(admin_state_up=True,agent_type='L3 agent',availability_zone='nova',binary='neutron-l3-agent',configurations={"agent_mode": "legacy", "ex_gw_ports": 3, "extensions": [], "floating_ips": 1, "handle_internal_only_routers": true, "interface_driver": "openvswitch", "interfaces": 3, "log_agent_heartbeats": false, "routers": 3},created_at=2021-11-29T18:59:20Z,description=,heartbeat_timestamp=2021-11-29T19:09:20Z,host='dv-cinder-815712-6-iscsi',id=27c7630d-7936-4c5c-88c3-f98aa581dcd2,load=0,resource_versions=,resources_synced=,started_at=2021-11-29T18:59:20Z,topic='l3_agent')) {'router_ids': ['a00b6820-72e8-4602-ad36-28114bad81f7'], 'active': True} {{(pid=102919) wrapper /usr/local/lib/python3.8/dist-packages/oslo_log/helpers.py:65}}
Nov 29 19:09:33.431761 dv-cinder-815712-6-iscsi neutron-server[102917]: DEBUG neutron.scheduler.dhcp_agent_scheduler [None req-6ba2f912-a73d-471c-8e04-4def2d6c3ca7 admin admin] Network 03a1d558-6f31-43ee-be28-d6f667414f19 is scheduled to be hosted by DHCP agent 837bf017-2429-4f86-babb-91794668e4a2 with binding_index 1 {{(pid=102917) bind /opt/stack/neutron/neutron/scheduler/dhcp_agent_scheduler.py:227}}
Nov 29 19:09:33.511746 dv-cinder-815712-6-iscsi neutron-server[102917]: INFO neutron.wsgi [req-4977df7f-0134-4303-bbff-5032bd04e7db req-966e0f19-f469-43a2-bf9f-2a3fdc320f88 tempest-ServerRescueNegativeTestJSON-165020190 tempest-ServerRescueNegativeTestJSON-165020190-project] 10.222.0.30 "GET /v2.0/security-groups?id=42e10f8a-a012-4914-baf4-a4ae4b11acca&fields=id&fields=name HTTP/1.1" status: 200 len: 286 time: 0.2533305
Nov 29 19:09:33.520496 dv-cinder-815712-6-iscsi neutron-server[102917]: DEBUG neutron.scheduler.base_scheduler [None req-6ba2f912-a73d-471c-8e04-4def2d6c3ca7 admin admin] Resources bound (agent type, host, resource id): (DHCP agent, dv-cinder-815712-6-iscsi, 03a1d558-6f31-43ee-be28-d6f667414f19) {{(pid=102917) schedule /opt/stack/neutron/neutron/scheduler/base_scheduler.py:57}}
Nov 29 19:09:33.531259 dv-cinder-815712-6-iscsi neutron-server[102919]: DEBUG neutron.api.rpc.handlers.dhcp_rpc [None req-ce5ca86a-1ff9-491d-9974-fe3561bd8878 None None] Network 03a1d558-6f31-43ee-be28-d6f667414f19 requested from dv-cinder-815712-6-iscsi {{(pid=102919) get_network_info /opt/stack/neutron/neutron/api/rpc/handlers/dhcp_rpc.py:218}}
Nov 29 19:09:33.556446 dv-cinder-815712-6-iscsi neutron-server[102917]: DEBUG neutron.pecan_wsgi.hooks.policy_enforcement [None req-6ba2f912-a73d-471c-8e04-4def2d6c3ca7 admin admin] Attributes excluded by policy engine: ['standard_attr_id', 'shared', 'segment_id', 'network'] {{(pid=102917) _exclude_attributes_by_policy /opt/stack/neutron/neutron/pecan_wsgi/hooks/policy_enforcement.py:255}}
Nov 29 19:09:33.557313 dv-cinder-815712-6-iscsi neutron-server[102917]: DEBUG neutron_lib.callbacks.manager [None req-6ba2f912-a73d-471c-8e04-4def2d6c3ca7 admin admin] Publish callbacks ['neutron.api.rpc.agentnotifiers.dhcp_rpc_agent_api.DhcpAgentNotifyAPI._send_dhcp_notification-3703933'] for subnet, before_response {{(pid=102917) _notify_loop /usr/local/lib/python3.8/dist-packages/neutron_lib/callbacks/manager.py:175}}
Nov 29 19:09:33.583212 dv-cinder-815712-6-iscsi neutron-server[102917]: INFO neutron.wsgi [None req-6ba2f912-a73d-471c-8e04-4def2d6c3ca7 admin admin] 10.222.0.30 "POST /v2.0/subnets HTTP/1.1" status: 201 len: 848 time: 1.0214846
Nov 29 19:09:33.586695 dv-cinder-815712-6-iscsi neutron-server[102918]: DEBUG neutron.wsgi [-] (102918) accepted ('10.222.0.30', 35972) {{(pid=102918) server /usr/local/lib/python3.8/dist-packages/eventlet/wsgi.py:1004}}
Nov 29 19:09:33.593259 dv-cinder-815712-6-iscsi neutron-server[102918]: DEBUG neutron.api.v2.base [None req-dc3fe0bc-76b1-495b-92a6-193af0af6ffe admin admin] Request body: {'router': {'name': 'tempest-TestVolumeBootPattern-1853949947-router', 'tenant_id': '6836fc9954b642fcb9c2c31c82ce1fb9', 'external_gateway_info': {'network_id': 'c1c9691a-9b68-43f4-841a-28d42b52c369'}}} {{(pid=102918) prepare_request_body /opt/stack/neutron/neutron/api/v2/base.py:729}}
Nov 29 19:09:33.626389 dv-cinder-815712-6-iscsi neutron-server[102918]: DEBUG neutron_lib.callbacks.manager [None req-dc3fe0bc-76b1-495b-92a6-193af0af6ffe admin admin] Publish callbacks ['neutron.services.l3_router.l3_router_plugin.L3_HA_NAT_db_mixin._before_router_create_handler-3757767', 'neutron.services.l3_router.service_providers.driver_controller.DriverController._check_router_request-4604'] for router, before_create {{(pid=102918) _notify_loop /usr/local/lib/python3.8/dist-packages/neutron_lib/callbacks/manager.py:175}}
Nov 29 19:09:33.628700 dv-cinder-815712-6-iscsi neutron-server[102918]: DEBUG neutron_lib.callbacks.manager [None req-dc3fe0bc-76b1-495b-92a6-193af0af6ffe admin admin] Publish callbacks ['neutron.services.l3_router.l3_router_plugin.L3_HA_NAT_db_mixin._precommit_router_create-3756407', 'neutron.services.l3_router.l3_router_plugin.DVRResourceOperationHandler._set_distributed_flag-3758342', 'neutron.services.l3_router.l3_router_plugin.RouterAvailabilityZoneMixin._process_az_request-3744718', 'neutron.services.l3_router.service_providers.driver_controller.DriverController._set_router_provider-4599'] for router, precommit_create {{(pid=102918) _notify_loop /usr/local/lib/python3.8/dist-packages/neutron_lib/callbacks/manager.py:175}}
Nov 29 19:09:33.726885 dv-cinder-815712-6-iscsi neutron-server[102918]: DEBUG neutron_lib.callbacks.manager [None req-dc3fe0bc-76b1-495b-92a6-193af0af6ffe admin admin] Publish callbacks [] for router_controller, precommit_add_association {{(pid=102918) _notify_loop /usr/local/lib/python3.8/dist-packages/neutron_lib/callbacks/manager.py:175}}
Nov 29 19:09:33.779022 dv-cinder-815712-6-iscsi neutron-server[102919]: DEBUG neutron_lib.callbacks.manager [None req-8f04c8c4-e1dd-4f5a-bf74-5b99d13577cc None None] Publish callbacks ['neutron.plugins.ml2.plugin.SecurityGroupDbMixin._ensure_default_security_group_handler-591047'] for port, before_update {{(pid=102919) _notify_loop /usr/local/lib/python3.8/dist-packages/neutron_lib/callbacks/manager.py:175}}
Nov 29 19:09:33.804436 dv-cinder-815712-6-iscsi neutron-server[102919]: DEBUG neutron.db.l3_dvr_db [None req-30f7bc70-743d-4527-873e-290eb951195f None None] Set router a00b6820-72e8-4602-ad36-28114bad81f7 gateway port host: dv-cinder-815712-6-iscsi {{(pid=102919) _build_routers_list /opt/stack/neutron/neutron/db/l3_dvr_db.py:906}}
Nov 29 19:09:33.992750 dv-cinder-815712-6-iscsi neutron-server[102918]: DEBUG neutron_lib.callbacks.manager [None req-dc3fe0bc-76b1-495b-92a6-193af0af6ffe admin admin] Publish callbacks [] for router_gateway, precommit_update {{(pid=102918) _notify_loop /usr/local/lib/python3.8/dist-packages/neutron_lib/callbacks/manager.py:175}}
Nov 29 19:09:33.999445 dv-cinder-815712-6-iscsi neutron-server[102919]: DEBUG neutron.plugins.ml2.db [None req-8f04c8c4-e1dd-4f5a-bf74-5b99d13577cc None None] For port 9879bacc-6074-477e-9f86-d563ecf57070, host dv-cinder-815712-6-iscsi, got binding levels [PortBindingLevel(driver='openvswitch',host='dv-cinder-815712-6-iscsi',level=0,port_id=9879bacc-6074-477e-9f86-d563ecf57070,segment=NetworkSegment(6dacf1a6-7c9b-4cd1-a90f-afb64f1970c9),segment_id=6dacf1a6-7c9b-4cd1-a90f-afb64f1970c9)] {{(pid=102919) get_binding_level_objs /opt/stack/neutron/neutron/plugins/ml2/db.py:74}}
Nov 29 19:09:34.014089 dv-cinder-815712-6-iscsi neutron-server[102919]: DEBUG neutron_lib.callbacks.manager [None req-8f04c8c4-e1dd-4f5a-bf74-5b99d13577cc None None] Publish callbacks ['neutron.plugins.ml2.plugin.SecurityGroupServerNotifierRpcMixin._notify_sg_on_port_change-590854', 'neutron.plugins.ml2.ovo_rpc._ObjectChangeHandler.handle_event-202570', 'neutron.api.rpc.agentnotifiers.dhcp_rpc_agent_api.DhcpAgentNotifyAPI._native_event_send_dhcp_notification-3703891', 'neutron.db.l3_db.L3RpcNotifierMixin._notify_gateway_port_ip_changed-8749823698077', 'neutron.db.l3_dvrscheduler_db._notify_l3_agent_port_update-8749823226646', 'neutron.db.l3_hascheduler_db._notify_l3_agent_ha_port_update-8749823226664'] for port, after_update {{(pid=102919) _notify_loop /usr/local/lib/python3.8/dist-packages/neutron_lib/callbacks/manager.py:175}}
Nov 29 19:09:34.123918 dv-cinder-815712-6-iscsi neutron-server[102919]: DEBUG neutron.api.rpc.handlers.dhcp_rpc [None req-d6e23eb0-824d-4796-b422-df7636cbe640 None None] Create dhcp port {'port': {'name': '', 'admin_state_up': True, 'device_id': 'dhcpd2207c70-2361-59cd-b191-cbe5ce020fb4-03a1d558-6f31-43ee-be28-d6f667414f19', 'network_id': '03a1d558-6f31-43ee-be28-d6f667414f19', 'tenant_id': '6836fc9954b642fcb9c2c31c82ce1fb9', 'fixed_ips': [{'subnet_id': '41679f76-6951-4ed0-93ee-8b58dade6a70'}]}} from dv-cinder-815712-6-iscsi. {{(pid=102919) create_dhcp_port /opt/stack/neutron/neutron/api/rpc/handlers/dhcp_rpc.py:285}}
Nov 29 19:09:34.124959 dv-cinder-815712-6-iscsi neutron-server[102919]: DEBUG neutron_lib.callbacks.manager [None req-d6e23eb0-824d-4796-b422-df7636cbe640 None None] Publish callbacks ['neutron.plugins.ml2.plugin.SecurityGroupDbMixin._ensure_default_security_group_handler-591047'] for port, before_create {{(pid=102919) _notify_loop /usr/local/lib/python3.8/dist-packages/neutron_lib/callbacks/manager.py:175}}
