Nov 10 20:24:43.480160 dv-cinder-815712-5-smb devstack@c-api.service[108519]: /usr/local/lib/python3.8/dist-packages/oslo_context/context.py:105: DeprecationWarning: Policy enforcement is depending on the value of is_admin. This key is deprecated. Please update your policy file to use the standard policy values.
Nov 10 20:24:43.480160 dv-cinder-815712-5-smb devstack@c-api.service[108519]: warnings.warn('Policy enforcement is depending on the value of '
Nov 10 20:24:43.483241 dv-cinder-815712-5-smb devstack@c-api.service[108520]: INFO cinder.api.openstack.wsgi [None req-ec41df56-fc60-49be-84d8-e6cfe7d43989 tempest-VolumesCloneNegativeTest-218812455 tempest-VolumesCloneNegativeTest-218812455-project] POST http://10.222.0.11/volume/v3/426b46d4df8a455ea67ed3470facc592/volumes
Nov 10 20:24:43.484271 dv-cinder-815712-5-smb devstack@c-api.service[108520]: DEBUG cinder.api.openstack.wsgi [None req-ec41df56-fc60-49be-84d8-e6cfe7d43989 tempest-VolumesCloneNegativeTest-218812455 tempest-VolumesCloneNegativeTest-218812455-project] Action: 'create', calling method: create, body: {"volume": {"size": 2, "name": "tempest-VolumesCloneNegativeTest-Volume-1587055810"}} {{(pid=108520) _process_stack /opt/stack/cinder/cinder/api/openstack/wsgi.py:854}}
Nov 10 20:24:43.485283 dv-cinder-815712-5-smb devstack@c-api.service[108520]: DEBUG cinder.api.v3.volumes [None req-ec41df56-fc60-49be-84d8-e6cfe7d43989 tempest-VolumesCloneNegativeTest-218812455 tempest-VolumesCloneNegativeTest-218812455-project] Create volume request body: {'volume': {'size': 2, 'name': 'tempest-VolumesCloneNegativeTest-Volume-1587055810'}} {{(pid=108520) create /opt/stack/cinder/cinder/api/v3/volumes.py:298}}
Nov 10 20:24:43.485581 dv-cinder-815712-5-smb devstack@c-api.service[108520]: INFO cinder.api.v3.volumes [None req-ec41df56-fc60-49be-84d8-e6cfe7d43989 tempest-VolumesCloneNegativeTest-218812455 tempest-VolumesCloneNegativeTest-218812455-project] Create volume of 2 GB
Nov 10 20:24:43.490239 dv-cinder-815712-5-smb devstack@c-api.service[108519]: INFO cinder.volume.api [None req-cf0f73b0-aec9-46fe-868d-733a5ba45ba1 tempest-VolumesServicesTestJSON-2125592885 tempest-VolumesServicesTestJSON-2125592885-project] Volume info retrieved successfully.
Nov 10 20:24:43.493023 dv-cinder-815712-5-smb devstack@c-api.service[108520]: INFO cinder.volume.api [None req-ec41df56-fc60-49be-84d8-e6cfe7d43989 tempest-VolumesCloneNegativeTest-218812455 tempest-VolumesCloneNegativeTest-218812455-project] Availability Zones retrieved successfully.
Nov 10 20:24:43.500943 dv-cinder-815712-5-smb devstack@c-api.service[108519]: INFO cinder.api.openstack.wsgi [None req-cf0f73b0-aec9-46fe-868d-733a5ba45ba1 tempest-VolumesServicesTestJSON-2125592885 tempest-VolumesServicesTestJSON-2125592885-project] http://10.222.0.11/volume/v3/4dca1f88f7434dc39f6c6573d7e9f638/volumes/927491bb-a2fc-4bfa-856f-7e865d3044d6 returned with HTTP 200
Nov 10 20:24:43.502106 dv-cinder-815712-5-smb devstack@c-api.service[108519]: [pid: 108519|app: 0|req: 153/318] 10.222.0.11 () {58 vars in 1324 bytes} [Wed Nov 10 20:24:43 2021] GET /volume/v3/4dca1f88f7434dc39f6c6573d7e9f638/volumes/927491bb-a2fc-4bfa-856f-7e865d3044d6 => generated 916 bytes in 46 msecs (HTTP/1.1 200) 7 headers in 285 bytes (1 switches on core 0)
Nov 10 20:24:43.512174 dv-cinder-815712-5-smb devstack@c-api.service[108520]: DEBUG cinder.volume.api [None req-ec41df56-fc60-49be-84d8-e6cfe7d43989 tempest-VolumesCloneNegativeTest-218812455 tempest-VolumesCloneNegativeTest-218812455-project] Flow 'volume_create_api' (765f88a4-d442-4e2a-ace8-0069174f8843) transitioned into state 'RUNNING' from state 'PENDING' {{(pid=108520) _flow_receiver /usr/local/lib/python3.8/dist-packages/taskflow/listeners/logging.py:141}}
Nov 10 20:24:43.516351 dv-cinder-815712-5-smb devstack@c-api.service[108520]: DEBUG cinder.volume.api [None req-ec41df56-fc60-49be-84d8-e6cfe7d43989 tempest-VolumesCloneNegativeTest-218812455 tempest-VolumesCloneNegativeTest-218812455-project] Task 'cinder.volume.flows.api.create_volume.ExtractVolumeRequestTask;volume:create' (3b56ecb3-e610-4c4b-b2eb-0bd14eb64273) transitioned into state 'RUNNING' from state 'PENDING' {{(pid=108520) _task_receiver /usr/local/lib/python3.8/dist-packages/taskflow/listeners/logging.py:190}}
Nov 10 20:24:43.519349 dv-cinder-815712-5-smb devstack@c-api.service[108520]: DEBUG cinder.volume.flows.api.create_volume [None req-ec41df56-fc60-49be-84d8-e6cfe7d43989 tempest-VolumesCloneNegativeTest-218812455 tempest-VolumesCloneNegativeTest-218812455-project] Validating volume size '2' using validate_int {{(pid=108520) _extract_size /opt/stack/cinder/cinder/volume/flows/api/create_volume.py:225}}
Nov 10 20:24:43.519607 dv-cinder-815712-5-smb devstack@c-api.service[108519]: INFO cinder.api.openstack.wsgi [None req-b2fae08e-4037-40e8-beaa-c21027ed1bad tempest-VolumeTypesTest-1515405821 tempest-VolumeTypesTest-1515405821-project-admin] GET http://10.222.0.11/volume/v3/800ecd4776e645ea8b1c5bd5fe99d307/types/2d341d17-7408-4688-8b8c-cefc7e5f901d/encryption
Nov 10 20:24:43.520185 dv-cinder-815712-5-smb devstack@c-api.service[108519]: DEBUG cinder.api.openstack.wsgi [None req-b2fae08e-4037-40e8-beaa-c21027ed1bad tempest-VolumeTypesTest-1515405821 tempest-VolumeTypesTest-1515405821-project-admin] Empty body provided in request {{(pid=108519) get_body /opt/stack/cinder/cinder/api/openstack/wsgi.py:703}}
Nov 10 20:24:43.520384 dv-cinder-815712-5-smb devstack@c-api.service[108519]: /usr/local/lib/python3.8/dist-packages/webob/acceptparse.py:1047: DeprecationWarning: The behavior of AcceptValidHeader.best_match is currently being maintained for backward compatibility, but it will be deprecated in the future, as it does not conform to the RFC.
Nov 10 20:24:43.520384 dv-cinder-815712-5-smb devstack@c-api.service[108519]: warnings.warn(
Nov 10 20:24:43.520666 dv-cinder-815712-5-smb devstack@c-api.service[108519]: DEBUG cinder.api.openstack.wsgi [None req-b2fae08e-4037-40e8-beaa-c21027ed1bad tempest-VolumeTypesTest-1515405821 tempest-VolumeTypesTest-1515405821-project-admin] Calling method 'index' {{(pid=108519) _process_stack /opt/stack/cinder/cinder/api/openstack/wsgi.py:856}}
Nov 10 20:24:43.532688 dv-cinder-815712-5-smb devstack@c-api.service[108519]: INFO cinder.api.openstack.wsgi [None req-b2fae08e-4037-40e8-beaa-c21027ed1bad tempest-VolumeTypesTest-1515405821 tempest-VolumeTypesTest-1515405821-project-admin] http://10.222.0.11/volume/v3/800ecd4776e645ea8b1c5bd5fe99d307/types/2d341d17-7408-4688-8b8c-cefc7e5f901d/encryption returned with HTTP 200
Nov 10 20:24:43.536067 dv-cinder-815712-5-smb devstack@c-api.service[108519]: [pid: 108519|app: 0|req: 154/319] 10.222.0.11 () {58 vars in 1351 bytes} [Wed Nov 10 20:24:43 2021] GET /volume/v3/800ecd4776e645ea8b1c5bd5fe99d307/types/2d341d17-7408-4688-8b8c-cefc7e5f901d/encryption => generated 325 bytes in 31 msecs (HTTP/1.1 200) 7 headers in 285 bytes (1 switches on core 0)
Nov 10 20:24:43.545348 dv-cinder-815712-5-smb devstack@c-api.service[108519]: INFO cinder.api.openstack.wsgi [None req-27c39bd7-9447-41df-a246-21d3cc3f1f5b tempest-VolumesServicesTestJSON-426055475 tempest-VolumesServicesTestJSON-426055475-project-admin] GET http://10.222.0.11/volume/v3/f5a1c909fdc646aaaab944a83ad518ac/volumes/927491bb-a2fc-4bfa-856f-7e865d3044d6
Nov 10 20:24:43.545806 dv-cinder-815712-5-smb devstack@c-api.service[108519]: DEBUG cinder.api.openstack.wsgi [None req-27c39bd7-9447-41df-a246-21d3cc3f1f5b tempest-VolumesServicesTestJSON-426055475 tempest-VolumesServicesTestJSON-426055475-project-admin] Empty body provided in request {{(pid=108519) get_body /opt/stack/cinder/cinder/api/openstack/wsgi.py:703}}
Nov 10 20:24:43.546376 dv-cinder-815712-5-smb devstack@c-api.service[108519]: DEBUG cinder.api.openstack.wsgi [None req-27c39bd7-9447-41df-a246-21d3cc3f1f5b tempest-VolumesServicesTestJSON-426055475 tempest-VolumesServicesTestJSON-426055475-project-admin] Calling method 'show' {{(pid=108519) _process_stack /opt/stack/cinder/cinder/api/openstack/wsgi.py:856}}
Nov 10 20:24:43.557549 dv-cinder-815712-5-smb devstack@c-api.service[108520]: DEBUG cinder.volume.api [None req-ec41df56-fc60-49be-84d8-e6cfe7d43989 tempest-VolumesCloneNegativeTest-218812455 tempest-VolumesCloneNegativeTest-218812455-project] Task 'cinder.volume.flows.api.create_volume.ExtractVolumeRequestTask;volume:create' (3b56ecb3-e610-4c4b-b2eb-0bd14eb64273) transitioned into state 'SUCCESS' from state 'RUNNING' with result '{'size': 2, 'snapshot_id': None, 'source_volid': None, 'volume_type': VolumeType(created_at=2021-11-10T20:13:02Z,deleted=False,deleted_at=None,description='Default Volume Type',extra_specs={},id=f7cfe5b7-7c13-4e1e-863a-e5719b72d212,is_public=True,name='__DEFAULT__',projects=[],qos_specs=,qos_specs_id=None,updated_at=2021-11-10T20:13:02Z), 'volume_type_id': 'f7cfe5b7-7c13-4e1e-863a-e5719b72d212', 'encryption_key_id': None, 'qos_specs': None, 'consistencygroup_id': None, 'cgsnapshot_id': None, 'group_id': None, 'replication_status': 'disabled', 'refresh_az': False, 'backup_id': None, 'multiattach': False, 'availability_zones': ['nova']}' {{(pid=108520) _task_receiver /usr/local/lib/python3.8/dist-packages/taskflow/listeners/logging.py:178}}
Nov 10 20:24:43.560040 dv-cinder-815712-5-smb devstack@c-api.service[108520]: DEBUG cinder.volume.api [None req-ec41df56-fc60-49be-84d8-e6cfe7d43989 tempest-VolumesCloneNegativeTest-218812455 tempest-VolumesCloneNegativeTest-218812455-project] Task 'cinder.volume.flows.api.create_volume.QuotaReserveTask;volume:create' (4eeb6e5a-2c10-4f20-a53d-75753a31c5d6) transitioned into state 'RUNNING' from state 'PENDING' {{(pid=108520) _task_receiver /usr/local/lib/python3.8/dist-packages/taskflow/listeners/logging.py:190}}
Nov 10 20:24:43.566730 dv-cinder-815712-5-smb devstack@c-api.service[108519]: /usr/local/lib/python3.8/dist-packages/oslo_context/context.py:105: DeprecationWarning: Policy enforcement is depending on the value of is_admin. This key is deprecated. Please update your policy file to use the standard policy values.
Nov 10 20:24:43.566730 dv-cinder-815712-5-smb devstack@c-api.service[108519]: warnings.warn('Policy enforcement is depending on the value of '
Nov 10 20:24:43.574660 dv-cinder-815712-5-smb devstack@c-api.service[108519]: INFO cinder.volume.api [None req-27c39bd7-9447-41df-a246-21d3cc3f1f5b tempest-VolumesServicesTestJSON-426055475 tempest-VolumesServicesTestJSON-426055475-project-admin] Volume info retrieved successfully.
Nov 10 20:24:43.589038 dv-cinder-815712-5-smb devstack@c-api.service[108519]: INFO cinder.api.openstack.wsgi [None req-27c39bd7-9447-41df-a246-21d3cc3f1f5b tempest-VolumesServicesTestJSON-426055475 tempest-VolumesServicesTestJSON-426055475-project-admin] http://10.222.0.11/volume/v3/f5a1c909fdc646aaaab944a83ad518ac/volumes/927491bb-a2fc-4bfa-856f-7e865d3044d6 returned with HTTP 200
Nov 10 20:24:43.590141 dv-cinder-815712-5-smb devstack@c-api.service[108519]: [pid: 108519|app: 0|req: 155/320] 10.222.0.11 () {58 vars in 1324 bytes} [Wed Nov 10 20:24:43 2021] GET /volume/v3/f5a1c909fdc646aaaab944a83ad518ac/volumes/927491bb-a2fc-4bfa-856f-7e865d3044d6 => generated 1082 bytes in 55 msecs (HTTP/1.1 200) 7 headers in 286 bytes (1 switches on core 0)
Nov 10 20:24:43.595197 dv-cinder-815712-5-smb devstack@c-api.service[108519]: INFO cinder.api.openstack.wsgi [None req-fb0fe5a6-f262-481f-83f7-4f6392206d35 tempest-VolumeTypesTest-1515405821 tempest-VolumeTypesTest-1515405821-project-admin] PUT http://10.222.0.11/volume/v3/800ecd4776e645ea8b1c5bd5fe99d307/types/2d341d17-7408-4688-8b8c-cefc7e5f901d/encryption/provider
Nov 10 20:24:43.595657 dv-cinder-815712-5-smb devstack@c-api.service[108519]: /usr/local/lib/python3.8/dist-packages/webob/acceptparse.py:1047: DeprecationWarning: The behavior of AcceptValidHeader.best_match is currently being maintained for backward compatibility, but it will be deprecated in the future, as it does not conform to the RFC.
Nov 10 20:24:43.595657 dv-cinder-815712-5-smb devstack@c-api.service[108519]: warnings.warn(
Nov 10 20:24:43.596118 dv-cinder-815712-5-smb devstack@c-api.service[108519]: DEBUG cinder.api.openstack.wsgi [None req-fb0fe5a6-f262-481f-83f7-4f6392206d35 tempest-VolumeTypesTest-1515405821 tempest-VolumeTypesTest-1515405821-project-admin] Action: 'update', calling method: update, body: {"encryption": {"key_size": 128, "provider": "SomeProvider", "cipher": "aes-xts-plain64", "control_location": "back-end"}} {{(pid=108519) _process_stack /opt/stack/cinder/cinder/api/openstack/wsgi.py:854}}
Nov 10 20:24:43.634278 dv-cinder-815712-5-smb devstack@c-api.service[108519]: INFO cinder.api.openstack.wsgi [None req-fb0fe5a6-f262-481f-83f7-4f6392206d35 tempest-VolumeTypesTest-1515405821 tempest-VolumeTypesTest-1515405821-project-admin] http://10.222.0.11/volume/v3/800ecd4776e645ea8b1c5bd5fe99d307/types/2d341d17-7408-4688-8b8c-cefc7e5f901d/encryption/provider returned with HTTP 200
Nov 10 20:24:43.640782 dv-cinder-815712-5-smb devstack@c-api.service[108519]: [pid: 108519|app: 0|req: 156/321] 10.222.0.11 () {60 vars in 1399 bytes} [Wed Nov 10 20:24:43 2021] PUT /volume/v3/800ecd4776e645ea8b1c5bd5fe99d307/types/2d341d17-7408-4688-8b8c-cefc7e5f901d/encryption/provider => generated 122 bytes in 50 msecs (HTTP/1.1 200) 7 headers in 285 bytes (1 switches on core 0)
Nov 10 20:24:43.647019 dv-cinder-815712-5-smb devstack@c-api.service[108519]: INFO cinder.api.openstack.wsgi [None req-ca3eb693-d716-40dd-b214-5b5ebebadc12 tempest-VolumesServicesTestJSON-426055475 tempest-VolumesServicesTestJSON-426055475-project-admin] GET http://10.222.0.11/volume/v3/f5a1c909fdc646aaaab944a83ad518ac/os-services?host=hv-cinder-81571&binary=cinder-volume
Nov 10 20:24:43.648506 dv-cinder-815712-5-smb devstack@c-api.service[108519]: DEBUG cinder.api.openstack.wsgi [None req-ca3eb693-d716-40dd-b214-5b5ebebadc12 tempest-VolumesServicesTestJSON-426055475 tempest-VolumesServicesTestJSON-426055475-project-admin] Empty body provided in request {{(pid=108519) get_body /opt/stack/cinder/cinder/api/openstack/wsgi.py:703}}
Nov 10 20:24:43.649018 dv-cinder-815712-5-smb devstack@c-api.service[108519]: DEBUG cinder.api.openstack.wsgi [None req-ca3eb693-d716-40dd-b214-5b5ebebadc12 tempest-VolumesServicesTestJSON-426055475 tempest-VolumesServicesTestJSON-426055475-project-admin] Calling method 'index' {{(pid=108519) _process_stack /opt/stack/cinder/cinder/api/openstack/wsgi.py:856}}
Nov 10 20:24:43.661394 dv-cinder-815712-5-smb devstack@c-api.service[108519]: INFO cinder.api.openstack.wsgi [None req-ca3eb693-d716-40dd-b214-5b5ebebadc12 tempest-VolumesServicesTestJSON-426055475 tempest-VolumesServicesTestJSON-426055475-project-admin] http://10.222.0.11/volume/v3/f5a1c909fdc646aaaab944a83ad518ac/os-services?host=hv-cinder-81571&binary=cinder-volume returned with HTTP 200
Nov 10 20:24:43.662248 dv-cinder-815712-5-smb devstack@c-api.service[108519]: [pid: 108519|app: 0|req: 157/322] 10.222.0.11 () {58 vars in 1308 bytes} [Wed Nov 10 20:24:43 2021] GET /volume/v3/f5a1c909fdc646aaaab944a83ad518ac/os-services?host=hv-cinder-81571&binary=cinder-volume => generated 276 bytes in 21 msecs (HTTP/1.1 200) 7 headers in 285 bytes (1 switches on core 0)
Nov 10 20:24:43.667822 dv-cinder-815712-5-smb devstack@c-api.service[108519]: INFO cinder.api.openstack.wsgi [None req-f3015346-72b1-4956-9340-92c464b74158 tempest-VolumeTypesTest-1515405821 tempest-VolumeTypesTest-1515405821-project-admin] GET http://10.222.0.11/volume/v3/800ecd4776e645ea8b1c5bd5fe99d307/types/2d341d17-7408-4688-8b8c-cefc7e5f901d/encryption
Nov 10 20:24:43.668512 dv-cinder-815712-5-smb devstack@c-api.service[108519]: DEBUG cinder.api.openstack.wsgi [None req-f3015346-72b1-4956-9340-92c464b74158 tempest-VolumeTypesTest-1515405821 tempest-VolumeTypesTest-1515405821-project-admin] Empty body provided in request {{(pid=108519) get_body /opt/stack/cinder/cinder/api/openstack/wsgi.py:703}}
Nov 10 20:24:43.669010 dv-cinder-815712-5-smb devstack@c-api.service[108519]: DEBUG cinder.api.openstack.wsgi [None req-f3015346-72b1-4956-9340-92c464b74158 tempest-VolumeTypesTest-1515405821 tempest-VolumeTypesTest-1515405821-project-admin] Calling method 'index' {{(pid=108519) _process_stack /opt/stack/cinder/cinder/api/openstack/wsgi.py:856}}
Nov 10 20:24:43.682496 dv-cinder-815712-5-smb devstack@c-api.service[108519]: INFO cinder.api.openstack.wsgi [None req-f3015346-72b1-4956-9340-92c464b74158 tempest-VolumeTypesTest-1515405821 tempest-VolumeTypesTest-1515405821-project-admin] http://10.222.0.11/volume/v3/800ecd4776e645ea8b1c5bd5fe99d307/types/2d341d17-7408-4688-8b8c-cefc7e5f901d/encryption returned with HTTP 200
Nov 10 20:24:43.688658 dv-cinder-815712-5-smb devstack@c-api.service[108519]: [pid: 108519|app: 0|req: 158/323] 10.222.0.11 () {58 vars in 1351 bytes} [Wed Nov 10 20:24:43 2021] GET /volume/v3/800ecd4776e645ea8b1c5bd5fe99d307/types/2d341d17-7408-4688-8b8c-cefc7e5f901d/encryption => generated 347 bytes in 21 msecs (HTTP/1.1 200) 7 headers in 285 bytes (1 switches on core 0)
Nov 10 20:24:43.695340 dv-cinder-815712-5-smb devstack@c-api.service[108520]: DEBUG cinder.quota [None req-ec41df56-fc60-49be-84d8-e6cfe7d43989 tempest-VolumesCloneNegativeTest-218812455 tempest-VolumesCloneNegativeTest-218812455-project] Created reservations ['93c7c730-0ee5-4e59-b5ee-72a25c1dc313', '17195151-75f2-4970-84ce-e7b3f71bdb59', '39f524b5-cf6e-4eb1-8b0f-6db2cc396a28', '3996ec64-9f98-4d25-9eb6-c2ddf776f57f'] {{(pid=108520) reserve /opt/stack/cinder/cinder/quota.py:755}}
Nov 10 20:24:43.697899 dv-cinder-815712-5-smb devstack@c-api.service[108520]: DEBUG cinder.volume.api [None req-ec41df56-fc60-49be-84d8-e6cfe7d43989 tempest-VolumesCloneNegativeTest-218812455 tempest-VolumesCloneNegativeTest-218812455-project] Task 'cinder.volume.flows.api.create_volume.QuotaReserveTask;volume:create' (4eeb6e5a-2c10-4f20-a53d-75753a31c5d6) transitioned into state 'SUCCESS' from state 'RUNNING' with result '{'reservations': ['93c7c730-0ee5-4e59-b5ee-72a25c1dc313', '17195151-75f2-4970-84ce-e7b3f71bdb59', '39f524b5-cf6e-4eb1-8b0f-6db2cc396a28', '3996ec64-9f98-4d25-9eb6-c2ddf776f57f']}' {{(pid=108520) _task_receiver /usr/local/lib/python3.8/dist-packages/taskflow/listeners/logging.py:178}}
Nov 10 20:24:43.699372 dv-cinder-815712-5-smb devstack@c-api.service[108519]: INFO cinder.api.openstack.wsgi [None req-0fbab125-6a1d-42de-a9ce-231618f4642f tempest-VolumesServicesTestJSON-426055475 tempest-VolumesServicesTestJSON-426055475-project-admin] GET http://10.222.0.11/volume/v3/f5a1c909fdc646aaaab944a83ad518ac/os-services
Nov 10 20:24:43.700106 dv-cinder-815712-5-smb devstack@c-api.service[108520]: DEBUG cinder.volume.api [None req-ec41df56-fc60-49be-84d8-e6cfe7d43989 tempest-VolumesCloneNegativeTest-218812455 tempest-VolumesCloneNegativeTest-218812455-project] Task 'cinder.volume.flows.api.create_volume.EntryCreateTask;volume:create' (ff46c5d1-d996-476d-861d-982d0d51bdd2) transitioned into state 'RUNNING' from state 'PENDING' {{(pid=108520) _task_receiver /usr/local/lib/python3.8/dist-packages/taskflow/listeners/logging.py:190}}
Nov 10 20:24:43.702060 dv-cinder-815712-5-smb devstack@c-api.service[108519]: DEBUG cinder.api.openstack.wsgi [None req-0fbab125-6a1d-42de-a9ce-231618f4642f tempest-VolumesServicesTestJSON-426055475 tempest-VolumesServicesTestJSON-426055475-project-admin] Empty body provided in request {{(pid=108519) get_body /opt/stack/cinder/cinder/api/openstack/wsgi.py:703}}
Nov 10 20:24:43.702997 dv-cinder-815712-5-smb devstack@c-api.service[108519]: DEBUG cinder.api.openstack.wsgi [None req-0fbab125-6a1d-42de-a9ce-231618f4642f tempest-VolumesServicesTestJSON-426055475 tempest-VolumesServicesTestJSON-426055475-project-admin] Calling method 'index' {{(pid=108519) _process_stack /opt/stack/cinder/cinder/api/openstack/wsgi.py:856}}
Nov 10 20:24:43.717347 dv-cinder-815712-5-smb devstack@c-api.service[108519]: INFO cinder.api.openstack.wsgi [None req-0fbab125-6a1d-42de-a9ce-231618f4642f tempest-VolumesServicesTestJSON-426055475 tempest-VolumesServicesTestJSON-426055475-project-admin] http://10.222.0.11/volume/v3/f5a1c909fdc646aaaab944a83ad518ac/os-services returned with HTTP 200
Nov 10 20:24:43.727160 dv-cinder-815712-5-smb devstack@c-api.service[108520]: DEBUG cinder.volume.api [None req-ec41df56-fc60-49be-84d8-e6cfe7d43989 tempest-VolumesCloneNegativeTest-218812455 tempest-VolumesCloneNegativeTest-218812455-project] Task 'cinder.volume.flows.api.create_volume.EntryCreateTask;volume:create' (ff46c5d1-d996-476d-861d-982d0d51bdd2) transitioned into state 'SUCCESS' from state 'RUNNING' with result '{'volume_id': '88be7db6-9a71-486f-ac2b-a5bd60454d19', 'volume_properties': VolumeProperties(attach_status='detached',availability_zone='nova',cgsnapshot_id=None,consistencygroup_id=None,display_description=None,display_name='tempest-VolumesCloneNegativeTest-Volume-1587055810',encryption_key_id=None,group_id=None,group_type_id=,metadata={},multiattach=False,project_id='426b46d4df8a455ea67ed3470facc592',qos_specs=None,replication_status=,reservations=['93c7c730-0ee5-4e59-b5ee-72a25c1dc313','17195151-75f2-4970-84ce-e7b3f71bdb59','39f524b5-cf6e-4eb1-8b0f-6db2cc396a28','3996ec64-9f98-4d25-9eb6-c2ddf776f57f'],size=2,snapshot_id=None,source_replicaid=,source_volid=None,status='creating',user_id='b36e6dd5615b4259b1ffd9c4d799defc',volume_type_id=f7cfe5b7-7c13-4e1e-863a-e5719b72d212), 'volume': Volume(_name_id=None,admin_metadata=,attach_status='detached',availability_zone='nova',bootable=False,cluster=,cluster_name=None,consistencygroup=,consistencygroup_id=None,created_at=2021-11-10T20:24:43Z,deleted=False,deleted_at=None,display_description=None,display_name='tempest-VolumesCloneNegativeTest-Volume-1587055810',ec2_id=None,encryption_key_id=None,glance_metadata=,group=,group_id=None,host=None,id=88be7db6-9a71-486f-ac2b-a5bd60454d19,launched_at=None,metadata={},migration_status=None,multiattach=False,previous_status=None,project_id='426b46d4df8a455ea67ed3470facc592',provider_auth=None,provider_geometry=None,provider_id=None,provider_location=None,replication_driver_data=None,replication_extended_status=None,replication_status=None,scheduled_at=None,service_uuid=None,shared_targets=True,size=2,snapshot_id=None,snapshots=,source_volid=None,status='creating',terminated_at=None,updated_at=None,use_quota=True,user_id='b36e6dd5615b4259b1ffd9c4d799defc',volume_attachment=VolumeAttachmentList,volume_type=VolumeType(f7cfe5b7-7c13-4e1e-863a-e5719b72d212),volume_type_id=f7cfe5b7-7c13-4e1e-863a-e5719b72d212)}' {{(pid=108520) _task_receiver /usr/local/lib/python3.8/dist-packages/taskflow/listeners/logging.py:178}}
Nov 10 20:24:43.730157 dv-cinder-815712-5-smb devstack@c-api.service[108520]: DEBUG cinder.volume.api [None req-ec41df56-fc60-49be-84d8-e6cfe7d43989 tempest-VolumesCloneNegativeTest-218812455 tempest-VolumesCloneNegativeTest-218812455-project] Task 'cinder.volume.flows.api.create_volume.QuotaCommitTask;volume:create' (ffb12820-c52b-470e-866d-060c95adc654) transitioned into state 'RUNNING' from state 'PENDING' {{(pid=108520) _task_receiver /usr/local/lib/python3.8/dist-packages/taskflow/listeners/logging.py:190}}
Nov 10 20:24:43.744895 dv-cinder-815712-5-smb devstack@c-api.service[108519]: [pid: 108519|app: 0|req: 159/324] 10.222.0.11 () {58 vars in 1225 bytes} [Wed Nov 10 20:24:43 2021] GET /volume/v3/f5a1c909fdc646aaaab944a83ad518ac/os-services => generated 640 bytes in 60 msecs (HTTP/1.1 200) 7 headers in 285 bytes (1 switches on core 0)
Nov 10 20:24:43.761111 dv-cinder-815712-5-smb devstack@c-api.service[108520]: DEBUG cinder.volume.api [None req-ec41df56-fc60-49be-84d8-e6cfe7d43989 tempest-VolumesCloneNegativeTest-218812455 tempest-VolumesCloneNegativeTest-218812455-project] Task 'cinder.volume.flows.api.create_volume.QuotaCommitTask;volume:create' (ffb12820-c52b-470e-866d-060c95adc654) transitioned into state 'SUCCESS' from state 'RUNNING' with result '{'volume_properties': VolumeProperties(attach_status='detached',availability_zone='nova',cgsnapshot_id=None,consistencygroup_id=None,display_description=None,display_name='tempest-VolumesCloneNegativeTest-Volume-1587055810',encryption_key_id=None,group_id=None,group_type_id=,metadata={},multiattach=False,project_id='426b46d4df8a455ea67ed3470facc592',qos_specs=None,replication_status=,reservations=['93c7c730-0ee5-4e59-b5ee-72a25c1dc313','17195151-75f2-4970-84ce-e7b3f71bdb59','39f524b5-cf6e-4eb1-8b0f-6db2cc396a28','3996ec64-9f98-4d25-9eb6-c2ddf776f57f'],size=2,snapshot_id=None,source_replicaid=,source_volid=None,status='creating',user_id='b36e6dd5615b4259b1ffd9c4d799defc',volume_type_id=f7cfe5b7-7c13-4e1e-863a-e5719b72d212)}' {{(pid=108520) _task_receiver /usr/local/lib/python3.8/dist-packages/taskflow/listeners/logging.py:178}}
Nov 10 20:24:43.764063 dv-cinder-815712-5-smb devstack@c-api.service[108520]: DEBUG cinder.volume.api [None req-ec41df56-fc60-49be-84d8-e6cfe7d43989 tempest-VolumesCloneNegativeTest-218812455 tempest-VolumesCloneNegativeTest-218812455-project] Task 'cinder.volume.flows.api.create_volume.VolumeCastTask;volume:create' (2ac51d26-4fea-4147-ad95-b6e122302e36) transitioned into state 'RUNNING' from state 'PENDING' {{(pid=108520) _task_receiver /usr/local/lib/python3.8/dist-packages/taskflow/listeners/logging.py:190}}
Nov 10 20:24:43.769069 dv-cinder-815712-5-smb devstack@c-api.service[108519]: INFO cinder.api.openstack.wsgi [None req-6a04596f-cb64-48c9-8e19-9493d2efe4f1 tempest-VolumeTypesTest-1515405821 tempest-VolumeTypesTest-1515405821-project-admin] GET http://10.222.0.11/volume/v3/800ecd4776e645ea8b1c5bd5fe99d307/types/2d341d17-7408-4688-8b8c-cefc7e5f901d/encryption/cipher
Nov 10 20:24:43.772105 dv-cinder-815712-5-smb devstack@c-api.service[108519]: DEBUG cinder.api.openstack.wsgi [None req-6a04596f-cb64-48c9-8e19-9493d2efe4f1 tempest-VolumeTypesTest-1515405821 tempest-VolumeTypesTest-1515405821-project-admin] Empty body provided in request {{(pid=108519) get_body /opt/stack/cinder/cinder/api/openstack/wsgi.py:703}}
Nov 10 20:24:43.774526 dv-cinder-815712-5-smb devstack@c-api.service[108519]: DEBUG cinder.api.openstack.wsgi [None req-6a04596f-cb64-48c9-8e19-9493d2efe4f1 tempest-VolumeTypesTest-1515405821 tempest-VolumeTypesTest-1515405821-project-admin] Calling method 'show' {{(pid=108519) _process_stack /opt/stack/cinder/cinder/api/openstack/wsgi.py:856}}
Nov 10 20:24:43.795109 dv-cinder-815712-5-smb devstack@c-api.service[108520]: DEBUG cinder.volume.api [None req-ec41df56-fc60-49be-84d8-e6cfe7d43989 tempest-VolumesCloneNegativeTest-218812455 tempest-VolumesCloneNegativeTest-218812455-project] Task 'cinder.volume.flows.api.create_volume.VolumeCastTask;volume:create' (2ac51d26-4fea-4147-ad95-b6e122302e36) transitioned into state 'SUCCESS' from state 'RUNNING' with result 'None' {{(pid=108520) _task_receiver /usr/local/lib/python3.8/dist-packages/taskflow/listeners/logging.py:178}}
Nov 10 20:24:43.801554 dv-cinder-815712-5-smb devstack@c-api.service[108520]: DEBUG cinder.volume.api [None req-ec41df56-fc60-49be-84d8-e6cfe7d43989 tempest-VolumesCloneNegativeTest-218812455 tempest-VolumesCloneNegativeTest-218812455-project] Flow 'volume_create_api' (765f88a4-d442-4e2a-ace8-0069174f8843) transitioned into state 'SUCCESS' from state 'RUNNING' {{(pid=108520) _flow_receiver /usr/local/lib/python3.8/dist-packages/taskflow/listeners/logging.py:141}}
Nov 10 20:24:43.803296 dv-cinder-815712-5-smb devstack@c-api.service[108520]: INFO cinder.volume.api [None req-ec41df56-fc60-49be-84d8-e6cfe7d43989 tempest-VolumesCloneNegativeTest-218812455 tempest-VolumesCloneNegativeTest-218812455-project] Create volume request issued successfully.
Nov 10 20:24:43.809617 dv-cinder-815712-5-smb devstack@c-api.service[108520]: INFO cinder.api.openstack.wsgi [None req-ec41df56-fc60-49be-84d8-e6cfe7d43989 tempest-VolumesCloneNegativeTest-218812455 tempest-VolumesCloneNegativeTest-218812455-project] http://10.222.0.11/volume/v3/426b46d4df8a455ea67ed3470facc592/volumes returned with HTTP 202
Nov 10 20:24:43.825521 dv-cinder-815712-5-smb devstack@c-api.service[108520]: [pid: 108520|app: 0|req: 166/325] 10.222.0.11 () {60 vars in 1234 bytes} [Wed Nov 10 20:24:43 2021] POST /volume/v3/426b46d4df8a455ea67ed3470facc592/volumes => generated 824 bytes in 544 msecs (HTTP/1.1 202) 7 headers in 291 bytes (1 switches on core 0)
Nov 10 20:24:43.825521 dv-cinder-815712-5-smb devstack@c-api.service[108520]: INFO cinder.api.openstack.wsgi [None req-2f0e581d-daca-464e-9283-7391e32d0e59 tempest-VolumesServicesTestJSON-2125592885 tempest-VolumesServicesTestJSON-2125592885-project] DELETE http://10.222.0.11/volume/v3/4dca1f88f7434dc39f6c6573d7e9f638/volumes/927491bb-a2fc-4bfa-856f-7e865d3044d6
Nov 10 20:24:43.825521 dv-cinder-815712-5-smb devstack@c-api.service[108520]: DEBUG cinder.api.openstack.wsgi [None req-2f0e581d-daca-464e-9283-7391e32d0e59 tempest-VolumesServicesTestJSON-2125592885 tempest-VolumesServicesTestJSON-2125592885-project] Empty body provided in request {{(pid=108520) get_body /opt/stack/cinder/cinder/api/openstack/wsgi.py:703}}
Nov 10 20:24:43.825968 dv-cinder-815712-5-smb devstack@c-api.service[108519]: INFO cinder.api.openstack.wsgi [None req-6a04596f-cb64-48c9-8e19-9493d2efe4f1 tempest-VolumeTypesTest-1515405821 tempest-VolumeTypesTest-1515405821-project-admin] http://10.222.0.11/volume/v3/800ecd4776e645ea8b1c5bd5fe99d307/types/2d341d17-7408-4688-8b8c-cefc7e5f901d/encryption/cipher returned with HTTP 200
Nov 10 20:24:43.826120 dv-cinder-815712-5-smb devstack@c-api.service[108520]: /usr/local/lib/python3.8/dist-packages/webob/acceptparse.py:1047: DeprecationWarning: The behavior of AcceptValidHeader.best_match is currently being maintained for backward compatibility, but it will be deprecated in the future, as it does not conform to the RFC.
Nov 10 20:24:43.826120 dv-cinder-815712-5-smb devstack@c-api.service[108520]: warnings.warn(
Nov 10 20:24:43.826120 dv-cinder-815712-5-smb devstack@c-api.service[108520]: DEBUG cinder.api.openstack.wsgi [None req-2f0e581d-daca-464e-9283-7391e32d0e59 tempest-VolumesServicesTestJSON-2125592885 tempest-VolumesServicesTestJSON-2125592885-project] Calling method 'delete' {{(pid=108520) _process_stack /opt/stack/cinder/cinder/api/openstack/wsgi.py:856}}
Nov 10 20:24:43.826120 dv-cinder-815712-5-smb devstack@c-api.service[108520]: INFO cinder.api.v3.volumes [None req-2f0e581d-daca-464e-9283-7391e32d0e59 tempest-VolumesServicesTestJSON-2125592885 tempest-VolumesServicesTestJSON-2125592885-project] Delete volume with id: 927491bb-a2fc-4bfa-856f-7e865d3044d6
Nov 10 20:24:43.831315 dv-cinder-815712-5-smb devstack@c-api.service[108519]: [pid: 108519|app: 0|req: 160/326] 10.222.0.11 () {58 vars in 1372 bytes} [Wed Nov 10 20:24:43 2021] GET /volume/v3/800ecd4776e645ea8b1c5bd5fe99d307/types/2d341d17-7408-4688-8b8c-cefc7e5f901d/encryption/cipher => generated 29 bytes in 86 msecs (HTTP/1.1 200) 7 headers in 284 bytes (1 switches on core 0)
Nov 10 20:24:43.838310 dv-cinder-815712-5-smb devstack@c-api.service[108519]: INFO cinder.api.openstack.wsgi [None req-0625885b-9e62-4db8-a75d-1c569502df98 tempest-VolumesCloneNegativeTest-218812455 tempest-VolumesCloneNegativeTest-218812455-project] GET http://10.222.0.11/volume/v3/426b46d4df8a455ea67ed3470facc592/volumes/88be7db6-9a71-486f-ac2b-a5bd60454d19
Nov 10 20:24:43.839168 dv-cinder-815712-5-smb devstack@c-api.service[108519]: DEBUG cinder.api.openstack.wsgi [None req-0625885b-9e62-4db8-a75d-1c569502df98 tempest-VolumesCloneNegativeTest-218812455 tempest-VolumesCloneNegativeTest-218812455-project] Empty body provided in request {{(pid=108519) get_body /opt/stack/cinder/cinder/api/openstack/wsgi.py:703}}
Nov 10 20:24:43.839703 dv-cinder-815712-5-smb devstack@c-api.service[108519]: DEBUG cinder.api.openstack.wsgi [None req-0625885b-9e62-4db8-a75d-1c569502df98 tempest-VolumesCloneNegativeTest-218812455 tempest-VolumesCloneNegativeTest-218812455-project] Calling method 'show' {{(pid=108519) _process_stack /opt/stack/cinder/cinder/api/openstack/wsgi.py:856}}
Nov 10 20:24:43.844063 dv-cinder-815712-5-smb devstack@c-api.service[108520]: /usr/local/lib/python3.8/dist-packages/oslo_context/context.py:105: DeprecationWarning: Policy enforcement is depending on the value of is_admin. This key is deprecated. Please update your policy file to use the standard policy values.
Nov 10 20:24:43.844063 dv-cinder-815712-5-smb devstack@c-api.service[108520]: warnings.warn('Policy enforcement is depending on the value of '
Nov 10 20:24:43.845111 dv-cinder-815712-5-smb devstack@c-api.service[108520]: INFO cinder.volume.api [None req-2f0e581d-daca-464e-9283-7391e32d0e59 tempest-VolumesServicesTestJSON-2125592885 tempest-VolumesServicesTestJSON-2125592885-project] Volume info retrieved successfully.
Nov 10 20:24:43.868564 dv-cinder-815712-5-smb devstack@c-api.service[108519]: /usr/local/lib/python3.8/dist-packages/oslo_context/context.py:105: DeprecationWarning: Policy enforcement is depending on the value of is_admin. This key is deprecated. Please update your policy file to use the standard policy values.
Nov 10 20:24:43.868564 dv-cinder-815712-5-smb devstack@c-api.service[108519]: warnings.warn('Policy enforcement is depending on the value of '
Nov 10 20:24:43.889609 dv-cinder-815712-5-smb devstack@c-api.service[108519]: INFO cinder.volume.api [None req-0625885b-9e62-4db8-a75d-1c569502df98 tempest-VolumesCloneNegativeTest-218812455 tempest-VolumesCloneNegativeTest-218812455-project] Volume info retrieved successfully.
Nov 10 20:24:43.892686 dv-cinder-815712-5-smb devstack@c-api.service[108520]: INFO cinder.volume.api [None req-2f0e581d-daca-464e-9283-7391e32d0e59 tempest-VolumesServicesTestJSON-2125592885 tempest-VolumesServicesTestJSON-2125592885-project] Delete volume request issued successfully.
Nov 10 20:24:43.893192 dv-cinder-815712-5-smb devstack@c-api.service[108520]: INFO cinder.api.openstack.wsgi [None req-2f0e581d-daca-464e-9283-7391e32d0e59 tempest-VolumesServicesTestJSON-2125592885 tempest-VolumesServicesTestJSON-2125592885-project] http://10.222.0.11/volume/v3/4dca1f88f7434dc39f6c6573d7e9f638/volumes/927491bb-a2fc-4bfa-856f-7e865d3044d6 returned with HTTP 202
Nov 10 20:24:43.894129 dv-cinder-815712-5-smb devstack@c-api.service[108520]: [pid: 108520|app: 0|req: 167/327] 10.222.0.11 () {58 vars in 1327 bytes} [Wed Nov 10 20:24:43 2021] DELETE /volume/v3/4dca1f88f7434dc39f6c6573d7e9f638/volumes/927491bb-a2fc-4bfa-856f-7e865d3044d6 => generated 0 bytes in 82 msecs (HTTP/1.1 202) 6 headers in 233 bytes (1 switches on core 0)
Nov 10 20:24:43.900974 dv-cinder-815712-5-smb devstack@c-api.service[108520]: INFO cinder.api.openstack.wsgi [None req-a1288b58-31a7-4df2-b0f1-7bfa4f40242f tempest-VolumeTypesTest-1515405821 tempest-VolumeTypesTest-1515405821-project-admin] DELETE http://10.222.0.11/volume/v3/800ecd4776e645ea8b1c5bd5fe99d307/types/2d341d17-7408-4688-8b8c-cefc7e5f901d/encryption/provider
Nov 10 20:24:43.901557 dv-cinder-815712-5-smb devstack@c-api.service[108520]: DEBUG cinder.api.openstack.wsgi [None req-a1288b58-31a7-4df2-b0f1-7bfa4f40242f tempest-VolumeTypesTest-1515405821 tempest-VolumeTypesTest-1515405821-project-admin] Empty body provided in request {{(pid=108520) get_body /opt/stack/cinder/cinder/api/openstack/wsgi.py:703}}
Nov 10 20:24:43.901790 dv-cinder-815712-5-smb devstack@c-api.service[108520]: /usr/local/lib/python3.8/dist-packages/webob/acceptparse.py:1047: DeprecationWarning: The behavior of AcceptValidHeader.best_match is currently being maintained for backward compatibility, but it will be deprecated in the future, as it does not conform to the RFC.
Nov 10 20:24:43.901790 dv-cinder-815712-5-smb devstack@c-api.service[108520]: warnings.warn(
Nov 10 20:24:43.903005 dv-cinder-815712-5-smb devstack@c-api.service[108520]: DEBUG cinder.api.openstack.wsgi [None req-a1288b58-31a7-4df2-b0f1-7bfa4f40242f tempest-VolumeTypesTest-1515405821 tempest-VolumeTypesTest-1515405821-project-admin] Calling method 'delete' {{(pid=108520) _process_stack /opt/stack/cinder/cinder/api/openstack/wsgi.py:856}}
Nov 10 20:24:43.912751 dv-cinder-815712-5-smb devstack@c-api.service[108519]: INFO cinder.api.openstack.wsgi [None req-0625885b-9e62-4db8-a75d-1c569502df98 tempest-VolumesCloneNegativeTest-218812455 tempest-VolumesCloneNegativeTest-218812455-project] http://10.222.0.11/volume/v3/426b46d4df8a455ea67ed3470facc592/volumes/88be7db6-9a71-486f-ac2b-a5bd60454d19 returned with HTTP 200
Nov 10 20:24:43.913861 dv-cinder-815712-5-smb devstack@c-api.service[108519]: [pid: 108519|app: 0|req: 161/328] 10.222.0.11 () {58 vars in 1324 bytes} [Wed Nov 10 20:24:43 2021] GET /volume/v3/426b46d4df8a455ea67ed3470facc592/volumes/88be7db6-9a71-486f-ac2b-a5bd60454d19 => generated 892 bytes in 82 msecs (HTTP/1.1 200) 7 headers in 285 bytes (1 switches on core 0)
Nov 10 20:24:43.918950 dv-cinder-815712-5-smb devstack@c-api.service[108519]: INFO cinder.api.openstack.wsgi [None req-261198d3-5293-4dfe-b4d1-a2e9aa1743d2 tempest-VolumesServicesTestJSON-2125592885 tempest-VolumesServicesTestJSON-2125592885-project] GET http://10.222.0.11/volume/v3/4dca1f88f7434dc39f6c6573d7e9f638/volumes/927491bb-a2fc-4bfa-856f-7e865d3044d6
Nov 10 20:24:43.919486 dv-cinder-815712-5-smb devstack@c-api.service[108519]: DEBUG cinder.api.openstack.wsgi [None req-261198d3-5293-4dfe-b4d1-a2e9aa1743d2 tempest-VolumesServicesTestJSON-2125592885 tempest-VolumesServicesTestJSON-2125592885-project] Empty body provided in request {{(pid=108519) get_body /opt/stack/cinder/cinder/api/openstack/wsgi.py:703}}
Nov 10 20:24:43.919591 dv-cinder-815712-5-smb devstack@c-api.service[108519]: /usr/local/lib/python3.8/dist-packages/webob/acceptparse.py:1047: DeprecationWarning: The behavior of AcceptValidHeader.best_match is currently being maintained for backward compatibility, but it will be deprecated in the future, as it does not conform to the RFC.
Nov 10 20:24:43.919591 dv-cinder-815712-5-smb devstack@c-api.service[108519]: warnings.warn(
Nov 10 20:24:43.919893 dv-cinder-815712-5-smb devstack@c-api.service[108519]: DEBUG cinder.api.openstack.wsgi [None req-261198d3-5293-4dfe-b4d1-a2e9aa1743d2 tempest-VolumesServicesTestJSON-2125592885 tempest-VolumesServicesTestJSON-2125592885-project] Calling method 'show' {{(pid=108519) _process_stack /opt/stack/cinder/cinder/api/openstack/wsgi.py:856}}
Nov 10 20:24:43.942135 dv-cinder-815712-5-smb devstack@c-api.service[108519]: /usr/local/lib/python3.8/dist-packages/oslo_context/context.py:105: DeprecationWarning: Policy enforcement is depending on the value of is_admin. This key is deprecated. Please update your policy file to use the standard policy values.
Nov 10 20:24:43.942135 dv-cinder-815712-5-smb devstack@c-api.service[108519]: warnings.warn('Policy enforcement is depending on the value of '
Nov 10 20:24:43.946460 dv-cinder-815712-5-smb devstack@c-api.service[108520]: INFO cinder.api.openstack.wsgi [None req-a1288b58-31a7-4df2-b0f1-7bfa4f40242f tempest-VolumeTypesTest-1515405821 tempest-VolumeTypesTest-1515405821-project-admin] http://10.222.0.11/volume/v3/800ecd4776e645ea8b1c5bd5fe99d307/types/2d341d17-7408-4688-8b8c-cefc7e5f901d/encryption/provider returned with HTTP 202
Nov 10 20:24:43.947784 dv-cinder-815712-5-smb devstack@c-api.service[108520]: [pid: 108520|app: 0|req: 168/329] 10.222.0.11 () {58 vars in 1381 bytes} [Wed Nov 10 20:24:43 2021] DELETE /volume/v3/800ecd4776e645ea8b1c5bd5fe99d307/types/2d341d17-7408-4688-8b8c-cefc7e5f901d/encryption/provider => generated 0 bytes in 53 msecs (HTTP/1.1 202) 6 headers in 233 bytes (1 switches on core 0)
Nov 10 20:24:43.951839 dv-cinder-815712-5-smb devstack@c-api.service[108519]: INFO cinder.volume.api [None req-261198d3-5293-4dfe-b4d1-a2e9aa1743d2 tempest-VolumesServicesTestJSON-2125592885 tempest-VolumesServicesTestJSON-2125592885-project] Volume info retrieved successfully.
Nov 10 20:24:43.958562 dv-cinder-815712-5-smb devstack@c-api.service[108520]: INFO cinder.api.openstack.wsgi [None req-0ae54270-4b85-46f5-bc5d-12dbb5a15753 tempest-VolumeTypesTest-1515405821 tempest-VolumeTypesTest-1515405821-project-admin] GET http://10.222.0.11/volume/v3/800ecd4776e645ea8b1c5bd5fe99d307/types/2d341d17-7408-4688-8b8c-cefc7e5f901d/encryption
Nov 10 20:24:43.959011 dv-cinder-815712-5-smb devstack@c-api.service[108520]: DEBUG cinder.api.openstack.wsgi [None req-0ae54270-4b85-46f5-bc5d-12dbb5a15753 tempest-VolumeTypesTest-1515405821 tempest-VolumeTypesTest-1515405821-project-admin] Empty body provided in request {{(pid=108520) get_body /opt/stack/cinder/cinder/api/openstack/wsgi.py:703}}
Nov 10 20:24:43.959422 dv-cinder-815712-5-smb devstack@c-api.service[108520]: DEBUG cinder.api.openstack.wsgi [None req-0ae54270-4b85-46f5-bc5d-12dbb5a15753 tempest-VolumeTypesTest-1515405821 tempest-VolumeTypesTest-1515405821-project-admin] Calling method 'index' {{(pid=108520) _process_stack /opt/stack/cinder/cinder/api/openstack/wsgi.py:856}}
Nov 10 20:24:43.961548 dv-cinder-815712-5-smb devstack@c-api.service[108519]: INFO cinder.api.openstack.wsgi [None req-261198d3-5293-4dfe-b4d1-a2e9aa1743d2 tempest-VolumesServicesTestJSON-2125592885 tempest-VolumesServicesTestJSON-2125592885-project] http://10.222.0.11/volume/v3/4dca1f88f7434dc39f6c6573d7e9f638/volumes/927491bb-a2fc-4bfa-856f-7e865d3044d6 returned with HTTP 200
Nov 10 20:24:43.962658 dv-cinder-815712-5-smb devstack@c-api.service[108519]: [pid: 108519|app: 0|req: 162/330] 10.222.0.11 () {58 vars in 1324 bytes} [Wed Nov 10 20:24:43 2021] GET /volume/v3/4dca1f88f7434dc39f6c6573d7e9f638/volumes/927491bb-a2fc-4bfa-856f-7e865d3044d6 => generated 915 bytes in 48 msecs (HTTP/1.1 200) 7 headers in 285 bytes (1 switches on core 0)
Nov 10 20:24:43.978493 dv-cinder-815712-5-smb devstack@c-api.service[108520]: INFO cinder.api.openstack.wsgi [None req-0ae54270-4b85-46f5-bc5d-12dbb5a15753 tempest-VolumeTypesTest-1515405821 tempest-VolumeTypesTest-1515405821-project-admin] http://10.222.0.11/volume/v3/800ecd4776e645ea8b1c5bd5fe99d307/types/2d341d17-7408-4688-8b8c-cefc7e5f901d/encryption returned with HTTP 200
Nov 10 20:24:43.979277 dv-cinder-815712-5-smb devstack@c-api.service[108520]: [pid: 108520|app: 0|req: 169/331] 10.222.0.11 () {58 vars in 1351 bytes} [Wed Nov 10 20:24:43 2021] GET /volume/v3/800ecd4776e645ea8b1c5bd5fe99d307/types/2d341d17-7408-4688-8b8c-cefc7e5f901d/encryption => generated 2 bytes in 26 msecs (HTTP/1.1 200) 7 headers in 283 bytes (2 switches on core 0)
Nov 10 20:24:43.993420 dv-cinder-815712-5-smb devstack@c-api.service[108519]: INFO cinder.api.openstack.wsgi [None req-a237562d-3533-481e-89c6-fe9d3425cf4d tempest-VolumeTypesTest-1515405821 tempest-VolumeTypesTest-1515405821-project-admin] GET http://10.222.0.11/volume/v3/800ecd4776e645ea8b1c5bd5fe99d307/types/2d341d17-7408-4688-8b8c-cefc7e5f901d/encryption
Nov 10 20:24:43.993957 dv-cinder-815712-5-smb devstack@c-api.service[108519]: DEBUG cinder.api.openstack.wsgi [None req-a237562d-3533-481e-89c6-fe9d3425cf4d tempest-VolumeTypesTest-1515405821 tempest-VolumeTypesTest-1515405821-project-admin] Empty body provided in request {{(pid=108519) get_body /opt/stack/cinder/cinder/api/openstack/wsgi.py:703}}
Nov 10 20:24:43.994423 dv-cinder-815712-5-smb devstack@c-api.service[108519]: /usr/local/lib/python3.8/dist-packages/webob/acceptparse.py:1047: DeprecationWarning: The behavior of AcceptValidHeader.best_match is currently being maintained for backward compatibility, but it will be deprecated in the future, as it does not conform to the RFC.
Nov 10 20:24:43.994423 dv-cinder-815712-5-smb devstack@c-api.service[108519]: warnings.warn(
Nov 10 20:24:43.994820 dv-cinder-815712-5-smb devstack@c-api.service[108519]: DEBUG cinder.api.openstack.wsgi [None req-a237562d-3533-481e-89c6-fe9d3425cf4d tempest-VolumeTypesTest-1515405821 tempest-VolumeTypesTest-1515405821-project-admin] Calling method 'index' {{(pid=108519) _process_stack /opt/stack/cinder/cinder/api/openstack/wsgi.py:856}}
Nov 10 20:24:44.004712 dv-cinder-815712-5-smb devstack@c-api.service[108519]: INFO cinder.api.openstack.wsgi [None req-a237562d-3533-481e-89c6-fe9d3425cf4d tempest-VolumeTypesTest-1515405821 tempest-VolumeTypesTest-1515405821-project-admin] http://10.222.0.11/volume/v3/800ecd4776e645ea8b1c5bd5fe99d307/types/2d341d17-7408-4688-8b8c-cefc7e5f901d/encryption returned with HTTP 200
Nov 10 20:24:44.005475 dv-cinder-815712-5-smb devstack@c-api.service[108519]: [pid: 108519|app: 0|req: 163/332] 10.222.0.11 () {58 vars in 1351 bytes} [Wed Nov 10 20:24:43 2021] GET /volume/v3/800ecd4776e645ea8b1c5bd5fe99d307/types/2d341d17-7408-4688-8b8c-cefc7e5f901d/encryption => generated 2 bytes in 18 msecs (HTTP/1.1 200) 7 headers in 283 bytes (1 switches on core 0)
Nov 10 20:24:44.016735 dv-cinder-815712-5-smb devstack@c-api.service[108520]: INFO cinder.api.openstack.wsgi [None req-7cfc1fd5-af0a-4165-a9d0-497aa1766229 tempest-VolumeTypesTest-1515405821 tempest-VolumeTypesTest-1515405821-project-admin] GET http://10.222.0.11/volume/v3/800ecd4776e645ea8b1c5bd5fe99d307/types
Nov 10 20:24:44.017448 dv-cinder-815712-5-smb devstack@c-api.service[108520]: DEBUG cinder.api.openstack.wsgi [None req-7cfc1fd5-af0a-4165-a9d0-497aa1766229 tempest-VolumeTypesTest-1515405821 tempest-VolumeTypesTest-1515405821-project-admin] Empty body provided in request {{(pid=108520) get_body /opt/stack/cinder/cinder/api/openstack/wsgi.py:703}}
Nov 10 20:24:44.018023 dv-cinder-815712-5-smb devstack@c-api.service[108520]: DEBUG cinder.api.openstack.wsgi [None req-7cfc1fd5-af0a-4165-a9d0-497aa1766229 tempest-VolumeTypesTest-1515405821 tempest-VolumeTypesTest-1515405821-project-admin] Calling method 'index' {{(pid=108520) _process_stack /opt/stack/cinder/cinder/api/openstack/wsgi.py:856}}
Nov 10 20:24:44.055094 dv-cinder-815712-5-smb devstack@c-api.service[108520]: INFO cinder.api.openstack.wsgi [None req-7cfc1fd5-af0a-4165-a9d0-497aa1766229 tempest-VolumeTypesTest-1515405821 tempest-VolumeTypesTest-1515405821-project-admin] http://10.222.0.11/volume/v3/800ecd4776e645ea8b1c5bd5fe99d307/types returned with HTTP 200
Nov 10 20:24:44.055830 dv-cinder-815712-5-smb devstack@c-api.service[108520]: [pid: 108520|app: 0|req: 170/333] 10.222.0.11 () {58 vars in 1207 bytes} [Wed Nov 10 20:24:44 2021] GET /volume/v3/800ecd4776e645ea8b1c5bd5fe99d307/types => generated 1807 bytes in 43 msecs (HTTP/1.1 200) 7 headers in 286 bytes (1 switches on core 0)
Nov 10 20:24:44.067960 dv-cinder-815712-5-smb devstack@c-api.service[108519]: INFO cinder.api.openstack.wsgi [None req-4aee2b1f-a84e-4546-8f72-d73b92b4ac2d tempest-VolumeTypesTest-1515405821 tempest-VolumeTypesTest-1515405821-project-admin] POST http://10.222.0.11/volume/v3/800ecd4776e645ea8b1c5bd5fe99d307/types
Nov 10 20:24:44.068705 dv-cinder-815712-5-smb devstack@c-api.service[108519]: DEBUG cinder.api.openstack.wsgi [None req-4aee2b1f-a84e-4546-8f72-d73b92b4ac2d tempest-VolumeTypesTest-1515405821 tempest-VolumeTypesTest-1515405821-project-admin] Action: 'create', calling method: _create, body: {"volume_type": {"name": "tempest-VolumeTypesTest-volume-type-1512817008"}} {{(pid=108519) _process_stack /opt/stack/cinder/cinder/api/openstack/wsgi.py:854}}
Nov 10 20:24:44.092366 dv-cinder-815712-5-smb devstack@c-api.service[108519]: INFO cinder.api.openstack.wsgi [None req-4aee2b1f-a84e-4546-8f72-d73b92b4ac2d tempest-VolumeTypesTest-1515405821 tempest-VolumeTypesTest-1515405821-project-admin] http://10.222.0.11/volume/v3/800ecd4776e645ea8b1c5bd5fe99d307/types returned with HTTP 200
Nov 10 20:24:44.093226 dv-cinder-815712-5-smb devstack@c-api.service[108519]: [pid: 108519|app: 0|req: 164/334] 10.222.0.11 () {60 vars in 1228 bytes} [Wed Nov 10 20:24:44 2021] POST /volume/v3/800ecd4776e645ea8b1c5bd5fe99d307/types => generated 221 bytes in 29 msecs (HTTP/1.1 200) 7 headers in 285 bytes (1 switches on core 0)
Nov 10 20:24:44.102260 dv-cinder-815712-5-smb devstack@c-api.service[108520]: INFO cinder.api.openstack.wsgi [None req-02d3bf06-fa68-4c5a-af24-36b241c16a58 tempest-VolumeTypesTest-1515405821 tempest-VolumeTypesTest-1515405821-project-admin] PUT http://10.222.0.11/volume/v3/800ecd4776e645ea8b1c5bd5fe99d307/types/fcfa2d6c-7500-445e-815e-809e77ffe5a3
Nov 10 20:24:44.102954 dv-cinder-815712-5-smb devstack@c-api.service[108520]: DEBUG cinder.api.openstack.wsgi [None req-02d3bf06-fa68-4c5a-af24-36b241c16a58 tempest-VolumeTypesTest-1515405821 tempest-VolumeTypesTest-1515405821-project-admin] Action: 'update', calling method: _update, body: {"volume_type": {"name": "tempest-volume-type-1497274083", "description": "tempest-volume-type-description-970872237", "is_public": false}} {{(pid=108520) _process_stack /opt/stack/cinder/cinder/api/openstack/wsgi.py:854}}
Nov 10 20:24:44.170825 dv-cinder-815712-5-smb devstack@c-api.service[108520]: INFO cinder.api.openstack.wsgi [None req-02d3bf06-fa68-4c5a-af24-36b241c16a58 tempest-VolumeTypesTest-1515405821 tempest-VolumeTypesTest-1515405821-project-admin] http://10.222.0.11/volume/v3/800ecd4776e645ea8b1c5bd5fe99d307/types/fcfa2d6c-7500-445e-815e-809e77ffe5a3 returned with HTTP 200
Nov 10 20:24:44.171609 dv-cinder-815712-5-smb devstack@c-api.service[108520]: [pid: 108520|app: 0|req: 171/335] 10.222.0.11 () {60 vars in 1339 bytes} [Wed Nov 10 20:24:44 2021] PUT /volume/v3/800ecd4776e645ea8b1c5bd5fe99d307/types/fcfa2d6c-7500-445e-815e-809e77ffe5a3 => generated 204 bytes in 73 msecs (HTTP/1.1 200) 7 headers in 285 bytes (1 switches on core 0)
Nov 10 20:24:44.181510 dv-cinder-815712-5-smb devstack@c-api.service[108519]: INFO cinder.api.openstack.wsgi [None req-1ef1464a-ba8d-44c4-b2e7-8e5a3c2e7edd tempest-VolumeTypesTest-1515405821 tempest-VolumeTypesTest-1515405821-project-admin] GET http://10.222.0.11/volume/v3/800ecd4776e645ea8b1c5bd5fe99d307/types/fcfa2d6c-7500-445e-815e-809e77ffe5a3
Nov 10 20:24:44.181981 dv-cinder-815712-5-smb devstack@c-api.service[108519]: DEBUG cinder.api.openstack.wsgi [None req-1ef1464a-ba8d-44c4-b2e7-8e5a3c2e7edd tempest-VolumeTypesTest-1515405821 tempest-VolumeTypesTest-1515405821-project-admin] Empty body provided in request {{(pid=108519) get_body /opt/stack/cinder/cinder/api/openstack/wsgi.py:703}}
