Oct 28 09:50:02.309361 dv-cinder-815712-3-iscsi neutron-server[108755]: DEBUG neutron.plugins.ml2.db [req-5fa17d3e-0928-4c63-be03-20fecf12ca3d req-cde94250-4697-40ee-b8ba-26af051c63e9 service neutron] For port 57d63798-5c66-4f30-9d4a-de7a6ff1392d, host hv-cinder-81571, set binding levels [PortBindingLevel(driver='hyperv',host='hv-cinder-81571',level=0,port_id=57d63798-5c66-4f30-9d4a-de7a6ff1392d,segment=NetworkSegment(73c4800e-db47-4871-9f39-5831aa069801),segment_id=73c4800e-db47-4871-9f39-5831aa069801)] {{(pid=108755) set_binding_levels /opt/stack/neutron/neutron/plugins/ml2/db.py:59}}
Oct 28 09:50:02.310057 dv-cinder-815712-3-iscsi neutron-server[108756]: DEBUG neutron.scheduler.base_scheduler [None req-23c2b23d-3926-483e-8a8e-b9955397ecef admin admin] Resources bound (agent type, host, resource id): (DHCP agent, dv-cinder-815712-3-iscsi, 8586a2f3-0a39-424d-a298-012d25e86ed7) {{(pid=108756) schedule /opt/stack/neutron/neutron/scheduler/base_scheduler.py:57}}
Oct 28 09:50:02.314752 dv-cinder-815712-3-iscsi neutron-server[108756]: DEBUG neutron.pecan_wsgi.hooks.policy_enforcement [None req-23c2b23d-3926-483e-8a8e-b9955397ecef admin admin] Attributes excluded by policy engine: ['standard_attr_id', 'shared', 'segment_id', 'network'] {{(pid=108756) _exclude_attributes_by_policy /opt/stack/neutron/neutron/pecan_wsgi/hooks/policy_enforcement.py:255}}
Oct 28 09:50:02.315240 dv-cinder-815712-3-iscsi neutron-server[108756]: DEBUG neutron_lib.callbacks.manager [None req-23c2b23d-3926-483e-8a8e-b9955397ecef admin admin] Publish callbacks ['neutron.api.rpc.agentnotifiers.dhcp_rpc_agent_api.DhcpAgentNotifyAPI._send_dhcp_notification-1677459'] for subnet, before_response {{(pid=108756) _notify_loop /usr/local/lib/python3.8/dist-packages/neutron_lib/callbacks/manager.py:175}}
Oct 28 09:50:02.328851 dv-cinder-815712-3-iscsi neutron-server[108757]: DEBUG neutron.api.rpc.handlers.dhcp_rpc [None req-88279911-d2b8-497f-915a-89c55d0d9f63 None None] Network 8586a2f3-0a39-424d-a298-012d25e86ed7 requested from dv-cinder-815712-3-iscsi {{(pid=108757) get_network_info /opt/stack/neutron/neutron/api/rpc/handlers/dhcp_rpc.py:218}}
Oct 28 09:50:02.423567 dv-cinder-815712-3-iscsi neutron-server[108755]: DEBUG neutron_lib.callbacks.manager [req-5fa17d3e-0928-4c63-be03-20fecf12ca3d req-cde94250-4697-40ee-b8ba-26af051c63e9 service neutron] Publish callbacks ['neutron.plugins.ml2.plugin.SecurityGroupServerNotifierRpcMixin._notify_sg_on_port_change-550828', 'neutron.plugins.ml2.ovo_rpc._ObjectChangeHandler.handle_event-59560', 'neutron.api.rpc.agentnotifiers.dhcp_rpc_agent_api.DhcpAgentNotifyAPI._native_event_send_dhcp_notification-1677441', 'neutron.db.l3_db.L3RpcNotifierMixin._notify_gateway_port_ip_changed-8741419491566', 'neutron.db.l3_dvrscheduler_db._notify_l3_agent_port_update-8741418993529', 'neutron.db.l3_hascheduler_db._notify_l3_agent_ha_port_update-8741418993547'] for port, after_update {{(pid=108755) _notify_loop /usr/local/lib/python3.8/dist-packages/neutron_lib/callbacks/manager.py:175}}
Oct 28 09:50:02.453534 dv-cinder-815712-3-iscsi neutron-server[108756]: INFO neutron.wsgi [None req-23c2b23d-3926-483e-8a8e-b9955397ecef admin admin] 10.222.0.104 "POST /v2.0/subnets HTTP/1.1" status: 201 len: 845 time: 1.0601170
Oct 28 09:50:02.478984 dv-cinder-815712-3-iscsi neutron-server[108755]: DEBUG neutron.pecan_wsgi.hooks.policy_enforcement [req-5fa17d3e-0928-4c63-be03-20fecf12ca3d req-cde94250-4697-40ee-b8ba-26af051c63e9 service neutron] Attributes excluded by policy engine: ['standard_attr_id'] {{(pid=108755) _exclude_attributes_by_policy /opt/stack/neutron/neutron/pecan_wsgi/hooks/policy_enforcement.py:255}}
Oct 28 09:50:02.479601 dv-cinder-815712-3-iscsi neutron-server[108755]: DEBUG neutron_lib.callbacks.manager [req-5fa17d3e-0928-4c63-be03-20fecf12ca3d req-cde94250-4697-40ee-b8ba-26af051c63e9 service neutron] Publish callbacks ['neutron.notifiers.nova.Notifier._send_nova_notification-7833', 'neutron.api.rpc.agentnotifiers.dhcp_rpc_agent_api.DhcpAgentNotifyAPI._send_dhcp_notification-1677459'] for port, before_response {{(pid=108755) _notify_loop /usr/local/lib/python3.8/dist-packages/neutron_lib/callbacks/manager.py:175}}
Oct 28 09:50:02.481393 dv-cinder-815712-3-iscsi neutron-server[108755]: INFO neutron.wsgi [req-5fa17d3e-0928-4c63-be03-20fecf12ca3d req-cde94250-4697-40ee-b8ba-26af051c63e9 service neutron] 10.222.0.109 "PUT /v2.0/ports/57d63798-5c66-4f30-9d4a-de7a6ff1392d HTTP/1.1" status: 200 len: 1094 time: 1.2181883
Oct 28 09:50:02.481834 dv-cinder-815712-3-iscsi neutron-server[108755]: DEBUG neutron.notifiers.nova [-] Sending events: [{'name': 'network-changed', 'server_uuid': '92c11d42-a056-41fa-a849-4e40e7c6d22e', 'tag': '57d63798-5c66-4f30-9d4a-de7a6ff1392d'}] {{(pid=108755) send_events /opt/stack/neutron/neutron/notifiers/nova.py:262}}
Oct 28 09:50:02.487450 dv-cinder-815712-3-iscsi neutron-server[108755]: DEBUG novaclient.v2.client [-] REQ: curl -g -i --cacert "/opt/stack/data/ca-bundle.pem" -X POST http://10.222.0.104/compute/v2.1/os-server-external-events -H "Accept: application/json" -H "Content-Type: application/json" -H "User-Agent: python-novaclient" -H "X-Auth-Token: {SHA256}6d5967b4b86110a8ac1ed4ff1f747545f5dc9d19c27c4959d491321692c9d76d" -H "X-OpenStack-Nova-API-Version: 2.1" -H "X-OpenStack-Request-ID: req-00f9d5f2-0e60-4e63-a96d-411e953d59d7" -d '{"events": [{"name": "network-changed", "server_uuid": "92c11d42-a056-41fa-a849-4e40e7c6d22e", "tag": "57d63798-5c66-4f30-9d4a-de7a6ff1392d"}]}' {{(pid=108755) _http_log_request /usr/local/lib/python3.8/dist-packages/keystoneauth1/session.py:519}}
Oct 28 09:50:02.524146 dv-cinder-815712-3-iscsi neutron-server[108755]: DEBUG neutron.api.rpc.handlers.resources_rpc [None req-cde94250-4697-40ee-b8ba-26af051c63e9 service neutron] Pushing event updated for resources: {'Port': ['ID=57d63798-5c66-4f30-9d4a-de7a6ff1392d,revision_number=3']} {{(pid=108755) push /opt/stack/neutron/neutron/api/rpc/handlers/resources_rpc.py:237}}
Oct 28 09:50:02.572268 dv-cinder-815712-3-iscsi neutron-server[108755]: DEBUG novaclient.v2.client [-] RESP: [200] Connection: close Content-Length: 179 Content-Type: application/json Date: Thu, 28 Oct 2021 09:50:02 GMT OpenStack-API-Version: compute 2.1 Server: Apache/2.4.41 (Ubuntu) Vary: OpenStack-API-Version,X-OpenStack-Nova-API-Version X-OpenStack-Nova-API-Version: 2.1 x-compute-request-id: req-ef4ede5d-637e-41df-9435-50dbab1a1dee x-openstack-request-id: req-ef4ede5d-637e-41df-9435-50dbab1a1dee {{(pid=108755) _http_log_response /usr/local/lib/python3.8/dist-packages/keystoneauth1/session.py:550}}
Oct 28 09:50:02.572564 dv-cinder-815712-3-iscsi neutron-server[108755]: DEBUG novaclient.v2.client [-] RESP BODY: {"events": [{"name": "network-changed", "server_uuid": "92c11d42-a056-41fa-a849-4e40e7c6d22e", "tag": "57d63798-5c66-4f30-9d4a-de7a6ff1392d", "status": "completed", "code": 200}]} {{(pid=108755) _http_log_response /usr/local/lib/python3.8/dist-packages/keystoneauth1/session.py:582}}
Oct 28 09:50:02.572845 dv-cinder-815712-3-iscsi neutron-server[108755]: DEBUG novaclient.v2.client [-] POST call to compute for http://10.222.0.104/compute/v2.1/os-server-external-events used request id req-ef4ede5d-637e-41df-9435-50dbab1a1dee {{(pid=108755) request /usr/local/lib/python3.8/dist-packages/keystoneauth1/session.py:954}}
Oct 28 09:50:02.573457 dv-cinder-815712-3-iscsi neutron-server[108755]: INFO neutron.notifiers.nova [-] Nova event response: {'name': 'network-changed', 'server_uuid': '92c11d42-a056-41fa-a849-4e40e7c6d22e', 'tag': '57d63798-5c66-4f30-9d4a-de7a6ff1392d', 'status': 'completed', 'code': 200}
Oct 28 09:50:02.598032 dv-cinder-815712-3-iscsi neutron-server[108757]: DEBUG neutron.api.rpc.handlers.dhcp_rpc [None req-6fc79ee8-ae02-4f82-a999-a6377a7df587 None None] Network 8586a2f3-0a39-424d-a298-012d25e86ed7 requested from dv-cinder-815712-3-iscsi {{(pid=108757) get_network_info /opt/stack/neutron/neutron/api/rpc/handlers/dhcp_rpc.py:218}}
Oct 28 09:50:02.645522 dv-cinder-815712-3-iscsi neutron-server[108755]: DEBUG neutron.pecan_wsgi.hooks.policy_enforcement [req-00f9d5f2-0e60-4e63-a96d-411e953d59d7 req-eeab36bb-dc08-4c59-a840-c5e3a9c4c57d service neutron] Attributes excluded by policy engine: ['standard_attr_id'] {{(pid=108755) _exclude_attributes_by_policy /opt/stack/neutron/neutron/pecan_wsgi/hooks/policy_enforcement.py:255}}
Oct 28 09:50:02.647016 dv-cinder-815712-3-iscsi neutron-server[108755]: INFO neutron.wsgi [req-00f9d5f2-0e60-4e63-a96d-411e953d59d7 req-eeab36bb-dc08-4c59-a840-c5e3a9c4c57d service neutron] 10.222.0.109 "GET /v2.0/ports?tenant_id=d8b63299da71443297d36c7caabb111a&device_id=92c11d42-a056-41fa-a849-4e40e7c6d22e HTTP/1.1" status: 200 len: 1097 time: 0.0426333
Oct 28 09:50:02.869713 dv-cinder-815712-3-iscsi neutron-server[108755]: DEBUG neutron.pecan_wsgi.hooks.policy_enforcement [req-0ccbf38e-ab3b-4a3e-991e-7fee19959355 req-7be6a475-8f9a-4c97-a47d-5de69fd1edbb tempest-ServerRescueNegativeTestJSON-1778616609 tempest-ServerRescueNegativeTestJSON-1778616609-project] Attributes excluded by policy engine: ['standard_attr_id', 'binding:profile', 'binding:host_id', 'binding:vif_type', 'binding:vif_details'] {{(pid=108755) _exclude_attributes_by_policy /opt/stack/neutron/neutron/pecan_wsgi/hooks/policy_enforcement.py:255}}
Oct 28 09:50:02.871428 dv-cinder-815712-3-iscsi neutron-server[108755]: INFO neutron.wsgi [req-0ccbf38e-ab3b-4a3e-991e-7fee19959355 req-7be6a475-8f9a-4c97-a47d-5de69fd1edbb tempest-ServerRescueNegativeTestJSON-1778616609 tempest-ServerRescueNegativeTestJSON-1778616609-project] 10.222.0.104 "GET /v2.0/ports?device_id=92c11d42-a056-41fa-a849-4e40e7c6d22e HTTP/1.1" status: 200 len: 944 time: 0.1446431
Oct 28 09:50:02.874376 dv-cinder-815712-3-iscsi neutron-server[108755]: DEBUG neutron.pecan_wsgi.hooks.policy_enforcement [req-00f9d5f2-0e60-4e63-a96d-411e953d59d7 req-8a6a2553-4334-42a5-8820-bac83eb6367d service neutron] Attributes excluded by policy engine: ['standard_attr_id', 'vlan_transparent'] {{(pid=108755) _exclude_attributes_by_policy /opt/stack/neutron/neutron/pecan_wsgi/hooks/policy_enforcement.py:255}}
Oct 28 09:50:02.875764 dv-cinder-815712-3-iscsi neutron-server[108755]: INFO neutron.wsgi [req-00f9d5f2-0e60-4e63-a96d-411e953d59d7 req-8a6a2553-4334-42a5-8820-bac83eb6367d service neutron] 10.222.0.109 "GET /v2.0/networks?tenant_id=d8b63299da71443297d36c7caabb111a&shared=False HTTP/1.1" status: 200 len: 920 time: 0.2165103
Oct 28 09:50:02.944266 dv-cinder-815712-3-iscsi neutron-server[108756]: DEBUG neutron.wsgi [-] (108756) accepted ('10.222.0.104', 46856) {{(pid=108756) server /usr/local/lib/python3.8/dist-packages/eventlet/wsgi.py:982}}
Oct 28 09:50:02.959924 dv-cinder-815712-3-iscsi neutron-server[108756]: DEBUG neutron_lib.callbacks.manager [None req-2e06c74a-0ae5-4f39-b0fd-775887a4731d admin admin] Publish callbacks [] for security_group, before_create {{(pid=108756) _notify_loop /usr/local/lib/python3.8/dist-packages/neutron_lib/callbacks/manager.py:175}}
Oct 28 09:50:03.000105 dv-cinder-815712-3-iscsi neutron-server[108755]: INFO neutron.wsgi [req-0ccbf38e-ab3b-4a3e-991e-7fee19959355 req-dffec55c-4d4d-4e02-a6b3-b683f0799896 tempest-ServerRescueNegativeTestJSON-1778616609 tempest-ServerRescueNegativeTestJSON-1778616609-project] 10.222.0.104 "GET /v2.0/security-groups?id=3535e4f2-c7f2-436f-83a2-cc9062d3e30d&fields=id&fields=name HTTP/1.1" status: 200 len: 286 time: 0.1220438
Oct 28 09:50:03.077252 dv-cinder-815712-3-iscsi neutron-server[108756]: DEBUG neutron_lib.callbacks.manager [None req-2e06c74a-0ae5-4f39-b0fd-775887a4731d admin admin] Publish callbacks [] for security_group, precommit_create {{(pid=108756) _notify_loop /usr/local/lib/python3.8/dist-packages/neutron_lib/callbacks/manager.py:175}}
Oct 28 09:50:03.082798 dv-cinder-815712-3-iscsi neutron-server[108755]: DEBUG neutron.pecan_wsgi.hooks.policy_enforcement [req-00f9d5f2-0e60-4e63-a96d-411e953d59d7 req-e2cc7baa-91ca-4e02-99a7-e574c8517729 service neutron] Attributes excluded by policy engine: ['standard_attr_id', 'vlan_transparent'] {{(pid=108755) _exclude_attributes_by_policy /opt/stack/neutron/neutron/pecan_wsgi/hooks/policy_enforcement.py:255}}
Oct 28 09:50:03.084485 dv-cinder-815712-3-iscsi neutron-server[108755]: INFO neutron.wsgi [req-00f9d5f2-0e60-4e63-a96d-411e953d59d7 req-e2cc7baa-91ca-4e02-99a7-e574c8517729 service neutron] 10.222.0.109 "GET /v2.0/networks?shared=True HTTP/1.1" status: 200 len: 870 time: 0.1991603
Oct 28 09:50:03.166158 dv-cinder-815712-3-iscsi neutron-server[108756]: DEBUG neutron_lib.callbacks.manager [None req-2e06c74a-0ae5-4f39-b0fd-775887a4731d admin admin] Publish callbacks ['neutron.plugins.ml2.ovo_rpc._ObjectChangeHandler.handle_event-2022159'] for security_group, after_create {{(pid=108756) _notify_loop /usr/local/lib/python3.8/dist-packages/neutron_lib/callbacks/manager.py:175}}
Oct 28 09:50:03.202990 dv-cinder-815712-3-iscsi neutron-server[108755]: DEBUG neutron.pecan_wsgi.hooks.policy_enforcement [req-5fa17d3e-0928-4c63-be03-20fecf12ca3d req-9e13886e-3903-4178-8af0-21e7487d28eb service neutron] Attributes excluded by policy engine: ['standard_attr_id'] {{(pid=108755) _exclude_attributes_by_policy /opt/stack/neutron/neutron/pecan_wsgi/hooks/policy_enforcement.py:255}}
Oct 28 09:50:03.210017 dv-cinder-815712-3-iscsi neutron-server[108755]: INFO neutron.wsgi [req-5fa17d3e-0928-4c63-be03-20fecf12ca3d req-9e13886e-3903-4178-8af0-21e7487d28eb service neutron] 10.222.0.109 "GET /v2.0/ports?tenant_id=d8b63299da71443297d36c7caabb111a&device_id=92c11d42-a056-41fa-a849-4e40e7c6d22e HTTP/1.1" status: 200 len: 1097 time: 0.0710297
Oct 28 09:50:03.217226 dv-cinder-815712-3-iscsi neutron-server[108756]: INFO neutron.wsgi [None req-2e06c74a-0ae5-4f39-b0fd-775887a4731d admin admin] 10.222.0.104 "GET /v2.0/security-groups?tenant_id=be722a8588a843c4a54d650183df873f&name=default HTTP/1.1" status: 200 len: 2979 time: 0.2715364
Oct 28 09:50:03.217726 dv-cinder-815712-3-iscsi neutron-server[108755]: DEBUG neutron.wsgi [-] (108755) accepted ('10.222.0.104', 46868) {{(pid=108755) server /usr/local/lib/python3.8/dist-packages/eventlet/wsgi.py:982}}
Oct 28 09:50:03.218840 dv-cinder-815712-3-iscsi neutron-server[108756]: DEBUG neutron.api.rpc.handlers.resources_rpc [None req-2e06c74a-0ae5-4f39-b0fd-775887a4731d admin admin] Pushing event updated for resources: {'SecurityGroup': ['ID=da9f98b0-0ea8-48fd-b06f-996843dc6e2c,revision_number=1']} {{(pid=108756) push /opt/stack/neutron/neutron/api/rpc/handlers/resources_rpc.py:237}}
Oct 28 09:50:03.221433 dv-cinder-815712-3-iscsi neutron-server[108756]: DEBUG neutron.wsgi [-] (108756) accepted ('10.222.0.104', 46870) {{(pid=108756) server /usr/local/lib/python3.8/dist-packages/eventlet/wsgi.py:982}}
Oct 28 09:50:03.279990 dv-cinder-815712-3-iscsi neutron-server[108756]: DEBUG neutron_lib.callbacks.manager [None req-8deb3984-0068-4f53-85de-30fad49026d8 admin admin] Publish callbacks [] for security_group, before_delete {{(pid=108756) _notify_loop /usr/local/lib/python3.8/dist-packages/neutron_lib/callbacks/manager.py:175}}
Oct 28 09:50:03.287320 dv-cinder-815712-3-iscsi neutron-server[108755]: INFO neutron.wsgi [req-5fa17d3e-0928-4c63-be03-20fecf12ca3d req-668c8654-bdba-4e67-adce-1f59be001024 service neutron] 10.222.0.109 "GET /v2.0/floatingips?fixed_ip_address=172.20.0.12&port_id=57d63798-5c66-4f30-9d4a-de7a6ff1392d HTTP/1.1" status: 200 len: 217 time: 0.0562744
Oct 28 09:50:03.302640 dv-cinder-815712-3-iscsi neutron-server[108756]: DEBUG neutron_lib.callbacks.manager [None req-8deb3984-0068-4f53-85de-30fad49026d8 admin admin] Publish callbacks [] for security_group, precommit_delete {{(pid=108756) _notify_loop /usr/local/lib/python3.8/dist-packages/neutron_lib/callbacks/manager.py:175}}
Oct 28 09:50:03.339426 dv-cinder-815712-3-iscsi neutron-server[108755]: DEBUG neutron.pecan_wsgi.hooks.policy_enforcement [req-5fa17d3e-0928-4c63-be03-20fecf12ca3d req-e1f6abb7-2365-4fb2-aba4-4070382a2557 service neutron] Attributes excluded by policy engine: ['standard_attr_id', 'shared'] {{(pid=108755) _exclude_attributes_by_policy /opt/stack/neutron/neutron/pecan_wsgi/hooks/policy_enforcement.py:255}}
Oct 28 09:50:03.341537 dv-cinder-815712-3-iscsi neutron-server[108755]: INFO neutron.wsgi [req-5fa17d3e-0928-4c63-be03-20fecf12ca3d req-e1f6abb7-2365-4fb2-aba4-4070382a2557 service neutron] 10.222.0.109 "GET /v2.0/subnets?id=ff32df4d-099a-43a7-a976-31d196b0dd7f HTTP/1.1" status: 200 len: 859 time: 0.0466065
Oct 28 09:50:03.377173 dv-cinder-815712-3-iscsi neutron-server[108755]: INFO neutron.wsgi [req-5fa17d3e-0928-4c63-be03-20fecf12ca3d req-49c971b7-e2dc-452a-a43d-6fed8188dc13 service neutron] 10.222.0.109 "GET /v2.0/ports?network_id=b96d6b4c-b03d-43ab-b52a-9987c1b6151d&device_owner=network%3Adhcp HTTP/1.1" status: 200 len: 210 time: 0.0274415
Oct 28 09:50:03.440589 dv-cinder-815712-3-iscsi neutron-server[108756]: DEBUG neutron_lib.callbacks.manager [None req-8deb3984-0068-4f53-85de-30fad49026d8 admin admin] Publish callbacks ['neutron.plugins.ml2.ovo_rpc._ObjectChangeHandler.handle_event-2022159'] for security_group, after_delete {{(pid=108756) _notify_loop /usr/local/lib/python3.8/dist-packages/neutron_lib/callbacks/manager.py:175}}
Oct 28 09:50:03.445147 dv-cinder-815712-3-iscsi neutron-server[108756]: DEBUG neutron_lib.callbacks.manager [None req-8deb3984-0068-4f53-85de-30fad49026d8 admin admin] Publish callbacks [] for security_group, before_response {{(pid=108756) _notify_loop /usr/local/lib/python3.8/dist-packages/neutron_lib/callbacks/manager.py:175}}
Oct 28 09:50:03.450513 dv-cinder-815712-3-iscsi neutron-server[108756]: INFO neutron.wsgi [None req-8deb3984-0068-4f53-85de-30fad49026d8 admin admin] 10.222.0.104 "DELETE /v2.0/security-groups/da9f98b0-0ea8-48fd-b06f-996843dc6e2c HTTP/1.1" status: 204 len: 168 time: 0.2243659
Oct 28 09:50:03.458574 dv-cinder-815712-3-iscsi neutron-server[108756]: DEBUG neutron.api.rpc.handlers.resources_rpc [None req-8deb3984-0068-4f53-85de-30fad49026d8 admin admin] Pushing event deleted for resources: {'SecurityGroup': ['ID=da9f98b0-0ea8-48fd-b06f-996843dc6e2c,revision_number=None']} {{(pid=108756) push /opt/stack/neutron/neutron/api/rpc/handlers/resources_rpc.py:237}}
Oct 28 09:50:03.517934 dv-cinder-815712-3-iscsi neutron-server[108755]: INFO neutron.wsgi [req-5fa17d3e-0928-4c63-be03-20fecf12ca3d req-9928ea91-4169-4481-b1f7-6be9eb6f0f59 service neutron] 10.222.0.109 "GET /v2.0/networks/b96d6b4c-b03d-43ab-b52a-9987c1b6151d?fields=segments HTTP/1.1" status: 200 len: 212 time: 0.1297538
Oct 28 09:50:03.592954 dv-cinder-815712-3-iscsi neutron-server[108755]: DEBUG neutron_lib.callbacks.manager [None req-89c430c7-ac09-4ff9-b11c-40145cc6f541 admin admin] Publish callbacks [] for security_group, before_create {{(pid=108755) _notify_loop /usr/local/lib/python3.8/dist-packages/neutron_lib/callbacks/manager.py:175}}
Oct 28 09:50:03.672914 dv-cinder-815712-3-iscsi neutron-server[108755]: INFO neutron.wsgi [req-5fa17d3e-0928-4c63-be03-20fecf12ca3d req-618c83ac-ad41-47b4-af8e-f871623365dd service neutron] 10.222.0.109 "GET /v2.0/networks/b96d6b4c-b03d-43ab-b52a-9987c1b6151d?fields=provider%3Aphysical_network&fields=provider%3Anetwork_type HTTP/1.1" status: 200 len: 281 time: 0.1450319
Oct 28 09:50:03.677525 dv-cinder-815712-3-iscsi neutron-server[108755]: DEBUG neutron.wsgi [-] (108755) accepted ('10.222.0.104', 46882) {{(pid=108755) server /usr/local/lib/python3.8/dist-packages/eventlet/wsgi.py:982}}
Oct 28 09:50:03.726219 dv-cinder-815712-3-iscsi neutron-server[108755]: DEBUG neutron_lib.callbacks.manager [None req-89c430c7-ac09-4ff9-b11c-40145cc6f541 admin admin] Publish callbacks [] for security_group, precommit_create {{(pid=108755) _notify_loop /usr/local/lib/python3.8/dist-packages/neutron_lib/callbacks/manager.py:175}}
Oct 28 09:50:03.793288 dv-cinder-815712-3-iscsi neutron-server[108755]: DEBUG neutron_lib.callbacks.manager [None req-d2dd6bd3-8476-4137-9b7e-6a50282baeb6 admin admin] Publish callbacks [] for security_group, before_create {{(pid=108755) _notify_loop /usr/local/lib/python3.8/dist-packages/neutron_lib/callbacks/manager.py:175}}
Oct 28 09:50:03.812240 dv-cinder-815712-3-iscsi neutron-server[108755]: DEBUG neutron_lib.callbacks.manager [None req-89c430c7-ac09-4ff9-b11c-40145cc6f541 admin admin] Publish callbacks ['neutron.plugins.ml2.ovo_rpc._ObjectChangeHandler.handle_event-2022159'] for security_group, after_create {{(pid=108755) _notify_loop /usr/local/lib/python3.8/dist-packages/neutron_lib/callbacks/manager.py:175}}
Oct 28 09:50:03.858140 dv-cinder-815712-3-iscsi neutron-server[108755]: INFO neutron.wsgi [None req-89c430c7-ac09-4ff9-b11c-40145cc6f541 admin admin] 10.222.0.104 "GET /v2.0/security-groups?tenant_id=9dafb6c021df44b8ab00a02e7c83c8af&name=default HTTP/1.1" status: 200 len: 2979 time: 0.6391747
Oct 28 09:50:03.861021 dv-cinder-815712-3-iscsi neutron-server[108756]: DEBUG neutron.wsgi [-] (108756) accepted ('10.222.0.104', 46886) {{(pid=108756) server /usr/local/lib/python3.8/dist-packages/eventlet/wsgi.py:982}}
Oct 28 09:50:03.867264 dv-cinder-815712-3-iscsi neutron-server[108755]: DEBUG neutron.api.rpc.handlers.resources_rpc [None req-89c430c7-ac09-4ff9-b11c-40145cc6f541 admin admin] Pushing event updated for resources: {'SecurityGroup': ['ID=3f94a863-a347-4bf1-8836-453ba69a40f7,revision_number=1']} {{(pid=108755) push /opt/stack/neutron/neutron/api/rpc/handlers/resources_rpc.py:237}}
Oct 28 09:50:03.911615 dv-cinder-815712-3-iscsi neutron-server[108755]: DEBUG neutron_lib.callbacks.manager [None req-d2dd6bd3-8476-4137-9b7e-6a50282baeb6 admin admin] Publish callbacks [] for security_group, precommit_create {{(pid=108755) _notify_loop /usr/local/lib/python3.8/dist-packages/neutron_lib/callbacks/manager.py:175}}
Oct 28 09:50:03.914760 dv-cinder-815712-3-iscsi neutron-server[108756]: DEBUG neutron_lib.callbacks.manager [None req-71a9a022-d085-45c3-8403-1ab106448f8d admin admin] Publish callbacks [] for security_group, before_delete {{(pid=108756) _notify_loop /usr/local/lib/python3.8/dist-packages/neutron_lib/callbacks/manager.py:175}}
Oct 28 09:50:03.936341 dv-cinder-815712-3-iscsi neutron-server[108756]: DEBUG neutron_lib.callbacks.manager [None req-71a9a022-d085-45c3-8403-1ab106448f8d admin admin] Publish callbacks [] for security_group, precommit_delete {{(pid=108756) _notify_loop /usr/local/lib/python3.8/dist-packages/neutron_lib/callbacks/manager.py:175}}
Oct 28 09:50:04.023420 dv-cinder-815712-3-iscsi neutron-server[108755]: DEBUG neutron_lib.callbacks.manager [None req-d2dd6bd3-8476-4137-9b7e-6a50282baeb6 admin admin] Publish callbacks ['neutron.plugins.ml2.ovo_rpc._ObjectChangeHandler.handle_event-2022159'] for security_group, after_create {{(pid=108755) _notify_loop /usr/local/lib/python3.8/dist-packages/neutron_lib/callbacks/manager.py:175}}
Oct 28 09:50:04.028524 dv-cinder-815712-3-iscsi neutron-server[108757]: DEBUG neutron.plugins.ml2.rpc [None req-77f37a93-f760-4c88-b2d8-39b76fe66b26 None None] Device 2727ba0b-5ab2-4e16-98f8-42105ba1b2ba details requested by agent hyperv_hv-cinder-81571 with host hv-cinder-81571 {{(pid=108757) get_device_details /opt/stack/neutron/neutron/plugins/ml2/rpc.py:102}}
Oct 28 09:50:04.063718 dv-cinder-815712-3-iscsi neutron-server[108755]: DEBUG neutron.api.rpc.handlers.resources_rpc [None req-d2dd6bd3-8476-4137-9b7e-6a50282baeb6 admin admin] Pushing event updated for resources: {'SecurityGroup': ['ID=233c1b3c-6b0f-4cea-8d0f-ff071943acac,revision_number=1']} {{(pid=108755) push /opt/stack/neutron/neutron/api/rpc/handlers/resources_rpc.py:237}}
Oct 28 09:50:04.068289 dv-cinder-815712-3-iscsi neutron-server[108756]: DEBUG neutron_lib.callbacks.manager [None req-71a9a022-d085-45c3-8403-1ab106448f8d admin admin] Publish callbacks ['neutron.plugins.ml2.ovo_rpc._ObjectChangeHandler.handle_event-2022159'] for security_group, after_delete {{(pid=108756) _notify_loop /usr/local/lib/python3.8/dist-packages/neutron_lib/callbacks/manager.py:175}}
Oct 28 09:50:04.068980 dv-cinder-815712-3-iscsi neutron-server[108756]: DEBUG neutron_lib.callbacks.manager [None req-71a9a022-d085-45c3-8403-1ab106448f8d admin admin] Publish callbacks [] for security_group, before_response {{(pid=108756) _notify_loop /usr/local/lib/python3.8/dist-packages/neutron_lib/callbacks/manager.py:175}}
Oct 28 09:50:04.075683 dv-cinder-815712-3-iscsi neutron-server[108756]: INFO neutron.wsgi [None req-71a9a022-d085-45c3-8403-1ab106448f8d admin admin] 10.222.0.104 "DELETE /v2.0/security-groups/3f94a863-a347-4bf1-8836-453ba69a40f7 HTTP/1.1" status: 204 len: 168 time: 0.2132056
Oct 28 09:50:04.083775 dv-cinder-815712-3-iscsi neutron-server[108755]: INFO neutron.wsgi [None req-d2dd6bd3-8476-4137-9b7e-6a50282baeb6 admin admin] 10.222.0.104 "GET /v2.0/security-groups?tenant_id=9cd20589ffaf41d4a1399fcdd77d57be&name=default HTTP/1.1" status: 200 len: 2979 time: 0.4049473
Oct 28 09:50:04.088154 dv-cinder-815712-3-iscsi neutron-server[108755]: DEBUG neutron.wsgi [-] (108755) accepted ('10.222.0.104', 46894) {{(pid=108755) server /usr/local/lib/python3.8/dist-packages/eventlet/wsgi.py:982}}
Oct 28 09:50:04.126160 dv-cinder-815712-3-iscsi neutron-server[108756]: DEBUG neutron.api.rpc.handlers.resources_rpc [None req-71a9a022-d085-45c3-8403-1ab106448f8d admin admin] Pushing event deleted for resources: {'SecurityGroup': ['ID=3f94a863-a347-4bf1-8836-453ba69a40f7,revision_number=None']} {{(pid=108756) push /opt/stack/neutron/neutron/api/rpc/handlers/resources_rpc.py:237}}
Oct 28 09:50:04.178546 dv-cinder-815712-3-iscsi neutron-server[108755]: DEBUG neutron_lib.callbacks.manager [None req-3b4a5d3f-a4e2-415a-ac34-f99893da50e5 admin admin] Publish callbacks [] for security_group, before_delete {{(pid=108755) _notify_loop /usr/local/lib/python3.8/dist-packages/neutron_lib/callbacks/manager.py:175}}
Oct 28 09:50:04.214012 dv-cinder-815712-3-iscsi neutron-server[108755]: DEBUG neutron_lib.callbacks.manager [None req-3b4a5d3f-a4e2-415a-ac34-f99893da50e5 admin admin] Publish callbacks [] for security_group, precommit_delete {{(pid=108755) _notify_loop /usr/local/lib/python3.8/dist-packages/neutron_lib/callbacks/manager.py:175}}
Oct 28 09:50:04.351536 dv-cinder-815712-3-iscsi neutron-server[108755]: DEBUG neutron.pecan_wsgi.hooks.policy_enforcement [req-86c0e5b4-3436-4503-9d3b-3c36f109b2aa req-a3fe9da5-4110-4f6b-aad1-99e0699b3f80 tempest-ServerRescueNegativeTestJSON-1778616609 tempest-ServerRescueNegativeTestJSON-1778616609-project] Attributes excluded by policy engine: ['standard_attr_id', 'binding:profile', 'binding:host_id', 'binding:vif_type', 'binding:vif_details'] {{(pid=108755) _exclude_attributes_by_policy /opt/stack/neutron/neutron/pecan_wsgi/hooks/policy_enforcement.py:255}}
Oct 28 09:50:04.353343 dv-cinder-815712-3-iscsi neutron-server[108757]: DEBUG neutron.plugins.ml2.db [None req-77f37a93-f760-4c88-b2d8-39b76fe66b26 None None] For port 2727ba0b-5ab2-4e16-98f8-42105ba1b2ba, host hv-cinder-81571, got binding levels [PortBindingLevel(driver='hyperv',host='hv-cinder-81571',level=0,port_id=2727ba0b-5ab2-4e16-98f8-42105ba1b2ba,segment=NetworkSegment(73c4800e-db47-4871-9f39-5831aa069801),segment_id=73c4800e-db47-4871-9f39-5831aa069801)] {{(pid=108757) get_binding_level_objs /opt/stack/neutron/neutron/plugins/ml2/db.py:74}}
Oct 28 09:50:04.354083 dv-cinder-815712-3-iscsi neutron-server[108755]: INFO neutron.wsgi [req-86c0e5b4-3436-4503-9d3b-3c36f109b2aa req-a3fe9da5-4110-4f6b-aad1-99e0699b3f80 tempest-ServerRescueNegativeTestJSON-1778616609 tempest-ServerRescueNegativeTestJSON-1778616609-project] 10.222.0.104 "GET /v2.0/ports?device_id=92c11d42-a056-41fa-a849-4e40e7c6d22e HTTP/1.1" status: 200 len: 944 time: 0.0786600
Oct 28 09:50:04.368264 dv-cinder-815712-3-iscsi neutron-server[108757]: DEBUG neutron.plugins.ml2.rpc [None req-77f37a93-f760-4c88-b2d8-39b76fe66b26 None None] Returning: {'device': '2727ba0b-5ab2-4e16-98f8-42105ba1b2ba', 'network_id': 'b96d6b4c-b03d-43ab-b52a-9987c1b6151d', 'port_id': '2727ba0b-5ab2-4e16-98f8-42105ba1b2ba', 'mac_address': 'fa:16:3e:53:5b:89', 'admin_state_up': True, 'network_type': 'vlan', 'segmentation_id': 159, 'physical_network': 'physnet1', 'mtu': 1500, 'fixed_ips': [{'subnet_id': 'ff32df4d-099a-43a7-a976-31d196b0dd7f', 'ip_address': '172.20.0.11'}], 'device_owner': 'compute:nova', 'allowed_address_pairs': [], 'port_security_enabled': True, 'qos_policy_id': None, 'network_qos_policy_id': None, 'profile': {}, 'propagate_uplink_status': False} {{(pid=108757) _get_device_details /opt/stack/neutron/neutron/plugins/ml2/rpc.py:184}}
Oct 28 09:50:04.379274 dv-cinder-815712-3-iscsi neutron-server[108755]: DEBUG neutron_lib.callbacks.manager [None req-3b4a5d3f-a4e2-415a-ac34-f99893da50e5 admin admin] Publish callbacks ['neutron.plugins.ml2.ovo_rpc._ObjectChangeHandler.handle_event-2022159'] for security_group, after_delete {{(pid=108755) _notify_loop /usr/local/lib/python3.8/dist-packages/neutron_lib/callbacks/manager.py:175}}
Oct 28 09:50:04.382033 dv-cinder-815712-3-iscsi neutron-server[108755]: DEBUG neutron_lib.callbacks.manager [None req-3b4a5d3f-a4e2-415a-ac34-f99893da50e5 admin admin] Publish callbacks [] for security_group, before_response {{(pid=108755) _notify_loop /usr/local/lib/python3.8/dist-packages/neutron_lib/callbacks/manager.py:175}}
Oct 28 09:50:04.386123 dv-cinder-815712-3-iscsi neutron-server[108755]: INFO neutron.wsgi [None req-3b4a5d3f-a4e2-415a-ac34-f99893da50e5 admin admin] 10.222.0.104 "DELETE /v2.0/security-groups/233c1b3c-6b0f-4cea-8d0f-ff071943acac HTTP/1.1" status: 204 len: 168 time: 0.2964382
Oct 28 09:50:04.402828 dv-cinder-815712-3-iscsi neutron-server[108755]: DEBUG neutron.api.rpc.handlers.resources_rpc [None req-3b4a5d3f-a4e2-415a-ac34-f99893da50e5 admin admin] Pushing event deleted for resources: {'SecurityGroup': ['ID=233c1b3c-6b0f-4cea-8d0f-ff071943acac,revision_number=None']} {{(pid=108755) push /opt/stack/neutron/neutron/api/rpc/handlers/resources_rpc.py:237}}
Oct 28 09:50:04.411629 dv-cinder-815712-3-iscsi neutron-server[108757]: DEBUG neutron_lib.callbacks.manager [None req-77f37a93-f760-4c88-b2d8-39b76fe66b26 None None] Publish callbacks ['neutron.plugins.ml2.plugin.SecurityGroupDbMixin._ensure_default_security_group_handler-550848'] for port, before_update {{(pid=108757) _notify_loop /usr/local/lib/python3.8/dist-packages/neutron_lib/callbacks/manager.py:175}}
Oct 28 09:50:04.422380 dv-cinder-815712-3-iscsi neutron-server[108755]: INFO neutron.wsgi [req-86c0e5b4-3436-4503-9d3b-3c36f109b2aa req-281625ad-5f0e-4d2d-abae-39cf17c18d4d tempest-ServerRescueNegativeTestJSON-1778616609 tempest-ServerRescueNegativeTestJSON-1778616609-project] 10.222.0.104 "GET /v2.0/security-groups?id=3535e4f2-c7f2-436f-83a2-cc9062d3e30d&fields=id&fields=name HTTP/1.1" status: 200 len: 286 time: 0.0607445
Oct 28 09:50:04.438504 dv-cinder-815712-3-iscsi neutron-server[108757]: DEBUG neutron.notifiers.nova [None req-77f37a93-f760-4c88-b2d8-39b76fe66b26 None None] Ignoring state change previous_port_status: DOWN current_port_status: BUILD port_id 2727ba0b-5ab2-4e16-98f8-42105ba1b2ba {{(pid=108757) record_port_status_changed /opt/stack/neutron/neutron/notifiers/nova.py:224}}
Oct 28 09:50:04.499647 dv-cinder-815712-3-iscsi neutron-server[108757]: DEBUG neutron.plugins.ml2.db [None req-77f37a93-f760-4c88-b2d8-39b76fe66b26 None None] For port 2727ba0b-5ab2-4e16-98f8-42105ba1b2ba, host hv-cinder-81571, got binding levels [PortBindingLevel(driver='hyperv',host='hv-cinder-81571',level=0,port_id=2727ba0b-5ab2-4e16-98f8-42105ba1b2ba,segment=NetworkSegment(73c4800e-db47-4871-9f39-5831aa069801),segment_id=73c4800e-db47-4871-9f39-5831aa069801)] {{(pid=108757) get_binding_level_objs /opt/stack/neutron/neutron/plugins/ml2/db.py:74}}
Oct 28 09:50:04.576142 dv-cinder-815712-3-iscsi neutron-server[108757]: DEBUG neutron_lib.callbacks.manager [None req-77f37a93-f760-4c88-b2d8-39b76fe66b26 None None] Publish callbacks ['neutron.plugins.ml2.plugin.SecurityGroupServerNotifierRpcMixin._notify_sg_on_port_change-550828', 'neutron.plugins.ml2.ovo_rpc._ObjectChangeHandler.handle_event-59560', 'neutron.api.rpc.agentnotifiers.dhcp_rpc_agent_api.DhcpAgentNotifyAPI._native_event_send_dhcp_notification-1677441', 'neutron.db.l3_db.L3RpcNotifierMixin._notify_gateway_port_ip_changed-8741419491566', 'neutron.db.l3_dvrscheduler_db._notify_l3_agent_port_update-8741418993529', 'neutron.db.l3_hascheduler_db._notify_l3_agent_ha_port_update-8741418993547'] for port, after_update {{(pid=108757) _notify_loop /usr/local/lib/python3.8/dist-packages/neutron_lib/callbacks/manager.py:175}}
Oct 28 09:50:04.671400 dv-cinder-815712-3-iscsi neutron-server[108757]: DEBUG neutron.api.rpc.handlers.resources_rpc [None req-77f37a93-f760-4c88-b2d8-39b76fe66b26 None None] Pushing event updated for resources: {'Port': ['ID=2727ba0b-5ab2-4e16-98f8-42105ba1b2ba,revision_number=4']} {{(pid=108757) push /opt/stack/neutron/neutron/api/rpc/handlers/resources_rpc.py:237}}
Oct 28 09:50:04.859991 dv-cinder-815712-3-iscsi neutron-server[108757]: DEBUG neutron.plugins.ml2.db [None req-77f37a93-f760-4c88-b2d8-39b76fe66b26 None None] get_ports_and_sgs() called for port_ids ['2727ba0b-5ab2-4e16-98f8-42105ba1b2ba'] {{(pid=108757) get_ports_and_sgs /opt/stack/neutron/neutron/plugins/ml2/db.py:156}}
Oct 28 09:50:05.185517 dv-cinder-815712-3-iscsi neutron-server[108755]: DEBUG neutron.wsgi [-] (108755) accepted ('10.222.0.104', 46930) {{(pid=108755) server /usr/local/lib/python3.8/dist-packages/eventlet/wsgi.py:982}}
Oct 28 09:50:05.199231 dv-cinder-815712-3-iscsi neutron-server[108755]: DEBUG neutron_lib.callbacks.manager [None req-70247a00-9149-4f25-a5a9-02e06c05d98e admin admin] Publish callbacks [] for security_group, before_create {{(pid=108755) _notify_loop /usr/local/lib/python3.8/dist-packages/neutron_lib/callbacks/manager.py:175}}
Oct 28 09:50:05.331841 dv-cinder-815712-3-iscsi neutron-server[108755]: DEBUG neutron_lib.callbacks.manager [None req-70247a00-9149-4f25-a5a9-02e06c05d98e admin admin] Publish callbacks [] for security_group, precommit_create {{(pid=108755) _notify_loop /usr/local/lib/python3.8/dist-packages/neutron_lib/callbacks/manager.py:175}}
Oct 28 09:50:05.452001 dv-cinder-815712-3-iscsi neutron-server[108755]: DEBUG neutron_lib.callbacks.manager [None req-70247a00-9149-4f25-a5a9-02e06c05d98e admin admin] Publish callbacks ['neutron.plugins.ml2.ovo_rpc._ObjectChangeHandler.handle_event-2022159'] for security_group, after_create {{(pid=108755) _notify_loop /usr/local/lib/python3.8/dist-packages/neutron_lib/callbacks/manager.py:175}}
Oct 28 09:50:05.495669 dv-cinder-815712-3-iscsi neutron-server[108755]: INFO neutron.wsgi [None req-70247a00-9149-4f25-a5a9-02e06c05d98e admin admin] 10.222.0.104 "GET /v2.0/security-groups?tenant_id=ce8da9cf2bf64ffaab6ef2af031a6719&name=default HTTP/1.1" status: 200 len: 2979 time: 0.3085744
Oct 28 09:50:05.497966 dv-cinder-815712-3-iscsi neutron-server[108756]: DEBUG neutron.wsgi [-] (108756) accepted ('10.222.0.104', 46946) {{(pid=108756) server /usr/local/lib/python3.8/dist-packages/eventlet/wsgi.py:982}}
Oct 28 09:50:05.505378 dv-cinder-815712-3-iscsi neutron-server[108755]: DEBUG neutron.api.rpc.handlers.resources_rpc [None req-70247a00-9149-4f25-a5a9-02e06c05d98e admin admin] Pushing event updated for resources: {'SecurityGroup': ['ID=3d1f522a-8e66-4b5e-bb97-407d0a62898d,revision_number=1']} {{(pid=108755) push /opt/stack/neutron/neutron/api/rpc/handlers/resources_rpc.py:237}}
Oct 28 09:50:05.583938 dv-cinder-815712-3-iscsi neutron-server[108756]: DEBUG neutron_lib.callbacks.manager [None req-d0ee5262-5d57-42f4-8b8a-f157f4d998e3 admin admin] Publish callbacks [] for security_group, before_delete {{(pid=108756) _notify_loop /usr/local/lib/python3.8/dist-packages/neutron_lib/callbacks/manager.py:175}}
Oct 28 09:50:05.607476 dv-cinder-815712-3-iscsi neutron-server[108756]: DEBUG neutron_lib.callbacks.manager [None req-d0ee5262-5d57-42f4-8b8a-f157f4d998e3 admin admin] Publish callbacks [] for security_group, precommit_delete {{(pid=108756) _notify_loop /usr/local/lib/python3.8/dist-packages/neutron_lib/callbacks/manager.py:175}}
Oct 28 09:50:05.648904 dv-cinder-815712-3-iscsi neutron-server[108755]: DEBUG neutron.pecan_wsgi.hooks.policy_enforcement [req-c4e41462-3c5d-4992-aa93-e38427f9f744 req-5839b0cb-c2a4-41c5-a4c4-76f1029ddffe tempest-ServerRescueNegativeTestJSON-1778616609 tempest-ServerRescueNegativeTestJSON-1778616609-project] Attributes excluded by policy engine: ['standard_attr_id', 'binding:profile', 'binding:host_id', 'binding:vif_type', 'binding:vif_details'] {{(pid=108755) _exclude_attributes_by_policy /opt/stack/neutron/neutron/pecan_wsgi/hooks/policy_enforcement.py:255}}
Oct 28 09:50:05.650830 dv-cinder-815712-3-iscsi neutron-server[108755]: INFO neutron.wsgi [req-c4e41462-3c5d-4992-aa93-e38427f9f744 req-5839b0cb-c2a4-41c5-a4c4-76f1029ddffe tempest-ServerRescueNegativeTestJSON-1778616609 tempest-ServerRescueNegativeTestJSON-1778616609-project] 10.222.0.104 "GET /v2.0/ports?device_id=92c11d42-a056-41fa-a849-4e40e7c6d22e HTTP/1.1" status: 200 len: 944 time: 0.0926473
Oct 28 09:50:05.692160 dv-cinder-815712-3-iscsi neutron-server[108755]: INFO neutron.wsgi [req-c4e41462-3c5d-4992-aa93-e38427f9f744 req-42d51448-54e3-4b18-bbaa-7f2a2db96593 tempest-ServerRescueNegativeTestJSON-1778616609 tempest-ServerRescueNegativeTestJSON-1778616609-project] 10.222.0.104 "GET /v2.0/security-groups?id=3535e4f2-c7f2-436f-83a2-cc9062d3e30d&fields=id&fields=name HTTP/1.1" status: 200 len: 286 time: 0.0343497
Oct 28 09:50:05.781773 dv-cinder-815712-3-iscsi neutron-server[108756]: DEBUG neutron_lib.callbacks.manager [None req-d0ee5262-5d57-42f4-8b8a-f157f4d998e3 admin admin] Publish callbacks ['neutron.plugins.ml2.ovo_rpc._ObjectChangeHandler.handle_event-2022159'] for security_group, after_delete {{(pid=108756) _notify_loop /usr/local/lib/python3.8/dist-packages/neutron_lib/callbacks/manager.py:175}}
Oct 28 09:50:05.795280 dv-cinder-815712-3-iscsi neutron-server[108756]: DEBUG neutron_lib.callbacks.manager [None req-d0ee5262-5d57-42f4-8b8a-f157f4d998e3 admin admin] Publish callbacks [] for security_group, before_response {{(pid=108756) _notify_loop /usr/local/lib/python3.8/dist-packages/neutron_lib/callbacks/manager.py:175}}
Oct 28 09:50:05.796997 dv-cinder-815712-3-iscsi neutron-server[108756]: INFO neutron.wsgi [None req-d0ee5262-5d57-42f4-8b8a-f157f4d998e3 admin admin] 10.222.0.104 "DELETE /v2.0/security-groups/3d1f522a-8e66-4b5e-bb97-407d0a62898d HTTP/1.1" status: 204 len: 168 time: 0.2979848
Oct 28 09:50:05.827633 dv-cinder-815712-3-iscsi neutron-server[108756]: DEBUG neutron.api.rpc.handlers.resources_rpc [None req-d0ee5262-5d57-42f4-8b8a-f157f4d998e3 admin admin] Pushing event deleted for resources: {'SecurityGroup': ['ID=3d1f522a-8e66-4b5e-bb97-407d0a62898d,revision_number=None']} {{(pid=108756) push /opt/stack/neutron/neutron/api/rpc/handlers/resources_rpc.py:237}}
Oct 28 09:50:06.057732 dv-cinder-815712-3-iscsi neutron-server[108757]: DEBUG neutron.plugins.ml2.rpc [None req-77f37a93-f760-4c88-b2d8-39b76fe66b26 None None] Device 57d63798-5c66-4f30-9d4a-de7a6ff1392d details requested by agent hyperv_hv-cinder-81571 with host hv-cinder-81571 {{(pid=108757) get_device_details /opt/stack/neutron/neutron/plugins/ml2/rpc.py:102}}
Oct 28 09:50:06.063001 dv-cinder-815712-3-iscsi neutron-server[108757]: DEBUG neutron.plugins.ml2.rpc [None req-77f37a93-f760-4c88-b2d8-39b76fe66b26 None None] Device 2727ba0b-5ab2-4e16-98f8-42105ba1b2ba up at agent hyperv_hv-cinder-81571 {{(pid=108757) update_device_up /opt/stack/neutron/neutron/plugins/ml2/rpc.py:296}}
Oct 28 09:50:06.213220 dv-cinder-815712-3-iscsi neutron-server[108757]: DEBUG neutron.plugins.ml2.db [None req-77f37a93-f760-4c88-b2d8-39b76fe66b26 None None] For port 57d63798-5c66-4f30-9d4a-de7a6ff1392d, host hv-cinder-81571, got binding levels [PortBindingLevel(driver='hyperv',host='hv-cinder-81571',level=0,port_id=57d63798-5c66-4f30-9d4a-de7a6ff1392d,segment=NetworkSegment(73c4800e-db47-4871-9f39-5831aa069801),segment_id=73c4800e-db47-4871-9f39-5831aa069801)] {{(pid=108757) get_binding_level_objs /opt/stack/neutron/neutron/plugins/ml2/db.py:74}}
Oct 28 09:50:06.227298 dv-cinder-815712-3-iscsi neutron-server[108757]: DEBUG neutron.plugins.ml2.rpc [None req-77f37a93-f760-4c88-b2d8-39b76fe66b26 None None] Returning: {'device': '57d63798-5c66-4f30-9d4a-de7a6ff1392d', 'network_id': 'b96d6b4c-b03d-43ab-b52a-9987c1b6151d', 'port_id': '57d63798-5c66-4f30-9d4a-de7a6ff1392d', 'mac_address': 'fa:16:3e:c4:fe:66', 'admin_state_up': True, 'network_type': 'vlan', 'segmentation_id': 159, 'physical_network': 'physnet1', 'mtu': 1500, 'fixed_ips': [{'subnet_id': 'ff32df4d-099a-43a7-a976-31d196b0dd7f', 'ip_address': '172.20.0.12'}], 'device_owner': 'compute:nova', 'allowed_address_pairs': [], 'port_security_enabled': True, 'qos_policy_id': None, 'network_qos_policy_id': None, 'profile': {}, 'propagate_uplink_status': False} {{(pid=108757) _get_device_details /opt/stack/neutron/neutron/plugins/ml2/rpc.py:184}}
Oct 28 09:50:06.265676 dv-cinder-815712-3-iscsi neutron-server[108757]: DEBUG neutron.db.provisioning_blocks [None req-77f37a93-f760-4c88-b2d8-39b76fe66b26 None None] Provisioning for port 2727ba0b-5ab2-4e16-98f8-42105ba1b2ba completed by entity L2. {{(pid=108757) provisioning_complete /opt/stack/neutron/neutron/db/provisioning_blocks.py:133}}
Oct 28 09:50:06.276014 dv-cinder-815712-3-iscsi neutron-server[108757]: DEBUG neutron.db.provisioning_blocks [None req-77f37a93-f760-4c88-b2d8-39b76fe66b26 None None] Provisioning complete for port 2727ba0b-5ab2-4e16-98f8-42105ba1b2ba triggered by entity L2. {{(pid=108757) provisioning_complete /opt/stack/neutron/neutron/db/provisioning_blocks.py:139}}
Oct 28 09:50:06.276566 dv-cinder-815712-3-iscsi neutron-server[108757]: DEBUG neutron_lib.callbacks.manager [None req-77f37a93-f760-4c88-b2d8-39b76fe66b26 None None] Publish callbacks ['neutron.plugins.ml2.plugin.Ml2Plugin._port_provisioned-1006960'] for port, provisioning_complete {{(pid=108757) _notify_loop /usr/local/lib/python3.8/dist-packages/neutron_lib/callbacks/manager.py:175}}
Oct 28 09:50:06.286569 dv-cinder-815712-3-iscsi neutron-server[108755]: DEBUG neutron.wsgi [-] (108755) accepted ('10.222.0.104', 47020) {{(pid=108755) server /usr/local/lib/python3.8/dist-packages/eventlet/wsgi.py:982}}
Oct 28 09:50:06.307151 dv-cinder-815712-3-iscsi neutron-server[108757]: DEBUG neutron_lib.callbacks.manager [None req-77f37a93-f760-4c88-b2d8-39b76fe66b26 None None] Publish callbacks ['neutron.plugins.ml2.plugin.SecurityGroupDbMixin._ensure_default_security_group_handler-550848'] for port, before_update {{(pid=108757) _notify_loop /usr/local/lib/python3.8/dist-packages/neutron_lib/callbacks/manager.py:175}}
Oct 28 09:50:06.335024 dv-cinder-815712-3-iscsi neutron-server[108757]: DEBUG neutron.notifiers.nova [None req-77f37a93-f760-4c88-b2d8-39b76fe66b26 None None] Ignoring state change previous_port_status: DOWN current_port_status: BUILD port_id 57d63798-5c66-4f30-9d4a-de7a6ff1392d {{(pid=108757) record_port_status_changed /opt/stack/neutron/neutron/notifiers/nova.py:224}}
Oct 28 09:50:06.368609 dv-cinder-815712-3-iscsi neutron-server[108757]: DEBUG neutron.plugins.ml2.db [None req-77f37a93-f760-4c88-b2d8-39b76fe66b26 None None] For port 57d63798-5c66-4f30-9d4a-de7a6ff1392d, host hv-cinder-81571, got binding levels [PortBindingLevel(driver='hyperv',host='hv-cinder-81571',level=0,port_id=57d63798-5c66-4f30-9d4a-de7a6ff1392d,segment=NetworkSegment(73c4800e-db47-4871-9f39-5831aa069801),segment_id=73c4800e-db47-4871-9f39-5831aa069801)] {{(pid=108757) get_binding_level_objs /opt/stack/neutron/neutron/plugins/ml2/db.py:74}}
Oct 28 09:50:06.413005 dv-cinder-815712-3-iscsi neutron-server[108757]: DEBUG neutron_lib.callbacks.manager [None req-77f37a93-f760-4c88-b2d8-39b76fe66b26 None None] Publish callbacks ['neutron.plugins.ml2.plugin.SecurityGroupDbMixin._ensure_default_security_group_handler-550848'] for port, before_update {{(pid=108757) _notify_loop /usr/local/lib/python3.8/dist-packages/neutron_lib/callbacks/manager.py:175}}
Oct 28 09:50:06.436572 dv-cinder-815712-3-iscsi neutron-server[108755]: DEBUG neutron.api.v2.base [None req-a2d2eb69-9c0a-4283-8a7c-20d5def42d65 admin admin] Request body: {'network': {'name': 'tempest-TestShelveInstance-1123721118-network', 'tenant_id': '8171734427fe4b4bb14d52d4d336a76b'}} {{(pid=108755) prepare_request_body /opt/stack/neutron/neutron/api/v2/base.py:729}}
Oct 28 09:50:06.437759 dv-cinder-815712-3-iscsi neutron-server[108757]: DEBUG neutron.notifiers.nova [-] Sending events: [{'server_uuid': '1a9b7bca-6189-4a5d-a9cb-ea0af980d95f', 'name': 'network-vif-plugged', 'status': 'completed', 'tag': '2727ba0b-5ab2-4e16-98f8-42105ba1b2ba'}] {{(pid=108757) send_events /opt/stack/neutron/neutron/notifiers/nova.py:262}}
Oct 28 09:50:06.440418 dv-cinder-815712-3-iscsi neutron-server[108757]: DEBUG novaclient.v2.client [-] REQ: curl -g -i --cacert "/opt/stack/data/ca-bundle.pem" -X POST http://10.222.0.104/compute/v2.1/os-server-external-events -H "Accept: application/json" -H "Content-Type: application/json" -H "User-Agent: python-novaclient" -H "X-Auth-Token: {SHA256}442235c2a7a3d1263a83e647668c59546dd1123e2efff5b4377214f4202b97f7" -H "X-OpenStack-Nova-API-Version: 2.1" -H "X-OpenStack-Request-ID: req-022f7f06-667b-40b2-b213-39d843155d99" -d '{"events": [{"server_uuid": "1a9b7bca-6189-4a5d-a9cb-ea0af980d95f", "name": "network-vif-plugged", "status": "completed", "tag": "2727ba0b-5ab2-4e16-98f8-42105ba1b2ba"}]}' {{(pid=108757) _http_log_request /usr/local/lib/python3.8/dist-packages/keystoneauth1/session.py:519}}
Oct 28 09:50:06.458431 dv-cinder-815712-3-iscsi neutron-server[108757]: DEBUG neutron.plugins.ml2.db [None req-77f37a93-f760-4c88-b2d8-39b76fe66b26 None None] For port 2727ba0b-5ab2-4e16-98f8-42105ba1b2ba, host hv-cinder-81571, got binding levels [PortBindingLevel(driver='hyperv',host='hv-cinder-81571',level=0,port_id=2727ba0b-5ab2-4e16-98f8-42105ba1b2ba,segment=NetworkSegment(73c4800e-db47-4871-9f39-5831aa069801),segment_id=73c4800e-db47-4871-9f39-5831aa069801)] {{(pid=108757) get_binding_level_objs /opt/stack/neutron/neutron/plugins/ml2/db.py:74}}
Oct 28 09:50:06.485535 dv-cinder-815712-3-iscsi neutron-server[108757]: DEBUG novaclient.v2.client [-] RESP: [200] Connection: close Content-Length: 183 Content-Type: application/json Date: Thu, 28 Oct 2021 09:50:06 GMT OpenStack-API-Version: compute 2.1 Server: Apache/2.4.41 (Ubuntu) Vary: OpenStack-API-Version,X-OpenStack-Nova-API-Version X-OpenStack-Nova-API-Version: 2.1 x-compute-request-id: req-94ad8e3d-9c3b-430b-ac04-2032c3cb3374 x-openstack-request-id: req-94ad8e3d-9c3b-430b-ac04-2032c3cb3374 {{(pid=108757) _http_log_response /usr/local/lib/python3.8/dist-packages/keystoneauth1/session.py:550}}
Oct 28 09:50:06.485969 dv-cinder-815712-3-iscsi neutron-server[108757]: DEBUG novaclient.v2.client [-] RESP BODY: {"events": [{"server_uuid": "1a9b7bca-6189-4a5d-a9cb-ea0af980d95f", "name": "network-vif-plugged", "status": "completed", "tag": "2727ba0b-5ab2-4e16-98f8-42105ba1b2ba", "code": 200}]} {{(pid=108757) _http_log_response /usr/local/lib/python3.8/dist-packages/keystoneauth1/session.py:582}}
Oct 28 09:50:06.486245 dv-cinder-815712-3-iscsi neutron-server[108757]: DEBUG novaclient.v2.client [-] POST call to compute for http://10.222.0.104/compute/v2.1/os-server-external-events used request id req-94ad8e3d-9c3b-430b-ac04-2032c3cb3374 {{(pid=108757) request /usr/local/lib/python3.8/dist-packages/keystoneauth1/session.py:954}}
Oct 28 09:50:06.486636 dv-cinder-815712-3-iscsi neutron-server[108757]: INFO neutron.notifiers.nova [-] Nova event response: {'server_uuid': '1a9b7bca-6189-4a5d-a9cb-ea0af980d95f', 'name': 'network-vif-plugged', 'status': 'completed', 'tag': '2727ba0b-5ab2-4e16-98f8-42105ba1b2ba', 'code': 200}
Oct 28 09:50:06.497968 dv-cinder-815712-3-iscsi neutron-server[108757]: DEBUG neutron_lib.callbacks.manager [None req-77f37a93-f760-4c88-b2d8-39b76fe66b26 None None] Publish callbacks ['neutron.plugins.ml2.plugin.SecurityGroupServerNotifierRpcMixin._notify_sg_on_port_change-550828', 'neutron.plugins.ml2.ovo_rpc._ObjectChangeHandler.handle_event-59560', 'neutron.api.rpc.agentnotifiers.dhcp_rpc_agent_api.DhcpAgentNotifyAPI._native_event_send_dhcp_notification-1677441', 'neutron.db.l3_db.L3RpcNotifierMixin._notify_gateway_port_ip_changed-8741419491566', 'neutron.db.l3_dvrscheduler_db._notify_l3_agent_port_update-8741418993529', 'neutron.db.l3_hascheduler_db._notify_l3_agent_ha_port_update-8741418993547'] for port, after_update {{(pid=108757) _notify_loop /usr/local/lib/python3.8/dist-packages/neutron_lib/callbacks/manager.py:175}}
Oct 28 09:50:06.555078 dv-cinder-815712-3-iscsi neutron-server[108757]: DEBUG neutron.api.rpc.handlers.resources_rpc [None req-77f37a93-f760-4c88-b2d8-39b76fe66b26 None None] Pushing event updated for resources: {'Port': ['ID=57d63798-5c66-4f30-9d4a-de7a6ff1392d,revision_number=4']} {{(pid=108757) push /opt/stack/neutron/neutron/api/rpc/handlers/resources_rpc.py:237}}
Oct 28 09:50:06.568523 dv-cinder-815712-3-iscsi neutron-server[108755]: DEBUG neutron.pecan_wsgi.hooks.quota_enforcement [None req-a2d2eb69-9c0a-4283-8a7c-20d5def42d65 admin admin] Made reservation on behalf of 8171734427fe4b4bb14d52d4d336a76b for: {'network': 1} {{(pid=108755) before /opt/stack/neutron/neutron/pecan_wsgi/hooks/quota_enforcement.py:53}}
