Oct 28 09:39:16.767896 dv-cinder-815712-3-iscsi devstack@n-api.service[108062]: DEBUG oslo_db.sqlalchemy.engines [None req-9831c0bf-3eef-403a-b86d-d15bbad7d63e None None] MySQL server mode set to STRICT_TRANS_TABLES,STRICT_ALL_TABLES,NO_ZERO_IN_DATE,NO_ZERO_DATE,ERROR_FOR_DIVISION_BY_ZERO,TRADITIONAL,NO_ENGINE_SUBSTITUTION {{(pid=108062) _check_effective_sql_mode /usr/local/lib/python3.8/dist-packages/oslo_db/sqlalchemy/engines.py:314}}
Oct 28 09:39:16.771661 dv-cinder-815712-3-iscsi devstack@n-api.service[108063]: DEBUG oslo_db.sqlalchemy.engines [None req-9342121f-133d-4f6e-be24-6f3384a7176c None None] MySQL server mode set to STRICT_TRANS_TABLES,STRICT_ALL_TABLES,NO_ZERO_IN_DATE,NO_ZERO_DATE,ERROR_FOR_DIVISION_BY_ZERO,TRADITIONAL,NO_ENGINE_SUBSTITUTION {{(pid=108063) _check_effective_sql_mode /usr/local/lib/python3.8/dist-packages/oslo_db/sqlalchemy/engines.py:314}}
Oct 28 09:39:17.216747 dv-cinder-815712-3-iscsi devstack@n-api.service[108062]: WARNING keystonemiddleware.auth_token [None req-9831c0bf-3eef-403a-b86d-d15bbad7d63e None None] AuthToken middleware is set with keystone_authtoken.service_token_roles_required set to False. This is backwards compatible but deprecated behaviour. Please set this to True.
Oct 28 09:39:17.223360 dv-cinder-815712-3-iscsi devstack@n-api.service[108062]: WARNING keystonemiddleware.auth_token [None req-9831c0bf-3eef-403a-b86d-d15bbad7d63e None None] Configuring www_authenticate_uri to point to the public identity endpoint is required; clients may not be able to authenticate against an admin endpoint
Oct 28 09:39:17.302808 dv-cinder-815712-3-iscsi devstack@n-api.service[108063]: WARNING keystonemiddleware.auth_token [None req-9342121f-133d-4f6e-be24-6f3384a7176c None None] AuthToken middleware is set with keystone_authtoken.service_token_roles_required set to False. This is backwards compatible but deprecated behaviour. Please set this to True.
Oct 28 09:39:17.309402 dv-cinder-815712-3-iscsi devstack@n-api.service[108063]: WARNING keystonemiddleware.auth_token [None req-9342121f-133d-4f6e-be24-6f3384a7176c None None] Configuring www_authenticate_uri to point to the public identity endpoint is required; clients may not be able to authenticate against an admin endpoint
Oct 28 09:39:17.595305 dv-cinder-815712-3-iscsi devstack@n-api.service[108062]: WARNING keystonemiddleware.auth_token [None req-9831c0bf-3eef-403a-b86d-d15bbad7d63e None None] AuthToken middleware is set with keystone_authtoken.service_token_roles_required set to False. This is backwards compatible but deprecated behaviour. Please set this to True.
Oct 28 09:39:17.600751 dv-cinder-815712-3-iscsi devstack@n-api.service[108062]: WARNING keystonemiddleware.auth_token [None req-9831c0bf-3eef-403a-b86d-d15bbad7d63e None None] Configuring www_authenticate_uri to point to the public identity endpoint is required; clients may not be able to authenticate against an admin endpoint
Oct 28 09:39:17.607334 dv-cinder-815712-3-iscsi devstack@n-api.service[108062]: WSGI app 0 (mountpoint='') ready in 6 seconds on interpreter 0x5638f1f259c0 pid: 108062 (default app)
Oct 28 09:39:17.609497 dv-cinder-815712-3-iscsi devstack@n-api.service[108062]: DEBUG nova.api.openstack.wsgi [None req-9831c0bf-3eef-403a-b86d-d15bbad7d63e None None] Calling method '>' {{(pid=108062) _process_stack /opt/stack/nova/nova/api/openstack/wsgi.py:513}}
Oct 28 09:39:17.610685 dv-cinder-815712-3-iscsi devstack@n-api.service[108062]: INFO nova.api.openstack.requestlog [None req-9831c0bf-3eef-403a-b86d-d15bbad7d63e None None] 10.222.0.104 "GET /compute/v2.1/" status: 200 len: 389 microversion: 2.1 time: 0.001800
Oct 28 09:39:17.611092 dv-cinder-815712-3-iscsi devstack@n-api.service[108062]: [pid: 108062|app: 0|req: 1/1] 10.222.0.104 () {50 vars in 793 bytes} [Thu Oct 28 09:39:17 2021] GET /compute/v2.1/ => generated 389 bytes in 3 msecs (HTTP/1.1 200) 9 headers in 357 bytes (1 switches on core 0)
Oct 28 09:39:17.663107 dv-cinder-815712-3-iscsi devstack@n-api.service[108063]: WARNING keystonemiddleware.auth_token [None req-9342121f-133d-4f6e-be24-6f3384a7176c None None] AuthToken middleware is set with keystone_authtoken.service_token_roles_required set to False. This is backwards compatible but deprecated behaviour. Please set this to True.
Oct 28 09:39:17.669304 dv-cinder-815712-3-iscsi devstack@n-api.service[108063]: WARNING keystonemiddleware.auth_token [None req-9342121f-133d-4f6e-be24-6f3384a7176c None None] Configuring www_authenticate_uri to point to the public identity endpoint is required; clients may not be able to authenticate against an admin endpoint
Oct 28 09:39:17.675803 dv-cinder-815712-3-iscsi devstack@n-api.service[108063]: WSGI app 0 (mountpoint='') ready in 6 seconds on interpreter 0x5638f1f259c0 pid: 108063 (default app)
Oct 28 09:40:49.549030 dv-cinder-815712-3-iscsi devstack@n-api.service[108062]: DEBUG nova.api.openstack.wsgi [None req-9831c0bf-3eef-403a-b86d-d15bbad7d63e None None] Calling method '>' {{(pid=108062) _process_stack /opt/stack/nova/nova/api/openstack/wsgi.py:513}}
Oct 28 09:40:49.550720 dv-cinder-815712-3-iscsi devstack@n-api.service[108062]: INFO nova.api.openstack.requestlog [None req-9831c0bf-3eef-403a-b86d-d15bbad7d63e None None] 10.222.0.104 "GET /compute/v2.1" status: 200 len: 389 microversion: 2.1 time: 0.002156
Oct 28 09:40:49.557124 dv-cinder-815712-3-iscsi devstack@n-api.service[108062]: [pid: 108062|app: 0|req: 2/2] 10.222.0.104 () {54 vars in 935 bytes} [Thu Oct 28 09:40:49 2021] GET /compute/v2.1 => generated 389 bytes in 9 msecs (HTTP/1.1 200) 9 headers in 357 bytes (1 switches on core 0)
Oct 28 09:40:50.141265 dv-cinder-815712-3-iscsi devstack@n-api.service[108063]: DEBUG nova.api.openstack.wsgi [None req-68a29648-6915-4654-b1ec-5ef9083ab035 admin admin] Calling method '>' {{(pid=108063) _process_stack /opt/stack/nova/nova/api/openstack/wsgi.py:513}}
Oct 28 09:40:50.199588 dv-cinder-815712-3-iscsi devstack@n-api.service[108063]: INFO nova.api.openstack.requestlog [None req-68a29648-6915-4654-b1ec-5ef9083ab035 admin admin] 10.222.0.104 "GET /compute/v2.1/flavors/detail?is_public=True" status: 200 len: 15 microversion: 2.61 time: 0.638515
Oct 28 09:40:50.200583 dv-cinder-815712-3-iscsi devstack@n-api.service[108063]: [pid: 108063|app: 0|req: 1/3] 10.222.0.104 () {60 vars in 1296 bytes} [Thu Oct 28 09:40:49 2021] GET /compute/v2.1/flavors/detail?is_public=True => generated 15 bytes in 642 msecs (HTTP/1.1 200) 9 headers in 358 bytes (1 switches on core 0)
Oct 28 09:40:53.051738 dv-cinder-815712-3-iscsi devstack@n-api.service[108062]: DEBUG nova.api.openstack.wsgi [None req-9831c0bf-3eef-403a-b86d-d15bbad7d63e None None] Calling method '>' {{(pid=108062) _process_stack /opt/stack/nova/nova/api/openstack/wsgi.py:513}}
Oct 28 09:40:53.052627 dv-cinder-815712-3-iscsi devstack@n-api.service[108062]: INFO nova.api.openstack.requestlog [None req-9831c0bf-3eef-403a-b86d-d15bbad7d63e None None] 10.222.0.104 "GET /compute/v2.1" status: 200 len: 389 microversion: 2.1 time: 0.001484
Oct 28 09:40:53.054675 dv-cinder-815712-3-iscsi devstack@n-api.service[108062]: [pid: 108062|app: 0|req: 3/4] 10.222.0.104 () {54 vars in 935 bytes} [Thu Oct 28 09:40:53 2021] GET /compute/v2.1 => generated 389 bytes in 3 msecs (HTTP/1.1 200) 9 headers in 357 bytes (2 switches on core 0)
Oct 28 09:40:53.146620 dv-cinder-815712-3-iscsi devstack@n-api.service[108063]: DEBUG nova.api.openstack.wsgi [None req-c038bed0-d9f2-44fa-9afe-67d070ccd427 admin admin] Action: 'create', calling method: >, body: {"flavor": {"name": "cirros256", "vcpus": 1, "OS-FLV-EXT-DATA:ephemeral": 0, "rxtx_factor": 1.0, "os-flavor-access:is_public": true, "swap": 0, "ram": 256, "id": "c1", "disk": 1}} {{(pid=108063) _process_stack /opt/stack/nova/nova/api/openstack/wsgi.py:511}}
Oct 28 09:40:53.184695 dv-cinder-815712-3-iscsi devstack@n-api.service[108063]: /usr/local/lib/python3.8/dist-packages/oslo_policy/policy.py:1075: UserWarning: Policy os_compute_api:os-flavor-manage:create failed scope check. The token used to make the request was project scoped but the policy requires ['system'] scope. This behavior may change in the future where using the intended scope is required
Oct 28 09:40:53.184695 dv-cinder-815712-3-iscsi devstack@n-api.service[108063]: warnings.warn(msg)
Oct 28 09:40:53.299873 dv-cinder-815712-3-iscsi devstack@n-api.service[108063]: INFO nova.api.openstack.requestlog [None req-c038bed0-d9f2-44fa-9afe-67d070ccd427 admin admin] 10.222.0.104 "POST /compute/v2.1/flavors" status: 200 len: 409 microversion: 2.61 time: 0.236301
Oct 28 09:40:53.300701 dv-cinder-815712-3-iscsi devstack@n-api.service[108063]: [pid: 108063|app: 0|req: 2/5] 10.222.0.104 () {64 vars in 1287 bytes} [Thu Oct 28 09:40:53 2021] POST /compute/v2.1/flavors => generated 409 bytes in 238 msecs (HTTP/1.1 200) 9 headers in 359 bytes (1 switches on core 0)
Oct 28 09:40:53.575139 dv-cinder-815712-3-iscsi devstack@n-api.service[108062]: DEBUG nova.api.openstack.wsgi [None req-01acf319-c942-412e-a2ea-8c453b254a84 admin admin] Action: 'create', calling method: >, body: {"extra_specs": {"hw_rng:allowed": "True"}} {{(pid=108062) _process_stack /opt/stack/nova/nova/api/openstack/wsgi.py:511}}
Oct 28 09:40:53.577758 dv-cinder-815712-3-iscsi devstack@n-api.service[108062]: /usr/local/lib/python3.8/dist-packages/oslo_policy/policy.py:1075: UserWarning: Policy os_compute_api:os-flavor-extra-specs:create failed scope check. The token used to make the request was project scoped but the policy requires ['system'] scope. This behavior may change in the future where using the intended scope is required
Oct 28 09:40:53.577758 dv-cinder-815712-3-iscsi devstack@n-api.service[108062]: warnings.warn(msg)
Oct 28 09:40:53.715342 dv-cinder-815712-3-iscsi devstack@n-api.service[108062]: INFO nova.api.openstack.requestlog [None req-01acf319-c942-412e-a2ea-8c453b254a84 admin admin] 10.222.0.104 "POST /compute/v2.1/flavors/c1/os-extra_specs" status: 200 len: 43 microversion: 2.61 time: 0.405210
Oct 28 09:40:53.716358 dv-cinder-815712-3-iscsi devstack@n-api.service[108062]: [pid: 108062|app: 0|req: 4/6] 10.222.0.104 () {64 vars in 1340 bytes} [Thu Oct 28 09:40:53 2021] POST /compute/v2.1/flavors/c1/os-extra_specs => generated 43 bytes in 407 msecs (HTTP/1.1 200) 9 headers in 358 bytes (2 switches on core 0)
Oct 28 09:40:56.241949 dv-cinder-815712-3-iscsi devstack@n-api.service[108063]: DEBUG nova.api.openstack.wsgi [None req-c038bed0-d9f2-44fa-9afe-67d070ccd427 admin admin] Calling method '>' {{(pid=108063) _process_stack /opt/stack/nova/nova/api/openstack/wsgi.py:513}}
Oct 28 09:40:56.242863 dv-cinder-815712-3-iscsi devstack@n-api.service[108063]: INFO nova.api.openstack.requestlog [None req-c038bed0-d9f2-44fa-9afe-67d070ccd427 admin admin] 10.222.0.104 "GET /compute/v2.1" status: 200 len: 389 microversion: 2.1 time: 0.001728
Oct 28 09:40:56.243810 dv-cinder-815712-3-iscsi devstack@n-api.service[108063]: [pid: 108063|app: 0|req: 3/7] 10.222.0.104 () {54 vars in 935 bytes} [Thu Oct 28 09:40:56 2021] GET /compute/v2.1 => generated 389 bytes in 3 msecs (HTTP/1.1 200) 9 headers in 357 bytes (1 switches on core 0)
Oct 28 09:40:56.425009 dv-cinder-815712-3-iscsi devstack@n-api.service[108062]: DEBUG nova.api.openstack.wsgi [None req-9f55cef6-eef8-4799-93c2-cb337574feef admin admin] Action: 'create', calling method: >, body: {"flavor": {"swap": 0, "disk": 5, "name": "ds512M", "vcpus": 1, "OS-FLV-EXT-DATA:ephemeral": 0, "id": "d1", "rxtx_factor": 1.0, "os-flavor-access:is_public": true, "ram": 512}} {{(pid=108062) _process_stack /opt/stack/nova/nova/api/openstack/wsgi.py:511}}
Oct 28 09:40:56.454490 dv-cinder-815712-3-iscsi devstack@n-api.service[108062]: /usr/local/lib/python3.8/dist-packages/oslo_policy/policy.py:1075: UserWarning: Policy os_compute_api:os-flavor-manage:create failed scope check. The token used to make the request was project scoped but the policy requires ['system'] scope. This behavior may change in the future where using the intended scope is required
Oct 28 09:40:56.454490 dv-cinder-815712-3-iscsi devstack@n-api.service[108062]: warnings.warn(msg)
Oct 28 09:40:56.712594 dv-cinder-815712-3-iscsi devstack@n-api.service[108062]: INFO nova.api.openstack.requestlog [None req-9f55cef6-eef8-4799-93c2-cb337574feef admin admin] 10.222.0.104 "POST /compute/v2.1/flavors" status: 200 len: 406 microversion: 2.61 time: 0.459831
Oct 28 09:40:56.713547 dv-cinder-815712-3-iscsi devstack@n-api.service[108062]: [pid: 108062|app: 0|req: 5/8] 10.222.0.104 () {64 vars in 1287 bytes} [Thu Oct 28 09:40:56 2021] POST /compute/v2.1/flavors => generated 406 bytes in 462 msecs (HTTP/1.1 200) 9 headers in 359 bytes (1 switches on core 0)
Oct 28 09:40:56.727240 dv-cinder-815712-3-iscsi devstack@n-api.service[108063]: DEBUG nova.api.openstack.wsgi [None req-227fe768-f730-40d9-b6d3-9affe9b5175c admin admin] Action: 'create', calling method: >, body: {"extra_specs": {"hw_rng:allowed": "True"}} {{(pid=108063) _process_stack /opt/stack/nova/nova/api/openstack/wsgi.py:511}}
Oct 28 09:40:56.728819 dv-cinder-815712-3-iscsi devstack@n-api.service[108063]: /usr/local/lib/python3.8/dist-packages/oslo_policy/policy.py:1075: UserWarning: Policy os_compute_api:os-flavor-extra-specs:create failed scope check. The token used to make the request was project scoped but the policy requires ['system'] scope. This behavior may change in the future where using the intended scope is required
Oct 28 09:40:56.728819 dv-cinder-815712-3-iscsi devstack@n-api.service[108063]: warnings.warn(msg)
Oct 28 09:40:56.863112 dv-cinder-815712-3-iscsi devstack@n-api.service[108063]: INFO nova.api.openstack.requestlog [None req-227fe768-f730-40d9-b6d3-9affe9b5175c admin admin] 10.222.0.104 "POST /compute/v2.1/flavors/d1/os-extra_specs" status: 200 len: 43 microversion: 2.61 time: 0.139673
Oct 28 09:40:56.864265 dv-cinder-815712-3-iscsi devstack@n-api.service[108063]: [pid: 108063|app: 0|req: 4/9] 10.222.0.104 () {64 vars in 1340 bytes} [Thu Oct 28 09:40:56 2021] POST /compute/v2.1/flavors/d1/os-extra_specs => generated 43 bytes in 142 msecs (HTTP/1.1 200) 9 headers in 358 bytes (1 switches on core 0)
Oct 28 09:40:59.363329 dv-cinder-815712-3-iscsi devstack@n-api.service[108062]: DEBUG nova.api.openstack.wsgi [None req-9f55cef6-eef8-4799-93c2-cb337574feef admin admin] Calling method '>' {{(pid=108062) _process_stack /opt/stack/nova/nova/api/openstack/wsgi.py:513}}
Oct 28 09:40:59.364376 dv-cinder-815712-3-iscsi devstack@n-api.service[108062]: INFO nova.api.openstack.requestlog [None req-9f55cef6-eef8-4799-93c2-cb337574feef admin admin] 10.222.0.104 "GET /compute/v2.1" status: 200 len: 389 microversion: 2.1 time: 0.002069
Oct 28 09:40:59.365220 dv-cinder-815712-3-iscsi devstack@n-api.service[108062]: [pid: 108062|app: 0|req: 6/10] 10.222.0.104 () {54 vars in 935 bytes} [Thu Oct 28 09:40:59 2021] GET /compute/v2.1 => generated 389 bytes in 4 msecs (HTTP/1.1 200) 9 headers in 357 bytes (1 switches on core 0)
Oct 28 09:40:59.434046 dv-cinder-815712-3-iscsi devstack@n-api.service[108063]: DEBUG nova.api.openstack.wsgi [None req-a6777b8a-7791-4772-ba09-8ae5c25ef519 admin admin] Action: 'create', calling method: >, body: {"flavor": {"name": "ds1G", "swap": 0, "vcpus": 1, "disk": 10, "id": "d2", "os-flavor-access:is_public": true, "OS-FLV-EXT-DATA:ephemeral": 0, "rxtx_factor": 1.0, "ram": 1024}} {{(pid=108063) _process_stack /opt/stack/nova/nova/api/openstack/wsgi.py:511}}
Oct 28 09:40:59.567683 dv-cinder-815712-3-iscsi devstack@n-api.service[108063]: INFO nova.api.openstack.requestlog [None req-a6777b8a-7791-4772-ba09-8ae5c25ef519 admin admin] 10.222.0.104 "POST /compute/v2.1/flavors" status: 200 len: 406 microversion: 2.61 time: 0.195123
Oct 28 09:40:59.572707 dv-cinder-815712-3-iscsi devstack@n-api.service[108063]: [pid: 108063|app: 0|req: 5/11] 10.222.0.104 () {64 vars in 1287 bytes} [Thu Oct 28 09:40:59 2021] POST /compute/v2.1/flavors => generated 406 bytes in 197 msecs (HTTP/1.1 200) 9 headers in 359 bytes (2 switches on core 0)
Oct 28 09:40:59.590873 dv-cinder-815712-3-iscsi devstack@n-api.service[108062]: DEBUG nova.api.openstack.wsgi [None req-4b211959-07cc-4e03-a5e2-5ba72af6d957 admin admin] Action: 'create', calling method: >, body: {"extra_specs": {"hw_rng:allowed": "True"}} {{(pid=108062) _process_stack /opt/stack/nova/nova/api/openstack/wsgi.py:511}}
Oct 28 09:40:59.827263 dv-cinder-815712-3-iscsi devstack@n-api.service[108062]: INFO nova.api.openstack.requestlog [None req-4b211959-07cc-4e03-a5e2-5ba72af6d957 admin admin] 10.222.0.104 "POST /compute/v2.1/flavors/d2/os-extra_specs" status: 200 len: 43 microversion: 2.61 time: 0.242372
Oct 28 09:40:59.827874 dv-cinder-815712-3-iscsi devstack@n-api.service[108062]: [pid: 108062|app: 0|req: 7/12] 10.222.0.104 () {64 vars in 1340 bytes} [Thu Oct 28 09:40:59 2021] POST /compute/v2.1/flavors/d2/os-extra_specs => generated 43 bytes in 244 msecs (HTTP/1.1 200) 9 headers in 358 bytes (1 switches on core 0)
Oct 28 09:41:02.311570 dv-cinder-815712-3-iscsi devstack@n-api.service[108063]: DEBUG nova.api.openstack.wsgi [None req-a6777b8a-7791-4772-ba09-8ae5c25ef519 admin admin] Calling method '>' {{(pid=108063) _process_stack /opt/stack/nova/nova/api/openstack/wsgi.py:513}}
Oct 28 09:41:02.312582 dv-cinder-815712-3-iscsi devstack@n-api.service[108063]: INFO nova.api.openstack.requestlog [None req-a6777b8a-7791-4772-ba09-8ae5c25ef519 admin admin] 10.222.0.104 "GET /compute/v2.1" status: 200 len: 389 microversion: 2.1 time: 0.001451
Oct 28 09:41:02.313016 dv-cinder-815712-3-iscsi devstack@n-api.service[108063]: [pid: 108063|app: 0|req: 6/13] 10.222.0.104 () {54 vars in 935 bytes} [Thu Oct 28 09:41:02 2021] GET /compute/v2.1 => generated 389 bytes in 2 msecs (HTTP/1.1 200) 9 headers in 357 bytes (1 switches on core 0)
Oct 28 09:41:02.401133 dv-cinder-815712-3-iscsi devstack@n-api.service[108062]: DEBUG nova.api.openstack.wsgi [None req-9e797fe0-54d1-4339-a7b4-de6d360a5c1c admin admin] Action: 'create', calling method: >, body: {"flavor": {"os-flavor-access:is_public": true, "disk": 10, "id": "d3", "rxtx_factor": 1.0, "OS-FLV-EXT-DATA:ephemeral": 0, "vcpus": 2, "swap": 0, "name": "ds2G", "ram": 2048}} {{(pid=108062) _process_stack /opt/stack/nova/nova/api/openstack/wsgi.py:511}}
Oct 28 09:41:02.517836 dv-cinder-815712-3-iscsi devstack@n-api.service[108062]: INFO nova.api.openstack.requestlog [None req-9e797fe0-54d1-4339-a7b4-de6d360a5c1c admin admin] 10.222.0.104 "POST /compute/v2.1/flavors" status: 200 len: 406 microversion: 2.61 time: 0.196996
Oct 28 09:41:02.518768 dv-cinder-815712-3-iscsi devstack@n-api.service[108062]: [pid: 108062|app: 0|req: 8/14] 10.222.0.104 () {64 vars in 1287 bytes} [Thu Oct 28 09:41:02 2021] POST /compute/v2.1/flavors => generated 406 bytes in 200 msecs (HTTP/1.1 200) 9 headers in 359 bytes (1 switches on core 0)
Oct 28 09:41:02.533550 dv-cinder-815712-3-iscsi devstack@n-api.service[108063]: DEBUG nova.api.openstack.wsgi [None req-7576741f-fa45-46b4-ad31-8f443cba100d admin admin] Action: 'create', calling method: >, body: {"extra_specs": {"hw_rng:allowed": "True"}} {{(pid=108063) _process_stack /opt/stack/nova/nova/api/openstack/wsgi.py:511}}
Oct 28 09:41:02.636524 dv-cinder-815712-3-iscsi devstack@n-api.service[108063]: INFO nova.api.openstack.requestlog [None req-7576741f-fa45-46b4-ad31-8f443cba100d admin admin] 10.222.0.104 "POST /compute/v2.1/flavors/d3/os-extra_specs" status: 200 len: 43 microversion: 2.61 time: 0.106818
Oct 28 09:41:02.637090 dv-cinder-815712-3-iscsi devstack@n-api.service[108063]: [pid: 108063|app: 0|req: 7/15] 10.222.0.104 () {64 vars in 1340 bytes} [Thu Oct 28 09:41:02 2021] POST /compute/v2.1/flavors/d3/os-extra_specs => generated 43 bytes in 108 msecs (HTTP/1.1 200) 9 headers in 358 bytes (1 switches on core 0)
Oct 28 09:41:05.166964 dv-cinder-815712-3-iscsi devstack@n-api.service[108062]: DEBUG nova.api.openstack.wsgi [None req-9e797fe0-54d1-4339-a7b4-de6d360a5c1c admin admin] Calling method '>' {{(pid=108062) _process_stack /opt/stack/nova/nova/api/openstack/wsgi.py:513}}
Oct 28 09:41:05.167971 dv-cinder-815712-3-iscsi devstack@n-api.service[108062]: INFO nova.api.openstack.requestlog [None req-9e797fe0-54d1-4339-a7b4-de6d360a5c1c admin admin] 10.222.0.104 "GET /compute/v2.1" status: 200 len: 389 microversion: 2.1 time: 0.001457
Oct 28 09:41:05.168370 dv-cinder-815712-3-iscsi devstack@n-api.service[108062]: [pid: 108062|app: 0|req: 9/16] 10.222.0.104 () {54 vars in 935 bytes} [Thu Oct 28 09:41:05 2021] GET /compute/v2.1 => generated 389 bytes in 2 msecs (HTTP/1.1 200) 9 headers in 357 bytes (1 switches on core 0)
Oct 28 09:41:05.249732 dv-cinder-815712-3-iscsi devstack@n-api.service[108063]: DEBUG nova.api.openstack.wsgi [None req-21954f41-5039-4dd9-b9d9-c1bbb010c8b4 admin admin] Action: 'create', calling method: >, body: {"flavor": {"disk": 20, "ram": 4096, "swap": 0, "OS-FLV-EXT-DATA:ephemeral": 0, "rxtx_factor": 1.0, "vcpus": 4, "id": "d4", "os-flavor-access:is_public": true, "name": "ds4G"}} {{(pid=108063) _process_stack /opt/stack/nova/nova/api/openstack/wsgi.py:511}}
Oct 28 09:41:05.341343 dv-cinder-815712-3-iscsi devstack@n-api.service[108063]: INFO nova.api.openstack.requestlog [None req-21954f41-5039-4dd9-b9d9-c1bbb010c8b4 admin admin] 10.222.0.104 "POST /compute/v2.1/flavors" status: 200 len: 406 microversion: 2.61 time: 0.165381
Oct 28 09:41:05.343203 dv-cinder-815712-3-iscsi devstack@n-api.service[108063]: [pid: 108063|app: 0|req: 8/17] 10.222.0.104 () {64 vars in 1287 bytes} [Thu Oct 28 09:41:05 2021] POST /compute/v2.1/flavors => generated 406 bytes in 167 msecs (HTTP/1.1 200) 9 headers in 359 bytes (1 switches on core 0)
Oct 28 09:41:05.356188 dv-cinder-815712-3-iscsi devstack@n-api.service[108062]: DEBUG nova.api.openstack.wsgi [None req-cb3b60fe-ad36-4a34-b8af-92f684dda02d admin admin] Action: 'create', calling method: >, body: {"extra_specs": {"hw_rng:allowed": "True"}} {{(pid=108062) _process_stack /opt/stack/nova/nova/api/openstack/wsgi.py:511}}
Oct 28 09:41:05.475536 dv-cinder-815712-3-iscsi devstack@n-api.service[108062]: INFO nova.api.openstack.requestlog [None req-cb3b60fe-ad36-4a34-b8af-92f684dda02d admin admin] 10.222.0.104 "POST /compute/v2.1/flavors/d4/os-extra_specs" status: 200 len: 43 microversion: 2.61 time: 0.122193
Oct 28 09:41:05.476354 dv-cinder-815712-3-iscsi devstack@n-api.service[108062]: [pid: 108062|app: 0|req: 10/18] 10.222.0.104 () {64 vars in 1340 bytes} [Thu Oct 28 09:41:05 2021] POST /compute/v2.1/flavors/d4/os-extra_specs => generated 43 bytes in 126 msecs (HTTP/1.1 200) 9 headers in 358 bytes (2 switches on core 0)
Oct 28 09:41:08.330135 dv-cinder-815712-3-iscsi devstack@n-api.service[108063]: DEBUG nova.api.openstack.wsgi [None req-21954f41-5039-4dd9-b9d9-c1bbb010c8b4 admin admin] Calling method '>' {{(pid=108063) _process_stack /opt/stack/nova/nova/api/openstack/wsgi.py:513}}
Oct 28 09:41:08.331165 dv-cinder-815712-3-iscsi devstack@n-api.service[108063]: INFO nova.api.openstack.requestlog [None req-21954f41-5039-4dd9-b9d9-c1bbb010c8b4 admin admin] 10.222.0.104 "GET /compute/v2.1" status: 200 len: 389 microversion: 2.1 time: 0.001505
Oct 28 09:41:08.331578 dv-cinder-815712-3-iscsi devstack@n-api.service[108063]: [pid: 108063|app: 0|req: 9/19] 10.222.0.104 () {54 vars in 935 bytes} [Thu Oct 28 09:41:08 2021] GET /compute/v2.1 => generated 389 bytes in 3 msecs (HTTP/1.1 200) 9 headers in 357 bytes (2 switches on core 0)
Oct 28 09:41:08.406742 dv-cinder-815712-3-iscsi devstack@n-api.service[108062]: DEBUG nova.api.openstack.wsgi [None req-7e1ff87b-6c13-439d-b60e-236a40f54df0 admin admin] Calling method '>' {{(pid=108062) _process_stack /opt/stack/nova/nova/api/openstack/wsgi.py:513}}
Oct 28 09:41:08.438961 dv-cinder-815712-3-iscsi devstack@n-api.service[108062]: INFO nova.api.openstack.requestlog [None req-7e1ff87b-6c13-439d-b60e-236a40f54df0 admin admin] 10.222.0.104 "GET /compute/v2.1/flavors/detail?is_public=True" status: 200 len: 2116 microversion: 2.61 time: 0.099177
Oct 28 09:41:08.439512 dv-cinder-815712-3-iscsi devstack@n-api.service[108062]: [pid: 108062|app: 0|req: 11/20] 10.222.0.104 () {60 vars in 1296 bytes} [Thu Oct 28 09:41:08 2021] GET /compute/v2.1/flavors/detail?is_public=True => generated 2116 bytes in 101 msecs (HTTP/1.1 200) 9 headers in 360 bytes (1 switches on core 0)
Oct 28 09:41:10.958270 dv-cinder-815712-3-iscsi devstack@n-api.service[108063]: DEBUG nova.api.openstack.wsgi [None req-21954f41-5039-4dd9-b9d9-c1bbb010c8b4 admin admin] Calling method '>' {{(pid=108063) _process_stack /opt/stack/nova/nova/api/openstack/wsgi.py:513}}
Oct 28 09:41:10.959420 dv-cinder-815712-3-iscsi devstack@n-api.service[108063]: INFO nova.api.openstack.requestlog [None req-21954f41-5039-4dd9-b9d9-c1bbb010c8b4 admin admin] 10.222.0.104 "GET /compute/v2.1" status: 200 len: 389 microversion: 2.1 time: 0.001487
Oct 28 09:41:10.960137 dv-cinder-815712-3-iscsi devstack@n-api.service[108063]: [pid: 108063|app: 0|req: 10/21] 10.222.0.104 () {54 vars in 935 bytes} [Thu Oct 28 09:41:10 2021] GET /compute/v2.1 => generated 389 bytes in 3 msecs (HTTP/1.1 200) 9 headers in 357 bytes (2 switches on core 0)
Oct 28 09:41:11.026601 dv-cinder-815712-3-iscsi devstack@n-api.service[108062]: DEBUG nova.api.openstack.wsgi [None req-5eefb0ca-700a-4c56-832f-ffdd490fd299 admin admin] Action: 'create', calling method: >, body: {"flavor": {"ram": 512, "id": "1", "disk": 1, "vcpus": 1, "OS-FLV-EXT-DATA:ephemeral": 0, "os-flavor-access:is_public": true, "swap": 0, "rxtx_factor": 1.0, "name": "m1.tiny"}} {{(pid=108062) _process_stack /opt/stack/nova/nova/api/openstack/wsgi.py:511}}
Oct 28 09:41:11.129714 dv-cinder-815712-3-iscsi devstack@n-api.service[108062]: INFO nova.api.openstack.requestlog [None req-5eefb0ca-700a-4c56-832f-ffdd490fd299 admin admin] 10.222.0.104 "POST /compute/v2.1/flavors" status: 200 len: 404 microversion: 2.61 time: 0.162274
Oct 28 09:41:11.130348 dv-cinder-815712-3-iscsi devstack@n-api.service[108062]: [pid: 108062|app: 0|req: 12/22] 10.222.0.104 () {64 vars in 1287 bytes} [Thu Oct 28 09:41:10 2021] POST /compute/v2.1/flavors => generated 404 bytes in 164 msecs (HTTP/1.1 200) 9 headers in 359 bytes (1 switches on core 0)
Oct 28 09:41:11.144452 dv-cinder-815712-3-iscsi devstack@n-api.service[108063]: DEBUG nova.api.openstack.wsgi [None req-96e8a8a3-9c69-464a-8a9a-86df3447e981 admin admin] Action: 'create', calling method: >, body: {"extra_specs": {"hw_rng:allowed": "True"}} {{(pid=108063) _process_stack /opt/stack/nova/nova/api/openstack/wsgi.py:511}}
Oct 28 09:41:11.288420 dv-cinder-815712-3-iscsi devstack@n-api.service[108063]: INFO nova.api.openstack.requestlog [None req-96e8a8a3-9c69-464a-8a9a-86df3447e981 admin admin] 10.222.0.104 "POST /compute/v2.1/flavors/1/os-extra_specs" status: 200 len: 43 microversion: 2.61 time: 0.147071
Oct 28 09:41:11.289640 dv-cinder-815712-3-iscsi devstack@n-api.service[108063]: [pid: 108063|app: 0|req: 11/23] 10.222.0.104 () {64 vars in 1337 bytes} [Thu Oct 28 09:41:11 2021] POST /compute/v2.1/flavors/1/os-extra_specs => generated 43 bytes in 150 msecs (HTTP/1.1 200) 9 headers in 358 bytes (1 switches on core 0)
Oct 28 09:41:13.749884 dv-cinder-815712-3-iscsi devstack@n-api.service[108062]: DEBUG nova.api.openstack.wsgi [None req-5eefb0ca-700a-4c56-832f-ffdd490fd299 admin admin] Calling method '>' {{(pid=108062) _process_stack /opt/stack/nova/nova/api/openstack/wsgi.py:513}}
Oct 28 09:41:13.751505 dv-cinder-815712-3-iscsi devstack@n-api.service[108062]: INFO nova.api.openstack.requestlog [None req-5eefb0ca-700a-4c56-832f-ffdd490fd299 admin admin] 10.222.0.104 "GET /compute/v2.1" status: 200 len: 389 microversion: 2.1 time: 0.001966
Oct 28 09:41:13.752174 dv-cinder-815712-3-iscsi devstack@n-api.service[108062]: [pid: 108062|app: 0|req: 13/24] 10.222.0.104 () {54 vars in 935 bytes} [Thu Oct 28 09:41:13 2021] GET /compute/v2.1 => generated 389 bytes in 4 msecs (HTTP/1.1 200) 9 headers in 357 bytes (1 switches on core 0)
Oct 28 09:41:13.822368 dv-cinder-815712-3-iscsi devstack@n-api.service[108063]: DEBUG nova.api.openstack.wsgi [None req-a763eb80-4c1b-4953-b140-653b6d12dca2 admin admin] Action: 'create', calling method: >, body: {"flavor": {"os-flavor-access:is_public": true, "name": "m1.small", "disk": 20, "OS-FLV-EXT-DATA:ephemeral": 0, "ram": 2048, "id": "2", "vcpus": 1, "rxtx_factor": 1.0, "swap": 0}} {{(pid=108063) _process_stack /opt/stack/nova/nova/api/openstack/wsgi.py:511}}
Oct 28 09:41:13.962212 dv-cinder-815712-3-iscsi devstack@n-api.service[108063]: INFO nova.api.openstack.requestlog [None req-a763eb80-4c1b-4953-b140-653b6d12dca2 admin admin] 10.222.0.104 "POST /compute/v2.1/flavors" status: 200 len: 407 microversion: 2.61 time: 0.199711
Oct 28 09:41:13.962774 dv-cinder-815712-3-iscsi devstack@n-api.service[108063]: [pid: 108063|app: 0|req: 12/25] 10.222.0.104 () {64 vars in 1287 bytes} [Thu Oct 28 09:41:13 2021] POST /compute/v2.1/flavors => generated 407 bytes in 201 msecs (HTTP/1.1 200) 9 headers in 359 bytes (1 switches on core 0)
Oct 28 09:41:13.975971 dv-cinder-815712-3-iscsi devstack@n-api.service[108062]: DEBUG nova.api.openstack.wsgi [None req-a49c2818-918a-49c9-982a-be94a27ceb89 admin admin] Action: 'create', calling method: >, body: {"extra_specs": {"hw_rng:allowed": "True"}} {{(pid=108062) _process_stack /opt/stack/nova/nova/api/openstack/wsgi.py:511}}
Oct 28 09:41:14.121117 dv-cinder-815712-3-iscsi devstack@n-api.service[108062]: INFO nova.api.openstack.requestlog [None req-a49c2818-918a-49c9-982a-be94a27ceb89 admin admin] 10.222.0.104 "POST /compute/v2.1/flavors/2/os-extra_specs" status: 200 len: 43 microversion: 2.61 time: 0.149288
Oct 28 09:41:14.121701 dv-cinder-815712-3-iscsi devstack@n-api.service[108062]: [pid: 108062|app: 0|req: 14/26] 10.222.0.104 () {64 vars in 1337 bytes} [Thu Oct 28 09:41:13 2021] POST /compute/v2.1/flavors/2/os-extra_specs => generated 43 bytes in 151 msecs (HTTP/1.1 200) 9 headers in 358 bytes (1 switches on core 0)
Oct 28 09:41:16.492489 dv-cinder-815712-3-iscsi devstack@n-api.service[108063]: DEBUG nova.api.openstack.wsgi [None req-a763eb80-4c1b-4953-b140-653b6d12dca2 admin admin] Calling method '>' {{(pid=108063) _process_stack /opt/stack/nova/nova/api/openstack/wsgi.py:513}}
Oct 28 09:41:16.493527 dv-cinder-815712-3-iscsi devstack@n-api.service[108063]: INFO nova.api.openstack.requestlog [None req-a763eb80-4c1b-4953-b140-653b6d12dca2 admin admin] 10.222.0.104 "GET /compute/v2.1" status: 200 len: 389 microversion: 2.1 time: 0.001476
Oct 28 09:41:16.494149 dv-cinder-815712-3-iscsi devstack@n-api.service[108063]: [pid: 108063|app: 0|req: 13/27] 10.222.0.104 () {54 vars in 935 bytes} [Thu Oct 28 09:41:16 2021] GET /compute/v2.1 => generated 389 bytes in 3 msecs (HTTP/1.1 200) 9 headers in 357 bytes (2 switches on core 0)
Oct 28 09:41:16.575167 dv-cinder-815712-3-iscsi devstack@n-api.service[108062]: DEBUG nova.api.openstack.wsgi [None req-d2679d98-d750-4d47-829f-7317255e8e59 admin admin] Action: 'create', calling method: >, body: {"flavor": {"disk": 40, "rxtx_factor": 1.0, "name": "m1.medium", "ram": 4096, "swap": 0, "vcpus": 2, "OS-FLV-EXT-DATA:ephemeral": 0, "os-flavor-access:is_public": true, "id": "3"}} {{(pid=108062) _process_stack /opt/stack/nova/nova/api/openstack/wsgi.py:511}}
Oct 28 09:41:16.711451 dv-cinder-815712-3-iscsi devstack@n-api.service[108062]: INFO nova.api.openstack.requestlog [None req-d2679d98-d750-4d47-829f-7317255e8e59 admin admin] 10.222.0.104 "POST /compute/v2.1/flavors" status: 200 len: 408 microversion: 2.61 time: 0.209311
Oct 28 09:41:16.712027 dv-cinder-815712-3-iscsi devstack@n-api.service[108062]: [pid: 108062|app: 0|req: 15/28] 10.222.0.104 () {64 vars in 1287 bytes} [Thu Oct 28 09:41:16 2021] POST /compute/v2.1/flavors => generated 408 bytes in 211 msecs (HTTP/1.1 200) 9 headers in 359 bytes (1 switches on core 0)
Oct 28 09:41:16.726152 dv-cinder-815712-3-iscsi devstack@n-api.service[108063]: DEBUG nova.api.openstack.wsgi [None req-f3c16269-a690-454f-afa8-5c43b05f62e7 admin admin] Action: 'create', calling method: >, body: {"extra_specs": {"hw_rng:allowed": "True"}} {{(pid=108063) _process_stack /opt/stack/nova/nova/api/openstack/wsgi.py:511}}
Oct 28 09:41:16.826359 dv-cinder-815712-3-iscsi devstack@n-api.service[108063]: INFO nova.api.openstack.requestlog [None req-f3c16269-a690-454f-afa8-5c43b05f62e7 admin admin] 10.222.0.104 "POST /compute/v2.1/flavors/3/os-extra_specs" status: 200 len: 43 microversion: 2.61 time: 0.104938
Oct 28 09:41:16.826969 dv-cinder-815712-3-iscsi devstack@n-api.service[108063]: [pid: 108063|app: 0|req: 14/29] 10.222.0.104 () {64 vars in 1337 bytes} [Thu Oct 28 09:41:16 2021] POST /compute/v2.1/flavors/3/os-extra_specs => generated 43 bytes in 106 msecs (HTTP/1.1 200) 9 headers in 358 bytes (1 switches on core 0)
Oct 28 09:41:19.388779 dv-cinder-815712-3-iscsi devstack@n-api.service[108062]: DEBUG nova.api.openstack.wsgi [None req-d2679d98-d750-4d47-829f-7317255e8e59 admin admin] Calling method '>' {{(pid=108062) _process_stack /opt/stack/nova/nova/api/openstack/wsgi.py:513}}
Oct 28 09:41:19.390501 dv-cinder-815712-3-iscsi devstack@n-api.service[108062]: INFO nova.api.openstack.requestlog [None req-d2679d98-d750-4d47-829f-7317255e8e59 admin admin] 10.222.0.104 "GET /compute/v2.1" status: 200 len: 389 microversion: 2.1 time: 0.002215
Oct 28 09:41:19.391190 dv-cinder-815712-3-iscsi devstack@n-api.service[108062]: [pid: 108062|app: 0|req: 16/30] 10.222.0.104 () {54 vars in 935 bytes} [Thu Oct 28 09:41:19 2021] GET /compute/v2.1 => generated 389 bytes in 3 msecs (HTTP/1.1 200) 9 headers in 357 bytes (1 switches on core 0)
Oct 28 09:41:19.467663 dv-cinder-815712-3-iscsi devstack@n-api.service[108063]: DEBUG nova.api.openstack.wsgi [None req-4d92df49-b49d-4317-b5bf-ccb06fd17d76 admin admin] Action: 'create', calling method: >, body: {"flavor": {"disk": 80, "rxtx_factor": 1.0, "id": "4", "vcpus": 4, "os-flavor-access:is_public": true, "name": "m1.large", "ram": 8192, "OS-FLV-EXT-DATA:ephemeral": 0, "swap": 0}} {{(pid=108063) _process_stack /opt/stack/nova/nova/api/openstack/wsgi.py:511}}
Oct 28 09:41:19.618961 dv-cinder-815712-3-iscsi devstack@n-api.service[108063]: INFO nova.api.openstack.requestlog [None req-4d92df49-b49d-4317-b5bf-ccb06fd17d76 admin admin] 10.222.0.104 "POST /compute/v2.1/flavors" status: 200 len: 407 microversion: 2.61 time: 0.220296
Oct 28 09:41:19.619562 dv-cinder-815712-3-iscsi devstack@n-api.service[108063]: [pid: 108063|app: 0|req: 15/31] 10.222.0.104 () {64 vars in 1287 bytes} [Thu Oct 28 09:41:19 2021] POST /compute/v2.1/flavors => generated 407 bytes in 222 msecs (HTTP/1.1 200) 9 headers in 359 bytes (2 switches on core 0)
Oct 28 09:41:19.633344 dv-cinder-815712-3-iscsi devstack@n-api.service[108062]: DEBUG nova.api.openstack.wsgi [None req-eff56851-03e4-4075-83e9-bd35bf3aae11 admin admin] Action: 'create', calling method: >, body: {"extra_specs": {"hw_rng:allowed": "True"}} {{(pid=108062) _process_stack /opt/stack/nova/nova/api/openstack/wsgi.py:511}}
Oct 28 09:41:19.725901 dv-cinder-815712-3-iscsi devstack@n-api.service[108062]: INFO nova.api.openstack.requestlog [None req-eff56851-03e4-4075-83e9-bd35bf3aae11 admin admin] 10.222.0.104 "POST /compute/v2.1/flavors/4/os-extra_specs" status: 200 len: 43 microversion: 2.61 time: 0.097218
Oct 28 09:41:19.726872 dv-cinder-815712-3-iscsi devstack@n-api.service[108062]: [pid: 108062|app: 0|req: 17/32] 10.222.0.104 () {64 vars in 1337 bytes} [Thu Oct 28 09:41:19 2021] POST /compute/v2.1/flavors/4/os-extra_specs => generated 43 bytes in 99 msecs (HTTP/1.1 200) 9 headers in 358 bytes (1 switches on core 0)
Oct 28 09:41:22.202490 dv-cinder-815712-3-iscsi devstack@n-api.service[108063]: DEBUG nova.api.openstack.wsgi [None req-4d92df49-b49d-4317-b5bf-ccb06fd17d76 admin admin] Calling method '>' {{(pid=108063) _process_stack /opt/stack/nova/nova/api/openstack/wsgi.py:513}}
Oct 28 09:41:22.208791 dv-cinder-815712-3-iscsi devstack@n-api.service[108063]: INFO nova.api.openstack.requestlog [None req-4d92df49-b49d-4317-b5bf-ccb06fd17d76 admin admin] 10.222.0.104 "GET /compute/v2.1" status: 200 len: 389 microversion: 2.1 time: 0.006979
Oct 28 09:41:22.209224 dv-cinder-815712-3-iscsi devstack@n-api.service[108063]: [pid: 108063|app: 0|req: 16/33] 10.222.0.104 () {54 vars in 935 bytes} [Thu Oct 28 09:41:22 2021] GET /compute/v2.1 => generated 389 bytes in 9 msecs (HTTP/1.1 200) 9 headers in 357 bytes (2 switches on core 0)
Oct 28 09:41:22.282394 dv-cinder-815712-3-iscsi devstack@n-api.service[108062]: DEBUG nova.api.openstack.wsgi [None req-25a2924d-5270-43a8-85ee-54fb403eeb6d admin admin] Action: 'create', calling method: >, body: {"flavor": {"rxtx_factor": 1.0, "ram": 16384, "id": "5", "name": "m1.xlarge", "os-flavor-access:is_public": true, "OS-FLV-EXT-DATA:ephemeral": 0, "disk": 160, "vcpus": 8, "swap": 0}} {{(pid=108062) _process_stack /opt/stack/nova/nova/api/openstack/wsgi.py:511}}
Oct 28 09:41:22.388266 dv-cinder-815712-3-iscsi devstack@n-api.service[108062]: INFO nova.api.openstack.requestlog [None req-25a2924d-5270-43a8-85ee-54fb403eeb6d admin admin] 10.222.0.104 "POST /compute/v2.1/flavors" status: 200 len: 410 microversion: 2.61 time: 0.170342
Oct 28 09:41:22.389215 dv-cinder-815712-3-iscsi devstack@n-api.service[108062]: [pid: 108062|app: 0|req: 18/34] 10.222.0.104 () {64 vars in 1287 bytes} [Thu Oct 28 09:41:22 2021] POST /compute/v2.1/flavors => generated 410 bytes in 172 msecs (HTTP/1.1 200) 9 headers in 359 bytes (1 switches on core 0)
Oct 28 09:41:22.404377 dv-cinder-815712-3-iscsi devstack@n-api.service[108063]: DEBUG nova.api.openstack.wsgi [None req-81300db7-4af0-4690-9b99-f7e431bc14fe admin admin] Action: 'create', calling method: >, body: {"extra_specs": {"hw_rng:allowed": "True"}} {{(pid=108063) _process_stack /opt/stack/nova/nova/api/openstack/wsgi.py:511}}
Oct 28 09:41:22.493929 dv-cinder-815712-3-iscsi devstack@n-api.service[108063]: INFO nova.api.openstack.requestlog [None req-81300db7-4af0-4690-9b99-f7e431bc14fe admin admin] 10.222.0.104 "POST /compute/v2.1/flavors/5/os-extra_specs" status: 200 len: 43 microversion: 2.61 time: 0.094599
Oct 28 09:41:22.494485 dv-cinder-815712-3-iscsi devstack@n-api.service[108063]: [pid: 108063|app: 0|req: 17/35] 10.222.0.104 () {64 vars in 1337 bytes} [Thu Oct 28 09:41:22 2021] POST /compute/v2.1/flavors/5/os-extra_specs => generated 43 bytes in 96 msecs (HTTP/1.1 200) 9 headers in 358 bytes (2 switches on core 0)
Oct 28 09:42:04.626400 dv-cinder-815712-3-iscsi devstack@n-api.service[108062]: DEBUG nova.api.openstack.wsgi [None req-25a2924d-5270-43a8-85ee-54fb403eeb6d admin admin] Calling method '>' {{(pid=108062) _process_stack /opt/stack/nova/nova/api/openstack/wsgi.py:513}}
Oct 28 09:42:04.627439 dv-cinder-815712-3-iscsi devstack@n-api.service[108062]: INFO nova.api.openstack.requestlog [None req-25a2924d-5270-43a8-85ee-54fb403eeb6d admin admin] 10.222.0.104 "GET /compute/v2.1" status: 200 len: 389 microversion: 2.1 time: 0.001562
Oct 28 09:42:04.627943 dv-cinder-815712-3-iscsi devstack@n-api.service[108062]: [pid: 108062|app: 0|req: 19/36] 10.222.0.104 () {54 vars in 935 bytes} [Thu Oct 28 09:42:04 2021] GET /compute/v2.1 => generated 389 bytes in 2 msecs (HTTP/1.1 200) 9 headers in 357 bytes (1 switches on core 0)
Oct 28 09:42:04.691155 dv-cinder-815712-3-iscsi devstack@n-api.service[108063]: DEBUG nova.api.openstack.wsgi [None req-a215b395-0c05-4fd8-8ef4-fe7503b45462 admin admin] Calling method '>' {{(pid=108063) _process_stack /opt/stack/nova/nova/api/openstack/wsgi.py:513}}
Oct 28 09:42:04.709797 dv-cinder-815712-3-iscsi devstack@n-api.service[108063]: INFO nova.api.openstack.requestlog [None req-a215b395-0c05-4fd8-8ef4-fe7503b45462 admin admin] 10.222.0.104 "GET /compute/v2.1/flavors/detail?is_public=True" status: 200 len: 4222 microversion: 2.61 time: 0.073951
Oct 28 09:42:04.710520 dv-cinder-815712-3-iscsi devstack@n-api.service[108063]: [pid: 108063|app: 0|req: 18/37] 10.222.0.104 () {60 vars in 1296 bytes} [Thu Oct 28 09:42:04 2021] GET /compute/v2.1/flavors/detail?is_public=True => generated 4222 bytes in 75 msecs (HTTP/1.1 200) 9 headers in 360 bytes (1 switches on core 0)
Oct 28 09:42:06.298955 dv-cinder-815712-3-iscsi devstack@n-api.service[108062]: DEBUG nova.api.openstack.wsgi [None req-25a2924d-5270-43a8-85ee-54fb403eeb6d admin admin] Calling method '>' {{(pid=108062) _process_stack /opt/stack/nova/nova/api/openstack/wsgi.py:513}}
Oct 28 09:42:06.300717 dv-cinder-815712-3-iscsi devstack@n-api.service[108062]: INFO nova.api.openstack.requestlog [None req-25a2924d-5270-43a8-85ee-54fb403eeb6d admin admin] 10.222.0.104 "GET /compute/v2.1" status: 200 len: 389 microversion: 2.1 time: 0.001409
Oct 28 09:42:06.302224 dv-cinder-815712-3-iscsi devstack@n-api.service[108062]: [pid: 108062|app: 0|req: 20/38] 10.222.0.104 () {56 vars in 1079 bytes} [Thu Oct 28 09:42:06 2021] GET /compute/v2.1 => generated 389 bytes in 3 msecs (HTTP/1.1 200) 9 headers in 357 bytes (1 switches on core 0)
Oct 28 09:42:06.500157 dv-cinder-815712-3-iscsi devstack@n-api.service[108063]: DEBUG nova.api.openstack.wsgi [None req-78e8e1fc-3155-4040-9237-7b245861299a admin admin] Calling method '>' {{(pid=108063) _process_stack /opt/stack/nova/nova/api/openstack/wsgi.py:513}}
Oct 28 09:42:06.505732 dv-cinder-815712-3-iscsi devstack@n-api.service[108063]: INFO nova.api.openstack.wsgi [None req-78e8e1fc-3155-4040-9237-7b245861299a admin admin] HTTP exception thrown: Flavor 42 could not be found.
Oct 28 09:42:06.506296 dv-cinder-815712-3-iscsi devstack@n-api.service[108063]: DEBUG nova.api.openstack.wsgi [None req-78e8e1fc-3155-4040-9237-7b245861299a admin admin] Returning 404 to user: Flavor 42 could not be found. {{(pid=108063) __call__ /opt/stack/nova/nova/api/openstack/wsgi.py:936}}
Oct 28 09:42:06.507087 dv-cinder-815712-3-iscsi devstack@n-api.service[108063]: INFO nova.api.openstack.requestlog [None req-78e8e1fc-3155-4040-9237-7b245861299a admin admin] 10.222.0.104 "GET /compute/v2.1/flavors/42" status: 404 len: 75 microversion: 2.90 time: 0.062825
Oct 28 09:42:06.507588 dv-cinder-815712-3-iscsi devstack@n-api.service[108063]: [pid: 108063|app: 0|req: 19/39] 10.222.0.104 () {60 vars in 1195 bytes} [Thu Oct 28 09:42:06 2021] GET /compute/v2.1/flavors/42 => generated 75 bytes in 64 msecs (HTTP/1.1 404) 9 headers in 380 bytes (1 switches on core 0)
Oct 28 09:42:06.517407 dv-cinder-815712-3-iscsi devstack@n-api.service[108062]: DEBUG nova.api.openstack.wsgi [None req-b993b822-5882-42f0-92bb-46b9003f5eee admin admin] Calling method '>' {{(pid=108062) _process_stack /opt/stack/nova/nova/api/openstack/wsgi.py:513}}
Oct 28 09:42:06.540710 dv-cinder-815712-3-iscsi devstack@n-api.service[108062]: INFO nova.api.openstack.requestlog [None req-b993b822-5882-42f0-92bb-46b9003f5eee admin admin] 10.222.0.104 "GET /compute/v2.1/flavors?is_public=None" status: 200 len: 2076 microversion: 2.90 time: 0.026662
Oct 28 09:42:06.541196 dv-cinder-815712-3-iscsi devstack@n-api.service[108062]: [pid: 108062|app: 0|req: 21/40] 10.222.0.104 () {60 vars in 1215 bytes} [Thu Oct 28 09:42:06 2021] GET /compute/v2.1/flavors?is_public=None => generated 2076 bytes in 28 msecs (HTTP/1.1 200) 9 headers in 360 bytes (1 switches on core 0)
Oct 28 09:42:06.554027 dv-cinder-815712-3-iscsi devstack@n-api.service[108063]: DEBUG nova.api.openstack.wsgi [None req-1bb5e1f4-cc9c-41ea-949a-1445b08e25ae admin admin] Calling method '>' {{(pid=108063) _process_stack /opt/stack/nova/nova/api/openstack/wsgi.py:513}}
Oct 28 09:42:06.578687 dv-cinder-815712-3-iscsi devstack@n-api.service[108063]: INFO nova.api.openstack.requestlog [None req-1bb5e1f4-cc9c-41ea-949a-1445b08e25ae admin admin] 10.222.0.104 "GET /compute/v2.1/flavors?is_public=None" status: 200 len: 2076 microversion: 2.90 time: 0.030372
Oct 28 09:42:06.579274 dv-cinder-815712-3-iscsi devstack@n-api.service[108063]: [pid: 108063|app: 0|req: 20/41] 10.222.0.104 () {60 vars in 1215 bytes} [Thu Oct 28 09:42:06 2021] GET /compute/v2.1/flavors?is_public=None => generated 2076 bytes in 32 msecs (HTTP/1.1 200) 9 headers in 360 bytes (1 switches on core 0)
Oct 28 09:42:06.589633 dv-cinder-815712-3-iscsi devstack@n-api.service[108062]: DEBUG nova.api.openstack.wsgi [None req-bf6a73e9-835f-489b-9d9e-0f38c5380e6b admin admin] Calling method '>' {{(pid=108062) _process_stack /opt/stack/nova/nova/api/openstack/wsgi.py:513}}
Oct 28 09:42:06.595186 dv-cinder-815712-3-iscsi devstack@n-api.service[108062]: INFO nova.api.openstack.wsgi [None req-bf6a73e9-835f-489b-9d9e-0f38c5380e6b admin admin] HTTP exception thrown: Flavor 42 could not be found.
Oct 28 09:42:06.595754 dv-cinder-815712-3-iscsi devstack@n-api.service[108062]: DEBUG nova.api.openstack.wsgi [None req-bf6a73e9-835f-489b-9d9e-0f38c5380e6b admin admin] Returning 404 to user: Flavor 42 could not be found. {{(pid=108062) __call__ /opt/stack/nova/nova/api/openstack/wsgi.py:936}}
Oct 28 09:42:06.597311 dv-cinder-815712-3-iscsi devstack@n-api.service[108062]: INFO nova.api.openstack.requestlog [None req-bf6a73e9-835f-489b-9d9e-0f38c5380e6b admin admin] 10.222.0.104 "GET /compute/v2.1/flavors/42" status: 404 len: 75 microversion: 2.90 time: 0.010565
Oct 28 09:42:06.597923 dv-cinder-815712-3-iscsi devstack@n-api.service[108062]: [pid: 108062|app: 0|req: 22/42] 10.222.0.104 () {60 vars in 1195 bytes} [Thu Oct 28 09:42:06 2021] GET /compute/v2.1/flavors/42 => generated 75 bytes in 12 msecs (HTTP/1.1 404) 9 headers in 380 bytes (1 switches on core 0)
Oct 28 09:42:08.051044 dv-cinder-815712-3-iscsi devstack@n-api.service[108063]: DEBUG nova.api.openstack.wsgi [None req-1bb5e1f4-cc9c-41ea-949a-1445b08e25ae admin admin] Calling method '>' {{(pid=108063) _process_stack /opt/stack/nova/nova/api/openstack/wsgi.py:513}}
Oct 28 09:42:08.052039 dv-cinder-815712-3-iscsi devstack@n-api.service[108063]: INFO nova.api.openstack.requestlog [None req-1bb5e1f4-cc9c-41ea-949a-1445b08e25ae admin admin] 10.222.0.104 "GET /compute/v2.1" status: 200 len: 389 microversion: 2.1 time: 0.001578
Oct 28 09:42:08.052436 dv-cinder-815712-3-iscsi devstack@n-api.service[108063]: [pid: 108063|app: 0|req: 21/43] 10.222.0.104 () {56 vars in 1079 bytes} [Thu Oct 28 09:42:08 2021] GET /compute/v2.1 => generated 389 bytes in 2 msecs (HTTP/1.1 200) 9 headers in 357 bytes (1 switches on core 0)
Oct 28 09:42:08.246869 dv-cinder-815712-3-iscsi devstack@n-api.service[108062]: DEBUG nova.api.openstack.wsgi [None req-a60c5831-4e7b-4fde-849a-bc9c1e34ebef admin admin] Calling method '>' {{(pid=108062) _process_stack /opt/stack/nova/nova/api/openstack/wsgi.py:513}}
Oct 28 09:42:08.253181 dv-cinder-815712-3-iscsi devstack@n-api.service[108062]: INFO nova.api.openstack.wsgi [None req-a60c5831-4e7b-4fde-849a-bc9c1e34ebef admin admin] HTTP exception thrown: Flavor 84 could not be found.
Oct 28 09:42:08.253728 dv-cinder-815712-3-iscsi devstack@n-api.service[108062]: DEBUG nova.api.openstack.wsgi [None req-a60c5831-4e7b-4fde-849a-bc9c1e34ebef admin admin] Returning 404 to user: Flavor 84 could not be found. {{(pid=108062) __call__ /opt/stack/nova/nova/api/openstack/wsgi.py:936}}
Oct 28 09:42:08.254524 dv-cinder-815712-3-iscsi devstack@n-api.service[108062]: INFO nova.api.openstack.requestlog [None req-a60c5831-4e7b-4fde-849a-bc9c1e34ebef admin admin] 10.222.0.104 "GET /compute/v2.1/flavors/84" status: 404 len: 75 microversion: 2.90 time: 0.062744
Oct 28 09:42:08.255054 dv-cinder-815712-3-iscsi devstack@n-api.service[108062]: [pid: 108062|app: 0|req: 23/44] 10.222.0.104 () {60 vars in 1195 bytes} [Thu Oct 28 09:42:08 2021] GET /compute/v2.1/flavors/84 => generated 75 bytes in 64 msecs (HTTP/1.1 404) 9 headers in 380 bytes (1 switches on core 0)
Oct 28 09:42:08.264908 dv-cinder-815712-3-iscsi devstack@n-api.service[108063]: DEBUG nova.api.openstack.wsgi [None req-7a0dfabc-a185-4af8-aed2-f84c10ec905c admin admin] Calling method '>' {{(pid=108063) _process_stack /opt/stack/nova/nova/api/openstack/wsgi.py:513}}
Oct 28 09:42:08.279458 dv-cinder-815712-3-iscsi devstack@n-api.service[108063]: INFO nova.api.openstack.requestlog [None req-7a0dfabc-a185-4af8-aed2-f84c10ec905c admin admin] 10.222.0.104 "GET /compute/v2.1/flavors?is_public=None" status: 200 len: 2076 microversion: 2.90 time: 0.018022
Oct 28 09:42:08.280010 dv-cinder-815712-3-iscsi devstack@n-api.service[108063]: [pid: 108063|app: 0|req: 22/45] 10.222.0.104 () {60 vars in 1215 bytes} [Thu Oct 28 09:42:08 2021] GET /compute/v2.1/flavors?is_public=None => generated 2076 bytes in 19 msecs (HTTP/1.1 200) 9 headers in 360 bytes (2 switches on core 0)
Oct 28 09:42:08.290462 dv-cinder-815712-3-iscsi devstack@n-api.service[108062]: DEBUG nova.api.openstack.wsgi [None req-8112ce92-ca07-49ce-acbb-28a36f6f96c0 admin admin] Calling method '>' {{(pid=108062) _process_stack /opt/stack/nova/nova/api/openstack/wsgi.py:513}}
Oct 28 09:42:08.305285 dv-cinder-815712-3-iscsi devstack@n-api.service[108062]: INFO nova.api.openstack.requestlog [None req-8112ce92-ca07-49ce-acbb-28a36f6f96c0 admin admin] 10.222.0.104 "GET /compute/v2.1/flavors?is_public=None" status: 200 len: 2076 microversion: 2.90 time: 0.018454
Oct 28 09:42:08.305836 dv-cinder-815712-3-iscsi devstack@n-api.service[108062]: [pid: 108062|app: 0|req: 24/46] 10.222.0.104 () {60 vars in 1215 bytes} [Thu Oct 28 09:42:08 2021] GET /compute/v2.1/flavors?is_public=None => generated 2076 bytes in 20 msecs (HTTP/1.1 200) 9 headers in 360 bytes (1 switches on core 0)
Oct 28 09:42:08.316836 dv-cinder-815712-3-iscsi devstack@n-api.service[108063]: DEBUG nova.api.openstack.wsgi [None req-b97f8e54-9fbe-4908-a365-4663df5e3827 admin admin] Calling method '>' {{(pid=108063) _process_stack /opt/stack/nova/nova/api/openstack/wsgi.py:513}}
Oct 28 09:42:08.322452 dv-cinder-815712-3-iscsi devstack@n-api.service[108063]: INFO nova.api.openstack.wsgi [None req-b97f8e54-9fbe-4908-a365-4663df5e3827 admin admin] HTTP exception thrown: Flavor 84 could not be found.
