Aug 11 09:59:46.219090 dv-cinder-815660-9-smb neutron-server[123477]: INFO neutron.wsgi [req-70944d1e-067a-4f8b-bed3-7c49a92cc64e req-47ea1868-1b12-4114-855f-e90e9f9f61cb tempest-ServerRescueNegativeTestJSON-862308470 tempest-ServerRescueNegativeTestJSON-862308470-project] 10.222.0.13 "GET /networking/v2.0/security-groups?id=fef902d5-820d-469d-b284-d17018678374&fields=id&fields=name HTTP/1.1" status: 200 len: 286 time: 0.1013215
Aug 11 09:59:46.280684 dv-cinder-815660-9-smb neutron-server[123477]: DEBUG neutron_lib.callbacks.manager [None req-110d4a3a-551f-4d60-a791-3cc2bf24a74e admin admin] Publish callbacks ['neutron.plugins.ml2.ovo_rpc._ObjectChangeHandler.handle_event-518490'] for security_group (4d38706f-fa5b-4376-9571-0711dd7571fc), after_delete {{(pid=123477) _notify_loop /usr/local/lib/python3.8/dist-packages/neutron_lib/callbacks/manager.py:176}}
Aug 11 09:59:46.281522 dv-cinder-815660-9-smb neutron-server[123477]: DEBUG neutron_lib.callbacks.manager [None req-110d4a3a-551f-4d60-a791-3cc2bf24a74e admin admin] Publish callbacks [] for security_group (None), before_response {{(pid=123477) _notify_loop /usr/local/lib/python3.8/dist-packages/neutron_lib/callbacks/manager.py:176}}
Aug 11 09:59:46.283925 dv-cinder-815660-9-smb neutron-server[123477]: INFO neutron.wsgi [None req-110d4a3a-551f-4d60-a791-3cc2bf24a74e admin admin] 10.222.0.13 "DELETE /networking/v2.0/security-groups/4d38706f-fa5b-4376-9571-0711dd7571fc HTTP/1.1" status: 204 len: 168 time: 0.4278297
Aug 11 09:59:46.303620 dv-cinder-815660-9-smb neutron-server[123477]: DEBUG neutron.api.rpc.handlers.resources_rpc [None req-110d4a3a-551f-4d60-a791-3cc2bf24a74e admin admin] Pushing event deleted for resources: {'SecurityGroup': ['ID=4d38706f-fa5b-4376-9571-0711dd7571fc,revision_number=None']} {{(pid=123477) push /opt/stack/neutron/neutron/api/rpc/handlers/resources_rpc.py:237}}
Aug 11 09:59:46.358737 dv-cinder-815660-9-smb neutron-server[123477]: DEBUG neutron.pecan_wsgi.hooks.policy_enforcement [req-39575bf5-fb7b-4450-a7fd-502b0e41453f req-5ebf8e55-744b-4807-8f69-17105a6edd9b tempest-AttachVolumeShelveTestJSON-364837705 tempest-AttachVolumeShelveTestJSON-364837705-project] Attributes excluded by policy engine: ['standard_attr_id', 'binding:profile', 'binding:host_id', 'binding:vif_type', 'binding:vif_details'] {{(pid=123477) _exclude_attributes_by_policy /opt/stack/neutron/neutron/pecan_wsgi/hooks/policy_enforcement.py:259}}
Aug 11 09:59:46.360342 dv-cinder-815660-9-smb neutron-server[123477]: INFO neutron.wsgi [req-39575bf5-fb7b-4450-a7fd-502b0e41453f req-5ebf8e55-744b-4807-8f69-17105a6edd9b tempest-AttachVolumeShelveTestJSON-364837705 tempest-AttachVolumeShelveTestJSON-364837705-project] 10.222.0.13 "GET /networking/v2.0/ports?device_id=30bd7517-c4a5-4ae2-8822-8cf3bf3aded2 HTTP/1.1" status: 200 len: 943 time: 0.0725586
Aug 11 09:59:46.421010 dv-cinder-815660-9-smb neutron-server[123477]: INFO neutron.wsgi [req-39575bf5-fb7b-4450-a7fd-502b0e41453f req-d94e4337-ea92-48a8-81f5-328b167df0cb tempest-AttachVolumeShelveTestJSON-364837705 tempest-AttachVolumeShelveTestJSON-364837705-project] 10.222.0.13 "GET /networking/v2.0/security-groups?id=33aa6f7e-ddb2-4884-b89e-d8240a4ac913&fields=id&fields=name HTTP/1.1" status: 200 len: 312 time: 0.0537601
Aug 11 09:59:46.544956 dv-cinder-815660-9-smb neutron-server[123477]: DEBUG dbcounter [-] [123477] Writing DB stats neutron:SELECT=91,neutron:INSERT=6,neutron:UPDATE=3 {{(pid=123477) stat_writer /usr/local/lib/python3.8/dist-packages/dbcounter.py:114}}
Aug 11 09:59:46.808146 dv-cinder-815660-9-smb neutron-server[123478]: DEBUG neutron.plugins.ml2.rpc [None req-cbb795ef-7d16-4c6f-b52c-d0b1d1930954 None None] Device ec04750c-cc27-4f50-bd3a-7c9a2808a078 details requested by agent hyperv_hv-cinder-81566 with host hv-cinder-81566 {{(pid=123478) get_device_details /opt/stack/neutron/neutron/plugins/ml2/rpc.py:102}}
Aug 11 09:59:46.854792 dv-cinder-815660-9-smb neutron-server[123476]: INFO neutron.wsgi [req-7dda7b4a-3b8f-4e19-aa24-831b4fcdbfd6 req-83bd0832-a744-494b-958e-b44c50dd044c service neutron] 10.222.0.42 "GET /networking/v2.0/networks/a8610592-c618-4676-8d3d-8e33f1acd0b5?fields=provider%3Aphysical_network&fields=provider%3Anetwork_type HTTP/1.1" status: 200 len: 281 time: 0.1162608
Aug 11 09:59:46.875753 dv-cinder-815660-9-smb neutron-server[123477]: DEBUG neutron.pecan_wsgi.hooks.policy_enforcement [req-22ec2abc-6a83-4dc9-a76e-596a3325e4c8 req-a25b854c-6b61-4b74-9d7c-40769753134c service neutron] Attributes excluded by policy engine: ['standard_attr_id'] {{(pid=123477) _exclude_attributes_by_policy /opt/stack/neutron/neutron/pecan_wsgi/hooks/policy_enforcement.py:259}}
Aug 11 09:59:46.877354 dv-cinder-815660-9-smb neutron-server[123477]: INFO neutron.wsgi [req-22ec2abc-6a83-4dc9-a76e-596a3325e4c8 req-a25b854c-6b61-4b74-9d7c-40769753134c service neutron] 10.222.0.42 "GET /networking/v2.0/ports?tenant_id=8bf23dfb10574079833d8defa2e10ed2&device_id=30bd7517-c4a5-4ae2-8822-8cf3bf3aded2 HTTP/1.1" status: 200 len: 1127 time: 0.1265731
Aug 11 09:59:46.893035 dv-cinder-815660-9-smb neutron-server[123477]: DEBUG neutron.pecan_wsgi.hooks.policy_enforcement [req-172403fd-4d84-46b2-a977-29d986f695d8 req-a3a2624f-13c3-49fa-8efd-545ca892f186 tempest-AttachVolumeNegativeTest-1645732916 tempest-AttachVolumeNegativeTest-1645732916-project] Attributes excluded by policy engine: ['standard_attr_id', 'binding:profile', 'binding:host_id', 'binding:vif_type', 'binding:vif_details'] {{(pid=123477) _exclude_attributes_by_policy /opt/stack/neutron/neutron/pecan_wsgi/hooks/policy_enforcement.py:259}}
Aug 11 09:59:46.894063 dv-cinder-815660-9-smb neutron-server[123477]: INFO neutron.wsgi [req-172403fd-4d84-46b2-a977-29d986f695d8 req-a3a2624f-13c3-49fa-8efd-545ca892f186 tempest-AttachVolumeNegativeTest-1645732916 tempest-AttachVolumeNegativeTest-1645732916-project] 10.222.0.13 "GET /networking/v2.0/ports?device_id=a372154e-678f-400f-85c8-dad960a46fa0 HTTP/1.1" status: 200 len: 943 time: 0.1185870
Aug 11 09:59:46.919596 dv-cinder-815660-9-smb neutron-server[123476]: DEBUG dbcounter [-] [123476] Writing DB stats neutron:SELECT=95,neutron:UPDATE=3,neutron:INSERT=2 {{(pid=123476) stat_writer /usr/local/lib/python3.8/dist-packages/dbcounter.py:114}}
Aug 11 09:59:46.947866 dv-cinder-815660-9-smb neutron-server[123477]: INFO neutron.wsgi [req-286d6327-74a9-4a88-8630-d62eb45ebbd2 req-c641c303-102d-4e3a-bd7e-2b70f6c6c3dc service neutron] 10.222.0.42 "GET /networking/v2.0/networks/12e81c73-a689-4e60-9597-a670196ea807?fields=segments HTTP/1.1" status: 200 len: 212 time: 0.2102733
Aug 11 09:59:46.980186 dv-cinder-815660-9-smb neutron-server[123477]: INFO neutron.wsgi [req-172403fd-4d84-46b2-a977-29d986f695d8 req-939f587d-8d9d-409e-96ff-8ef5b21d95aa tempest-AttachVolumeNegativeTest-1645732916 tempest-AttachVolumeNegativeTest-1645732916-project] 10.222.0.13 "GET /networking/v2.0/security-groups?id=9611200a-5bd1-4575-a94a-fa2f0688de17&fields=id&fields=name HTTP/1.1" status: 200 len: 312 time: 0.0721486
Aug 11 09:59:46.999212 dv-cinder-815660-9-smb neutron-server[123476]: DEBUG dbcounter [-] [123476] Writing DB stats neutron:SELECT=95,neutron:DELETE=2,neutron:UPDATE=2,neutron:INSERT=1 {{(pid=123476) stat_writer /usr/local/lib/python3.8/dist-packages/dbcounter.py:114}}
Aug 11 09:59:47.049298 dv-cinder-815660-9-smb neutron-server[123478]: DEBUG neutron.plugins.ml2.db [None req-cbb795ef-7d16-4c6f-b52c-d0b1d1930954 None None] For port ec04750c-cc27-4f50-bd3a-7c9a2808a078, host hv-cinder-81566, got binding levels [PortBindingLevel(driver='hyperv',host='hv-cinder-81566',level=0,port_id=ec04750c-cc27-4f50-bd3a-7c9a2808a078,segment=NetworkSegment(3cecf25e-52cd-408c-81a1-a98f34d51a26),segment_id=3cecf25e-52cd-408c-81a1-a98f34d51a26)] {{(pid=123478) get_binding_level_objs /opt/stack/neutron/neutron/plugins/ml2/db.py:74}}
Aug 11 09:59:47.061384 dv-cinder-815660-9-smb neutron-server[123478]: DEBUG neutron.plugins.ml2.rpc [None req-cbb795ef-7d16-4c6f-b52c-d0b1d1930954 None None] Returning: {'device': 'ec04750c-cc27-4f50-bd3a-7c9a2808a078', 'network_id': 'f7b95342-6003-4fbd-8f82-91f1c3c7280e', 'port_id': 'ec04750c-cc27-4f50-bd3a-7c9a2808a078', 'mac_address': 'fa:16:3e:c9:5e:ad', 'admin_state_up': True, 'network_type': 'vlan', 'segmentation_id': 244, 'physical_network': 'physnet1', 'mtu': 1500, 'fixed_ips': [{'subnet_id': '48f51527-0faa-44cc-8f50-6e4a49216a59', 'ip_address': '172.20.0.12'}], 'device_owner': 'compute:nova', 'allowed_address_pairs': [], 'port_security_enabled': True, 'qos_policy_id': None, 'qos_network_policy_id': None, 'profile': {}, 'propagate_uplink_status': False} {{(pid=123478) _get_device_details /opt/stack/neutron/neutron/plugins/ml2/rpc.py:184}}
Aug 11 09:59:47.087299 dv-cinder-815660-9-smb neutron-server[123478]: DEBUG dbcounter [-] [123478] Writing DB stats neutron:SELECT=96,neutron:UPDATE=4 {{(pid=123478) stat_writer /usr/local/lib/python3.8/dist-packages/dbcounter.py:114}}
Aug 11 09:59:47.099801 dv-cinder-815660-9-smb neutron-server[123478]: DEBUG neutron.plugins.ml2.plugin [None req-cbb795ef-7d16-4c6f-b52c-d0b1d1930954 None None] Current status of the port ec04750c-cc27-4f50-bd3a-7c9a2808a078 is: DOWN; New status is: BUILD {{(pid=123478) _update_individual_port_db_status /opt/stack/neutron/neutron/plugins/ml2/plugin.py:2302}}
Aug 11 09:59:47.099984 dv-cinder-815660-9-smb neutron-server[123476]: DEBUG neutron.wsgi [-] (123476) accepted ('10.222.0.13', 57900) {{(pid=123476) server /usr/local/lib/python3.8/dist-packages/eventlet/wsgi.py:1004}}
Aug 11 09:59:47.100232 dv-cinder-815660-9-smb neutron-server[123478]: DEBUG neutron_lib.callbacks.manager [None req-cbb795ef-7d16-4c6f-b52c-d0b1d1930954 None None] Publish callbacks ['neutron.plugins.ml2.plugin.SecurityGroupDbMixin._ensure_default_security_group_handler-3787258'] for port (ec04750c-cc27-4f50-bd3a-7c9a2808a078), before_update {{(pid=123478) _notify_loop /usr/local/lib/python3.8/dist-packages/neutron_lib/callbacks/manager.py:176}}
Aug 11 09:59:47.114231 dv-cinder-815660-9-smb neutron-server[123476]: DEBUG neutron_lib.callbacks.manager [None req-5a9d973f-a607-4f81-bf76-008bd4458ba5 admin admin] Publish callbacks [] for security_group (None), before_create {{(pid=123476) _notify_loop /usr/local/lib/python3.8/dist-packages/neutron_lib/callbacks/manager.py:176}}
Aug 11 09:59:47.114981 dv-cinder-815660-9-smb neutron-server[123478]: DEBUG neutron.notifiers.nova [None req-cbb795ef-7d16-4c6f-b52c-d0b1d1930954 None None] Ignoring state change previous_port_status: DOWN current_port_status: BUILD port_id ec04750c-cc27-4f50-bd3a-7c9a2808a078 {{(pid=123478) record_port_status_changed /opt/stack/neutron/neutron/notifiers/nova.py:233}}
Aug 11 09:59:47.138467 dv-cinder-815660-9-smb neutron-server[123478]: DEBUG neutron.plugins.ml2.db [None req-cbb795ef-7d16-4c6f-b52c-d0b1d1930954 None None] For port ec04750c-cc27-4f50-bd3a-7c9a2808a078, host hv-cinder-81566, got binding levels [PortBindingLevel(driver='hyperv',host='hv-cinder-81566',level=0,port_id=ec04750c-cc27-4f50-bd3a-7c9a2808a078,segment=NetworkSegment(3cecf25e-52cd-408c-81a1-a98f34d51a26),segment_id=3cecf25e-52cd-408c-81a1-a98f34d51a26)] {{(pid=123478) get_binding_level_objs /opt/stack/neutron/neutron/plugins/ml2/db.py:74}}
Aug 11 09:59:47.194599 dv-cinder-815660-9-smb neutron-server[123476]: DEBUG neutron_lib.callbacks.manager [None req-5a9d973f-a607-4f81-bf76-008bd4458ba5 admin admin] Publish callbacks [] for security_group (0bc2a1b6-25cf-4893-bf3c-07879049f1ee), precommit_create {{(pid=123476) _notify_loop /usr/local/lib/python3.8/dist-packages/neutron_lib/callbacks/manager.py:176}}
Aug 11 09:59:47.207418 dv-cinder-815660-9-smb neutron-server[123478]: DEBUG neutron_lib.callbacks.manager [None req-cbb795ef-7d16-4c6f-b52c-d0b1d1930954 None None] Publish callbacks ['neutron.plugins.ml2.plugin.SecurityGroupServerNotifierRpcMixin._notify_sg_on_port_change-3787195', 'neutron.plugins.ml2.ovo_rpc._ObjectChangeHandler.handle_event-43288', 'neutron.api.rpc.agentnotifiers.dhcp_rpc_agent_api.DhcpAgentNotifyAPI._native_event_send_dhcp_notification-529784', 'neutron.db.l3_db.L3RpcNotifierMixin._notify_gateway_port_ip_changed-8754545756582', 'neutron.db.l3_dvrscheduler_db._notify_l3_agent_port_update-8754545356710', 'neutron.db.l3_hascheduler_db._notify_l3_agent_ha_port_update-8754545356728'] for port (ec04750c-cc27-4f50-bd3a-7c9a2808a078), after_update {{(pid=123478) _notify_loop /usr/local/lib/python3.8/dist-packages/neutron_lib/callbacks/manager.py:176}}
Aug 11 09:59:47.208122 dv-cinder-815660-9-smb neutron-server[123478]: DEBUG neutron.plugins.ml2.rpc [None req-cbb795ef-7d16-4c6f-b52c-d0b1d1930954 None None] Device 18df0939-c269-4deb-8587-b245dab798ff details requested by agent hyperv_hv-cinder-81566 with host hv-cinder-81566 {{(pid=123478) get_device_details /opt/stack/neutron/neutron/plugins/ml2/rpc.py:102}}
Aug 11 09:59:47.272788 dv-cinder-815660-9-smb neutron-server[123476]: DEBUG neutron_lib.callbacks.manager [None req-5a9d973f-a607-4f81-bf76-008bd4458ba5 admin admin] Publish callbacks ['neutron.plugins.ml2.ovo_rpc._ObjectChangeHandler.handle_event-518490'] for security_group (0bc2a1b6-25cf-4893-bf3c-07879049f1ee), after_create {{(pid=123476) _notify_loop /usr/local/lib/python3.8/dist-packages/neutron_lib/callbacks/manager.py:176}}
Aug 11 09:59:47.334828 dv-cinder-815660-9-smb neutron-server[123476]: INFO neutron.wsgi [None req-5a9d973f-a607-4f81-bf76-008bd4458ba5 admin admin] 10.222.0.13 "GET /networking/v2.0/security-groups?tenant_id=ca42c2cd095d4fcebc109a4fd22d548d&name=default HTTP/1.1" status: 200 len: 2996 time: 0.2337594
Aug 11 09:59:47.340554 dv-cinder-815660-9-smb neutron-server[123476]: DEBUG neutron.wsgi [-] (123476) accepted ('10.222.0.13', 57910) {{(pid=123476) server /usr/local/lib/python3.8/dist-packages/eventlet/wsgi.py:1004}}
Aug 11 09:59:47.370204 dv-cinder-815660-9-smb neutron-server[123478]: DEBUG neutron.plugins.ml2.db [None req-cbb795ef-7d16-4c6f-b52c-d0b1d1930954 None None] For port 18df0939-c269-4deb-8587-b245dab798ff, host hv-cinder-81566, got binding levels [PortBindingLevel(driver='hyperv',host='hv-cinder-81566',level=0,port_id=18df0939-c269-4deb-8587-b245dab798ff,segment=NetworkSegment(bfae5e67-d9ab-4a07-adec-9badf9619775),segment_id=bfae5e67-d9ab-4a07-adec-9badf9619775)] {{(pid=123478) get_binding_level_objs /opt/stack/neutron/neutron/plugins/ml2/db.py:74}}
Aug 11 09:59:47.381557 dv-cinder-815660-9-smb neutron-server[123476]: DEBUG neutron.api.rpc.handlers.resources_rpc [None req-5a9d973f-a607-4f81-bf76-008bd4458ba5 admin admin] Pushing event updated for resources: {'SecurityGroup': ['ID=0bc2a1b6-25cf-4893-bf3c-07879049f1ee,revision_number=1']} {{(pid=123476) push /opt/stack/neutron/neutron/api/rpc/handlers/resources_rpc.py:237}}
Aug 11 09:59:47.391078 dv-cinder-815660-9-smb neutron-server[123478]: DEBUG neutron.plugins.ml2.rpc [None req-cbb795ef-7d16-4c6f-b52c-d0b1d1930954 None None] Returning: {'device': '18df0939-c269-4deb-8587-b245dab798ff', 'network_id': '12e81c73-a689-4e60-9597-a670196ea807', 'port_id': '18df0939-c269-4deb-8587-b245dab798ff', 'mac_address': 'fa:16:3e:4e:67:b5', 'admin_state_up': True, 'network_type': 'vlan', 'segmentation_id': 209, 'physical_network': 'physnet1', 'mtu': 1500, 'fixed_ips': [{'subnet_id': 'fb352b35-93f9-485e-ae77-5d5d23776e5d', 'ip_address': '172.20.0.8'}], 'device_owner': 'compute:nova', 'allowed_address_pairs': [], 'port_security_enabled': True, 'qos_policy_id': None, 'qos_network_policy_id': None, 'profile': {}, 'propagate_uplink_status': False} {{(pid=123478) _get_device_details /opt/stack/neutron/neutron/plugins/ml2/rpc.py:184}}
Aug 11 09:59:47.394682 dv-cinder-815660-9-smb neutron-server[123477]: DEBUG neutron.pecan_wsgi.hooks.policy_enforcement [req-0782e96d-02c3-4432-b242-afdb224d019e req-523ed269-4449-4711-9762-992412079197 tempest-DeleteServersTestJSON-1202770004 tempest-DeleteServersTestJSON-1202770004-project] Attributes excluded by policy engine: ['standard_attr_id', 'binding:profile', 'binding:host_id', 'binding:vif_type', 'binding:vif_details'] {{(pid=123477) _exclude_attributes_by_policy /opt/stack/neutron/neutron/pecan_wsgi/hooks/policy_enforcement.py:259}}
Aug 11 09:59:47.396807 dv-cinder-815660-9-smb neutron-server[123477]: INFO neutron.wsgi [req-0782e96d-02c3-4432-b242-afdb224d019e req-523ed269-4449-4711-9762-992412079197 tempest-DeleteServersTestJSON-1202770004 tempest-DeleteServersTestJSON-1202770004-project] 10.222.0.13 "GET /networking/v2.0/ports?device_id=f9d4cb39-f1e1-4678-b0b2-6d890bb0897a HTTP/1.1" status: 200 len: 945 time: 0.0923181
Aug 11 09:59:47.403271 dv-cinder-815660-9-smb neutron-server[123477]: DEBUG neutron.pecan_wsgi.hooks.policy_enforcement [req-74ffa781-a37a-4875-8580-627756703268 req-44a16169-6c19-4be0-bbad-1cf98ac2e16f tempest-ServerRescueNegativeTestJSON-862308470 tempest-ServerRescueNegativeTestJSON-862308470-project] Attributes excluded by policy engine: ['standard_attr_id', 'binding:profile', 'binding:host_id', 'binding:vif_type', 'binding:vif_details'] {{(pid=123477) _exclude_attributes_by_policy /opt/stack/neutron/neutron/pecan_wsgi/hooks/policy_enforcement.py:259}}
Aug 11 09:59:47.404878 dv-cinder-815660-9-smb neutron-server[123477]: INFO neutron.wsgi [req-74ffa781-a37a-4875-8580-627756703268 req-44a16169-6c19-4be0-bbad-1cf98ac2e16f tempest-ServerRescueNegativeTestJSON-862308470 tempest-ServerRescueNegativeTestJSON-862308470-project] 10.222.0.13 "GET /networking/v2.0/ports?device_id=2be77756-89eb-4283-8a7e-18783674f366 HTTP/1.1" status: 200 len: 943 time: 0.0843291
Aug 11 09:59:47.428320 dv-cinder-815660-9-smb neutron-server[123478]: DEBUG neutron.api.rpc.handlers.resources_rpc [None req-cbb795ef-7d16-4c6f-b52c-d0b1d1930954 None None] Pushing event updated for resources: {'Port': ['ID=ec04750c-cc27-4f50-bd3a-7c9a2808a078,revision_number=4']} {{(pid=123478) push /opt/stack/neutron/neutron/api/rpc/handlers/resources_rpc.py:237}}
Aug 11 09:59:47.446627 dv-cinder-815660-9-smb neutron-server[123478]: DEBUG neutron.plugins.ml2.plugin [None req-cbb795ef-7d16-4c6f-b52c-d0b1d1930954 None None] Current status of the port 18df0939-c269-4deb-8587-b245dab798ff is: DOWN; New status is: BUILD {{(pid=123478) _update_individual_port_db_status /opt/stack/neutron/neutron/plugins/ml2/plugin.py:2302}}
Aug 11 09:59:47.447237 dv-cinder-815660-9-smb neutron-server[123478]: DEBUG neutron_lib.callbacks.manager [None req-cbb795ef-7d16-4c6f-b52c-d0b1d1930954 None None] Publish callbacks ['neutron.plugins.ml2.plugin.SecurityGroupDbMixin._ensure_default_security_group_handler-3787258'] for port (18df0939-c269-4deb-8587-b245dab798ff), before_update {{(pid=123478) _notify_loop /usr/local/lib/python3.8/dist-packages/neutron_lib/callbacks/manager.py:176}}
Aug 11 09:59:47.448922 dv-cinder-815660-9-smb neutron-server[123476]: DEBUG neutron_lib.callbacks.manager [None req-2e96212a-b60f-404b-9c3c-79a600335639 admin admin] Publish callbacks [] for security_group (0bc2a1b6-25cf-4893-bf3c-07879049f1ee), before_delete {{(pid=123476) _notify_loop /usr/local/lib/python3.8/dist-packages/neutron_lib/callbacks/manager.py:176}}
Aug 11 09:59:47.464667 dv-cinder-815660-9-smb neutron-server[123478]: DEBUG neutron.notifiers.nova [None req-cbb795ef-7d16-4c6f-b52c-d0b1d1930954 None None] Ignoring state change previous_port_status: DOWN current_port_status: BUILD port_id 18df0939-c269-4deb-8587-b245dab798ff {{(pid=123478) record_port_status_changed /opt/stack/neutron/neutron/notifiers/nova.py:233}}
Aug 11 09:59:47.483335 dv-cinder-815660-9-smb neutron-server[123476]: DEBUG neutron_lib.callbacks.manager [None req-2e96212a-b60f-404b-9c3c-79a600335639 admin admin] Publish callbacks [] for security_group (0bc2a1b6-25cf-4893-bf3c-07879049f1ee), precommit_delete {{(pid=123476) _notify_loop /usr/local/lib/python3.8/dist-packages/neutron_lib/callbacks/manager.py:176}}
Aug 11 09:59:47.490983 dv-cinder-815660-9-smb neutron-server[123477]: INFO neutron.wsgi [req-0782e96d-02c3-4432-b242-afdb224d019e req-b8c1cf16-f2bf-4f78-afad-887b21464b6c tempest-DeleteServersTestJSON-1202770004 tempest-DeleteServersTestJSON-1202770004-project] 10.222.0.13 "GET /networking/v2.0/security-groups?id=9298576a-2660-4429-8979-111a0d91dcde&fields=id&fields=name HTTP/1.1" status: 200 len: 286 time: 0.0849388
Aug 11 09:59:47.491723 dv-cinder-815660-9-smb neutron-server[123478]: DEBUG neutron.plugins.ml2.db [None req-cbb795ef-7d16-4c6f-b52c-d0b1d1930954 None None] For port 18df0939-c269-4deb-8587-b245dab798ff, host hv-cinder-81566, got binding levels [PortBindingLevel(driver='hyperv',host='hv-cinder-81566',level=0,port_id=18df0939-c269-4deb-8587-b245dab798ff,segment=NetworkSegment(bfae5e67-d9ab-4a07-adec-9badf9619775),segment_id=bfae5e67-d9ab-4a07-adec-9badf9619775)] {{(pid=123478) get_binding_level_objs /opt/stack/neutron/neutron/plugins/ml2/db.py:74}}
Aug 11 09:59:47.500939 dv-cinder-815660-9-smb neutron-server[123477]: INFO neutron.wsgi [req-74ffa781-a37a-4875-8580-627756703268 req-c63dfaa5-e5dd-46b5-9879-6b5872bed89d tempest-ServerRescueNegativeTestJSON-862308470 tempest-ServerRescueNegativeTestJSON-862308470-project] 10.222.0.13 "GET /networking/v2.0/security-groups?id=fef902d5-820d-469d-b284-d17018678374&fields=id&fields=name HTTP/1.1" status: 200 len: 286 time: 0.0871377
Aug 11 09:59:47.509938 dv-cinder-815660-9-smb neutron-server[123477]: DEBUG dbcounter [-] [123477] Writing DB stats neutron:SELECT=98,neutron:DELETE=2 {{(pid=123477) stat_writer /usr/local/lib/python3.8/dist-packages/dbcounter.py:114}}
Aug 11 09:59:47.582475 dv-cinder-815660-9-smb neutron-server[123478]: DEBUG neutron_lib.callbacks.manager [None req-cbb795ef-7d16-4c6f-b52c-d0b1d1930954 None None] Publish callbacks ['neutron.plugins.ml2.plugin.SecurityGroupServerNotifierRpcMixin._notify_sg_on_port_change-3787195', 'neutron.plugins.ml2.ovo_rpc._ObjectChangeHandler.handle_event-43288', 'neutron.api.rpc.agentnotifiers.dhcp_rpc_agent_api.DhcpAgentNotifyAPI._native_event_send_dhcp_notification-529784', 'neutron.db.l3_db.L3RpcNotifierMixin._notify_gateway_port_ip_changed-8754545756582', 'neutron.db.l3_dvrscheduler_db._notify_l3_agent_port_update-8754545356710', 'neutron.db.l3_hascheduler_db._notify_l3_agent_ha_port_update-8754545356728'] for port (18df0939-c269-4deb-8587-b245dab798ff), after_update {{(pid=123478) _notify_loop /usr/local/lib/python3.8/dist-packages/neutron_lib/callbacks/manager.py:176}}
Aug 11 09:59:47.655402 dv-cinder-815660-9-smb neutron-server[123478]: DEBUG neutron.api.rpc.handlers.resources_rpc [None req-cbb795ef-7d16-4c6f-b52c-d0b1d1930954 None None] Pushing event updated for resources: {'Port': ['ID=18df0939-c269-4deb-8587-b245dab798ff,revision_number=4']} {{(pid=123478) push /opt/stack/neutron/neutron/api/rpc/handlers/resources_rpc.py:237}}
Aug 11 09:59:47.667082 dv-cinder-815660-9-smb neutron-server[123476]: DEBUG neutron_lib.callbacks.manager [None req-2e96212a-b60f-404b-9c3c-79a600335639 admin admin] Publish callbacks ['neutron.plugins.ml2.ovo_rpc._ObjectChangeHandler.handle_event-518490'] for security_group (0bc2a1b6-25cf-4893-bf3c-07879049f1ee), after_delete {{(pid=123476) _notify_loop /usr/local/lib/python3.8/dist-packages/neutron_lib/callbacks/manager.py:176}}
Aug 11 09:59:47.669942 dv-cinder-815660-9-smb neutron-server[123476]: DEBUG neutron_lib.callbacks.manager [None req-2e96212a-b60f-404b-9c3c-79a600335639 admin admin] Publish callbacks [] for security_group (None), before_response {{(pid=123476) _notify_loop /usr/local/lib/python3.8/dist-packages/neutron_lib/callbacks/manager.py:176}}
Aug 11 09:59:47.671136 dv-cinder-815660-9-smb neutron-server[123476]: INFO neutron.wsgi [None req-2e96212a-b60f-404b-9c3c-79a600335639 admin admin] 10.222.0.13 "DELETE /networking/v2.0/security-groups/0bc2a1b6-25cf-4893-bf3c-07879049f1ee HTTP/1.1" status: 204 len: 168 time: 0.3282368
Aug 11 09:59:47.679752 dv-cinder-815660-9-smb neutron-server[123476]: DEBUG neutron.api.rpc.handlers.resources_rpc [None req-2e96212a-b60f-404b-9c3c-79a600335639 admin admin] Pushing event deleted for resources: {'SecurityGroup': ['ID=0bc2a1b6-25cf-4893-bf3c-07879049f1ee,revision_number=None']} {{(pid=123476) push /opt/stack/neutron/neutron/api/rpc/handlers/resources_rpc.py:237}}
Aug 11 09:59:47.775994 dv-cinder-815660-9-smb neutron-server[123477]: DEBUG neutron.pecan_wsgi.hooks.policy_enforcement [req-a0d4f29d-8430-4654-b4b1-49e1dc58e8b4 req-8d6d371e-a152-4206-bcc4-188dc95092f8 tempest-AttachVolumeShelveTestJSON-364837705 tempest-AttachVolumeShelveTestJSON-364837705-project] Attributes excluded by policy engine: ['standard_attr_id', 'binding:profile', 'binding:host_id', 'binding:vif_type', 'binding:vif_details'] {{(pid=123477) _exclude_attributes_by_policy /opt/stack/neutron/neutron/pecan_wsgi/hooks/policy_enforcement.py:259}}
Aug 11 09:59:47.780645 dv-cinder-815660-9-smb neutron-server[123477]: INFO neutron.wsgi [req-a0d4f29d-8430-4654-b4b1-49e1dc58e8b4 req-8d6d371e-a152-4206-bcc4-188dc95092f8 tempest-AttachVolumeShelveTestJSON-364837705 tempest-AttachVolumeShelveTestJSON-364837705-project] 10.222.0.13 "GET /networking/v2.0/ports?device_id=30bd7517-c4a5-4ae2-8822-8cf3bf3aded2 HTTP/1.1" status: 200 len: 943 time: 0.1959171
Aug 11 09:59:47.807234 dv-cinder-815660-9-smb neutron-server[123479]: DEBUG dbcounter [-] [123479] Writing DB stats neutron:SELECT=2 {{(pid=123479) stat_writer /usr/local/lib/python3.8/dist-packages/dbcounter.py:114}}
Aug 11 09:59:47.810436 dv-cinder-815660-9-smb neutron-server[123479]: DEBUG dbcounter [-] [123479] Writing DB stats neutron:SELECT=22 {{(pid=123479) stat_writer /usr/local/lib/python3.8/dist-packages/dbcounter.py:114}}
Aug 11 09:59:47.839856 dv-cinder-815660-9-smb neutron-server[123477]: DEBUG neutron.pecan_wsgi.hooks.policy_enforcement [req-22ec2abc-6a83-4dc9-a76e-596a3325e4c8 req-5f30d746-bdea-4cf0-9498-8c68ba51c6d7 service neutron] Attributes excluded by policy engine: ['standard_attr_id', 'vlan_transparent'] {{(pid=123477) _exclude_attributes_by_policy /opt/stack/neutron/neutron/pecan_wsgi/hooks/policy_enforcement.py:259}}
Aug 11 09:59:47.839856 dv-cinder-815660-9-smb neutron-server[123477]: INFO neutron.wsgi [req-22ec2abc-6a83-4dc9-a76e-596a3325e4c8 req-5f30d746-bdea-4cf0-9498-8c68ba51c6d7 service neutron] 10.222.0.42 "GET /networking/v2.0/networks?id=6a36c04d-770a-4547-8a99-56b2d0cf3af3 HTTP/1.1" status: 200 len: 918 time: 0.2286692
Aug 11 09:59:47.889112 dv-cinder-815660-9-smb neutron-server[123477]: INFO neutron.wsgi [req-286d6327-74a9-4a88-8630-d62eb45ebbd2 req-0a900fa1-70ed-447d-b81a-42738c81fe9b service neutron] 10.222.0.42 "GET /networking/v2.0/networks/12e81c73-a689-4e60-9597-a670196ea807?fields=provider%3Aphysical_network&fields=provider%3Anetwork_type HTTP/1.1" status: 200 len: 281 time: 0.2851105
Aug 11 09:59:47.892807 dv-cinder-815660-9-smb neutron-server[123477]: INFO neutron.wsgi [req-22ec2abc-6a83-4dc9-a76e-596a3325e4c8 req-84be1d4c-5139-43d7-a68f-ffc013a68baf service neutron] 10.222.0.42 "GET /networking/v2.0/floatingips?fixed_ip_address=172.20.0.7&port_id=ca4e5246-19f8-4cbb-8cc9-733bd81b377b HTTP/1.1" status: 200 len: 217 time: 0.0439422
Aug 11 09:59:47.906977 dv-cinder-815660-9-smb neutron-server[123477]: INFO neutron.wsgi [req-a0d4f29d-8430-4654-b4b1-49e1dc58e8b4 req-f8965930-2478-4900-8e7f-bc5ff42e071b tempest-AttachVolumeShelveTestJSON-364837705 tempest-AttachVolumeShelveTestJSON-364837705-project] 10.222.0.13 "GET /networking/v2.0/security-groups?id=33aa6f7e-ddb2-4884-b89e-d8240a4ac913&fields=id&fields=name HTTP/1.1" status: 200 len: 312 time: 0.1208627
Aug 11 09:59:47.958216 dv-cinder-815660-9-smb neutron-server[123477]: DEBUG neutron.pecan_wsgi.hooks.policy_enforcement [req-22ec2abc-6a83-4dc9-a76e-596a3325e4c8 req-9679fe52-594b-428a-99ab-3de65980baec service neutron] Attributes excluded by policy engine: ['standard_attr_id', 'shared'] {{(pid=123477) _exclude_attributes_by_policy /opt/stack/neutron/neutron/pecan_wsgi/hooks/policy_enforcement.py:259}}
Aug 11 09:59:47.959885 dv-cinder-815660-9-smb neutron-server[123477]: INFO neutron.wsgi [req-22ec2abc-6a83-4dc9-a76e-596a3325e4c8 req-9679fe52-594b-428a-99ab-3de65980baec service neutron] 10.222.0.42 "GET /networking/v2.0/subnets?id=feaff7f3-54b4-4952-b6d9-c9767ac39f58 HTTP/1.1" status: 200 len: 856 time: 0.0475924
Aug 11 09:59:48.005238 dv-cinder-815660-9-smb neutron-server[123477]: DEBUG neutron.pecan_wsgi.hooks.policy_enforcement [req-22ec2abc-6a83-4dc9-a76e-596a3325e4c8 req-20d2acb2-e558-4280-9f97-9f3fa3698e77 service neutron] Attributes excluded by policy engine: ['standard_attr_id'] {{(pid=123477) _exclude_attributes_by_policy /opt/stack/neutron/neutron/pecan_wsgi/hooks/policy_enforcement.py:259}}
Aug 11 09:59:48.006865 dv-cinder-815660-9-smb neutron-server[123477]: INFO neutron.wsgi [req-22ec2abc-6a83-4dc9-a76e-596a3325e4c8 req-20d2acb2-e558-4280-9f97-9f3fa3698e77 service neutron] 10.222.0.42 "GET /networking/v2.0/ports?network_id=6a36c04d-770a-4547-8a99-56b2d0cf3af3&device_owner=network%3Adhcp HTTP/1.1" status: 200 len: 1210 time: 0.0405779
Aug 11 09:59:48.125643 dv-cinder-815660-9-smb neutron-server[123477]: DEBUG neutron.pecan_wsgi.hooks.policy_enforcement [req-3133fa99-f60f-4d8b-8861-78c805eda077 req-35a0c83f-b94d-4a64-8f06-9d15314aed92 tempest-AttachVolumeNegativeTest-1645732916 tempest-AttachVolumeNegativeTest-1645732916-project] Attributes excluded by policy engine: ['standard_attr_id', 'binding:profile', 'binding:host_id', 'binding:vif_type', 'binding:vif_details'] {{(pid=123477) _exclude_attributes_by_policy /opt/stack/neutron/neutron/pecan_wsgi/hooks/policy_enforcement.py:259}}
Aug 11 09:59:48.127184 dv-cinder-815660-9-smb neutron-server[123477]: INFO neutron.wsgi [req-3133fa99-f60f-4d8b-8861-78c805eda077 req-35a0c83f-b94d-4a64-8f06-9d15314aed92 tempest-AttachVolumeNegativeTest-1645732916 tempest-AttachVolumeNegativeTest-1645732916-project] 10.222.0.13 "GET /networking/v2.0/ports?device_id=a372154e-678f-400f-85c8-dad960a46fa0 HTTP/1.1" status: 200 len: 943 time: 0.0606558
Aug 11 09:59:48.146607 dv-cinder-815660-9-smb neutron-server[123478]: DEBUG neutron.plugins.ml2.db [None req-cbb795ef-7d16-4c6f-b52c-d0b1d1930954 None None] get_ports_and_sgs() called for port_ids ['ec04750c-cc27-4f50-bd3a-7c9a2808a078'] {{(pid=123478) get_ports_and_sgs /opt/stack/neutron/neutron/plugins/ml2/db.py:163}}
Aug 11 09:59:48.174623 dv-cinder-815660-9-smb neutron-server[123477]: INFO neutron.wsgi [req-22ec2abc-6a83-4dc9-a76e-596a3325e4c8 req-20f1fb46-4df0-43be-9d29-65b925fe9a01 service neutron] 10.222.0.42 "GET /networking/v2.0/networks/6a36c04d-770a-4547-8a99-56b2d0cf3af3?fields=segments HTTP/1.1" status: 200 len: 212 time: 0.1553621
Aug 11 09:59:48.281296 dv-cinder-815660-9-smb neutron-server[123477]: INFO neutron.wsgi [req-3133fa99-f60f-4d8b-8861-78c805eda077 req-4e796754-86b1-4e1d-9873-15cae053a8ae tempest-AttachVolumeNegativeTest-1645732916 tempest-AttachVolumeNegativeTest-1645732916-project] 10.222.0.13 "GET /networking/v2.0/security-groups?id=9611200a-5bd1-4575-a94a-fa2f0688de17&fields=id&fields=name HTTP/1.1" status: 200 len: 312 time: 0.1440136
Aug 11 09:59:48.312925 dv-cinder-815660-9-smb neutron-server[123477]: INFO neutron.wsgi [req-22ec2abc-6a83-4dc9-a76e-596a3325e4c8 req-3b83da31-697b-4cb7-9eba-4f667f1011dd service neutron] 10.222.0.42 "GET /networking/v2.0/networks/6a36c04d-770a-4547-8a99-56b2d0cf3af3?fields=provider%3Aphysical_network&fields=provider%3Anetwork_type HTTP/1.1" status: 200 len: 281 time: 0.1296558
Aug 11 09:59:48.321663 dv-cinder-815660-9-smb neutron-server[123478]: DEBUG neutron.plugins.ml2.db [None req-cbb795ef-7d16-4c6f-b52c-d0b1d1930954 None None] get_ports_and_sgs() called for port_ids ['18df0939-c269-4deb-8587-b245dab798ff'] {{(pid=123478) get_ports_and_sgs /opt/stack/neutron/neutron/plugins/ml2/db.py:163}}
Aug 11 09:59:48.367360 dv-cinder-815660-9-smb neutron-server[123478]: DEBUG dbcounter [-] [123478] Writing DB stats neutron:SELECT=96,neutron:UPDATE=4 {{(pid=123478) stat_writer /usr/local/lib/python3.8/dist-packages/dbcounter.py:114}}
Aug 11 09:59:48.804478 dv-cinder-815660-9-smb neutron-server[123477]: DEBUG dbcounter [-] [123477] Writing DB stats neutron:SELECT=95,neutron:DELETE=2,neutron:UPDATE=3 {{(pid=123477) stat_writer /usr/local/lib/python3.8/dist-packages/dbcounter.py:114}}
Aug 11 09:59:48.841547 dv-cinder-815660-9-smb neutron-server[123477]: DEBUG neutron.pecan_wsgi.hooks.policy_enforcement [req-4ec5d414-38db-4612-b59d-43f7e497997e req-9777a48e-7f7b-426a-b52e-ccb3007e0155 tempest-DeleteServersTestJSON-1202770004 tempest-DeleteServersTestJSON-1202770004-project] Attributes excluded by policy engine: ['standard_attr_id', 'binding:profile', 'binding:host_id', 'binding:vif_type', 'binding:vif_details'] {{(pid=123477) _exclude_attributes_by_policy /opt/stack/neutron/neutron/pecan_wsgi/hooks/policy_enforcement.py:259}}
Aug 11 09:59:48.843118 dv-cinder-815660-9-smb neutron-server[123477]: INFO neutron.wsgi [req-4ec5d414-38db-4612-b59d-43f7e497997e req-9777a48e-7f7b-426a-b52e-ccb3007e0155 tempest-DeleteServersTestJSON-1202770004 tempest-DeleteServersTestJSON-1202770004-project] 10.222.0.13 "GET /networking/v2.0/ports?device_id=f9d4cb39-f1e1-4678-b0b2-6d890bb0897a HTTP/1.1" status: 200 len: 945 time: 0.2503550
Aug 11 09:59:48.854306 dv-cinder-815660-9-smb neutron-server[123477]: DEBUG neutron.pecan_wsgi.hooks.policy_enforcement [req-cfd08a90-077e-4479-ac0a-f5428c7e39f6 req-14c7f28b-e0b7-4680-a704-12b52a950ec1 tempest-ServerRescueNegativeTestJSON-862308470 tempest-ServerRescueNegativeTestJSON-862308470-project] Attributes excluded by policy engine: ['standard_attr_id', 'binding:profile', 'binding:host_id', 'binding:vif_type', 'binding:vif_details'] {{(pid=123477) _exclude_attributes_by_policy /opt/stack/neutron/neutron/pecan_wsgi/hooks/policy_enforcement.py:259}}
Aug 11 09:59:48.855733 dv-cinder-815660-9-smb neutron-server[123477]: INFO neutron.wsgi [req-cfd08a90-077e-4479-ac0a-f5428c7e39f6 req-14c7f28b-e0b7-4680-a704-12b52a950ec1 tempest-ServerRescueNegativeTestJSON-862308470 tempest-ServerRescueNegativeTestJSON-862308470-project] 10.222.0.13 "GET /networking/v2.0/ports?device_id=2be77756-89eb-4283-8a7e-18783674f366 HTTP/1.1" status: 200 len: 943 time: 0.0628753
Aug 11 09:59:48.936824 dv-cinder-815660-9-smb neutron-server[123477]: INFO neutron.wsgi [req-4ec5d414-38db-4612-b59d-43f7e497997e req-442fdc08-7a80-4eea-addc-6093b80f9176 tempest-DeleteServersTestJSON-1202770004 tempest-DeleteServersTestJSON-1202770004-project] 10.222.0.13 "GET /networking/v2.0/security-groups?id=9298576a-2660-4429-8979-111a0d91dcde&fields=id&fields=name HTTP/1.1" status: 200 len: 286 time: 0.0799878
Aug 11 09:59:48.946810 dv-cinder-815660-9-smb neutron-server[123477]: INFO neutron.wsgi [req-cfd08a90-077e-4479-ac0a-f5428c7e39f6 req-d355b7d4-d7c1-42bb-8737-9b279c441023 tempest-ServerRescueNegativeTestJSON-862308470 tempest-ServerRescueNegativeTestJSON-862308470-project] 10.222.0.13 "GET /networking/v2.0/security-groups?id=fef902d5-820d-469d-b284-d17018678374&fields=id&fields=name HTTP/1.1" status: 200 len: 286 time: 0.0821905
Aug 11 09:59:48.953650 dv-cinder-815660-9-smb neutron-server[123478]: DEBUG neutron.plugins.ml2.rpc [None req-cbb795ef-7d16-4c6f-b52c-d0b1d1930954 None None] Device ca4e5246-19f8-4cbb-8cc9-733bd81b377b details requested by agent hyperv_hv-cinder-81566 with host hv-cinder-81566 {{(pid=123478) get_device_details /opt/stack/neutron/neutron/plugins/ml2/rpc.py:102}}
Aug 11 09:59:48.959431 dv-cinder-815660-9-smb neutron-server[123477]: DEBUG dbcounter [-] [123477] Writing DB stats neutron:SELECT=94,neutron:UPDATE=5,neutron:INSERT=1 {{(pid=123477) stat_writer /usr/local/lib/python3.8/dist-packages/dbcounter.py:114}}
Aug 11 09:59:48.982856 dv-cinder-815660-9-smb neutron-server[123478]: DEBUG dbcounter [-] [123478] Writing DB stats neutron:SELECT=99,neutron:UPDATE=1 {{(pid=123478) stat_writer /usr/local/lib/python3.8/dist-packages/dbcounter.py:114}}
Aug 11 09:59:48.990622 dv-cinder-815660-9-smb neutron-server[123476]: DEBUG dbcounter [-] [123476] Writing DB stats neutron:SELECT=94,neutron:UPDATE=5,neutron:INSERT=1 {{(pid=123476) stat_writer /usr/local/lib/python3.8/dist-packages/dbcounter.py:114}}
Aug 11 09:59:49.108144 dv-cinder-815660-9-smb neutron-server[123477]: DEBUG neutron.pecan_wsgi.hooks.policy_enforcement [req-11e393d9-5df6-4449-9602-96b5bb6516cb req-4f90754d-7de2-4326-a6d9-cf9cbb6aa43c tempest-AttachVolumeShelveTestJSON-364837705 tempest-AttachVolumeShelveTestJSON-364837705-project] Attributes excluded by policy engine: ['standard_attr_id', 'binding:profile', 'binding:host_id', 'binding:vif_type', 'binding:vif_details'] {{(pid=123477) _exclude_attributes_by_policy /opt/stack/neutron/neutron/pecan_wsgi/hooks/policy_enforcement.py:259}}
Aug 11 09:59:49.113462 dv-cinder-815660-9-smb neutron-server[123478]: DEBUG neutron.plugins.ml2.db [None req-cbb795ef-7d16-4c6f-b52c-d0b1d1930954 None None] For port ca4e5246-19f8-4cbb-8cc9-733bd81b377b, host hv-cinder-81566, got binding levels [PortBindingLevel(driver='hyperv',host='hv-cinder-81566',level=0,port_id=ca4e5246-19f8-4cbb-8cc9-733bd81b377b,segment=NetworkSegment(641ecae9-2e40-4c78-ad20-c46a4d2cb2d4),segment_id=641ecae9-2e40-4c78-ad20-c46a4d2cb2d4)] {{(pid=123478) get_binding_level_objs /opt/stack/neutron/neutron/plugins/ml2/db.py:74}}
Aug 11 09:59:49.113590 dv-cinder-815660-9-smb neutron-server[123477]: INFO neutron.wsgi [req-11e393d9-5df6-4449-9602-96b5bb6516cb req-4f90754d-7de2-4326-a6d9-cf9cbb6aa43c tempest-AttachVolumeShelveTestJSON-364837705 tempest-AttachVolumeShelveTestJSON-364837705-project] 10.222.0.13 "GET /networking/v2.0/ports?device_id=30bd7517-c4a5-4ae2-8822-8cf3bf3aded2 HTTP/1.1" status: 200 len: 943 time: 0.0478475
Aug 11 09:59:49.120367 dv-cinder-815660-9-smb neutron-server[123478]: DEBUG neutron.plugins.ml2.rpc [None req-cbb795ef-7d16-4c6f-b52c-d0b1d1930954 None None] Returning: {'device': 'ca4e5246-19f8-4cbb-8cc9-733bd81b377b', 'network_id': '6a36c04d-770a-4547-8a99-56b2d0cf3af3', 'port_id': 'ca4e5246-19f8-4cbb-8cc9-733bd81b377b', 'mac_address': 'fa:16:3e:f6:df:3c', 'admin_state_up': True, 'network_type': 'vlan', 'segmentation_id': 242, 'physical_network': 'physnet1', 'mtu': 1500, 'fixed_ips': [{'subnet_id': 'feaff7f3-54b4-4952-b6d9-c9767ac39f58', 'ip_address': '172.20.0.7'}], 'device_owner': 'compute:nova', 'allowed_address_pairs': [], 'port_security_enabled': True, 'qos_policy_id': None, 'qos_network_policy_id': None, 'profile': {}, 'propagate_uplink_status': False} {{(pid=123478) _get_device_details /opt/stack/neutron/neutron/plugins/ml2/rpc.py:184}}
Aug 11 09:59:49.156994 dv-cinder-815660-9-smb neutron-server[123478]: DEBUG neutron.plugins.ml2.plugin [None req-cbb795ef-7d16-4c6f-b52c-d0b1d1930954 None None] Current status of the port ca4e5246-19f8-4cbb-8cc9-733bd81b377b is: DOWN; New status is: BUILD {{(pid=123478) _update_individual_port_db_status /opt/stack/neutron/neutron/plugins/ml2/plugin.py:2302}}
Aug 11 09:59:49.158126 dv-cinder-815660-9-smb neutron-server[123478]: DEBUG neutron_lib.callbacks.manager [None req-cbb795ef-7d16-4c6f-b52c-d0b1d1930954 None None] Publish callbacks ['neutron.plugins.ml2.plugin.SecurityGroupDbMixin._ensure_default_security_group_handler-3787258'] for port (ca4e5246-19f8-4cbb-8cc9-733bd81b377b), before_update {{(pid=123478) _notify_loop /usr/local/lib/python3.8/dist-packages/neutron_lib/callbacks/manager.py:176}}
Aug 11 09:59:49.170654 dv-cinder-815660-9-smb neutron-server[123477]: INFO neutron.wsgi [req-11e393d9-5df6-4449-9602-96b5bb6516cb req-c5a89ecd-6d6b-41b0-a216-669782cebd6a tempest-AttachVolumeShelveTestJSON-364837705 tempest-AttachVolumeShelveTestJSON-364837705-project] 10.222.0.13 "GET /networking/v2.0/security-groups?id=33aa6f7e-ddb2-4884-b89e-d8240a4ac913&fields=id&fields=name HTTP/1.1" status: 200 len: 312 time: 0.0544963
Aug 11 09:59:49.177676 dv-cinder-815660-9-smb neutron-server[123478]: DEBUG neutron.notifiers.nova [None req-cbb795ef-7d16-4c6f-b52c-d0b1d1930954 None None] Ignoring state change previous_port_status: DOWN current_port_status: BUILD port_id ca4e5246-19f8-4cbb-8cc9-733bd81b377b {{(pid=123478) record_port_status_changed /opt/stack/neutron/neutron/notifiers/nova.py:233}}
Aug 11 09:59:49.202420 dv-cinder-815660-9-smb neutron-server[123478]: DEBUG neutron.plugins.ml2.db [None req-cbb795ef-7d16-4c6f-b52c-d0b1d1930954 None None] For port ca4e5246-19f8-4cbb-8cc9-733bd81b377b, host hv-cinder-81566, got binding levels [PortBindingLevel(driver='hyperv',host='hv-cinder-81566',level=0,port_id=ca4e5246-19f8-4cbb-8cc9-733bd81b377b,segment=NetworkSegment(641ecae9-2e40-4c78-ad20-c46a4d2cb2d4),segment_id=641ecae9-2e40-4c78-ad20-c46a4d2cb2d4)] {{(pid=123478) get_binding_level_objs /opt/stack/neutron/neutron/plugins/ml2/db.py:74}}
Aug 11 09:59:49.257806 dv-cinder-815660-9-smb neutron-server[123478]: DEBUG neutron_lib.callbacks.manager [None req-cbb795ef-7d16-4c6f-b52c-d0b1d1930954 None None] Publish callbacks ['neutron.plugins.ml2.plugin.SecurityGroupServerNotifierRpcMixin._notify_sg_on_port_change-3787195', 'neutron.plugins.ml2.ovo_rpc._ObjectChangeHandler.handle_event-43288', 'neutron.api.rpc.agentnotifiers.dhcp_rpc_agent_api.DhcpAgentNotifyAPI._native_event_send_dhcp_notification-529784', 'neutron.db.l3_db.L3RpcNotifierMixin._notify_gateway_port_ip_changed-8754545756582', 'neutron.db.l3_dvrscheduler_db._notify_l3_agent_port_update-8754545356710', 'neutron.db.l3_hascheduler_db._notify_l3_agent_ha_port_update-8754545356728'] for port (ca4e5246-19f8-4cbb-8cc9-733bd81b377b), after_update {{(pid=123478) _notify_loop /usr/local/lib/python3.8/dist-packages/neutron_lib/callbacks/manager.py:176}}
Aug 11 09:59:49.257806 dv-cinder-815660-9-smb neutron-server[123478]: DEBUG neutron.plugins.ml2.rpc [None req-cbb795ef-7d16-4c6f-b52c-d0b1d1930954 None None] Device 7b78e34c-1779-4094-a92b-5c709f475ddd details requested by agent hyperv_hv-cinder-81566 with host hv-cinder-81566 {{(pid=123478) get_device_details /opt/stack/neutron/neutron/plugins/ml2/rpc.py:102}}
Aug 11 09:59:49.355582 dv-cinder-815660-9-smb neutron-server[123478]: DEBUG neutron.api.rpc.handlers.resources_rpc [None req-cbb795ef-7d16-4c6f-b52c-d0b1d1930954 None None] Pushing event updated for resources: {'Port': ['ID=ca4e5246-19f8-4cbb-8cc9-733bd81b377b,revision_number=4']} {{(pid=123478) push /opt/stack/neutron/neutron/api/rpc/handlers/resources_rpc.py:237}}
Aug 11 09:59:49.375951 dv-cinder-815660-9-smb neutron-server[123478]: DEBUG dbcounter [-] [123478] Writing DB stats neutron:SELECT=98,neutron:UPDATE=2 {{(pid=123478) stat_writer /usr/local/lib/python3.8/dist-packages/dbcounter.py:114}}
Aug 11 09:59:49.412206 dv-cinder-815660-9-smb neutron-server[123478]: DEBUG neutron.plugins.ml2.db [None req-cbb795ef-7d16-4c6f-b52c-d0b1d1930954 None None] For port 7b78e34c-1779-4094-a92b-5c709f475ddd, host hv-cinder-81566, got binding levels [PortBindingLevel(driver='hyperv',host='hv-cinder-81566',level=0,port_id=7b78e34c-1779-4094-a92b-5c709f475ddd,segment=NetworkSegment(bfae5e67-d9ab-4a07-adec-9badf9619775),segment_id=bfae5e67-d9ab-4a07-adec-9badf9619775)] {{(pid=123478) get_binding_level_objs /opt/stack/neutron/neutron/plugins/ml2/db.py:74}}
Aug 11 09:59:49.423601 dv-cinder-815660-9-smb neutron-server[123478]: DEBUG neutron.plugins.ml2.rpc [None req-cbb795ef-7d16-4c6f-b52c-d0b1d1930954 None None] Returning: {'device': '7b78e34c-1779-4094-a92b-5c709f475ddd', 'network_id': '12e81c73-a689-4e60-9597-a670196ea807', 'port_id': '7b78e34c-1779-4094-a92b-5c709f475ddd', 'mac_address': 'fa:16:3e:90:22:89', 'admin_state_up': True, 'network_type': 'vlan', 'segmentation_id': 209, 'physical_network': 'physnet1', 'mtu': 1500, 'fixed_ips': [{'subnet_id': 'fb352b35-93f9-485e-ae77-5d5d23776e5d', 'ip_address': '172.20.0.3'}], 'device_owner': 'compute:nova', 'allowed_address_pairs': [], 'port_security_enabled': True, 'qos_policy_id': None, 'qos_network_policy_id': None, 'profile': {}, 'propagate_uplink_status': False} {{(pid=123478) _get_device_details /opt/stack/neutron/neutron/plugins/ml2/rpc.py:184}}
Aug 11 09:59:49.431856 dv-cinder-815660-9-smb neutron-server[123477]: DEBUG neutron.pecan_wsgi.hooks.policy_enforcement [req-d6159e39-75ae-46d2-9925-f8571b7d0690 req-89bcb5ca-aca3-4aef-a734-b48b2d2115bb tempest-AttachVolumeNegativeTest-1645732916 tempest-AttachVolumeNegativeTest-1645732916-project] Attributes excluded by policy engine: ['standard_attr_id', 'binding:profile', 'binding:host_id', 'binding:vif_type', 'binding:vif_details'] {{(pid=123477) _exclude_attributes_by_policy /opt/stack/neutron/neutron/pecan_wsgi/hooks/policy_enforcement.py:259}}
Aug 11 09:59:49.433324 dv-cinder-815660-9-smb neutron-server[123477]: INFO neutron.wsgi [req-d6159e39-75ae-46d2-9925-f8571b7d0690 req-89bcb5ca-aca3-4aef-a734-b48b2d2115bb tempest-AttachVolumeNegativeTest-1645732916 tempest-AttachVolumeNegativeTest-1645732916-project] 10.222.0.13 "GET /networking/v2.0/ports?device_id=a372154e-678f-400f-85c8-dad960a46fa0 HTTP/1.1" status: 200 len: 943 time: 0.0520394
Aug 11 09:59:49.446329 dv-cinder-815660-9-smb neutron-server[123478]: DEBUG neutron.plugins.ml2.rpc [None req-cbb795ef-7d16-4c6f-b52c-d0b1d1930954 None None] Device ec04750c-cc27-4f50-bd3a-7c9a2808a078 up at agent hyperv_hv-cinder-81566 {{(pid=123478) update_device_up /opt/stack/neutron/neutron/plugins/ml2/rpc.py:296}}
Aug 11 09:59:49.493263 dv-cinder-815660-9-smb neutron-server[123477]: INFO neutron.wsgi [req-d6159e39-75ae-46d2-9925-f8571b7d0690 req-17d68dbc-40e0-495c-9510-fc4f219077f8 tempest-AttachVolumeNegativeTest-1645732916 tempest-AttachVolumeNegativeTest-1645732916-project] 10.222.0.13 "GET /networking/v2.0/security-groups?id=9611200a-5bd1-4575-a94a-fa2f0688de17&fields=id&fields=name HTTP/1.1" status: 200 len: 312 time: 0.0542223
Aug 11 09:59:49.496441 dv-cinder-815660-9-smb neutron-server[123478]: DEBUG neutron.plugins.ml2.plugin [None req-cbb795ef-7d16-4c6f-b52c-d0b1d1930954 None None] Current status of the port 7b78e34c-1779-4094-a92b-5c709f475ddd is: DOWN; New status is: BUILD {{(pid=123478) _update_individual_port_db_status /opt/stack/neutron/neutron/plugins/ml2/plugin.py:2302}}
Aug 11 09:59:49.496808 dv-cinder-815660-9-smb neutron-server[123478]: DEBUG neutron_lib.callbacks.manager [None req-cbb795ef-7d16-4c6f-b52c-d0b1d1930954 None None] Publish callbacks ['neutron.plugins.ml2.plugin.SecurityGroupDbMixin._ensure_default_security_group_handler-3787258'] for port (7b78e34c-1779-4094-a92b-5c709f475ddd), before_update {{(pid=123478) _notify_loop /usr/local/lib/python3.8/dist-packages/neutron_lib/callbacks/manager.py:176}}
Aug 11 09:59:49.514338 dv-cinder-815660-9-smb neutron-server[123478]: DEBUG neutron.notifiers.nova [None req-cbb795ef-7d16-4c6f-b52c-d0b1d1930954 None None] Ignoring state change previous_port_status: DOWN current_port_status: BUILD port_id 7b78e34c-1779-4094-a92b-5c709f475ddd {{(pid=123478) record_port_status_changed /opt/stack/neutron/neutron/notifiers/nova.py:233}}
Aug 11 09:59:49.534596 dv-cinder-815660-9-smb neutron-server[123478]: DEBUG neutron.db.provisioning_blocks [None req-cbb795ef-7d16-4c6f-b52c-d0b1d1930954 None None] Provisioning for port ec04750c-cc27-4f50-bd3a-7c9a2808a078 completed by entity L2. {{(pid=123478) provisioning_complete /opt/stack/neutron/neutron/db/provisioning_blocks.py:137}}
Aug 11 09:59:49.545652 dv-cinder-815660-9-smb neutron-server[123478]: DEBUG neutron.plugins.ml2.db [None req-cbb795ef-7d16-4c6f-b52c-d0b1d1930954 None None] For port 7b78e34c-1779-4094-a92b-5c709f475ddd, host hv-cinder-81566, got binding levels [PortBindingLevel(driver='hyperv',host='hv-cinder-81566',level=0,port_id=7b78e34c-1779-4094-a92b-5c709f475ddd,segment=NetworkSegment(bfae5e67-d9ab-4a07-adec-9badf9619775),segment_id=bfae5e67-d9ab-4a07-adec-9badf9619775)] {{(pid=123478) get_binding_level_objs /opt/stack/neutron/neutron/plugins/ml2/db.py:74}}
Aug 11 09:59:49.603092 dv-cinder-815660-9-smb neutron-server[123478]: DEBUG neutron.db.provisioning_blocks [None req-cbb795ef-7d16-4c6f-b52c-d0b1d1930954 None None] Provisioning complete for port ec04750c-cc27-4f50-bd3a-7c9a2808a078 triggered by entity L2. {{(pid=123478) provisioning_complete /opt/stack/neutron/neutron/db/provisioning_blocks.py:145}}
Aug 11 09:59:49.603473 dv-cinder-815660-9-smb neutron-server[123478]: DEBUG neutron_lib.callbacks.manager [None req-cbb795ef-7d16-4c6f-b52c-d0b1d1930954 None None] Publish callbacks ['neutron.plugins.ml2.plugin.Ml2Plugin._port_provisioned-3665206'] for port (ec04750c-cc27-4f50-bd3a-7c9a2808a078), provisioning_complete {{(pid=123478) _notify_loop /usr/local/lib/python3.8/dist-packages/neutron_lib/callbacks/manager.py:176}}
Aug 11 09:59:49.606242 dv-cinder-815660-9-smb neutron-server[123478]: DEBUG neutron_lib.callbacks.manager [None req-cbb795ef-7d16-4c6f-b52c-d0b1d1930954 None None] Publish callbacks ['neutron.plugins.ml2.plugin.SecurityGroupServerNotifierRpcMixin._notify_sg_on_port_change-3787195', 'neutron.plugins.ml2.ovo_rpc._ObjectChangeHandler.handle_event-43288', 'neutron.api.rpc.agentnotifiers.dhcp_rpc_agent_api.DhcpAgentNotifyAPI._native_event_send_dhcp_notification-529784', 'neutron.db.l3_db.L3RpcNotifierMixin._notify_gateway_port_ip_changed-8754545756582', 'neutron.db.l3_dvrscheduler_db._notify_l3_agent_port_update-8754545356710', 'neutron.db.l3_hascheduler_db._notify_l3_agent_ha_port_update-8754545356728'] for port (7b78e34c-1779-4094-a92b-5c709f475ddd), after_update {{(pid=123478) _notify_loop /usr/local/lib/python3.8/dist-packages/neutron_lib/callbacks/manager.py:176}}
Aug 11 09:59:49.606950 dv-cinder-815660-9-smb neutron-server[123478]: DEBUG neutron.plugins.ml2.rpc [None req-cbb795ef-7d16-4c6f-b52c-d0b1d1930954 None None] Device 3cf5b902-c2be-446d-a3c8-815600e78101 details requested by agent hyperv_hv-cinder-81566 with host hv-cinder-81566 {{(pid=123478) get_device_details /opt/stack/neutron/neutron/plugins/ml2/rpc.py:102}}
Aug 11 09:59:49.759736 dv-cinder-815660-9-smb neutron-server[123478]: DEBUG neutron.api.rpc.handlers.resources_rpc [None req-cbb795ef-7d16-4c6f-b52c-d0b1d1930954 None None] Pushing event updated for resources: {'Port': ['ID=7b78e34c-1779-4094-a92b-5c709f475ddd,revision_number=4']} {{(pid=123478) push /opt/stack/neutron/neutron/api/rpc/handlers/resources_rpc.py:237}}
