Aug 11 10:00:19.787860 dv-cinder-815660-9-iscsi devstack@c-api.service[113844]: INFO cinder.api.openstack.wsgi [None req-6f1f75eb-2800-490c-b5c8-31d747492e5b tempest-VolumesCloneTest-1345195858 tempest-VolumesCloneTest-1345195858-project] GET http://10.222.0.17/volume/v3/78ec9e6bf0644cb7a8e3833b3f28fc4e/volumes/92f64ca8-0ca3-4d45-ac96-6010e2de1da8
Aug 11 10:00:19.788495 dv-cinder-815660-9-iscsi devstack@c-api.service[113844]: DEBUG cinder.api.openstack.wsgi [None req-6f1f75eb-2800-490c-b5c8-31d747492e5b tempest-VolumesCloneTest-1345195858 tempest-VolumesCloneTest-1345195858-project] Empty body provided in request {{(pid=113844) get_body /opt/stack/cinder/cinder/api/openstack/wsgi.py:715}}
Aug 11 10:00:19.789185 dv-cinder-815660-9-iscsi devstack@c-api.service[113844]: DEBUG cinder.api.openstack.wsgi [None req-6f1f75eb-2800-490c-b5c8-31d747492e5b tempest-VolumesCloneTest-1345195858 tempest-VolumesCloneTest-1345195858-project] Calling method 'show' {{(pid=113844) _process_stack /opt/stack/cinder/cinder/api/openstack/wsgi.py:868}}
Aug 11 10:00:19.801749 dv-cinder-815660-9-iscsi devstack@c-api.service[113843]: INFO cinder.api.openstack.wsgi [None req-1171b102-3329-4f4b-8978-38df372c9b4a tempest-GroupsTest-907361511 tempest-GroupsTest-907361511-project] http://10.222.0.17/volume/v3/b8d6cd1ee98d49b2a31cd74eec99ac7b/groups/295a0d28-7e13-4ff6-bd4c-d69bf5c52bd7 returned with HTTP 202
Aug 11 10:00:19.801749 dv-cinder-815660-9-iscsi devstack@c-api.service[113843]: [pid: 113843|app: 0|req: 134/248] 10.222.0.17 () {62 vars in 1384 bytes} [Thu Aug 11 10:00:19 2022] PUT /volume/v3/b8d6cd1ee98d49b2a31cd74eec99ac7b/groups/295a0d28-7e13-4ff6-bd4c-d69bf5c52bd7 => generated 0 bytes in 130 msecs (HTTP/1.1 202) 6 headers in 234 bytes (2 switches on core 0)
Aug 11 10:00:19.806434 dv-cinder-815660-9-iscsi devstack@c-api.service[113843]: DEBUG cinder.api.middleware.request_id [None req-6141f6a3-bacd-4659-8c50-fb01d698aebe None None] RequestId filter calling following filter/app {{(pid=113843) _context_setter /opt/stack/cinder/cinder/api/middleware/request_id.py:62}}
Aug 11 10:00:19.810084 dv-cinder-815660-9-iscsi devstack@c-api.service[113844]: /usr/local/lib/python3.8/dist-packages/oslo_context/context.py:100: DeprecationWarning: Policy enforcement is depending on the value of is_admin. This key is deprecated. Please update your policy file to use the standard policy values.
Aug 11 10:00:19.810084 dv-cinder-815660-9-iscsi devstack@c-api.service[113844]: warnings.warn('Policy enforcement is depending on the value of '
Aug 11 10:00:19.810457 dv-cinder-815660-9-iscsi devstack@c-api.service[113843]: INFO cinder.api.openstack.wsgi [None req-6141f6a3-bacd-4659-8c50-fb01d698aebe tempest-GroupsTest-907361511 tempest-GroupsTest-907361511-project] GET http://10.222.0.17/volume/v3/b8d6cd1ee98d49b2a31cd74eec99ac7b/groups/295a0d28-7e13-4ff6-bd4c-d69bf5c52bd7
Aug 11 10:00:19.810987 dv-cinder-815660-9-iscsi devstack@c-api.service[113843]: DEBUG cinder.api.openstack.wsgi [None req-6141f6a3-bacd-4659-8c50-fb01d698aebe tempest-GroupsTest-907361511 tempest-GroupsTest-907361511-project] Empty body provided in request {{(pid=113843) get_body /opt/stack/cinder/cinder/api/openstack/wsgi.py:715}}
Aug 11 10:00:19.811590 dv-cinder-815660-9-iscsi devstack@c-api.service[113843]: DEBUG cinder.api.openstack.wsgi [None req-6141f6a3-bacd-4659-8c50-fb01d698aebe tempest-GroupsTest-907361511 tempest-GroupsTest-907361511-project] Calling method 'version_select' {{(pid=113843) _process_stack /opt/stack/cinder/cinder/api/openstack/wsgi.py:868}}
Aug 11 10:00:19.811867 dv-cinder-815660-9-iscsi devstack@c-api.service[113843]: DEBUG cinder.api.v3.groups [None req-6141f6a3-bacd-4659-8c50-fb01d698aebe tempest-GroupsTest-907361511 tempest-GroupsTest-907361511-project] show called for member 295a0d28-7e13-4ff6-bd4c-d69bf5c52bd7 {{(pid=113843) show /opt/stack/cinder/cinder/api/v3/groups.py:58}}
Aug 11 10:00:19.818127 dv-cinder-815660-9-iscsi devstack@c-api.service[113843]: /usr/local/lib/python3.8/dist-packages/oslo_context/context.py:100: DeprecationWarning: Policy enforcement is depending on the value of is_admin. This key is deprecated. Please update your policy file to use the standard policy values.
Aug 11 10:00:19.818127 dv-cinder-815660-9-iscsi devstack@c-api.service[113843]: warnings.warn('Policy enforcement is depending on the value of '
Aug 11 10:00:19.824477 dv-cinder-815660-9-iscsi devstack@c-api.service[113844]: INFO cinder.volume.api [None req-6f1f75eb-2800-490c-b5c8-31d747492e5b tempest-VolumesCloneTest-1345195858 tempest-VolumesCloneTest-1345195858-project] Volume info retrieved successfully.
Aug 11 10:00:19.834093 dv-cinder-815660-9-iscsi devstack@c-api.service[113843]: INFO cinder.api.openstack.wsgi [None req-6141f6a3-bacd-4659-8c50-fb01d698aebe tempest-GroupsTest-907361511 tempest-GroupsTest-907361511-project] http://10.222.0.17/volume/v3/b8d6cd1ee98d49b2a31cd74eec99ac7b/groups/295a0d28-7e13-4ff6-bd4c-d69bf5c52bd7 returned with HTTP 200
Aug 11 10:00:19.834861 dv-cinder-815660-9-iscsi devstack@c-api.service[113843]: [pid: 113843|app: 0|req: 135/249] 10.222.0.17 () {60 vars in 1363 bytes} [Thu Aug 11 10:00:19 2022] GET /volume/v3/b8d6cd1ee98d49b2a31cd74eec99ac7b/groups/295a0d28-7e13-4ff6-bd4c-d69bf5c52bd7 => generated 323 bytes in 30 msecs (HTTP/1.1 200) 7 headers in 286 bytes (1 switches on core 0)
Aug 11 10:00:19.837993 dv-cinder-815660-9-iscsi devstack@c-api.service[113844]: INFO cinder.api.openstack.wsgi [None req-6f1f75eb-2800-490c-b5c8-31d747492e5b tempest-VolumesCloneTest-1345195858 tempest-VolumesCloneTest-1345195858-project] http://10.222.0.17/volume/v3/78ec9e6bf0644cb7a8e3833b3f28fc4e/volumes/92f64ca8-0ca3-4d45-ac96-6010e2de1da8 returned with HTTP 200
Aug 11 10:00:19.838939 dv-cinder-815660-9-iscsi devstack@c-api.service[113844]: [pid: 113844|app: 0|req: 115/250] 10.222.0.17 () {58 vars in 1325 bytes} [Thu Aug 11 10:00:19 2022] GET /volume/v3/78ec9e6bf0644cb7a8e3833b3f28fc4e/volumes/92f64ca8-0ca3-4d45-ac96-6010e2de1da8 => generated 908 bytes in 56 msecs (HTTP/1.1 200) 7 headers in 285 bytes (2 switches on core 0)
Aug 11 10:00:20.208931 dv-cinder-815660-9-iscsi devstack@c-api.service[113843]: DEBUG cinder.api.middleware.request_id [None req-0aa1580f-064d-45e5-bdc3-b130ce6d1eeb None None] RequestId filter calling following filter/app {{(pid=113843) _context_setter /opt/stack/cinder/cinder/api/middleware/request_id.py:62}}
Aug 11 10:00:20.212773 dv-cinder-815660-9-iscsi devstack@c-api.service[113843]: INFO cinder.api.openstack.wsgi [None req-0aa1580f-064d-45e5-bdc3-b130ce6d1eeb tempest-GroupSnapshotsTest-640171957 tempest-GroupSnapshotsTest-640171957-project] GET http://10.222.0.17/volume/v3/4ed0ea5ffa3e453689ce34ea857cd47a/volumes/a2139916-b179-49c8-b055-fbe46b7e6fee
Aug 11 10:00:20.213298 dv-cinder-815660-9-iscsi devstack@c-api.service[113843]: DEBUG cinder.api.openstack.wsgi [None req-0aa1580f-064d-45e5-bdc3-b130ce6d1eeb tempest-GroupSnapshotsTest-640171957 tempest-GroupSnapshotsTest-640171957-project] Empty body provided in request {{(pid=113843) get_body /opt/stack/cinder/cinder/api/openstack/wsgi.py:715}}
Aug 11 10:00:20.213812 dv-cinder-815660-9-iscsi devstack@c-api.service[113843]: DEBUG cinder.api.openstack.wsgi [None req-0aa1580f-064d-45e5-bdc3-b130ce6d1eeb tempest-GroupSnapshotsTest-640171957 tempest-GroupSnapshotsTest-640171957-project] Calling method 'show' {{(pid=113843) _process_stack /opt/stack/cinder/cinder/api/openstack/wsgi.py:868}}
Aug 11 10:00:20.228966 dv-cinder-815660-9-iscsi devstack@c-api.service[113843]: /usr/local/lib/python3.8/dist-packages/oslo_context/context.py:100: DeprecationWarning: Policy enforcement is depending on the value of is_admin. This key is deprecated. Please update your policy file to use the standard policy values.
Aug 11 10:00:20.228966 dv-cinder-815660-9-iscsi devstack@c-api.service[113843]: warnings.warn('Policy enforcement is depending on the value of '
Aug 11 10:00:20.237594 dv-cinder-815660-9-iscsi devstack@c-api.service[113843]: INFO cinder.volume.api [None req-0aa1580f-064d-45e5-bdc3-b130ce6d1eeb tempest-GroupSnapshotsTest-640171957 tempest-GroupSnapshotsTest-640171957-project] Volume info retrieved successfully.
Aug 11 10:00:20.239074 dv-cinder-815660-9-iscsi devstack@c-api.service[113843]: WARNING stevedore.named [None req-0aa1580f-064d-45e5-bdc3-b130ce6d1eeb tempest-GroupSnapshotsTest-640171957 tempest-GroupSnapshotsTest-640171957-project] Could not load cinder.keymgr.conf_key_mgr.ConfKeyManager
Aug 11 10:00:20.239558 dv-cinder-815660-9-iscsi devstack@c-api.service[113843]: WARNING castellan.key_manager [None req-0aa1580f-064d-45e5-bdc3-b130ce6d1eeb tempest-GroupSnapshotsTest-640171957 tempest-GroupSnapshotsTest-640171957-project] Deprecation Warning : cinder.keymgr.conf_key_mgr.ConfKeyManager is not a stevedore based driver, trying to load it as a class: stevedore.exception.NoMatches: No 'castellan.drivers' driver found, looking for 'cinder.keymgr.conf_key_mgr.ConfKeyManager'
Aug 11 10:00:20.249589 dv-cinder-815660-9-iscsi devstack@c-api.service[113843]: DEBUG oslo_db.sqlalchemy.engines [None req-0aa1580f-064d-45e5-bdc3-b130ce6d1eeb tempest-GroupSnapshotsTest-640171957 tempest-GroupSnapshotsTest-640171957-project] MySQL server mode set to STRICT_TRANS_TABLES,STRICT_ALL_TABLES,NO_ZERO_IN_DATE,NO_ZERO_DATE,ERROR_FOR_DIVISION_BY_ZERO,TRADITIONAL,NO_ENGINE_SUBSTITUTION {{(pid=113843) _check_effective_sql_mode /usr/local/lib/python3.8/dist-packages/oslo_db/sqlalchemy/engines.py:314}}
Aug 11 10:00:20.255847 dv-cinder-815660-9-iscsi devstack@c-api.service[113843]: /usr/local/lib/python3.8/dist-packages/oslo_context/context.py:100: DeprecationWarning: Policy enforcement is depending on the value of is_admin. This key is deprecated. Please update your policy file to use the standard policy values.
Aug 11 10:00:20.255847 dv-cinder-815660-9-iscsi devstack@c-api.service[113843]: warnings.warn('Policy enforcement is depending on the value of '
Aug 11 10:00:20.282860 dv-cinder-815660-9-iscsi devstack@c-api.service[113843]: INFO cinder.api.openstack.wsgi [None req-0aa1580f-064d-45e5-bdc3-b130ce6d1eeb tempest-GroupSnapshotsTest-640171957 tempest-GroupSnapshotsTest-640171957-project] http://10.222.0.17/volume/v3/4ed0ea5ffa3e453689ce34ea857cd47a/volumes/a2139916-b179-49c8-b055-fbe46b7e6fee returned with HTTP 200
Aug 11 10:00:20.284695 dv-cinder-815660-9-iscsi devstack@c-api.service[113843]: [pid: 113843|app: 0|req: 136/251] 10.222.0.17 () {60 vars in 1366 bytes} [Thu Aug 11 10:00:20 2022] GET /volume/v3/4ed0ea5ffa3e453689ce34ea857cd47a/volumes/a2139916-b179-49c8-b055-fbe46b7e6fee => generated 1000 bytes in 77 msecs (HTTP/1.1 200) 7 headers in 287 bytes (1 switches on core 0)
Aug 11 10:00:20.300023 dv-cinder-815660-9-iscsi devstack@c-api.service[113844]: DEBUG cinder.api.middleware.request_id [None req-ef165084-7da3-42a0-9886-01158a40fa8c None None] RequestId filter calling following filter/app {{(pid=113844) _context_setter /opt/stack/cinder/cinder/api/middleware/request_id.py:62}}
Aug 11 10:00:20.303641 dv-cinder-815660-9-iscsi devstack@c-api.service[113844]: INFO cinder.api.openstack.wsgi [None req-ef165084-7da3-42a0-9886-01158a40fa8c tempest-GroupSnapshotsTest-640171957 tempest-GroupSnapshotsTest-640171957-project] POST http://10.222.0.17/volume/v3/4ed0ea5ffa3e453689ce34ea857cd47a/volumes
Aug 11 10:00:20.304388 dv-cinder-815660-9-iscsi devstack@c-api.service[113844]: DEBUG cinder.api.openstack.wsgi [None req-ef165084-7da3-42a0-9886-01158a40fa8c tempest-GroupSnapshotsTest-640171957 tempest-GroupSnapshotsTest-640171957-project] Action: 'create', calling method: create, body: {"volume": {"volume_type": "52535fee-0f3b-4c95-a6bc-d373f418d65f", "group_id": "cdc94fe9-3e7a-4804-a114-5af76ea29068", "size": 1, "name": "tempest-GroupSnapshotsTest-Volume-1648465008"}} {{(pid=113844) _process_stack /opt/stack/cinder/cinder/api/openstack/wsgi.py:866}}
Aug 11 10:00:20.307399 dv-cinder-815660-9-iscsi devstack@c-api.service[113844]: DEBUG cinder.api.v3.volumes [None req-ef165084-7da3-42a0-9886-01158a40fa8c tempest-GroupSnapshotsTest-640171957 tempest-GroupSnapshotsTest-640171957-project] Create volume request body: {'volume': {'volume_type': '52535fee-0f3b-4c95-a6bc-d373f418d65f', 'group_id': 'cdc94fe9-3e7a-4804-a114-5af76ea29068', 'size': 1, 'name': 'tempest-GroupSnapshotsTest-Volume-1648465008'}} {{(pid=113844) create /opt/stack/cinder/cinder/api/v3/volumes.py:298}}
Aug 11 10:00:20.327535 dv-cinder-815660-9-iscsi devstack@c-api.service[113844]: /usr/local/lib/python3.8/dist-packages/oslo_context/context.py:100: DeprecationWarning: Policy enforcement is depending on the value of is_admin. This key is deprecated. Please update your policy file to use the standard policy values.
Aug 11 10:00:20.327535 dv-cinder-815660-9-iscsi devstack@c-api.service[113844]: warnings.warn('Policy enforcement is depending on the value of '
Aug 11 10:00:20.334763 dv-cinder-815660-9-iscsi devstack@c-api.service[113844]: INFO cinder.api.v3.volumes [None req-ef165084-7da3-42a0-9886-01158a40fa8c tempest-GroupSnapshotsTest-640171957 tempest-GroupSnapshotsTest-640171957-project] Create volume of 1 GB
Aug 11 10:00:20.339892 dv-cinder-815660-9-iscsi devstack@c-api.service[113844]: INFO cinder.volume.api [None req-ef165084-7da3-42a0-9886-01158a40fa8c tempest-GroupSnapshotsTest-640171957 tempest-GroupSnapshotsTest-640171957-project] Availability Zones retrieved successfully.
Aug 11 10:00:20.355185 dv-cinder-815660-9-iscsi devstack@c-api.service[113844]: DEBUG cinder.volume.api [None req-ef165084-7da3-42a0-9886-01158a40fa8c tempest-GroupSnapshotsTest-640171957 tempest-GroupSnapshotsTest-640171957-project] Flow 'volume_create_api' (2403bbfc-a37b-4bb8-b19a-7232ab386c87) transitioned into state 'RUNNING' from state 'PENDING' {{(pid=113844) _flow_receiver /usr/local/lib/python3.8/dist-packages/taskflow/listeners/logging.py:141}}
Aug 11 10:00:20.357977 dv-cinder-815660-9-iscsi devstack@c-api.service[113844]: DEBUG cinder.volume.api [None req-ef165084-7da3-42a0-9886-01158a40fa8c tempest-GroupSnapshotsTest-640171957 tempest-GroupSnapshotsTest-640171957-project] Task 'cinder.volume.flows.api.create_volume.ExtractVolumeRequestTask;volume:create' (b4e2af7c-c4d7-4e5f-b228-73133de9e2ea) transitioned into state 'RUNNING' from state 'PENDING' {{(pid=113844) _task_receiver /usr/local/lib/python3.8/dist-packages/taskflow/listeners/logging.py:190}}
Aug 11 10:00:20.360527 dv-cinder-815660-9-iscsi devstack@c-api.service[113844]: /usr/local/lib/python3.8/dist-packages/oslo_context/context.py:100: DeprecationWarning: Policy enforcement is depending on the value of is_admin. This key is deprecated. Please update your policy file to use the standard policy values.
Aug 11 10:00:20.360527 dv-cinder-815660-9-iscsi devstack@c-api.service[113844]: warnings.warn('Policy enforcement is depending on the value of '
Aug 11 10:00:20.361737 dv-cinder-815660-9-iscsi devstack@c-api.service[113844]: DEBUG cinder.volume.flows.api.create_volume [None req-ef165084-7da3-42a0-9886-01158a40fa8c tempest-GroupSnapshotsTest-640171957 tempest-GroupSnapshotsTest-640171957-project] Validating volume size '1' using validate_int {{(pid=113844) _extract_size /opt/stack/cinder/cinder/volume/flows/api/create_volume.py:228}}
Aug 11 10:00:20.391079 dv-cinder-815660-9-iscsi devstack@c-api.service[113844]: DEBUG cinder.volume.api [None req-ef165084-7da3-42a0-9886-01158a40fa8c tempest-GroupSnapshotsTest-640171957 tempest-GroupSnapshotsTest-640171957-project] Task 'cinder.volume.flows.api.create_volume.ExtractVolumeRequestTask;volume:create' (b4e2af7c-c4d7-4e5f-b228-73133de9e2ea) transitioned into state 'SUCCESS' from state 'RUNNING' with result '{'size': 1, 'snapshot_id': None, 'source_volid': None, 'volume_type': VolumeType(created_at=2022-08-11T10:00:16Z,deleted=False,deleted_at=None,description=None,extra_specs={},id=52535fee-0f3b-4c95-a6bc-d373f418d65f,is_public=True,name='tempest-GroupSnapshotsTest-volume-type-794164778',projects=[],qos_specs=,qos_specs_id=None,updated_at=None), 'volume_type_id': '52535fee-0f3b-4c95-a6bc-d373f418d65f', 'encryption_key_id': None, 'qos_specs': None, 'consistencygroup_id': None, 'cgsnapshot_id': None, 'group_id': 'cdc94fe9-3e7a-4804-a114-5af76ea29068', 'replication_status': 'disabled', 'refresh_az': False, 'backup_id': None, 'multiattach': False, 'availability_zones': ['nova']}' {{(pid=113844) _task_receiver /usr/local/lib/python3.8/dist-packages/taskflow/listeners/logging.py:178}}
Aug 11 10:00:20.394162 dv-cinder-815660-9-iscsi devstack@c-api.service[113844]: DEBUG cinder.volume.api [None req-ef165084-7da3-42a0-9886-01158a40fa8c tempest-GroupSnapshotsTest-640171957 tempest-GroupSnapshotsTest-640171957-project] Task 'cinder.volume.flows.api.create_volume.QuotaReserveTask;volume:create' (f85487c4-d648-4f38-944c-810f1211b569) transitioned into state 'RUNNING' from state 'PENDING' {{(pid=113844) _task_receiver /usr/local/lib/python3.8/dist-packages/taskflow/listeners/logging.py:190}}
Aug 11 10:00:20.549521 dv-cinder-815660-9-iscsi devstack@c-api.service[113844]: DEBUG cinder.quota [None req-ef165084-7da3-42a0-9886-01158a40fa8c tempest-GroupSnapshotsTest-640171957 tempest-GroupSnapshotsTest-640171957-project] Created reservations ['4db591f1-d7fe-4b4d-8c23-1639533fdaf9', '5b16a0f6-3d2c-4e88-9a2d-4b37006a1035', '27edbca3-ac7e-45ff-8034-f156def573ad', 'd7d4be50-f091-434d-9467-822012766546'] {{(pid=113844) reserve /opt/stack/cinder/cinder/quota.py:755}}
Aug 11 10:00:20.551486 dv-cinder-815660-9-iscsi devstack@c-api.service[113844]: DEBUG cinder.volume.api [None req-ef165084-7da3-42a0-9886-01158a40fa8c tempest-GroupSnapshotsTest-640171957 tempest-GroupSnapshotsTest-640171957-project] Task 'cinder.volume.flows.api.create_volume.QuotaReserveTask;volume:create' (f85487c4-d648-4f38-944c-810f1211b569) transitioned into state 'SUCCESS' from state 'RUNNING' with result '{'reservations': ['4db591f1-d7fe-4b4d-8c23-1639533fdaf9', '5b16a0f6-3d2c-4e88-9a2d-4b37006a1035', '27edbca3-ac7e-45ff-8034-f156def573ad', 'd7d4be50-f091-434d-9467-822012766546']}' {{(pid=113844) _task_receiver /usr/local/lib/python3.8/dist-packages/taskflow/listeners/logging.py:178}}
Aug 11 10:00:20.557209 dv-cinder-815660-9-iscsi devstack@c-api.service[113844]: DEBUG cinder.volume.api [None req-ef165084-7da3-42a0-9886-01158a40fa8c tempest-GroupSnapshotsTest-640171957 tempest-GroupSnapshotsTest-640171957-project] Task 'cinder.volume.flows.api.create_volume.EntryCreateTask;volume:create' (6f447dcf-f961-4ca9-aa0f-87c635d5a60e) transitioned into state 'RUNNING' from state 'PENDING' {{(pid=113844) _task_receiver /usr/local/lib/python3.8/dist-packages/taskflow/listeners/logging.py:190}}
Aug 11 10:00:20.677905 dv-cinder-815660-9-iscsi devstack@c-api.service[113844]: DEBUG cinder.volume.api [None req-ef165084-7da3-42a0-9886-01158a40fa8c tempest-GroupSnapshotsTest-640171957 tempest-GroupSnapshotsTest-640171957-project] Task 'cinder.volume.flows.api.create_volume.EntryCreateTask;volume:create' (6f447dcf-f961-4ca9-aa0f-87c635d5a60e) transitioned into state 'SUCCESS' from state 'RUNNING' with result '{'volume_id': '67329913-a6c5-4ac8-84c5-d5749697a6f1', 'volume_properties': VolumeProperties(attach_status='detached',availability_zone='nova',cgsnapshot_id=None,consistencygroup_id=None,display_description=None,display_name='tempest-GroupSnapshotsTest-Volume-1648465008',encryption_key_id=None,group_id=cdc94fe9-3e7a-4804-a114-5af76ea29068,group_type_id=,metadata={},multiattach=False,project_id='4ed0ea5ffa3e453689ce34ea857cd47a',qos_specs=None,replication_status=,reservations=['4db591f1-d7fe-4b4d-8c23-1639533fdaf9','5b16a0f6-3d2c-4e88-9a2d-4b37006a1035','27edbca3-ac7e-45ff-8034-f156def573ad','d7d4be50-f091-434d-9467-822012766546'],size=1,snapshot_id=None,source_replicaid=,source_volid=None,status='creating',user_id='99d2a1ac104a49cbb52da25742f17ec9',volume_type_id=52535fee-0f3b-4c95-a6bc-d373f418d65f), 'volume': Volume(_name_id=None,admin_metadata=,attach_status='detached',availability_zone='nova',bootable=False,cluster=,cluster_name=None,consistencygroup=,consistencygroup_id=None,created_at=2022-08-11T10:00:20Z,deleted=False,deleted_at=None,display_description=None,display_name='tempest-GroupSnapshotsTest-Volume-1648465008',ec2_id=None,encryption_key_id=None,glance_metadata=,group=,group_id=cdc94fe9-3e7a-4804-a114-5af76ea29068,host=None,id=67329913-a6c5-4ac8-84c5-d5749697a6f1,launched_at=None,metadata={},migration_status=None,multiattach=False,previous_status=None,project_id='4ed0ea5ffa3e453689ce34ea857cd47a',provider_auth=None,provider_geometry=None,provider_id=None,provider_location=None,replication_driver_data=None,replication_extended_status=None,replication_status=None,scheduled_at=None,service_uuid=None,shared_targets=True,size=1,snapshot_id=None,snapshots=,source_volid=None,status='creating',terminated_at=None,updated_at=None,use_quota=True,user_id='99d2a1ac104a49cbb52da25742f17ec9',volume_attachment=VolumeAttachmentList,volume_type=VolumeType(52535fee-0f3b-4c95-a6bc-d373f418d65f),volume_type_id=52535fee-0f3b-4c95-a6bc-d373f418d65f)}' {{(pid=113844) _task_receiver /usr/local/lib/python3.8/dist-packages/taskflow/listeners/logging.py:178}}
Aug 11 10:00:20.679844 dv-cinder-815660-9-iscsi devstack@c-api.service[113844]: DEBUG cinder.volume.api [None req-ef165084-7da3-42a0-9886-01158a40fa8c tempest-GroupSnapshotsTest-640171957 tempest-GroupSnapshotsTest-640171957-project] Task 'cinder.volume.flows.api.create_volume.QuotaCommitTask;volume:create' (87646bcd-9588-4eca-89d1-9df9f097b03d) transitioned into state 'RUNNING' from state 'PENDING' {{(pid=113844) _task_receiver /usr/local/lib/python3.8/dist-packages/taskflow/listeners/logging.py:190}}
Aug 11 10:00:20.807878 dv-cinder-815660-9-iscsi devstack@c-api.service[113844]: DEBUG cinder.volume.api [None req-ef165084-7da3-42a0-9886-01158a40fa8c tempest-GroupSnapshotsTest-640171957 tempest-GroupSnapshotsTest-640171957-project] Task 'cinder.volume.flows.api.create_volume.QuotaCommitTask;volume:create' (87646bcd-9588-4eca-89d1-9df9f097b03d) transitioned into state 'SUCCESS' from state 'RUNNING' with result '{'volume_properties': VolumeProperties(attach_status='detached',availability_zone='nova',cgsnapshot_id=None,consistencygroup_id=None,display_description=None,display_name='tempest-GroupSnapshotsTest-Volume-1648465008',encryption_key_id=None,group_id=cdc94fe9-3e7a-4804-a114-5af76ea29068,group_type_id=,metadata={},multiattach=False,project_id='4ed0ea5ffa3e453689ce34ea857cd47a',qos_specs=None,replication_status=,reservations=['4db591f1-d7fe-4b4d-8c23-1639533fdaf9','5b16a0f6-3d2c-4e88-9a2d-4b37006a1035','27edbca3-ac7e-45ff-8034-f156def573ad','d7d4be50-f091-434d-9467-822012766546'],size=1,snapshot_id=None,source_replicaid=,source_volid=None,status='creating',user_id='99d2a1ac104a49cbb52da25742f17ec9',volume_type_id=52535fee-0f3b-4c95-a6bc-d373f418d65f)}' {{(pid=113844) _task_receiver /usr/local/lib/python3.8/dist-packages/taskflow/listeners/logging.py:178}}
Aug 11 10:00:20.809723 dv-cinder-815660-9-iscsi devstack@c-api.service[113844]: DEBUG cinder.volume.api [None req-ef165084-7da3-42a0-9886-01158a40fa8c tempest-GroupSnapshotsTest-640171957 tempest-GroupSnapshotsTest-640171957-project] Task 'cinder.volume.flows.api.create_volume.VolumeCastTask;volume:create' (aaf5a046-e0f0-48f8-86b0-50a261ab5ec6) transitioned into state 'RUNNING' from state 'PENDING' {{(pid=113844) _task_receiver /usr/local/lib/python3.8/dist-packages/taskflow/listeners/logging.py:190}}
Aug 11 10:00:20.846778 dv-cinder-815660-9-iscsi devstack@c-api.service[113843]: DEBUG cinder.api.middleware.request_id [None req-272b91d7-a6d5-47f8-be73-11648cdee733 None None] RequestId filter calling following filter/app {{(pid=113843) _context_setter /opt/stack/cinder/cinder/api/middleware/request_id.py:62}}
Aug 11 10:00:20.850977 dv-cinder-815660-9-iscsi devstack@c-api.service[113843]: INFO cinder.api.openstack.wsgi [None req-272b91d7-a6d5-47f8-be73-11648cdee733 tempest-GroupsTest-907361511 tempest-GroupsTest-907361511-project] GET http://10.222.0.17/volume/v3/b8d6cd1ee98d49b2a31cd74eec99ac7b/groups/295a0d28-7e13-4ff6-bd4c-d69bf5c52bd7
Aug 11 10:00:20.857055 dv-cinder-815660-9-iscsi devstack@c-api.service[113843]: DEBUG cinder.api.openstack.wsgi [None req-272b91d7-a6d5-47f8-be73-11648cdee733 tempest-GroupsTest-907361511 tempest-GroupsTest-907361511-project] Empty body provided in request {{(pid=113843) get_body /opt/stack/cinder/cinder/api/openstack/wsgi.py:715}}
Aug 11 10:00:20.857055 dv-cinder-815660-9-iscsi devstack@c-api.service[113843]: DEBUG cinder.api.openstack.wsgi [None req-272b91d7-a6d5-47f8-be73-11648cdee733 tempest-GroupsTest-907361511 tempest-GroupsTest-907361511-project] Calling method 'version_select' {{(pid=113843) _process_stack /opt/stack/cinder/cinder/api/openstack/wsgi.py:868}}
Aug 11 10:00:20.857055 dv-cinder-815660-9-iscsi devstack@c-api.service[113843]: DEBUG cinder.api.v3.groups [None req-272b91d7-a6d5-47f8-be73-11648cdee733 tempest-GroupsTest-907361511 tempest-GroupsTest-907361511-project] show called for member 295a0d28-7e13-4ff6-bd4c-d69bf5c52bd7 {{(pid=113843) show /opt/stack/cinder/cinder/api/v3/groups.py:58}}
Aug 11 10:00:20.860447 dv-cinder-815660-9-iscsi devstack@c-api.service[113843]: /usr/local/lib/python3.8/dist-packages/oslo_context/context.py:100: DeprecationWarning: Policy enforcement is depending on the value of is_admin. This key is deprecated. Please update your policy file to use the standard policy values.
Aug 11 10:00:20.860447 dv-cinder-815660-9-iscsi devstack@c-api.service[113843]: warnings.warn('Policy enforcement is depending on the value of '
Aug 11 10:00:20.891164 dv-cinder-815660-9-iscsi devstack@c-api.service[113843]: INFO cinder.api.openstack.wsgi [None req-272b91d7-a6d5-47f8-be73-11648cdee733 tempest-GroupsTest-907361511 tempest-GroupsTest-907361511-project] http://10.222.0.17/volume/v3/b8d6cd1ee98d49b2a31cd74eec99ac7b/groups/295a0d28-7e13-4ff6-bd4c-d69bf5c52bd7 returned with HTTP 200
Aug 11 10:00:20.891164 dv-cinder-815660-9-iscsi devstack@c-api.service[113843]: [pid: 113843|app: 0|req: 137/252] 10.222.0.17 () {60 vars in 1363 bytes} [Thu Aug 11 10:00:20 2022] GET /volume/v3/b8d6cd1ee98d49b2a31cd74eec99ac7b/groups/295a0d28-7e13-4ff6-bd4c-d69bf5c52bd7 => generated 324 bytes in 41 msecs (HTTP/1.1 200) 7 headers in 286 bytes (2 switches on core 0)
Aug 11 10:00:20.891164 dv-cinder-815660-9-iscsi devstack@c-api.service[113843]: DEBUG cinder.api.middleware.request_id [None req-4e5459ce-c5eb-4199-9ace-27e63132d2d8 None None] RequestId filter calling following filter/app {{(pid=113843) _context_setter /opt/stack/cinder/cinder/api/middleware/request_id.py:62}}
Aug 11 10:00:20.904759 dv-cinder-815660-9-iscsi devstack@c-api.service[113843]: INFO cinder.api.openstack.wsgi [None req-4e5459ce-c5eb-4199-9ace-27e63132d2d8 tempest-VolumesCloneTest-1345195858 tempest-VolumesCloneTest-1345195858-project] GET http://10.222.0.17/volume/v3/78ec9e6bf0644cb7a8e3833b3f28fc4e/volumes/92f64ca8-0ca3-4d45-ac96-6010e2de1da8
Aug 11 10:00:20.907098 dv-cinder-815660-9-iscsi devstack@c-api.service[113843]: DEBUG cinder.api.openstack.wsgi [None req-4e5459ce-c5eb-4199-9ace-27e63132d2d8 tempest-VolumesCloneTest-1345195858 tempest-VolumesCloneTest-1345195858-project] Empty body provided in request {{(pid=113843) get_body /opt/stack/cinder/cinder/api/openstack/wsgi.py:715}}
Aug 11 10:00:20.908013 dv-cinder-815660-9-iscsi devstack@c-api.service[113843]: DEBUG cinder.api.openstack.wsgi [None req-4e5459ce-c5eb-4199-9ace-27e63132d2d8 tempest-VolumesCloneTest-1345195858 tempest-VolumesCloneTest-1345195858-project] Calling method 'show' {{(pid=113843) _process_stack /opt/stack/cinder/cinder/api/openstack/wsgi.py:868}}
Aug 11 10:00:20.931963 dv-cinder-815660-9-iscsi devstack@c-api.service[113843]: /usr/local/lib/python3.8/dist-packages/oslo_context/context.py:100: DeprecationWarning: Policy enforcement is depending on the value of is_admin. This key is deprecated. Please update your policy file to use the standard policy values.
Aug 11 10:00:20.931963 dv-cinder-815660-9-iscsi devstack@c-api.service[113843]: warnings.warn('Policy enforcement is depending on the value of '
Aug 11 10:00:20.950887 dv-cinder-815660-9-iscsi devstack@c-api.service[113843]: INFO cinder.volume.api [None req-4e5459ce-c5eb-4199-9ace-27e63132d2d8 tempest-VolumesCloneTest-1345195858 tempest-VolumesCloneTest-1345195858-project] Volume info retrieved successfully.
Aug 11 10:00:20.960762 dv-cinder-815660-9-iscsi devstack@c-api.service[113844]: DEBUG cinder.volume.api [None req-ef165084-7da3-42a0-9886-01158a40fa8c tempest-GroupSnapshotsTest-640171957 tempest-GroupSnapshotsTest-640171957-project] Task 'cinder.volume.flows.api.create_volume.VolumeCastTask;volume:create' (aaf5a046-e0f0-48f8-86b0-50a261ab5ec6) transitioned into state 'SUCCESS' from state 'RUNNING' with result 'None' {{(pid=113844) _task_receiver /usr/local/lib/python3.8/dist-packages/taskflow/listeners/logging.py:178}}
Aug 11 10:00:20.962699 dv-cinder-815660-9-iscsi devstack@c-api.service[113843]: INFO cinder.api.openstack.wsgi [None req-4e5459ce-c5eb-4199-9ace-27e63132d2d8 tempest-VolumesCloneTest-1345195858 tempest-VolumesCloneTest-1345195858-project] http://10.222.0.17/volume/v3/78ec9e6bf0644cb7a8e3833b3f28fc4e/volumes/92f64ca8-0ca3-4d45-ac96-6010e2de1da8 returned with HTTP 200
Aug 11 10:00:20.963793 dv-cinder-815660-9-iscsi devstack@c-api.service[113843]: [pid: 113843|app: 0|req: 138/253] 10.222.0.17 () {58 vars in 1325 bytes} [Thu Aug 11 10:00:20 2022] GET /volume/v3/78ec9e6bf0644cb7a8e3833b3f28fc4e/volumes/92f64ca8-0ca3-4d45-ac96-6010e2de1da8 => generated 908 bytes in 76 msecs (HTTP/1.1 200) 7 headers in 285 bytes (1 switches on core 0)
Aug 11 10:00:20.965141 dv-cinder-815660-9-iscsi devstack@c-api.service[113843]: DEBUG cinder.api.middleware.request_id [None req-b162b312-7593-487e-86cc-75c58a8754f2 None None] RequestId filter calling following filter/app {{(pid=113843) _context_setter /opt/stack/cinder/cinder/api/middleware/request_id.py:62}}
Aug 11 10:00:20.969711 dv-cinder-815660-9-iscsi devstack@c-api.service[113843]: INFO cinder.api.openstack.wsgi [None req-b162b312-7593-487e-86cc-75c58a8754f2 tempest-GroupsTest-907361511 tempest-GroupsTest-907361511-project] GET http://10.222.0.17/volume/v3/b8d6cd1ee98d49b2a31cd74eec99ac7b/groups/295a0d28-7e13-4ff6-bd4c-d69bf5c52bd7
Aug 11 10:00:20.970250 dv-cinder-815660-9-iscsi devstack@c-api.service[113843]: DEBUG cinder.api.openstack.wsgi [None req-b162b312-7593-487e-86cc-75c58a8754f2 tempest-GroupsTest-907361511 tempest-GroupsTest-907361511-project] Empty body provided in request {{(pid=113843) get_body /opt/stack/cinder/cinder/api/openstack/wsgi.py:715}}
Aug 11 10:00:20.970755 dv-cinder-815660-9-iscsi devstack@c-api.service[113843]: DEBUG cinder.api.openstack.wsgi [None req-b162b312-7593-487e-86cc-75c58a8754f2 tempest-GroupsTest-907361511 tempest-GroupsTest-907361511-project] Calling method 'version_select' {{(pid=113843) _process_stack /opt/stack/cinder/cinder/api/openstack/wsgi.py:868}}
Aug 11 10:00:20.971149 dv-cinder-815660-9-iscsi devstack@c-api.service[113843]: DEBUG cinder.api.v3.groups [None req-b162b312-7593-487e-86cc-75c58a8754f2 tempest-GroupsTest-907361511 tempest-GroupsTest-907361511-project] show called for member 295a0d28-7e13-4ff6-bd4c-d69bf5c52bd7 {{(pid=113843) show /opt/stack/cinder/cinder/api/v3/groups.py:58}}
Aug 11 10:00:20.971489 dv-cinder-815660-9-iscsi devstack@c-api.service[113844]: DEBUG cinder.volume.api [None req-ef165084-7da3-42a0-9886-01158a40fa8c tempest-GroupSnapshotsTest-640171957 tempest-GroupSnapshotsTest-640171957-project] Flow 'volume_create_api' (2403bbfc-a37b-4bb8-b19a-7232ab386c87) transitioned into state 'SUCCESS' from state 'RUNNING' {{(pid=113844) _flow_receiver /usr/local/lib/python3.8/dist-packages/taskflow/listeners/logging.py:141}}
Aug 11 10:00:20.972476 dv-cinder-815660-9-iscsi devstack@c-api.service[113844]: INFO cinder.volume.api [None req-ef165084-7da3-42a0-9886-01158a40fa8c tempest-GroupSnapshotsTest-640171957 tempest-GroupSnapshotsTest-640171957-project] Create volume request issued successfully.
Aug 11 10:00:20.974903 dv-cinder-815660-9-iscsi devstack@c-api.service[113844]: WARNING stevedore.named [None req-ef165084-7da3-42a0-9886-01158a40fa8c tempest-GroupSnapshotsTest-640171957 tempest-GroupSnapshotsTest-640171957-project] Could not load cinder.keymgr.conf_key_mgr.ConfKeyManager
Aug 11 10:00:20.977157 dv-cinder-815660-9-iscsi devstack@c-api.service[113844]: WARNING castellan.key_manager [None req-ef165084-7da3-42a0-9886-01158a40fa8c tempest-GroupSnapshotsTest-640171957 tempest-GroupSnapshotsTest-640171957-project] Deprecation Warning : cinder.keymgr.conf_key_mgr.ConfKeyManager is not a stevedore based driver, trying to load it as a class: stevedore.exception.NoMatches: No 'castellan.drivers' driver found, looking for 'cinder.keymgr.conf_key_mgr.ConfKeyManager'
Aug 11 10:00:20.977819 dv-cinder-815660-9-iscsi devstack@c-api.service[113843]: /usr/local/lib/python3.8/dist-packages/oslo_context/context.py:100: DeprecationWarning: Policy enforcement is depending on the value of is_admin. This key is deprecated. Please update your policy file to use the standard policy values.
Aug 11 10:00:20.977819 dv-cinder-815660-9-iscsi devstack@c-api.service[113843]: warnings.warn('Policy enforcement is depending on the value of '
Aug 11 10:00:20.991261 dv-cinder-815660-9-iscsi devstack@c-api.service[113844]: DEBUG oslo_db.sqlalchemy.engines [None req-ef165084-7da3-42a0-9886-01158a40fa8c tempest-GroupSnapshotsTest-640171957 tempest-GroupSnapshotsTest-640171957-project] MySQL server mode set to STRICT_TRANS_TABLES,STRICT_ALL_TABLES,NO_ZERO_IN_DATE,NO_ZERO_DATE,ERROR_FOR_DIVISION_BY_ZERO,TRADITIONAL,NO_ENGINE_SUBSTITUTION {{(pid=113844) _check_effective_sql_mode /usr/local/lib/python3.8/dist-packages/oslo_db/sqlalchemy/engines.py:314}}
Aug 11 10:00:20.996560 dv-cinder-815660-9-iscsi devstack@c-api.service[113843]: INFO cinder.api.openstack.wsgi [None req-b162b312-7593-487e-86cc-75c58a8754f2 tempest-GroupsTest-907361511 tempest-GroupsTest-907361511-project] http://10.222.0.17/volume/v3/b8d6cd1ee98d49b2a31cd74eec99ac7b/groups/295a0d28-7e13-4ff6-bd4c-d69bf5c52bd7 returned with HTTP 200
Aug 11 10:00:21.002291 dv-cinder-815660-9-iscsi devstack@c-api.service[113844]: /usr/local/lib/python3.8/dist-packages/oslo_context/context.py:100: DeprecationWarning: Policy enforcement is depending on the value of is_admin. This key is deprecated. Please update your policy file to use the standard policy values.
Aug 11 10:00:21.002291 dv-cinder-815660-9-iscsi devstack@c-api.service[113844]: warnings.warn('Policy enforcement is depending on the value of '
Aug 11 10:00:21.018913 dv-cinder-815660-9-iscsi devstack@c-api.service[113843]: [pid: 113843|app: 0|req: 139/254] 10.222.0.17 () {60 vars in 1363 bytes} [Thu Aug 11 10:00:20 2022] GET /volume/v3/b8d6cd1ee98d49b2a31cd74eec99ac7b/groups/295a0d28-7e13-4ff6-bd4c-d69bf5c52bd7 => generated 324 bytes in 41 msecs (HTTP/1.1 200) 7 headers in 286 bytes (1 switches on core 0)
Aug 11 10:00:21.018913 dv-cinder-815660-9-iscsi devstack@c-api.service[113843]: DEBUG cinder.api.middleware.request_id [None req-0e028ab9-2626-4002-a334-d2218872f68c None None] RequestId filter calling following filter/app {{(pid=113843) _context_setter /opt/stack/cinder/cinder/api/middleware/request_id.py:62}}
Aug 11 10:00:21.019401 dv-cinder-815660-9-iscsi devstack@c-api.service[113844]: INFO cinder.api.openstack.wsgi [None req-ef165084-7da3-42a0-9886-01158a40fa8c tempest-GroupSnapshotsTest-640171957 tempest-GroupSnapshotsTest-640171957-project] http://10.222.0.17/volume/v3/4ed0ea5ffa3e453689ce34ea857cd47a/volumes returned with HTTP 202
Aug 11 10:00:21.019512 dv-cinder-815660-9-iscsi devstack@c-api.service[113843]: INFO cinder.api.openstack.wsgi [None req-0e028ab9-2626-4002-a334-d2218872f68c tempest-GroupsTest-907361511 tempest-GroupsTest-907361511-project] GET http://10.222.0.17/volume/v3/b8d6cd1ee98d49b2a31cd74eec99ac7b/volumes/detail
Aug 11 10:00:21.019512 dv-cinder-815660-9-iscsi devstack@c-api.service[113843]: DEBUG cinder.api.openstack.wsgi [None req-0e028ab9-2626-4002-a334-d2218872f68c tempest-GroupsTest-907361511 tempest-GroupsTest-907361511-project] Empty body provided in request {{(pid=113843) get_body /opt/stack/cinder/cinder/api/openstack/wsgi.py:715}}
Aug 11 10:00:21.019674 dv-cinder-815660-9-iscsi devstack@c-api.service[113844]: [pid: 113844|app: 0|req: 116/255] 10.222.0.17 () {62 vars in 1277 bytes} [Thu Aug 11 10:00:20 2022] POST /volume/v3/4ed0ea5ffa3e453689ce34ea857cd47a/volumes => generated 907 bytes in 717 msecs (HTTP/1.1 202) 7 headers in 292 bytes (1 switches on core 0)
Aug 11 10:00:21.019755 dv-cinder-815660-9-iscsi devstack@c-api.service[113843]: DEBUG cinder.api.openstack.wsgi [None req-0e028ab9-2626-4002-a334-d2218872f68c tempest-GroupsTest-907361511 tempest-GroupsTest-907361511-project] Calling method 'detail' {{(pid=113843) _process_stack /opt/stack/cinder/cinder/api/openstack/wsgi.py:868}}
Aug 11 10:00:21.019755 dv-cinder-815660-9-iscsi devstack@c-api.service[113843]: DEBUG cinder.api.api_utils [None req-0e028ab9-2626-4002-a334-d2218872f68c tempest-GroupsTest-907361511 tempest-GroupsTest-907361511-project] Removing options '' from query. {{(pid=113843) remove_invalid_filter_options /opt/stack/cinder/cinder/api/api_utils.py:83}}
Aug 11 10:00:21.019755 dv-cinder-815660-9-iscsi devstack@c-api.service[113843]: /usr/local/lib/python3.8/dist-packages/oslo_context/context.py:100: DeprecationWarning: Policy enforcement is depending on the value of is_admin. This key is deprecated. Please update your policy file to use the standard policy values.
Aug 11 10:00:21.019755 dv-cinder-815660-9-iscsi devstack@c-api.service[113843]: warnings.warn('Policy enforcement is depending on the value of '
Aug 11 10:00:21.031606 dv-cinder-815660-9-iscsi devstack@c-api.service[113844]: DEBUG cinder.api.middleware.request_id [None req-d1250393-782d-49e4-99dc-afad5d136904 None None] RequestId filter calling following filter/app {{(pid=113844) _context_setter /opt/stack/cinder/cinder/api/middleware/request_id.py:62}}
Aug 11 10:00:21.035998 dv-cinder-815660-9-iscsi devstack@c-api.service[113843]: DEBUG cinder.volume.api [None req-0e028ab9-2626-4002-a334-d2218872f68c tempest-GroupsTest-907361511 tempest-GroupsTest-907361511-project] Searching by: MultiDict([('no_migration_targets', True)]). {{(pid=113843) get_all /opt/stack/cinder/cinder/volume/api.py:664}}
Aug 11 10:00:21.036159 dv-cinder-815660-9-iscsi devstack@c-api.service[113844]: INFO cinder.api.openstack.wsgi [None req-d1250393-782d-49e4-99dc-afad5d136904 tempest-GroupSnapshotsTest-640171957 tempest-GroupSnapshotsTest-640171957-project] GET http://10.222.0.17/volume/v3/4ed0ea5ffa3e453689ce34ea857cd47a/volumes/67329913-a6c5-4ac8-84c5-d5749697a6f1
Aug 11 10:00:21.036547 dv-cinder-815660-9-iscsi devstack@c-api.service[113844]: DEBUG cinder.api.openstack.wsgi [None req-d1250393-782d-49e4-99dc-afad5d136904 tempest-GroupSnapshotsTest-640171957 tempest-GroupSnapshotsTest-640171957-project] Empty body provided in request {{(pid=113844) get_body /opt/stack/cinder/cinder/api/openstack/wsgi.py:715}}
Aug 11 10:00:21.037612 dv-cinder-815660-9-iscsi devstack@c-api.service[113844]: DEBUG cinder.api.openstack.wsgi [None req-d1250393-782d-49e4-99dc-afad5d136904 tempest-GroupSnapshotsTest-640171957 tempest-GroupSnapshotsTest-640171957-project] Calling method 'show' {{(pid=113844) _process_stack /opt/stack/cinder/cinder/api/openstack/wsgi.py:868}}
Aug 11 10:00:21.055323 dv-cinder-815660-9-iscsi devstack@c-api.service[113844]: /usr/local/lib/python3.8/dist-packages/oslo_context/context.py:100: DeprecationWarning: Policy enforcement is depending on the value of is_admin. This key is deprecated. Please update your policy file to use the standard policy values.
Aug 11 10:00:21.055323 dv-cinder-815660-9-iscsi devstack@c-api.service[113844]: warnings.warn('Policy enforcement is depending on the value of '
Aug 11 10:00:21.074255 dv-cinder-815660-9-iscsi devstack@c-api.service[113844]: INFO cinder.volume.api [None req-d1250393-782d-49e4-99dc-afad5d136904 tempest-GroupSnapshotsTest-640171957 tempest-GroupSnapshotsTest-640171957-project] Volume info retrieved successfully.
Aug 11 10:00:21.075899 dv-cinder-815660-9-iscsi devstack@c-api.service[113844]: WARNING stevedore.named [None req-d1250393-782d-49e4-99dc-afad5d136904 tempest-GroupSnapshotsTest-640171957 tempest-GroupSnapshotsTest-640171957-project] Could not load cinder.keymgr.conf_key_mgr.ConfKeyManager
Aug 11 10:00:21.076280 dv-cinder-815660-9-iscsi devstack@c-api.service[113844]: WARNING castellan.key_manager [None req-d1250393-782d-49e4-99dc-afad5d136904 tempest-GroupSnapshotsTest-640171957 tempest-GroupSnapshotsTest-640171957-project] Deprecation Warning : cinder.keymgr.conf_key_mgr.ConfKeyManager is not a stevedore based driver, trying to load it as a class: stevedore.exception.NoMatches: No 'castellan.drivers' driver found, looking for 'cinder.keymgr.conf_key_mgr.ConfKeyManager'
Aug 11 10:00:21.108039 dv-cinder-815660-9-iscsi devstack@c-api.service[113844]: DEBUG oslo_db.sqlalchemy.engines [None req-d1250393-782d-49e4-99dc-afad5d136904 tempest-GroupSnapshotsTest-640171957 tempest-GroupSnapshotsTest-640171957-project] MySQL server mode set to STRICT_TRANS_TABLES,STRICT_ALL_TABLES,NO_ZERO_IN_DATE,NO_ZERO_DATE,ERROR_FOR_DIVISION_BY_ZERO,TRADITIONAL,NO_ENGINE_SUBSTITUTION {{(pid=113844) _check_effective_sql_mode /usr/local/lib/python3.8/dist-packages/oslo_db/sqlalchemy/engines.py:314}}
Aug 11 10:00:21.125530 dv-cinder-815660-9-iscsi devstack@c-api.service[113843]: INFO cinder.volume.api [None req-0e028ab9-2626-4002-a334-d2218872f68c tempest-GroupsTest-907361511 tempest-GroupsTest-907361511-project] Get all volumes completed successfully.
Aug 11 10:00:21.128262 dv-cinder-815660-9-iscsi devstack@c-api.service[113843]: WARNING stevedore.named [None req-0e028ab9-2626-4002-a334-d2218872f68c tempest-GroupsTest-907361511 tempest-GroupsTest-907361511-project] Could not load cinder.keymgr.conf_key_mgr.ConfKeyManager
Aug 11 10:00:21.128729 dv-cinder-815660-9-iscsi devstack@c-api.service[113844]: /usr/local/lib/python3.8/dist-packages/oslo_context/context.py:100: DeprecationWarning: Policy enforcement is depending on the value of is_admin. This key is deprecated. Please update your policy file to use the standard policy values.
Aug 11 10:00:21.128729 dv-cinder-815660-9-iscsi devstack@c-api.service[113844]: warnings.warn('Policy enforcement is depending on the value of '
Aug 11 10:00:21.128941 dv-cinder-815660-9-iscsi devstack@c-api.service[113843]: WARNING castellan.key_manager [None req-0e028ab9-2626-4002-a334-d2218872f68c tempest-GroupsTest-907361511 tempest-GroupsTest-907361511-project] Deprecation Warning : cinder.keymgr.conf_key_mgr.ConfKeyManager is not a stevedore based driver, trying to load it as a class: stevedore.exception.NoMatches: No 'castellan.drivers' driver found, looking for 'cinder.keymgr.conf_key_mgr.ConfKeyManager'
Aug 11 10:00:21.137067 dv-cinder-815660-9-iscsi devstack@c-api.service[113844]: DEBUG dbcounter [-] [113844] Writing DB stats cinder:UPDATE=14,cinder:SELECT=79,cinder:INSERT=7 {{(pid=113844) stat_writer /usr/local/lib/python3.8/dist-packages/dbcounter.py:114}}
Aug 11 10:00:21.137710 dv-cinder-815660-9-iscsi devstack@c-api.service[113843]: DEBUG oslo_db.sqlalchemy.engines [None req-0e028ab9-2626-4002-a334-d2218872f68c tempest-GroupsTest-907361511 tempest-GroupsTest-907361511-project] MySQL server mode set to STRICT_TRANS_TABLES,STRICT_ALL_TABLES,NO_ZERO_IN_DATE,NO_ZERO_DATE,ERROR_FOR_DIVISION_BY_ZERO,TRADITIONAL,NO_ENGINE_SUBSTITUTION {{(pid=113843) _check_effective_sql_mode /usr/local/lib/python3.8/dist-packages/oslo_db/sqlalchemy/engines.py:314}}
Aug 11 10:00:21.149908 dv-cinder-815660-9-iscsi devstack@c-api.service[113843]: /usr/local/lib/python3.8/dist-packages/oslo_context/context.py:100: DeprecationWarning: Policy enforcement is depending on the value of is_admin. This key is deprecated. Please update your policy file to use the standard policy values.
Aug 11 10:00:21.149908 dv-cinder-815660-9-iscsi devstack@c-api.service[113843]: warnings.warn('Policy enforcement is depending on the value of '
Aug 11 10:00:21.160138 dv-cinder-815660-9-iscsi devstack@c-api.service[113844]: INFO cinder.api.openstack.wsgi [None req-d1250393-782d-49e4-99dc-afad5d136904 tempest-GroupSnapshotsTest-640171957 tempest-GroupSnapshotsTest-640171957-project] http://10.222.0.17/volume/v3/4ed0ea5ffa3e453689ce34ea857cd47a/volumes/67329913-a6c5-4ac8-84c5-d5749697a6f1 returned with HTTP 200
Aug 11 10:00:21.174911 dv-cinder-815660-9-iscsi devstack@c-api.service[113844]: [pid: 113844|app: 0|req: 117/256] 10.222.0.17 () {60 vars in 1366 bytes} [Thu Aug 11 10:00:21 2022] GET /volume/v3/4ed0ea5ffa3e453689ce34ea857cd47a/volumes/67329913-a6c5-4ac8-84c5-d5749697a6f1 => generated 975 bytes in 145 msecs (HTTP/1.1 200) 7 headers in 286 bytes (2 switches on core 0)
Aug 11 10:00:21.200991 dv-cinder-815660-9-iscsi devstack@c-api.service[113843]: INFO cinder.api.openstack.wsgi [None req-0e028ab9-2626-4002-a334-d2218872f68c tempest-GroupsTest-907361511 tempest-GroupsTest-907361511-project] http://10.222.0.17/volume/v3/b8d6cd1ee98d49b2a31cd74eec99ac7b/volumes/detail returned with HTTP 200
Aug 11 10:00:21.201828 dv-cinder-815660-9-iscsi devstack@c-api.service[113843]: [pid: 113843|app: 0|req: 140/257] 10.222.0.17 () {60 vars in 1276 bytes} [Thu Aug 11 10:00:21 2022] GET /volume/v3/b8d6cd1ee98d49b2a31cd74eec99ac7b/volumes/detail => generated 1924 bytes in 195 msecs (HTTP/1.1 200) 7 headers in 287 bytes (1 switches on core 0)
Aug 11 10:00:21.219030 dv-cinder-815660-9-iscsi devstack@c-api.service[113844]: DEBUG cinder.api.middleware.request_id [None req-f5d56f25-c370-4fd5-b2e8-e9e249b0e520 None None] RequestId filter calling following filter/app {{(pid=113844) _context_setter /opt/stack/cinder/cinder/api/middleware/request_id.py:62}}
Aug 11 10:00:21.223313 dv-cinder-815660-9-iscsi devstack@c-api.service[113844]: INFO cinder.api.openstack.wsgi [None req-f5d56f25-c370-4fd5-b2e8-e9e249b0e520 tempest-GroupsTest-907361511 tempest-GroupsTest-907361511-project] PUT http://10.222.0.17/volume/v3/b8d6cd1ee98d49b2a31cd74eec99ac7b/groups/295a0d28-7e13-4ff6-bd4c-d69bf5c52bd7
Aug 11 10:00:21.224051 dv-cinder-815660-9-iscsi devstack@c-api.service[113844]: DEBUG cinder.api.openstack.wsgi [None req-f5d56f25-c370-4fd5-b2e8-e9e249b0e520 tempest-GroupsTest-907361511 tempest-GroupsTest-907361511-project] Action: 'update', calling method: version_select, body: {"group": {"add_volumes": "8a2b71d5-c393-4598-8f67-9bf5af8ef162"}} {{(pid=113844) _process_stack /opt/stack/cinder/cinder/api/openstack/wsgi.py:866}}
Aug 11 10:00:21.236017 dv-cinder-815660-9-iscsi devstack@c-api.service[113844]: DEBUG cinder.api.v3.groups [None req-f5d56f25-c370-4fd5-b2e8-e9e249b0e520 tempest-GroupsTest-907361511 tempest-GroupsTest-907361511-project] Update called for group 295a0d28-7e13-4ff6-bd4c-d69bf5c52bd7. {{(pid=113844) update /opt/stack/cinder/cinder/api/v3/groups.py:302}}
Aug 11 10:00:21.236313 dv-cinder-815660-9-iscsi devstack@c-api.service[113844]: INFO cinder.api.v3.groups [None req-f5d56f25-c370-4fd5-b2e8-e9e249b0e520 tempest-GroupsTest-907361511 tempest-GroupsTest-907361511-project] Updating group 295a0d28-7e13-4ff6-bd4c-d69bf5c52bd7 with name None description: None add_volumes: 8a2b71d5-c393-4598-8f67-9bf5af8ef162 remove_volumes: None.
Aug 11 10:00:21.242757 dv-cinder-815660-9-iscsi devstack@c-api.service[113844]: /usr/local/lib/python3.8/dist-packages/oslo_context/context.py:100: DeprecationWarning: Policy enforcement is depending on the value of is_admin. This key is deprecated. Please update your policy file to use the standard policy values.
Aug 11 10:00:21.242757 dv-cinder-815660-9-iscsi devstack@c-api.service[113844]: warnings.warn('Policy enforcement is depending on the value of '
Aug 11 10:00:21.329681 dv-cinder-815660-9-iscsi devstack@c-api.service[113844]: INFO cinder.api.openstack.wsgi [None req-f5d56f25-c370-4fd5-b2e8-e9e249b0e520 tempest-GroupsTest-907361511 tempest-GroupsTest-907361511-project] http://10.222.0.17/volume/v3/b8d6cd1ee98d49b2a31cd74eec99ac7b/groups/295a0d28-7e13-4ff6-bd4c-d69bf5c52bd7 returned with HTTP 202
Aug 11 10:00:21.330990 dv-cinder-815660-9-iscsi devstack@c-api.service[113844]: [pid: 113844|app: 0|req: 118/258] 10.222.0.17 () {62 vars in 1383 bytes} [Thu Aug 11 10:00:21 2022] PUT /volume/v3/b8d6cd1ee98d49b2a31cd74eec99ac7b/groups/295a0d28-7e13-4ff6-bd4c-d69bf5c52bd7 => generated 0 bytes in 113 msecs (HTTP/1.1 202) 6 headers in 234 bytes (1 switches on core 0)
Aug 11 10:00:21.335678 dv-cinder-815660-9-iscsi devstack@c-api.service[113843]: DEBUG cinder.api.middleware.request_id [None req-ffdf0f64-0537-431b-86e1-3a1242f056f0 None None] RequestId filter calling following filter/app {{(pid=113843) _context_setter /opt/stack/cinder/cinder/api/middleware/request_id.py:62}}
Aug 11 10:00:21.346818 dv-cinder-815660-9-iscsi devstack@c-api.service[113843]: INFO cinder.api.openstack.wsgi [None req-ffdf0f64-0537-431b-86e1-3a1242f056f0 tempest-GroupsTest-907361511 tempest-GroupsTest-907361511-project] GET http://10.222.0.17/volume/v3/b8d6cd1ee98d49b2a31cd74eec99ac7b/groups/295a0d28-7e13-4ff6-bd4c-d69bf5c52bd7
Aug 11 10:00:21.347935 dv-cinder-815660-9-iscsi devstack@c-api.service[113843]: DEBUG cinder.api.openstack.wsgi [None req-ffdf0f64-0537-431b-86e1-3a1242f056f0 tempest-GroupsTest-907361511 tempest-GroupsTest-907361511-project] Empty body provided in request {{(pid=113843) get_body /opt/stack/cinder/cinder/api/openstack/wsgi.py:715}}
Aug 11 10:00:21.348973 dv-cinder-815660-9-iscsi devstack@c-api.service[113843]: DEBUG cinder.api.openstack.wsgi [None req-ffdf0f64-0537-431b-86e1-3a1242f056f0 tempest-GroupsTest-907361511 tempest-GroupsTest-907361511-project] Calling method 'version_select' {{(pid=113843) _process_stack /opt/stack/cinder/cinder/api/openstack/wsgi.py:868}}
