Oct 27 14:10:55.503113 dv-cinder-815660-2-smb neutron-server[101696]: DEBUG neutron.db.l3_hamode_db [None req-68a53146-1566-45db-b696-afd599febf5c None None] neutron.services.l3_router.l3_router_plugin.L3RouterPlugin method _process_sync_ha_data called with arguments (, [{'id': 'fac1614f-5eca-4da1-adb0-b85481eebf2e', 'name': 'tempest-AttachVolumeShelveTestJSON-1181865306-router', 'tenant_id': 'ae378369a5b44adbadb5715f91c6610d', 'admin_state_up': True, 'status': 'ACTIVE', 'external_gateway_info': {'network_id': '79280ae1-26d3-44e6-9f00-bdfb039edce3', 'external_fixed_ips': [{'subnet_id': 'c7f48c17-1183-41f0-905d-858e36ede0fc', 'ip_address': '172.28.0.75'}], 'enable_snat': True}, 'gw_port_id': '92153131-46c1-41ac-a0e9-e9c1f0c08364', 'description': '', 'availability_zones': ['nova'], 'distributed': False, 'ha': False, 'ha_vr_id': 0, 'availability_zone_hints': [], 'routes': [], 'flavor_id': None, 'tags': [], 'created_at': '2021-10-27T14:09:57Z', 'updated_at': '2021-10-27T14:10:07Z', 'revision_number': 4, 'project_id': 'ae378369a5b44adbadb5715f91c6610d', 'gw_port': {'id': '92153131-46c1-41ac-a0e9-e9c1f0c08364', 'name': '', 'network_id': '79280ae1-26d3-44e6-9f00-bdfb039edce3', 'tenant_id': '', 'mac_address': 'fa:16:3e:5a:af:24', 'admin_state_up': True, 'status': 'ACTIVE', 'device_id': 'fac1614f-5eca-4da1-adb0-b85481eebf2e', 'device_owner': 'network:router_gateway', 'standard_attr_id': 61, 'fixed_ips': [{'subnet_id': 'c7f48c17-1183-41f0-905d-858e36ede0fc', 'ip_address': '172.28.0.75', 'prefixlen': 24}], 'allowed_address_pairs': [], 'extra_dhcp_opts': [], 'security_groups': [], 'description': '', 'binding:vnic_type': 'normal', 'binding:profile': {}, 'binding:host_id': 'dv-cinder-815660-2-smb', 'binding:vif_type': 'ovs', 'binding:vif_details': {'connectivity': 'l2', 'port_filter': True, 'ovs_hybrid_plug': False, 'datapath_type': 'system', 'bridge_name': 'br-int'}, 'port_security_enabled': False, 'tags': [], 'created_at': '2021-10-27T14:09:58Z', 'updated_at': '2021-10-27T14:10:08Z', 'revision_number': 4, 'project_id': '', 'subnets': [{'id': 'c7f48c17-1183-41f0-905d-858e36ede0fc', 'cidr': '172.28.0.0/24', 'gateway_ip': '172.28.0.1', 'dns_nameservers': [], 'ipv6_ra_mode': None, 'subnetpool_id': None}], 'extra_subnets': [], 'address_scopes': {4: None, 6: None}, 'mtu': 1500}, 'enable_snat': True, 'gw_port_host': 'dv-cinder-815660-2-smb', '_floatingips': [{'id': '88dbb160-4c38-4c54-81fb-eaeadffab40c', 'tenant_id': 'ae378369a5b44adbadb5715f91c6610d', 'floating_ip_address': '172.28.0.138', 'floating_network_id': '79280ae1-26d3-44e6-9f00-bdfb039edce3', 'router_id': 'fac1614f-5eca-4da1-adb0-b85481eebf2e', 'port_id': '137e5951-df2a-46f9-8b50-0fa92da9b163', 'fixed_ip_address': '172.20.0.12', 'status': 'DOWN', 'standard_attr_id': 125, 'description': '', 'qos_policy_id': None, 'port_details': {'name': '', 'network_id': 'bab736a2-04cf-4bcc-abf4-0ad2c0baff3d', 'mac_address': 'fa:16:3e:ed:74:2c', 'admin_state_up': True, 'status': 'ACTIVE', 'device_id': '0d99558f-6871-42eb-a233-81d2e4df658f', 'device_owner': 'compute:nova'}, 'dns_domain': '', 'dns_name': '', 'tags': [], 'created_at': '2021-10-27T14:10:19Z', 'updated_at': '2021-10-27T14:10:51Z', 'revision_number': 1, 'project_id': 'ae378369a5b44adbadb5715f91c6610d', 'fixed_ip_address_scope': None}], '_interfaces': [{'id': 'd333a3a8-0663-47a7-8f94-6ed613af0f42', 'name': '', 'network_id': 'bab736a2-04cf-4bcc-abf4-0ad2c0baff3d', 'tenant_id': 'ae378369a5b44adbadb5715f91c6610d', 'mac_address': 'fa:16:3e:c8:ae:39', 'admin_state_up': True, 'status': 'ACTIVE', 'device_id': 'fac1614f-5eca-4da1-adb0-b85481eebf2e', 'device_owner': 'network:router_interface', 'standard_attr_id': 100, 'fixed_ips': [{'subnet_id': '7556951c-97a4-4c09-8e5c-2970d923d879', 'ip_address': '172.20.0.1', 'prefixlen': 28}], 'allowed_address_pairs': [], 'extra_dhcp_opts': [], 'security_groups': [], 'description': '', 'binding:vnic_type': 'normal', 'binding:profile': {}, 'binding:host_id': 'dv-cinder-815660-2-smb', 'binding:vif_type': 'ovs', 'binding:vif_details': {'connectivity': 'l2', 'port_filter': True, 'ovs_hybrid_plug': False, 'datapath_type': 'system', 'bridge_name': 'br-int'}, 'port_security_enabled': False, 'tags': [], 'created_at': '2021-10-27T14:10:04Z', 'updated_at': '2021-10-27T14:10:12Z', 'revision_number': 5, 'project_id': 'ae378369a5b44adbadb5715f91c6610d', 'subnets': [{'id': '7556951c-97a4-4c09-8e5c-2970d923d879', 'cidr': '172.20.0.0/28', 'gateway_ip': '172.20.0.1', 'dns_nameservers': [], 'ipv6_ra_mode': None, 'subnetpool_id': None}], 'extra_subnets': [], 'address_scopes': {4: None, 6: None}, 'mtu': 1500}]}], 'dv-cinder-815660-2-smb', False) {} {{(pid=101696) wrapper /usr/local/lib/python3.8/dist-packages/oslo_log/helpers.py:65}}
Oct 27 14:10:55.524108 dv-cinder-815660-2-smb neutron-server[101693]: DEBUG neutron_lib.callbacks.manager [None req-50be0f4a-79e2-4ee0-959e-65f3b87aec12 admin admin] Publish callbacks [] for security_group, before_delete {{(pid=101693) _notify_loop /usr/local/lib/python3.8/dist-packages/neutron_lib/callbacks/manager.py:175}}
Oct 27 14:10:55.552457 dv-cinder-815660-2-smb neutron-server[101693]: DEBUG neutron_lib.callbacks.manager [None req-50be0f4a-79e2-4ee0-959e-65f3b87aec12 admin admin] Publish callbacks [] for security_group, precommit_delete {{(pid=101693) _notify_loop /usr/local/lib/python3.8/dist-packages/neutron_lib/callbacks/manager.py:175}}
Oct 27 14:10:55.565449 dv-cinder-815660-2-smb neutron-server[101696]: DEBUG neutron.api.rpc.handlers.l3_rpc [None req-68a53146-1566-45db-b696-afd599febf5c None None] The sync data for ids ['fac1614f-5eca-4da1-adb0-b85481eebf2e'] in dv-cinder-815660-2-smb is: [{'id': 'fac1614f-5eca-4da1-adb0-b85481eebf2e', 'name': 'tempest-AttachVolumeShelveTestJSON-1181865306-router', 'tenant_id': 'ae378369a5b44adbadb5715f91c6610d', 'admin_state_up': True, 'status': 'ACTIVE', 'external_gateway_info': {'network_id': '79280ae1-26d3-44e6-9f00-bdfb039edce3', 'external_fixed_ips': [{'subnet_id': 'c7f48c17-1183-41f0-905d-858e36ede0fc', 'ip_address': '172.28.0.75'}], 'enable_snat': True}, 'gw_port_id': '92153131-46c1-41ac-a0e9-e9c1f0c08364', 'description': '', 'availability_zones': ['nova'], 'distributed': False, 'ha': False, 'ha_vr_id': 0, 'availability_zone_hints': [], 'routes': [], 'flavor_id': None, 'tags': [], 'created_at': '2021-10-27T14:09:57Z', 'updated_at': '2021-10-27T14:10:07Z', 'revision_number': 4, 'project_id': 'ae378369a5b44adbadb5715f91c6610d', 'gw_port': {'id': '92153131-46c1-41ac-a0e9-e9c1f0c08364', 'name': '', 'network_id': '79280ae1-26d3-44e6-9f00-bdfb039edce3', 'tenant_id': '', 'mac_address': 'fa:16:3e:5a:af:24', 'admin_state_up': True, 'status': 'ACTIVE', 'device_id': 'fac1614f-5eca-4da1-adb0-b85481eebf2e', 'device_owner': 'network:router_gateway', 'standard_attr_id': 61, 'fixed_ips': [{'subnet_id': 'c7f48c17-1183-41f0-905d-858e36ede0fc', 'ip_address': '172.28.0.75', 'prefixlen': 24}], 'allowed_address_pairs': [], 'extra_dhcp_opts': [], 'security_groups': [], 'description': '', 'binding:vnic_type': 'normal', 'binding:profile': {}, 'binding:host_id': 'dv-cinder-815660-2-smb', 'binding:vif_type': 'ovs', 'binding:vif_details': {'connectivity': 'l2', 'port_filter': True, 'ovs_hybrid_plug': False, 'datapath_type': 'system', 'bridge_name': 'br-int'}, 'port_security_enabled': False, 'tags': [], 'created_at': '2021-10-27T14:09:58Z', 'updated_at': '2021-10-27T14:10:08Z', 'revision_number': 4, 'project_id': '', 'subnets': [{'id': 'c7f48c17-1183-41f0-905d-858e36ede0fc', 'cidr': '172.28.0.0/24', 'gateway_ip': '172.28.0.1', 'dns_nameservers': [], 'ipv6_ra_mode': None, 'subnetpool_id': None}], 'extra_subnets': [], 'address_scopes': {4: None, 6: None}, 'mtu': 1500}, 'enable_snat': True, 'gw_port_host': 'dv-cinder-815660-2-smb', '_floatingips': [{'id': '88dbb160-4c38-4c54-81fb-eaeadffab40c', 'tenant_id': 'ae378369a5b44adbadb5715f91c6610d', 'floating_ip_address': '172.28.0.138', 'floating_network_id': '79280ae1-26d3-44e6-9f00-bdfb039edce3', 'router_id': 'fac1614f-5eca-4da1-adb0-b85481eebf2e', 'port_id': '137e5951-df2a-46f9-8b50-0fa92da9b163', 'fixed_ip_address': '172.20.0.12', 'status': 'DOWN', 'standard_attr_id': 125, 'description': '', 'qos_policy_id': None, 'port_details': {'name': '', 'network_id': 'bab736a2-04cf-4bcc-abf4-0ad2c0baff3d', 'mac_address': 'fa:16:3e:ed:74:2c', 'admin_state_up': True, 'status': 'ACTIVE', 'device_id': '0d99558f-6871-42eb-a233-81d2e4df658f', 'device_owner': 'compute:nova'}, 'dns_domain': '', 'dns_name': '', 'tags': [], 'created_at': '2021-10-27T14:10:19Z', 'updated_at': '2021-10-27T14:10:51Z', 'revision_number': 1, 'project_id': 'ae378369a5b44adbadb5715f91c6610d', 'fixed_ip_address_scope': None}], '_interfaces': [{'id': 'd333a3a8-0663-47a7-8f94-6ed613af0f42', 'name': '', 'network_id': 'bab736a2-04cf-4bcc-abf4-0ad2c0baff3d', 'tenant_id': 'ae378369a5b44adbadb5715f91c6610d', 'mac_address': 'fa:16:3e:c8:ae:39', 'admin_state_up': True, 'status': 'ACTIVE', 'device_id': 'fac1614f-5eca-4da1-adb0-b85481eebf2e', 'device_owner': 'network:router_interface', 'standard_attr_id': 100, 'fixed_ips': [{'subnet_id': '7556951c-97a4-4c09-8e5c-2970d923d879', 'ip_address': '172.20.0.1', 'prefixlen': 28}], 'allowed_address_pairs': [], 'extra_dhcp_opts': [], 'security_groups': [], 'description': '', 'binding:vnic_type': 'normal', 'binding:profile': {}, 'binding:host_id': 'dv-cinder-815660-2-smb', 'binding:vif_type': 'ovs', 'binding:vif_details': {'connectivity': 'l2', 'port_filter': True, 'ovs_hybrid_plug': False, 'datapath_type': 'system', 'bridge_name': 'br-int'}, 'port_security_enabled': False, 'tags': [], 'created_at': '2021-10-27T14:10:04Z', 'updated_at': '2021-10-27T14:10:12Z', 'revision_number': 5, 'project_id': 'ae378369a5b44adbadb5715f91c6610d', 'subnets': [{'id': '7556951c-97a4-4c09-8e5c-2970d923d879', 'cidr': '172.20.0.0/28', 'gateway_ip': '172.20.0.1', 'dns_nameservers': [], 'ipv6_ra_mode': None, 'subnetpool_id': None}], 'extra_subnets': [], 'address_scopes': {4: None, 6: None}, 'mtu': 1500}]}] {{(pid=101696) sync_routers /opt/stack/neutron/neutron/api/rpc/handlers/l3_rpc.py:137}}
Oct 27 14:10:55.625871 dv-cinder-815660-2-smb neutron-server[101693]: DEBUG neutron_lib.callbacks.manager [None req-50be0f4a-79e2-4ee0-959e-65f3b87aec12 admin admin] Publish callbacks ['neutron.plugins.ml2.ovo_rpc._ObjectChangeHandler.handle_event-3825423'] for security_group, after_delete {{(pid=101693) _notify_loop /usr/local/lib/python3.8/dist-packages/neutron_lib/callbacks/manager.py:175}}
Oct 27 14:10:55.631081 dv-cinder-815660-2-smb neutron-server[101693]: DEBUG neutron_lib.callbacks.manager [None req-50be0f4a-79e2-4ee0-959e-65f3b87aec12 admin admin] Publish callbacks [] for security_group, before_response {{(pid=101693) _notify_loop /usr/local/lib/python3.8/dist-packages/neutron_lib/callbacks/manager.py:175}}
Oct 27 14:10:55.638162 dv-cinder-815660-2-smb neutron-server[101694]: DEBUG neutron.api.rpc.handlers.resources_rpc [None req-f74774d1-7ae2-4a0e-a250-896f8e06cce9 admin admin] Pushing event updated for resources: {'SecurityGroup': ['ID=54c7aa2f-c0e5-47f6-8178-644d7ab34730,revision_number=1']} {{(pid=101694) push /opt/stack/neutron/neutron/api/rpc/handlers/resources_rpc.py:237}}
Oct 27 14:10:55.639004 dv-cinder-815660-2-smb neutron-server[101693]: INFO neutron.wsgi [None req-50be0f4a-79e2-4ee0-959e-65f3b87aec12 admin admin] 10.222.0.70 "DELETE /v2.0/security-groups/74b0af20-55ad-48a4-be96-ae2a182a9309 HTTP/1.1" status: 204 len: 168 time: 0.2480030
Oct 27 14:10:55.662298 dv-cinder-815660-2-smb neutron-server[101694]: INFO neutron.wsgi [None req-f74774d1-7ae2-4a0e-a250-896f8e06cce9 admin admin] 10.222.0.70 "GET /v2.0/security-groups?tenant_id=e49b7b5d0cdd439cb07f2c974cea7a15&name=default HTTP/1.1" status: 200 len: 2979 time: 1.1842873
Oct 27 14:10:55.667348 dv-cinder-815660-2-smb neutron-server[101694]: DEBUG neutron.wsgi [-] (101694) accepted ('10.222.0.70', 43856) {{(pid=101694) server /usr/local/lib/python3.8/dist-packages/eventlet/wsgi.py:982}}
Oct 27 14:10:55.680196 dv-cinder-815660-2-smb neutron-server[101693]: DEBUG neutron.api.rpc.handlers.resources_rpc [None req-50be0f4a-79e2-4ee0-959e-65f3b87aec12 admin admin] Pushing event deleted for resources: {'SecurityGroup': ['ID=74b0af20-55ad-48a4-be96-ae2a182a9309,revision_number=None']} {{(pid=101693) push /opt/stack/neutron/neutron/api/rpc/handlers/resources_rpc.py:237}}
Oct 27 14:10:55.797853 dv-cinder-815660-2-smb neutron-server[101694]: INFO neutron.wsgi [req-86530be4-2d6f-445b-88c8-418bdb787e67 req-5da3660a-66bd-470f-93a0-c60fc6732a48 service neutron] 10.222.0.76 "GET /v2.0/networks/bab736a2-04cf-4bcc-abf4-0ad2c0baff3d?fields=provider%3Aphysical_network&fields=provider%3Anetwork_type HTTP/1.1" status: 200 len: 281 time: 0.2841382
Oct 27 14:10:55.807414 dv-cinder-815660-2-smb neutron-server[101694]: DEBUG neutron_lib.callbacks.manager [None req-f292a91d-c9f8-4542-bb2e-c2845d65ba59 admin admin] Publish callbacks [] for security_group, before_delete {{(pid=101694) _notify_loop /usr/local/lib/python3.8/dist-packages/neutron_lib/callbacks/manager.py:175}}
Oct 27 14:10:55.899567 dv-cinder-815660-2-smb neutron-server[101694]: DEBUG neutron_lib.callbacks.manager [None req-f292a91d-c9f8-4542-bb2e-c2845d65ba59 admin admin] Publish callbacks [] for security_group, precommit_delete {{(pid=101694) _notify_loop /usr/local/lib/python3.8/dist-packages/neutron_lib/callbacks/manager.py:175}}
Oct 27 14:10:56.036734 dv-cinder-815660-2-smb neutron-server[101695]: DEBUG neutron.api.rpc.handlers.l3_rpc [None req-64ef48bb-86f5-42d9-92e1-5780dd67768c None None] New status for floating IP 88dbb160-4c38-4c54-81fb-eaeadffab40c: ACTIVE {{(pid=101695) update_floatingip_statuses /opt/stack/neutron/neutron/api/rpc/handlers/l3_rpc.py:270}}
Oct 27 14:10:56.064922 dv-cinder-815660-2-smb neutron-server[101694]: DEBUG neutron_lib.callbacks.manager [None req-f292a91d-c9f8-4542-bb2e-c2845d65ba59 admin admin] Publish callbacks ['neutron.plugins.ml2.ovo_rpc._ObjectChangeHandler.handle_event-3825423'] for security_group, after_delete {{(pid=101694) _notify_loop /usr/local/lib/python3.8/dist-packages/neutron_lib/callbacks/manager.py:175}}
Oct 27 14:10:56.069357 dv-cinder-815660-2-smb neutron-server[101694]: DEBUG neutron_lib.callbacks.manager [None req-f292a91d-c9f8-4542-bb2e-c2845d65ba59 admin admin] Publish callbacks [] for security_group, before_response {{(pid=101694) _notify_loop /usr/local/lib/python3.8/dist-packages/neutron_lib/callbacks/manager.py:175}}
Oct 27 14:10:56.072198 dv-cinder-815660-2-smb neutron-server[101694]: INFO neutron.wsgi [None req-f292a91d-c9f8-4542-bb2e-c2845d65ba59 admin admin] 10.222.0.70 "DELETE /v2.0/security-groups/54c7aa2f-c0e5-47f6-8178-644d7ab34730 HTTP/1.1" status: 204 len: 168 time: 0.4033427
Oct 27 14:10:56.088583 dv-cinder-815660-2-smb neutron-server[101694]: DEBUG neutron.api.rpc.handlers.resources_rpc [None req-f292a91d-c9f8-4542-bb2e-c2845d65ba59 admin admin] Pushing event deleted for resources: {'SecurityGroup': ['ID=54c7aa2f-c0e5-47f6-8178-644d7ab34730,revision_number=None']} {{(pid=101694) push /opt/stack/neutron/neutron/api/rpc/handlers/resources_rpc.py:237}}
Oct 27 14:10:56.485060 dv-cinder-815660-2-smb neutron-server[101693]: DEBUG neutron.wsgi [-] (101693) accepted ('10.222.0.70', 43896) {{(pid=101693) server /usr/local/lib/python3.8/dist-packages/eventlet/wsgi.py:982}}
Oct 27 14:10:56.508364 dv-cinder-815660-2-smb neutron-server[101694]: DEBUG neutron.pecan_wsgi.hooks.policy_enforcement [req-7ea7aed0-0c21-4944-88eb-fa1a03a94ab7 req-d69ecad6-bf5c-4a9e-917f-fa2ec06b6782 tempest-DeleteServersTestJSON-1725583082 tempest-DeleteServersTestJSON-1725583082-project] Attributes excluded by policy engine: ['standard_attr_id', 'binding:profile', 'binding:host_id', 'binding:vif_type', 'binding:vif_details'] {{(pid=101694) _exclude_attributes_by_policy /opt/stack/neutron/neutron/pecan_wsgi/hooks/policy_enforcement.py:255}}
Oct 27 14:10:56.510479 dv-cinder-815660-2-smb neutron-server[101694]: INFO neutron.wsgi [req-7ea7aed0-0c21-4944-88eb-fa1a03a94ab7 req-d69ecad6-bf5c-4a9e-917f-fa2ec06b6782 tempest-DeleteServersTestJSON-1725583082 tempest-DeleteServersTestJSON-1725583082-project] 10.222.0.76 "GET /v2.0/ports?device_id=3931f81d-0c1e-435b-88d4-de99c68b59e3 HTTP/1.1" status: 200 len: 945 time: 0.1268580
Oct 27 14:10:56.522328 dv-cinder-815660-2-smb neutron-server[101693]: DEBUG neutron_lib.callbacks.manager [None req-16607b4a-4cc5-4e8b-8a62-f51b49ce3f50 admin admin] Publish callbacks [] for security_group, before_create {{(pid=101693) _notify_loop /usr/local/lib/python3.8/dist-packages/neutron_lib/callbacks/manager.py:175}}
Oct 27 14:10:56.685342 dv-cinder-815660-2-smb neutron-server[101695]: DEBUG neutron_lib.callbacks.manager [None req-5981ecd8-c411-4afa-990a-86ed3cfff658 None None] Publish callbacks ['neutron.services.segments.db._update_segment_host_mapping_for_agent-8753913217356', 'neutron.plugins.ml2.plugin.Ml2Plugin._retry_binding_revived_agents-843649'] for agent, after_update {{(pid=101695) _notify_loop /usr/local/lib/python3.8/dist-packages/neutron_lib/callbacks/manager.py:175}}
Oct 27 14:10:56.733639 dv-cinder-815660-2-smb neutron-server[101693]: DEBUG neutron_lib.callbacks.manager [None req-16607b4a-4cc5-4e8b-8a62-f51b49ce3f50 admin admin] Publish callbacks [] for security_group, precommit_create {{(pid=101693) _notify_loop /usr/local/lib/python3.8/dist-packages/neutron_lib/callbacks/manager.py:175}}
Oct 27 14:10:56.744077 dv-cinder-815660-2-smb neutron-server[101693]: DEBUG neutron_lib.callbacks.manager [None req-16607b4a-4cc5-4e8b-8a62-f51b49ce3f50 admin admin] Publish callbacks ['neutron.plugins.ml2.ovo_rpc._ObjectChangeHandler.handle_event-3825423'] for security_group, after_create {{(pid=101693) _notify_loop /usr/local/lib/python3.8/dist-packages/neutron_lib/callbacks/manager.py:175}}
Oct 27 14:10:56.831965 dv-cinder-815660-2-smb neutron-server[101693]: INFO neutron.wsgi [None req-16607b4a-4cc5-4e8b-8a62-f51b49ce3f50 admin admin] 10.222.0.70 "GET /v2.0/security-groups?tenant_id=f9151b0533524abc838a0471f3256547&name=default HTTP/1.1" status: 200 len: 2979 time: 0.3392892
Oct 27 14:10:56.840152 dv-cinder-815660-2-smb neutron-server[101694]: DEBUG neutron.pecan_wsgi.hooks.policy_enforcement [req-1c390260-3743-4f54-ae87-16a3dfd6635b req-112a0457-254b-415b-93c3-944382a5d74b tempest-ServerRescueNegativeTestJSON-1732754789 tempest-ServerRescueNegativeTestJSON-1732754789-project] Attributes excluded by policy engine: ['standard_attr_id', 'binding:profile', 'binding:host_id', 'binding:vif_type', 'binding:vif_details'] {{(pid=101694) _exclude_attributes_by_policy /opt/stack/neutron/neutron/pecan_wsgi/hooks/policy_enforcement.py:255}}
Oct 27 14:10:56.843225 dv-cinder-815660-2-smb neutron-server[101694]: INFO neutron.wsgi [req-1c390260-3743-4f54-ae87-16a3dfd6635b req-112a0457-254b-415b-93c3-944382a5d74b tempest-ServerRescueNegativeTestJSON-1732754789 tempest-ServerRescueNegativeTestJSON-1732754789-project] 10.222.0.70 "GET /v2.0/ports?device_id=d57a8b4e-605c-4d07-a681-60019cf2e02c HTTP/1.1" status: 200 len: 945 time: 0.2082865
Oct 27 14:10:56.843520 dv-cinder-815660-2-smb neutron-server[101693]: DEBUG neutron.wsgi [-] (101693) accepted ('10.222.0.70', 43902) {{(pid=101693) server /usr/local/lib/python3.8/dist-packages/eventlet/wsgi.py:982}}
Oct 27 14:10:56.854774 dv-cinder-815660-2-smb neutron-server[101694]: DEBUG neutron.pecan_wsgi.hooks.policy_enforcement [req-72f85b06-b71b-41c1-9c8c-a3db8b802c8d req-74b09cc1-f6ab-4a05-9019-a8da96300068 tempest-DeleteServersTestJSON-1725583082 tempest-DeleteServersTestJSON-1725583082-project] Attributes excluded by policy engine: ['standard_attr_id', 'binding:profile', 'binding:host_id', 'binding:vif_type', 'binding:vif_details'] {{(pid=101694) _exclude_attributes_by_policy /opt/stack/neutron/neutron/pecan_wsgi/hooks/policy_enforcement.py:255}}
Oct 27 14:10:56.856645 dv-cinder-815660-2-smb neutron-server[101694]: INFO neutron.wsgi [req-72f85b06-b71b-41c1-9c8c-a3db8b802c8d req-74b09cc1-f6ab-4a05-9019-a8da96300068 tempest-DeleteServersTestJSON-1725583082 tempest-DeleteServersTestJSON-1725583082-project] 10.222.0.70 "GET /v2.0/ports?device_id=3931f81d-0c1e-435b-88d4-de99c68b59e3 HTTP/1.1" status: 200 len: 945 time: 0.2513618
Oct 27 14:10:56.867636 dv-cinder-815660-2-smb neutron-server[101694]: DEBUG neutron.plugins.ml2.plugin [req-7ea7aed0-0c21-4944-88eb-fa1a03a94ab7 req-9cf64ade-c1db-422f-ab67-b828c6458b04 tempest-DeleteServersTestJSON-1725583082 tempest-DeleteServersTestJSON-1725583082-project] Deleting port d643a326-f824-4e66-9660-b9d1005a8e3a {{(pid=101694) _pre_delete_port /opt/stack/neutron/neutron/plugins/ml2/plugin.py:1932}}
Oct 27 14:10:56.868088 dv-cinder-815660-2-smb neutron-server[101694]: DEBUG neutron_lib.callbacks.manager [req-7ea7aed0-0c21-4944-88eb-fa1a03a94ab7 req-9cf64ade-c1db-422f-ab67-b828c6458b04 tempest-DeleteServersTestJSON-1725583082 tempest-DeleteServersTestJSON-1725583082-project] Publish callbacks ['neutron.db.l3_db.L3_NAT_dbonly_mixin._prevent_l3_port_delete_callback-8753913202966'] for port, before_delete {{(pid=101694) _notify_loop /usr/local/lib/python3.8/dist-packages/neutron_lib/callbacks/manager.py:175}}
Oct 27 14:10:56.885609 dv-cinder-815660-2-smb neutron-server[101693]: DEBUG neutron.api.rpc.handlers.resources_rpc [None req-16607b4a-4cc5-4e8b-8a62-f51b49ce3f50 admin admin] Pushing event updated for resources: {'SecurityGroup': ['ID=a082ff59-8161-48fc-908d-f1a612bd1fb6,revision_number=1']} {{(pid=101693) push /opt/stack/neutron/neutron/api/rpc/handlers/resources_rpc.py:237}}
Oct 27 14:10:57.002640 dv-cinder-815660-2-smb neutron-server[101693]: DEBUG neutron_lib.callbacks.manager [None req-4259a64e-0769-4a58-bc13-4a648e60529d admin admin] Publish callbacks [] for security_group, before_delete {{(pid=101693) _notify_loop /usr/local/lib/python3.8/dist-packages/neutron_lib/callbacks/manager.py:175}}
Oct 27 14:10:57.024333 dv-cinder-815660-2-smb neutron-server[101694]: INFO neutron.wsgi [req-72f85b06-b71b-41c1-9c8c-a3db8b802c8d req-ac1cce9e-879c-4786-a597-8db61aac5131 tempest-DeleteServersTestJSON-1725583082 tempest-DeleteServersTestJSON-1725583082-project] 10.222.0.70 "GET /v2.0/security-groups?id=76a27c5d-5ece-46cd-ae64-142b89727081&fields=id&fields=name HTTP/1.1" status: 200 len: 286 time: 0.1366749
Oct 27 14:10:57.027674 dv-cinder-815660-2-smb neutron-server[101694]: INFO neutron.wsgi [req-1c390260-3743-4f54-ae87-16a3dfd6635b req-1a4c4954-7d7c-4dd7-87b7-0639f1fd1c11 tempest-ServerRescueNegativeTestJSON-1732754789 tempest-ServerRescueNegativeTestJSON-1732754789-project] 10.222.0.70 "GET /v2.0/security-groups?id=1a19f063-4b95-4c65-9f1c-f894db2ccd74&fields=id&fields=name HTTP/1.1" status: 200 len: 286 time: 0.1388896
Oct 27 14:10:57.055955 dv-cinder-815660-2-smb neutron-server[101693]: DEBUG neutron_lib.callbacks.manager [None req-4259a64e-0769-4a58-bc13-4a648e60529d admin admin] Publish callbacks [] for security_group, precommit_delete {{(pid=101693) _notify_loop /usr/local/lib/python3.8/dist-packages/neutron_lib/callbacks/manager.py:175}}
Oct 27 14:10:57.086570 dv-cinder-815660-2-smb neutron-server[101694]: DEBUG neutron.plugins.ml2.db [req-7ea7aed0-0c21-4944-88eb-fa1a03a94ab7 req-9cf64ade-c1db-422f-ab67-b828c6458b04 tempest-DeleteServersTestJSON-1725583082 tempest-DeleteServersTestJSON-1725583082-project] For port d643a326-f824-4e66-9660-b9d1005a8e3a, host hv-cinder-81566, got binding levels [PortBindingLevel(driver='hyperv',host='hv-cinder-81566',level=0,port_id=d643a326-f824-4e66-9660-b9d1005a8e3a,segment=NetworkSegment(fe7304bd-eeef-4ab1-9c95-bb48eb9c1a23),segment_id=fe7304bd-eeef-4ab1-9c95-bb48eb9c1a23)] {{(pid=101694) get_binding_level_objs /opt/stack/neutron/neutron/plugins/ml2/db.py:74}}
Oct 27 14:10:57.087135 dv-cinder-815660-2-smb neutron-server[101694]: DEBUG neutron_lib.callbacks.manager [req-7ea7aed0-0c21-4944-88eb-fa1a03a94ab7 req-9cf64ade-c1db-422f-ab67-b828c6458b04 tempest-DeleteServersTestJSON-1725583082 tempest-DeleteServersTestJSON-1725583082-project] Publish callbacks ['neutron.services.l3_router.l3_router_plugin.L3_NAT_dbonly_mixin._precommit_delete_port_callback-3724355'] for port, precommit_delete {{(pid=101694) _notify_loop /usr/local/lib/python3.8/dist-packages/neutron_lib/callbacks/manager.py:175}}
Oct 27 14:10:57.109766 dv-cinder-815660-2-smb neutron-server[101694]: DEBUG neutron.plugins.ml2.plugin [req-7ea7aed0-0c21-4944-88eb-fa1a03a94ab7 req-9cf64ade-c1db-422f-ab67-b828c6458b04 tempest-DeleteServersTestJSON-1725583082 tempest-DeleteServersTestJSON-1725583082-project] Calling delete_port for d643a326-f824-4e66-9660-b9d1005a8e3a owned by compute:nova {{(pid=101694) delete_port /opt/stack/neutron/neutron/plugins/ml2/plugin.py:2010}}
Oct 27 14:10:57.154119 dv-cinder-815660-2-smb neutron-server[101693]: DEBUG neutron_lib.callbacks.manager [None req-4259a64e-0769-4a58-bc13-4a648e60529d admin admin] Publish callbacks ['neutron.plugins.ml2.ovo_rpc._ObjectChangeHandler.handle_event-3825423'] for security_group, after_delete {{(pid=101693) _notify_loop /usr/local/lib/python3.8/dist-packages/neutron_lib/callbacks/manager.py:175}}
Oct 27 14:10:57.178957 dv-cinder-815660-2-smb neutron-server[101693]: DEBUG neutron_lib.callbacks.manager [None req-4259a64e-0769-4a58-bc13-4a648e60529d admin admin] Publish callbacks [] for security_group, before_response {{(pid=101693) _notify_loop /usr/local/lib/python3.8/dist-packages/neutron_lib/callbacks/manager.py:175}}
Oct 27 14:10:57.184780 dv-cinder-815660-2-smb neutron-server[101693]: INFO neutron.wsgi [None req-4259a64e-0769-4a58-bc13-4a648e60529d admin admin] 10.222.0.70 "DELETE /v2.0/security-groups/a082ff59-8161-48fc-908d-f1a612bd1fb6 HTTP/1.1" status: 204 len: 168 time: 0.3127601
Oct 27 14:10:57.197155 dv-cinder-815660-2-smb neutron-server[101693]: DEBUG neutron.api.rpc.handlers.resources_rpc [None req-4259a64e-0769-4a58-bc13-4a648e60529d admin admin] Pushing event deleted for resources: {'SecurityGroup': ['ID=a082ff59-8161-48fc-908d-f1a612bd1fb6,revision_number=None']} {{(pid=101693) push /opt/stack/neutron/neutron/api/rpc/handlers/resources_rpc.py:237}}
Oct 27 14:10:57.212166 dv-cinder-815660-2-smb neutron-server[101693]: DEBUG neutron.api.rpc.callbacks.version_manager [None req-4259a64e-0769-4a58-bc13-4a648e60529d admin admin] Version for resource type AddressGroup changed None to 1.2 on consumer Open vSwitch agent@dv-cinder-815660-2-smb {{(pid=101693) _set_version /opt/stack/neutron/neutron/api/rpc/callbacks/version_manager.py:113}}
Oct 27 14:10:57.213173 dv-cinder-815660-2-smb neutron-server[101693]: DEBUG neutron.api.rpc.callbacks.version_manager [None req-4259a64e-0769-4a58-bc13-4a648e60529d admin admin] Version for resource type ConntrackHelper changed None to 1.0 on consumer Open vSwitch agent@dv-cinder-815660-2-smb {{(pid=101693) _set_version /opt/stack/neutron/neutron/api/rpc/callbacks/version_manager.py:113}}
Oct 27 14:10:57.213573 dv-cinder-815660-2-smb neutron-server[101693]: DEBUG neutron.api.rpc.callbacks.version_manager [None req-4259a64e-0769-4a58-bc13-4a648e60529d admin admin] Version for resource type Log changed None to 1.0 on consumer Open vSwitch agent@dv-cinder-815660-2-smb {{(pid=101693) _set_version /opt/stack/neutron/neutron/api/rpc/callbacks/version_manager.py:113}}
Oct 27 14:10:57.214554 dv-cinder-815660-2-smb neutron-server[101693]: DEBUG neutron.api.rpc.callbacks.version_manager [None req-4259a64e-0769-4a58-bc13-4a648e60529d admin admin] Version for resource type Network changed None to 1.1 on consumer Open vSwitch agent@dv-cinder-815660-2-smb {{(pid=101693) _set_version /opt/stack/neutron/neutron/api/rpc/callbacks/version_manager.py:113}}
Oct 27 14:10:57.215249 dv-cinder-815660-2-smb neutron-server[101693]: DEBUG neutron.api.rpc.callbacks.version_manager [None req-4259a64e-0769-4a58-bc13-4a648e60529d admin admin] Version for resource type Port changed None to 1.7 on consumer Open vSwitch agent@dv-cinder-815660-2-smb {{(pid=101693) _set_version /opt/stack/neutron/neutron/api/rpc/callbacks/version_manager.py:113}}
Oct 27 14:10:57.216003 dv-cinder-815660-2-smb neutron-server[101693]: DEBUG neutron.api.rpc.callbacks.version_manager [None req-4259a64e-0769-4a58-bc13-4a648e60529d admin admin] Version for resource type PortForwarding changed None to 1.2 on consumer Open vSwitch agent@dv-cinder-815660-2-smb {{(pid=101693) _set_version /opt/stack/neutron/neutron/api/rpc/callbacks/version_manager.py:113}}
Oct 27 14:10:57.216682 dv-cinder-815660-2-smb neutron-server[101693]: DEBUG neutron.api.rpc.callbacks.version_manager [None req-4259a64e-0769-4a58-bc13-4a648e60529d admin admin] Version for resource type QosPolicy changed None to 1.10 on consumer Open vSwitch agent@dv-cinder-815660-2-smb {{(pid=101693) _set_version /opt/stack/neutron/neutron/api/rpc/callbacks/version_manager.py:113}}
Oct 27 14:10:57.217392 dv-cinder-815660-2-smb neutron-server[101693]: DEBUG neutron.api.rpc.callbacks.version_manager [None req-4259a64e-0769-4a58-bc13-4a648e60529d admin admin] Version for resource type SecurityGroup changed None to 1.4 on consumer Open vSwitch agent@dv-cinder-815660-2-smb {{(pid=101693) _set_version /opt/stack/neutron/neutron/api/rpc/callbacks/version_manager.py:113}}
Oct 27 14:10:57.217978 dv-cinder-815660-2-smb neutron-server[101693]: DEBUG neutron.api.rpc.callbacks.version_manager [None req-4259a64e-0769-4a58-bc13-4a648e60529d admin admin] Version for resource type SecurityGroupRule changed None to 1.2 on consumer Open vSwitch agent@dv-cinder-815660-2-smb {{(pid=101693) _set_version /opt/stack/neutron/neutron/api/rpc/callbacks/version_manager.py:113}}
Oct 27 14:10:57.218679 dv-cinder-815660-2-smb neutron-server[101693]: DEBUG neutron.api.rpc.callbacks.version_manager [None req-4259a64e-0769-4a58-bc13-4a648e60529d admin admin] Version for resource type SubPort changed None to 1.0 on consumer Open vSwitch agent@dv-cinder-815660-2-smb {{(pid=101693) _set_version /opt/stack/neutron/neutron/api/rpc/callbacks/version_manager.py:113}}
Oct 27 14:10:57.219353 dv-cinder-815660-2-smb neutron-server[101693]: DEBUG neutron.api.rpc.callbacks.version_manager [None req-4259a64e-0769-4a58-bc13-4a648e60529d admin admin] Version for resource type Subnet changed None to 1.1 on consumer Open vSwitch agent@dv-cinder-815660-2-smb {{(pid=101693) _set_version /opt/stack/neutron/neutron/api/rpc/callbacks/version_manager.py:113}}
Oct 27 14:10:57.220168 dv-cinder-815660-2-smb neutron-server[101693]: DEBUG neutron.api.rpc.callbacks.version_manager [None req-4259a64e-0769-4a58-bc13-4a648e60529d admin admin] Version for resource type Trunk changed None to 1.1 on consumer Open vSwitch agent@dv-cinder-815660-2-smb {{(pid=101693) _set_version /opt/stack/neutron/neutron/api/rpc/callbacks/version_manager.py:113}}
Oct 27 14:10:57.393510 dv-cinder-815660-2-smb neutron-server[101694]: DEBUG neutron_lib.callbacks.manager [req-7ea7aed0-0c21-4944-88eb-fa1a03a94ab7 req-9cf64ade-c1db-422f-ab67-b828c6458b04 tempest-DeleteServersTestJSON-1725583082 tempest-DeleteServersTestJSON-1725583082-project] Publish callbacks ['neutron.plugins.ml2.plugin.SecurityGroupServerNotifierRpcMixin._notify_sg_on_port_change-1008044', 'neutron.plugins.ml2.ovo_rpc._ObjectChangeHandler.handle_event-28034', 'neutron.api.rpc.agentnotifiers.dhcp_rpc_agent_api.DhcpAgentNotifyAPI._native_event_send_dhcp_notification-4168321', 'neutron.db.l3_db.L3RpcNotifierMixin._notify_routers_callback-8753913258204', 'neutron.db.l3_dvrscheduler_db._notify_port_delete-8753912714572'] for port, after_delete {{(pid=101694) _notify_loop /usr/local/lib/python3.8/dist-packages/neutron_lib/callbacks/manager.py:175}}
Oct 27 14:10:57.410391 dv-cinder-815660-2-smb neutron-server[101695]: DEBUG neutron.plugins.ml2.db [None req-c22a765c-9173-477f-ab33-def7855f5d66 None None] get_ports_and_sgs() called for port_ids ['d643a326-f824-4e66-9660-b9d1005a8e3a'] {{(pid=101695) get_ports_and_sgs /opt/stack/neutron/neutron/plugins/ml2/db.py:156}}
Oct 27 14:10:57.461706 dv-cinder-815660-2-smb neutron-server[101694]: DEBUG neutron.api.rpc.handlers.resources_rpc [None req-9cf64ade-c1db-422f-ab67-b828c6458b04 tempest-DeleteServersTestJSON-1725583082 tempest-DeleteServersTestJSON-1725583082-project] Pushing event deleted for resources: {'Port': ['ID=d643a326-f824-4e66-9660-b9d1005a8e3a,revision_number=None']} {{(pid=101694) push /opt/stack/neutron/neutron/api/rpc/handlers/resources_rpc.py:237}}
Oct 27 14:10:57.522575 dv-cinder-815660-2-smb neutron-server[101694]: DEBUG neutron.api.rpc.callbacks.version_manager [None req-9cf64ade-c1db-422f-ab67-b828c6458b04 tempest-DeleteServersTestJSON-1725583082 tempest-DeleteServersTestJSON-1725583082-project] Version for resource type AddressGroup changed None to 1.2 on consumer Open vSwitch agent@dv-cinder-815660-2-smb {{(pid=101694) _set_version /opt/stack/neutron/neutron/api/rpc/callbacks/version_manager.py:113}}
Oct 27 14:10:57.522885 dv-cinder-815660-2-smb neutron-server[101694]: DEBUG neutron.api.rpc.callbacks.version_manager [None req-9cf64ade-c1db-422f-ab67-b828c6458b04 tempest-DeleteServersTestJSON-1725583082 tempest-DeleteServersTestJSON-1725583082-project] Version for resource type ConntrackHelper changed None to 1.0 on consumer Open vSwitch agent@dv-cinder-815660-2-smb {{(pid=101694) _set_version /opt/stack/neutron/neutron/api/rpc/callbacks/version_manager.py:113}}
Oct 27 14:10:57.523490 dv-cinder-815660-2-smb neutron-server[101694]: DEBUG neutron.api.rpc.callbacks.version_manager [None req-9cf64ade-c1db-422f-ab67-b828c6458b04 tempest-DeleteServersTestJSON-1725583082 tempest-DeleteServersTestJSON-1725583082-project] Version for resource type Log changed None to 1.0 on consumer Open vSwitch agent@dv-cinder-815660-2-smb {{(pid=101694) _set_version /opt/stack/neutron/neutron/api/rpc/callbacks/version_manager.py:113}}
Oct 27 14:10:57.524076 dv-cinder-815660-2-smb neutron-server[101694]: DEBUG neutron.api.rpc.callbacks.version_manager [None req-9cf64ade-c1db-422f-ab67-b828c6458b04 tempest-DeleteServersTestJSON-1725583082 tempest-DeleteServersTestJSON-1725583082-project] Version for resource type Network changed None to 1.1 on consumer Open vSwitch agent@dv-cinder-815660-2-smb {{(pid=101694) _set_version /opt/stack/neutron/neutron/api/rpc/callbacks/version_manager.py:113}}
Oct 27 14:10:57.524902 dv-cinder-815660-2-smb neutron-server[101694]: DEBUG neutron.api.rpc.callbacks.version_manager [None req-9cf64ade-c1db-422f-ab67-b828c6458b04 tempest-DeleteServersTestJSON-1725583082 tempest-DeleteServersTestJSON-1725583082-project] Version for resource type Port changed None to 1.7 on consumer Open vSwitch agent@dv-cinder-815660-2-smb {{(pid=101694) _set_version /opt/stack/neutron/neutron/api/rpc/callbacks/version_manager.py:113}}
Oct 27 14:10:57.525484 dv-cinder-815660-2-smb neutron-server[101694]: DEBUG neutron.api.rpc.callbacks.version_manager [None req-9cf64ade-c1db-422f-ab67-b828c6458b04 tempest-DeleteServersTestJSON-1725583082 tempest-DeleteServersTestJSON-1725583082-project] Version for resource type PortForwarding changed None to 1.2 on consumer Open vSwitch agent@dv-cinder-815660-2-smb {{(pid=101694) _set_version /opt/stack/neutron/neutron/api/rpc/callbacks/version_manager.py:113}}
Oct 27 14:10:57.526050 dv-cinder-815660-2-smb neutron-server[101694]: DEBUG neutron.api.rpc.callbacks.version_manager [None req-9cf64ade-c1db-422f-ab67-b828c6458b04 tempest-DeleteServersTestJSON-1725583082 tempest-DeleteServersTestJSON-1725583082-project] Version for resource type QosPolicy changed None to 1.10 on consumer Open vSwitch agent@dv-cinder-815660-2-smb {{(pid=101694) _set_version /opt/stack/neutron/neutron/api/rpc/callbacks/version_manager.py:113}}
Oct 27 14:10:57.526607 dv-cinder-815660-2-smb neutron-server[101694]: DEBUG neutron.api.rpc.callbacks.version_manager [None req-9cf64ade-c1db-422f-ab67-b828c6458b04 tempest-DeleteServersTestJSON-1725583082 tempest-DeleteServersTestJSON-1725583082-project] Version for resource type SecurityGroup changed None to 1.4 on consumer Open vSwitch agent@dv-cinder-815660-2-smb {{(pid=101694) _set_version /opt/stack/neutron/neutron/api/rpc/callbacks/version_manager.py:113}}
Oct 27 14:10:57.527322 dv-cinder-815660-2-smb neutron-server[101694]: DEBUG neutron.api.rpc.callbacks.version_manager [None req-9cf64ade-c1db-422f-ab67-b828c6458b04 tempest-DeleteServersTestJSON-1725583082 tempest-DeleteServersTestJSON-1725583082-project] Version for resource type SecurityGroupRule changed None to 1.2 on consumer Open vSwitch agent@dv-cinder-815660-2-smb {{(pid=101694) _set_version /opt/stack/neutron/neutron/api/rpc/callbacks/version_manager.py:113}}
Oct 27 14:10:57.527902 dv-cinder-815660-2-smb neutron-server[101694]: DEBUG neutron.api.rpc.callbacks.version_manager [None req-9cf64ade-c1db-422f-ab67-b828c6458b04 tempest-DeleteServersTestJSON-1725583082 tempest-DeleteServersTestJSON-1725583082-project] Version for resource type SubPort changed None to 1.0 on consumer Open vSwitch agent@dv-cinder-815660-2-smb {{(pid=101694) _set_version /opt/stack/neutron/neutron/api/rpc/callbacks/version_manager.py:113}}
Oct 27 14:10:57.528458 dv-cinder-815660-2-smb neutron-server[101694]: DEBUG neutron.api.rpc.callbacks.version_manager [None req-9cf64ade-c1db-422f-ab67-b828c6458b04 tempest-DeleteServersTestJSON-1725583082 tempest-DeleteServersTestJSON-1725583082-project] Version for resource type Subnet changed None to 1.1 on consumer Open vSwitch agent@dv-cinder-815660-2-smb {{(pid=101694) _set_version /opt/stack/neutron/neutron/api/rpc/callbacks/version_manager.py:113}}
Oct 27 14:10:57.529094 dv-cinder-815660-2-smb neutron-server[101694]: DEBUG neutron.api.rpc.callbacks.version_manager [None req-9cf64ade-c1db-422f-ab67-b828c6458b04 tempest-DeleteServersTestJSON-1725583082 tempest-DeleteServersTestJSON-1725583082-project] Version for resource type Trunk changed None to 1.1 on consumer Open vSwitch agent@dv-cinder-815660-2-smb {{(pid=101694) _set_version /opt/stack/neutron/neutron/api/rpc/callbacks/version_manager.py:113}}
Oct 27 14:10:57.669922 dv-cinder-815660-2-smb neutron-server[101694]: DEBUG neutron.db.l3_dvrscheduler_db [req-7ea7aed0-0c21-4944-88eb-fa1a03a94ab7 req-9cf64ade-c1db-422f-ab67-b828c6458b04 tempest-DeleteServersTestJSON-1725583082 tempest-DeleteServersTestJSON-1725583082-project] No DVR routers for this DVR port d643a326-f824-4e66-9660-b9d1005a8e3a on host hv-cinder-81566 {{(pid=101694) get_dvr_routers_to_remove /opt/stack/neutron/neutron/db/l3_dvrscheduler_db.py:214}}
Oct 27 14:10:57.678598 dv-cinder-815660-2-smb neutron-server[101694]: DEBUG neutron_lib.callbacks.manager [req-7ea7aed0-0c21-4944-88eb-fa1a03a94ab7 req-9cf64ade-c1db-422f-ab67-b828c6458b04 tempest-DeleteServersTestJSON-1725583082 tempest-DeleteServersTestJSON-1725583082-project] Publish callbacks ['neutron.notifiers.nova.Notifier._send_nova_notification-124285'] for port, before_response {{(pid=101694) _notify_loop /usr/local/lib/python3.8/dist-packages/neutron_lib/callbacks/manager.py:175}}
Oct 27 14:10:57.687918 dv-cinder-815660-2-smb neutron-server[101694]: INFO neutron.wsgi [req-7ea7aed0-0c21-4944-88eb-fa1a03a94ab7 req-9cf64ade-c1db-422f-ab67-b828c6458b04 tempest-DeleteServersTestJSON-1725583082 tempest-DeleteServersTestJSON-1725583082-project] 10.222.0.76 "DELETE /v2.0/ports/d643a326-f824-4e66-9660-b9d1005a8e3a HTTP/1.1" status: 204 len: 173 time: 1.1605086
Oct 27 14:10:57.688968 dv-cinder-815660-2-smb neutron-server[101694]: DEBUG neutron.notifiers.nova [-] Sending events: [{'server_uuid': '3931f81d-0c1e-435b-88d4-de99c68b59e3', 'name': 'network-vif-deleted', 'tag': 'd643a326-f824-4e66-9660-b9d1005a8e3a'}] {{(pid=101694) send_events /opt/stack/neutron/neutron/notifiers/nova.py:262}}
Oct 27 14:10:57.696142 dv-cinder-815660-2-smb neutron-server[101694]: DEBUG novaclient.v2.client [-] REQ: curl -g -i --cacert "/opt/stack/data/ca-bundle.pem" -X POST http://10.222.0.70/compute/v2.1/os-server-external-events -H "Accept: application/json" -H "Content-Type: application/json" -H "User-Agent: python-novaclient" -H "X-Auth-Token: {SHA256}a9c3d84e845a41449f99b437e2aead5f3d0aea99258a9cebfa94d69f2d5ac3cf" -H "X-OpenStack-Nova-API-Version: 2.1" -H "X-OpenStack-Request-ID: req-fccb877e-b2e0-4c14-83cf-4ea18b8f8fc4" -d '{"events": [{"server_uuid": "3931f81d-0c1e-435b-88d4-de99c68b59e3", "name": "network-vif-deleted", "tag": "d643a326-f824-4e66-9660-b9d1005a8e3a"}]}' {{(pid=101694) _http_log_request /usr/local/lib/python3.8/dist-packages/keystoneauth1/session.py:519}}
Oct 27 14:10:57.778520 dv-cinder-815660-2-smb neutron-server[101694]: DEBUG novaclient.v2.client [-] RESP: [200] Connection: close Content-Length: 183 Content-Type: application/json Date: Wed, 27 Oct 2021 14:10:57 GMT OpenStack-API-Version: compute 2.1 Server: Apache/2.4.41 (Ubuntu) Vary: OpenStack-API-Version,X-OpenStack-Nova-API-Version X-OpenStack-Nova-API-Version: 2.1 x-compute-request-id: req-e6031c5b-d2fe-42f0-9399-db8a9e5a7be9 x-openstack-request-id: req-e6031c5b-d2fe-42f0-9399-db8a9e5a7be9 {{(pid=101694) _http_log_response /usr/local/lib/python3.8/dist-packages/keystoneauth1/session.py:550}}
Oct 27 14:10:57.779339 dv-cinder-815660-2-smb neutron-server[101694]: DEBUG novaclient.v2.client [-] RESP BODY: {"events": [{"server_uuid": "3931f81d-0c1e-435b-88d4-de99c68b59e3", "name": "network-vif-deleted", "tag": "d643a326-f824-4e66-9660-b9d1005a8e3a", "status": "completed", "code": 200}]} {{(pid=101694) _http_log_response /usr/local/lib/python3.8/dist-packages/keystoneauth1/session.py:582}}
Oct 27 14:10:57.779473 dv-cinder-815660-2-smb neutron-server[101694]: DEBUG novaclient.v2.client [-] POST call to compute for http://10.222.0.70/compute/v2.1/os-server-external-events used request id req-e6031c5b-d2fe-42f0-9399-db8a9e5a7be9 {{(pid=101694) request /usr/local/lib/python3.8/dist-packages/keystoneauth1/session.py:954}}
Oct 27 14:10:57.780096 dv-cinder-815660-2-smb neutron-server[101694]: INFO neutron.notifiers.nova [-] Nova event response: {'server_uuid': '3931f81d-0c1e-435b-88d4-de99c68b59e3', 'name': 'network-vif-deleted', 'tag': 'd643a326-f824-4e66-9660-b9d1005a8e3a', 'status': 'completed', 'code': 200}
Oct 27 14:10:58.333087 dv-cinder-815660-2-smb neutron-server[101694]: INFO neutron.wsgi [req-0fec96fd-d56e-486f-965e-5d2f77755c6f req-da3f00fd-891a-473b-abfe-19d0a4ab28ea tempest-DeleteServersTestJSON-1725583082 tempest-DeleteServersTestJSON-1725583082-project] 10.222.0.70 "GET /v2.0/ports?device_id=3931f81d-0c1e-435b-88d4-de99c68b59e3 HTTP/1.1" status: 200 len: 210 time: 0.0857077
Oct 27 14:10:58.375162 dv-cinder-815660-2-smb neutron-server[101694]: DEBUG neutron.pecan_wsgi.hooks.policy_enforcement [req-8b250ee7-b79f-4a73-ae77-80337682a340 req-a458e27b-b818-4066-963f-9bd5dd00ee06 tempest-ServerRescueNegativeTestJSON-1732754789 tempest-ServerRescueNegativeTestJSON-1732754789-project] Attributes excluded by policy engine: ['standard_attr_id', 'binding:profile', 'binding:host_id', 'binding:vif_type', 'binding:vif_details'] {{(pid=101694) _exclude_attributes_by_policy /opt/stack/neutron/neutron/pecan_wsgi/hooks/policy_enforcement.py:255}}
Oct 27 14:10:58.379680 dv-cinder-815660-2-smb neutron-server[101694]: INFO neutron.wsgi [req-8b250ee7-b79f-4a73-ae77-80337682a340 req-a458e27b-b818-4066-963f-9bd5dd00ee06 tempest-ServerRescueNegativeTestJSON-1732754789 tempest-ServerRescueNegativeTestJSON-1732754789-project] 10.222.0.70 "GET /v2.0/ports?device_id=d57a8b4e-605c-4d07-a681-60019cf2e02c HTTP/1.1" status: 200 len: 945 time: 0.2182825
Oct 27 14:10:58.471960 dv-cinder-815660-2-smb neutron-server[101694]: INFO neutron.wsgi [req-8b250ee7-b79f-4a73-ae77-80337682a340 req-0aba24d3-58c4-4410-99bb-0c31f746bc07 tempest-ServerRescueNegativeTestJSON-1732754789 tempest-ServerRescueNegativeTestJSON-1732754789-project] 10.222.0.70 "GET /v2.0/security-groups?id=1a19f063-4b95-4c65-9f1c-f894db2ccd74&fields=id&fields=name HTTP/1.1" status: 200 len: 286 time: 0.0901275
Oct 27 14:10:58.650933 dv-cinder-815660-2-smb neutron-server[101693]: DEBUG neutron.wsgi [-] (101693) accepted ('10.222.0.70', 43992) {{(pid=101693) server /usr/local/lib/python3.8/dist-packages/eventlet/wsgi.py:982}}
Oct 27 14:10:58.998233 dv-cinder-815660-2-smb neutron-server[101693]: DEBUG neutron_lib.callbacks.manager [None req-378c0486-8789-486e-9ecc-3b68d95824c7 admin admin] Publish callbacks [] for security_group, before_create {{(pid=101693) _notify_loop /usr/local/lib/python3.8/dist-packages/neutron_lib/callbacks/manager.py:175}}
Oct 27 14:10:59.188377 dv-cinder-815660-2-smb neutron-server[101693]: DEBUG neutron_lib.callbacks.manager [None req-378c0486-8789-486e-9ecc-3b68d95824c7 admin admin] Publish callbacks [] for security_group, precommit_create {{(pid=101693) _notify_loop /usr/local/lib/python3.8/dist-packages/neutron_lib/callbacks/manager.py:175}}
Oct 27 14:10:59.201513 dv-cinder-815660-2-smb neutron-server[101693]: DEBUG neutron_lib.callbacks.manager [None req-378c0486-8789-486e-9ecc-3b68d95824c7 admin admin] Publish callbacks ['neutron.plugins.ml2.ovo_rpc._ObjectChangeHandler.handle_event-3825423'] for security_group, after_create {{(pid=101693) _notify_loop /usr/local/lib/python3.8/dist-packages/neutron_lib/callbacks/manager.py:175}}
Oct 27 14:10:59.287068 dv-cinder-815660-2-smb neutron-server[101693]: INFO neutron.wsgi [None req-378c0486-8789-486e-9ecc-3b68d95824c7 admin admin] 10.222.0.70 "GET /v2.0/security-groups?tenant_id=9b43a68fd90544c39d9b906048913e61&name=default HTTP/1.1" status: 200 len: 2979 time: 0.6335478
Oct 27 14:10:59.290000 dv-cinder-815660-2-smb neutron-server[101693]: DEBUG neutron.api.rpc.handlers.resources_rpc [None req-378c0486-8789-486e-9ecc-3b68d95824c7 admin admin] Pushing event updated for resources: {'SecurityGroup': ['ID=e94d4feb-29fe-4cdc-a7e6-5ab39ea655dd,revision_number=1']} {{(pid=101693) push /opt/stack/neutron/neutron/api/rpc/handlers/resources_rpc.py:237}}
Oct 27 14:10:59.290920 dv-cinder-815660-2-smb neutron-server[101694]: DEBUG neutron.wsgi [-] (101694) accepted ('10.222.0.70', 44016) {{(pid=101694) server /usr/local/lib/python3.8/dist-packages/eventlet/wsgi.py:982}}
Oct 27 14:10:59.391401 dv-cinder-815660-2-smb neutron-server[101694]: DEBUG neutron_lib.callbacks.manager [None req-aae4ac3a-fc85-46ad-9e5a-0da4eacd2e67 admin admin] Publish callbacks [] for security_group, before_delete {{(pid=101694) _notify_loop /usr/local/lib/python3.8/dist-packages/neutron_lib/callbacks/manager.py:175}}
Oct 27 14:10:59.433727 dv-cinder-815660-2-smb neutron-server[101694]: DEBUG neutron_lib.callbacks.manager [None req-aae4ac3a-fc85-46ad-9e5a-0da4eacd2e67 admin admin] Publish callbacks [] for security_group, precommit_delete {{(pid=101694) _notify_loop /usr/local/lib/python3.8/dist-packages/neutron_lib/callbacks/manager.py:175}}
Oct 27 14:10:59.551236 dv-cinder-815660-2-smb neutron-server[101694]: DEBUG neutron_lib.callbacks.manager [None req-aae4ac3a-fc85-46ad-9e5a-0da4eacd2e67 admin admin] Publish callbacks ['neutron.plugins.ml2.ovo_rpc._ObjectChangeHandler.handle_event-3825423'] for security_group, after_delete {{(pid=101694) _notify_loop /usr/local/lib/python3.8/dist-packages/neutron_lib/callbacks/manager.py:175}}
Oct 27 14:10:59.558209 dv-cinder-815660-2-smb neutron-server[101694]: DEBUG neutron_lib.callbacks.manager [None req-aae4ac3a-fc85-46ad-9e5a-0da4eacd2e67 admin admin] Publish callbacks [] for security_group, before_response {{(pid=101694) _notify_loop /usr/local/lib/python3.8/dist-packages/neutron_lib/callbacks/manager.py:175}}
Oct 27 14:10:59.562904 dv-cinder-815660-2-smb neutron-server[101694]: INFO neutron.wsgi [None req-aae4ac3a-fc85-46ad-9e5a-0da4eacd2e67 admin admin] 10.222.0.70 "DELETE /v2.0/security-groups/e94d4feb-29fe-4cdc-a7e6-5ab39ea655dd HTTP/1.1" status: 204 len: 168 time: 0.2679617
Oct 27 14:10:59.622895 dv-cinder-815660-2-smb neutron-server[101694]: DEBUG neutron.api.rpc.handlers.resources_rpc [None req-aae4ac3a-fc85-46ad-9e5a-0da4eacd2e67 admin admin] Pushing event deleted for resources: {'SecurityGroup': ['ID=e94d4feb-29fe-4cdc-a7e6-5ab39ea655dd,revision_number=None']} {{(pid=101694) push /opt/stack/neutron/neutron/api/rpc/handlers/resources_rpc.py:237}}
Oct 27 14:10:59.821953 dv-cinder-815660-2-smb neutron-server[101695]: DEBUG neutron_lib.callbacks.manager [None req-761f16db-844e-4a94-9e77-aac3f7853033 None None] Publish callbacks ['neutron.services.segments.db._update_segment_host_mapping_for_agent-8753913217356', 'neutron.plugins.ml2.plugin.Ml2Plugin._retry_binding_revived_agents-843649'] for agent, after_update {{(pid=101695) _notify_loop /usr/local/lib/python3.8/dist-packages/neutron_lib/callbacks/manager.py:175}}
Oct 27 14:10:59.825097 dv-cinder-815660-2-smb neutron-server[101694]: DEBUG neutron.pecan_wsgi.hooks.policy_enforcement [req-c04de4ba-3670-401a-ab56-2ef9c084decf req-c27a6d8f-6f30-4209-8563-0a4bcce4dd20 tempest-ServerRescueNegativeTestJSON-1732754789 tempest-ServerRescueNegativeTestJSON-1732754789-project] Attributes excluded by policy engine: ['standard_attr_id', 'binding:profile', 'binding:host_id', 'binding:vif_type', 'binding:vif_details'] {{(pid=101694) _exclude_attributes_by_policy /opt/stack/neutron/neutron/pecan_wsgi/hooks/policy_enforcement.py:255}}
Oct 27 14:10:59.827958 dv-cinder-815660-2-smb neutron-server[101694]: INFO neutron.wsgi [req-c04de4ba-3670-401a-ab56-2ef9c084decf req-c27a6d8f-6f30-4209-8563-0a4bcce4dd20 tempest-ServerRescueNegativeTestJSON-1732754789 tempest-ServerRescueNegativeTestJSON-1732754789-project] 10.222.0.70 "GET /v2.0/ports?device_id=d57a8b4e-605c-4d07-a681-60019cf2e02c HTTP/1.1" status: 200 len: 945 time: 0.1032538
Oct 27 14:10:59.915818 dv-cinder-815660-2-smb neutron-server[101694]: INFO neutron.wsgi [req-c04de4ba-3670-401a-ab56-2ef9c084decf req-8e4b203e-3cca-4278-9425-99e9e9990174 tempest-ServerRescueNegativeTestJSON-1732754789 tempest-ServerRescueNegativeTestJSON-1732754789-project] 10.222.0.70 "GET /v2.0/security-groups?id=1a19f063-4b95-4c65-9f1c-f894db2ccd74&fields=id&fields=name HTTP/1.1" status: 200 len: 286 time: 0.0667160
