Oct 27 14:10:38.311428 dv-cinder-815660-2-smb devstack@c-api.service[108538]: WARNING cinder.quota [None req-b90e9fc5-6596-441b-8a73-6d31252e9e14 tempest-GroupsV314Test-73261768 tempest-GroupsV314Test-73261768-project] Deprecated: Default quota for resource: gigabytes_tempest-GroupsV314Test-volume-type-1191099884 is set by the default quota flag: quota_gigabytes_tempest-GroupsV314Test-volume-type-1191099884, it is now deprecated. Please use the default quota class for default quota.
Oct 27 14:10:38.326443 dv-cinder-815660-2-smb devstack@c-api.service[108539]: INFO cinder.api.openstack.wsgi [None req-0fa60537-c64a-4661-9e59-c38de69398a8 tempest-VolumeTypesTest-2006697242 tempest-VolumeTypesTest-2006697242-project] GET http://10.222.0.70/volume/v3/d3a8b827aaab4bcbb94a697aade95668/volumes/dc5d45d0-a62a-4f5d-a613-3ad3d70e3fd4
Oct 27 14:10:38.327177 dv-cinder-815660-2-smb devstack@c-api.service[108539]: DEBUG cinder.api.openstack.wsgi [None req-0fa60537-c64a-4661-9e59-c38de69398a8 tempest-VolumeTypesTest-2006697242 tempest-VolumeTypesTest-2006697242-project] Empty body provided in request {{(pid=108539) get_body /opt/stack/cinder/cinder/api/openstack/wsgi.py:703}}
Oct 27 14:10:38.331435 dv-cinder-815660-2-smb devstack@c-api.service[108539]: DEBUG cinder.api.openstack.wsgi [None req-0fa60537-c64a-4661-9e59-c38de69398a8 tempest-VolumeTypesTest-2006697242 tempest-VolumeTypesTest-2006697242-project] Calling method 'show' {{(pid=108539) _process_stack /opt/stack/cinder/cinder/api/openstack/wsgi.py:856}}
Oct 27 14:10:38.340689 dv-cinder-815660-2-smb devstack@c-api.service[108538]: DEBUG cinder.quota [None req-b90e9fc5-6596-441b-8a73-6d31252e9e14 tempest-GroupsV314Test-73261768 tempest-GroupsV314Test-73261768-project] Created reservations ['af43b2ee-0a29-49c1-8548-654ca53685b2', 'ff507f43-556a-4676-a99e-d8d7e1a01968', '62182ba3-c6ae-40b7-9180-f555ac6d7b92', '43fbb281-3d4f-427c-b8e4-0e6d08184193'] {{(pid=108538) reserve /opt/stack/cinder/cinder/quota.py:755}}
Oct 27 14:10:38.345341 dv-cinder-815660-2-smb devstack@c-api.service[108538]: DEBUG cinder.volume.api [None req-b90e9fc5-6596-441b-8a73-6d31252e9e14 tempest-GroupsV314Test-73261768 tempest-GroupsV314Test-73261768-project] Task 'cinder.volume.flows.api.create_volume.QuotaReserveTask;volume:create' (c17b63b2-0748-4340-bcd0-8561e8d4e23b) transitioned into state 'SUCCESS' from state 'RUNNING' with result '{'reservations': ['af43b2ee-0a29-49c1-8548-654ca53685b2', 'ff507f43-556a-4676-a99e-d8d7e1a01968', '62182ba3-c6ae-40b7-9180-f555ac6d7b92', '43fbb281-3d4f-427c-b8e4-0e6d08184193']}' {{(pid=108538) _task_receiver /usr/local/lib/python3.8/dist-packages/taskflow/listeners/logging.py:178}}
Oct 27 14:10:38.351401 dv-cinder-815660-2-smb devstack@c-api.service[108538]: DEBUG cinder.volume.api [None req-b90e9fc5-6596-441b-8a73-6d31252e9e14 tempest-GroupsV314Test-73261768 tempest-GroupsV314Test-73261768-project] Task 'cinder.volume.flows.api.create_volume.EntryCreateTask;volume:create' (4de521cc-4c3c-4aa8-aa63-50abebbe2582) transitioned into state 'RUNNING' from state 'PENDING' {{(pid=108538) _task_receiver /usr/local/lib/python3.8/dist-packages/taskflow/listeners/logging.py:190}}
Oct 27 14:10:38.377518 dv-cinder-815660-2-smb devstack@c-api.service[108539]: /usr/local/lib/python3.8/dist-packages/oslo_context/context.py:105: DeprecationWarning: Policy enforcement is depending on the value of is_admin. This key is deprecated. Please update your policy file to use the standard policy values.
Oct 27 14:10:38.377518 dv-cinder-815660-2-smb devstack@c-api.service[108539]: warnings.warn('Policy enforcement is depending on the value of '
Oct 27 14:10:38.391680 dv-cinder-815660-2-smb devstack@c-api.service[108539]: INFO cinder.volume.api [None req-0fa60537-c64a-4661-9e59-c38de69398a8 tempest-VolumeTypesTest-2006697242 tempest-VolumeTypesTest-2006697242-project] Volume info retrieved successfully.
Oct 27 14:10:38.414699 dv-cinder-815660-2-smb devstack@c-api.service[108539]: INFO cinder.api.openstack.wsgi [None req-0fa60537-c64a-4661-9e59-c38de69398a8 tempest-VolumeTypesTest-2006697242 tempest-VolumeTypesTest-2006697242-project] http://10.222.0.70/volume/v3/d3a8b827aaab4bcbb94a697aade95668/volumes/dc5d45d0-a62a-4f5d-a613-3ad3d70e3fd4 returned with HTTP 200
Oct 27 14:10:38.424288 dv-cinder-815660-2-smb devstack@c-api.service[108539]: [pid: 108539|app: 0|req: 74/153] 10.222.0.70 () {58 vars in 1324 bytes} [Wed Oct 27 14:10:38 2021] GET /volume/v3/d3a8b827aaab4bcbb94a697aade95668/volumes/dc5d45d0-a62a-4f5d-a613-3ad3d70e3fd4 => generated 942 bytes in 115 msecs (HTTP/1.1 200) 7 headers in 285 bytes (1 switches on core 0)
Oct 27 14:10:38.435438 dv-cinder-815660-2-smb devstack@c-api.service[108538]: DEBUG cinder.volume.api [None req-b90e9fc5-6596-441b-8a73-6d31252e9e14 tempest-GroupsV314Test-73261768 tempest-GroupsV314Test-73261768-project] Task 'cinder.volume.flows.api.create_volume.EntryCreateTask;volume:create' (4de521cc-4c3c-4aa8-aa63-50abebbe2582) transitioned into state 'SUCCESS' from state 'RUNNING' with result '{'volume_id': '35b36b4a-52b9-400f-9d8e-908e58784f68', 'volume_properties': VolumeProperties(attach_status='detached',availability_zone='nova',cgsnapshot_id=None,consistencygroup_id=None,display_description=None,display_name=None,encryption_key_id=None,group_id=3c380849-79ee-423c-a490-1c57aeab1ed0,group_type_id=,metadata={},multiattach=False,project_id='9ea2cee407f8458998a72263b4676fcf',qos_specs=None,replication_status=,reservations=['af43b2ee-0a29-49c1-8548-654ca53685b2','ff507f43-556a-4676-a99e-d8d7e1a01968','62182ba3-c6ae-40b7-9180-f555ac6d7b92','43fbb281-3d4f-427c-b8e4-0e6d08184193'],size=1,snapshot_id=None,source_replicaid=,source_volid=ebdab652-c987-4e1d-bc8d-5bca04c46b7d,status='creating',user_id='b674367f34a346e6bccf1936d5f2e706',volume_type_id=c4d5c744-d6be-48fd-a8b0-7cf22be16f1d), 'volume': Volume(_name_id=None,admin_metadata=,attach_status='detached',availability_zone='nova',bootable=False,cluster=,cluster_name=None,consistencygroup=,consistencygroup_id=None,created_at=2021-10-27T14:10:38Z,deleted=False,deleted_at=None,display_description=None,display_name=None,ec2_id=None,encryption_key_id=None,glance_metadata=,group=,group_id=3c380849-79ee-423c-a490-1c57aeab1ed0,host=None,id=35b36b4a-52b9-400f-9d8e-908e58784f68,launched_at=None,metadata={},migration_status=None,multiattach=False,previous_status=None,project_id='9ea2cee407f8458998a72263b4676fcf',provider_auth=None,provider_geometry=None,provider_id=None,provider_location=None,replication_driver_data=None,replication_extended_status=None,replication_status=None,scheduled_at=None,service_uuid=None,shared_targets=True,size=1,snapshot_id=None,snapshots=,source_volid=ebdab652-c987-4e1d-bc8d-5bca04c46b7d,status='creating',terminated_at=None,updated_at=None,use_quota=True,user_id='b674367f34a346e6bccf1936d5f2e706',volume_attachment=VolumeAttachmentList,volume_type=VolumeType(c4d5c744-d6be-48fd-a8b0-7cf22be16f1d),volume_type_id=c4d5c744-d6be-48fd-a8b0-7cf22be16f1d)}' {{(pid=108538) _task_receiver /usr/local/lib/python3.8/dist-packages/taskflow/listeners/logging.py:178}}
Oct 27 14:10:38.436704 dv-cinder-815660-2-smb devstack@c-api.service[108539]: INFO cinder.api.openstack.wsgi [None req-3072356c-c3d1-422c-9c7c-18937445385d tempest-GroupsTest-104731836 tempest-GroupsTest-104731836-project] GET http://10.222.0.70/volume/v3/98bf2023fe6e4770bc1b88a35061e5b2/groups/e6a4dd76-956d-4b62-9578-056cf28b35e6
Oct 27 14:10:38.439231 dv-cinder-815660-2-smb devstack@c-api.service[108538]: DEBUG cinder.volume.api [None req-b90e9fc5-6596-441b-8a73-6d31252e9e14 tempest-GroupsV314Test-73261768 tempest-GroupsV314Test-73261768-project] Task 'cinder.volume.flows.api.create_volume.QuotaCommitTask;volume:create' (b3b8d89f-3015-47d2-ade0-38a80c84f74e) transitioned into state 'RUNNING' from state 'PENDING' {{(pid=108538) _task_receiver /usr/local/lib/python3.8/dist-packages/taskflow/listeners/logging.py:190}}
Oct 27 14:10:38.440352 dv-cinder-815660-2-smb devstack@c-api.service[108539]: DEBUG cinder.api.openstack.wsgi [None req-3072356c-c3d1-422c-9c7c-18937445385d tempest-GroupsTest-104731836 tempest-GroupsTest-104731836-project] Empty body provided in request {{(pid=108539) get_body /opt/stack/cinder/cinder/api/openstack/wsgi.py:703}}
Oct 27 14:10:38.440601 dv-cinder-815660-2-smb devstack@c-api.service[108539]: /usr/local/lib/python3.8/dist-packages/webob/acceptparse.py:1047: DeprecationWarning: The behavior of AcceptValidHeader.best_match is currently being maintained for backward compatibility, but it will be deprecated in the future, as it does not conform to the RFC.
Oct 27 14:10:38.440601 dv-cinder-815660-2-smb devstack@c-api.service[108539]: warnings.warn(
Oct 27 14:10:38.441062 dv-cinder-815660-2-smb devstack@c-api.service[108539]: DEBUG cinder.api.openstack.wsgi [None req-3072356c-c3d1-422c-9c7c-18937445385d tempest-GroupsTest-104731836 tempest-GroupsTest-104731836-project] Calling method 'version_select' {{(pid=108539) _process_stack /opt/stack/cinder/cinder/api/openstack/wsgi.py:856}}
Oct 27 14:10:38.441492 dv-cinder-815660-2-smb devstack@c-api.service[108539]: DEBUG cinder.api.v3.groups [None req-3072356c-c3d1-422c-9c7c-18937445385d tempest-GroupsTest-104731836 tempest-GroupsTest-104731836-project] show called for member e6a4dd76-956d-4b62-9578-056cf28b35e6 {{(pid=108539) show /opt/stack/cinder/cinder/api/v3/groups.py:58}}
Oct 27 14:10:38.454678 dv-cinder-815660-2-smb devstack@c-api.service[108539]: INFO cinder.api.openstack.wsgi [None req-3072356c-c3d1-422c-9c7c-18937445385d tempest-GroupsTest-104731836 tempest-GroupsTest-104731836-project] http://10.222.0.70/volume/v3/98bf2023fe6e4770bc1b88a35061e5b2/groups/e6a4dd76-956d-4b62-9578-056cf28b35e6 returned with HTTP 404
Oct 27 14:10:38.457092 dv-cinder-815660-2-smb devstack@c-api.service[108539]: [pid: 108539|app: 0|req: 75/154] 10.222.0.70 () {60 vars in 1362 bytes} [Wed Oct 27 14:10:38 2021] GET /volume/v3/98bf2023fe6e4770bc1b88a35061e5b2/groups/e6a4dd76-956d-4b62-9578-056cf28b35e6 => generated 108 bytes in 32 msecs (HTTP/1.1 404) 7 headers in 293 bytes (1 switches on core 0)
Oct 27 14:10:38.465659 dv-cinder-815660-2-smb devstack@c-api.service[108539]: INFO cinder.api.openstack.wsgi [None req-24c49faa-9e10-486c-9b15-834c175e46a6 tempest-VolumeTypesTest-1421327644 tempest-VolumeTypesTest-1421327644-project-admin] POST http://10.222.0.70/volume/v3/e7730a83f2f84aed91d4744c5c400b80/types
Oct 27 14:10:38.471604 dv-cinder-815660-2-smb devstack@c-api.service[108539]: DEBUG cinder.api.openstack.wsgi [None req-24c49faa-9e10-486c-9b15-834c175e46a6 tempest-VolumeTypesTest-1421327644 tempest-VolumeTypesTest-1421327644-project-admin] Action: 'create', calling method: _create, body: {"volume_type": {"name": "tempest-VolumeTypesTest-volume-type-1507844110", "description": "tempest-volume-type-description-1665873555", "extra_specs": {"storage_protocol": "smbfs", "vendor_name": "Open Source"}, "os-volume-type-access:is_public": true}} {{(pid=108539) _process_stack /opt/stack/cinder/cinder/api/openstack/wsgi.py:854}}
Oct 27 14:10:38.504177 dv-cinder-815660-2-smb devstack@c-api.service[108538]: DEBUG cinder.volume.api [None req-b90e9fc5-6596-441b-8a73-6d31252e9e14 tempest-GroupsV314Test-73261768 tempest-GroupsV314Test-73261768-project] Task 'cinder.volume.flows.api.create_volume.QuotaCommitTask;volume:create' (b3b8d89f-3015-47d2-ade0-38a80c84f74e) transitioned into state 'SUCCESS' from state 'RUNNING' with result '{'volume_properties': VolumeProperties(attach_status='detached',availability_zone='nova',cgsnapshot_id=None,consistencygroup_id=None,display_description=None,display_name=None,encryption_key_id=None,group_id=3c380849-79ee-423c-a490-1c57aeab1ed0,group_type_id=,metadata={},multiattach=False,project_id='9ea2cee407f8458998a72263b4676fcf',qos_specs=None,replication_status=,reservations=['af43b2ee-0a29-49c1-8548-654ca53685b2','ff507f43-556a-4676-a99e-d8d7e1a01968','62182ba3-c6ae-40b7-9180-f555ac6d7b92','43fbb281-3d4f-427c-b8e4-0e6d08184193'],size=1,snapshot_id=None,source_replicaid=,source_volid=ebdab652-c987-4e1d-bc8d-5bca04c46b7d,status='creating',user_id='b674367f34a346e6bccf1936d5f2e706',volume_type_id=c4d5c744-d6be-48fd-a8b0-7cf22be16f1d)}' {{(pid=108538) _task_receiver /usr/local/lib/python3.8/dist-packages/taskflow/listeners/logging.py:178}}
Oct 27 14:10:38.511626 dv-cinder-815660-2-smb devstack@c-api.service[108538]: DEBUG cinder.volume.api [None req-b90e9fc5-6596-441b-8a73-6d31252e9e14 tempest-GroupsV314Test-73261768 tempest-GroupsV314Test-73261768-project] Flow 'volume_create_api' (d55d8375-8990-43cd-b194-c618127b65a0) transitioned into state 'SUCCESS' from state 'RUNNING' {{(pid=108538) _flow_receiver /usr/local/lib/python3.8/dist-packages/taskflow/listeners/logging.py:141}}
Oct 27 14:10:38.515480 dv-cinder-815660-2-smb devstack@c-api.service[108538]: INFO cinder.volume.api [None req-b90e9fc5-6596-441b-8a73-6d31252e9e14 tempest-GroupsV314Test-73261768 tempest-GroupsV314Test-73261768-project] Create volume request issued successfully.
Oct 27 14:10:38.534147 dv-cinder-815660-2-smb devstack@c-api.service[108539]: INFO cinder.api.openstack.wsgi [None req-24c49faa-9e10-486c-9b15-834c175e46a6 tempest-VolumeTypesTest-1421327644 tempest-VolumeTypesTest-1421327644-project-admin] http://10.222.0.70/volume/v3/e7730a83f2f84aed91d4744c5c400b80/types returned with HTTP 200
Oct 27 14:10:38.543465 dv-cinder-815660-2-smb devstack@c-api.service[108539]: [pid: 108539|app: 0|req: 76/155] 10.222.0.70 () {60 vars in 1229 bytes} [Wed Oct 27 14:10:38 2021] POST /volume/v3/e7730a83f2f84aed91d4744c5c400b80/types => generated 318 bytes in 80 msecs (HTTP/1.1 200) 7 headers in 285 bytes (1 switches on core 0)
Oct 27 14:10:38.545607 dv-cinder-815660-2-smb devstack@c-api.service[108539]: INFO cinder.api.openstack.wsgi [None req-7cd137c1-63a7-4fbf-b9ad-c333d0f32e50 tempest-GroupsTest-104731836 tempest-GroupsTest-104731836-project] POST http://10.222.0.70/volume/v3/98bf2023fe6e4770bc1b88a35061e5b2/groups/c81c25b9-60f3-4058-a200-5c1c13e57d6f/action
Oct 27 14:10:38.546392 dv-cinder-815660-2-smb devstack@c-api.service[108539]: DEBUG cinder.api.openstack.wsgi [None req-7cd137c1-63a7-4fbf-b9ad-c333d0f32e50 tempest-GroupsTest-104731836 tempest-GroupsTest-104731836-project] Action body: b'{"delete": {"delete-volumes": false}}' {{(pid=108539) get_method /opt/stack/cinder/cinder/api/openstack/wsgi.py:971}}
Oct 27 14:10:38.546715 dv-cinder-815660-2-smb devstack@c-api.service[108539]: DEBUG cinder.api.openstack.wsgi [None req-7cd137c1-63a7-4fbf-b9ad-c333d0f32e50 tempest-GroupsTest-104731836 tempest-GroupsTest-104731836-project] Action: 'action', calling method: delete_group, body: {"delete": {"delete-volumes": false}} {{(pid=108539) _process_stack /opt/stack/cinder/cinder/api/openstack/wsgi.py:854}}
Oct 27 14:10:38.547651 dv-cinder-815660-2-smb devstack@c-api.service[108539]: DEBUG cinder.api.v3.groups [None req-7cd137c1-63a7-4fbf-b9ad-c333d0f32e50 tempest-GroupsTest-104731836 tempest-GroupsTest-104731836-project] delete called for group c81c25b9-60f3-4058-a200-5c1c13e57d6f {{(pid=108539) _delete /opt/stack/cinder/cinder/api/v3/groups.py:117}}
Oct 27 14:10:38.547933 dv-cinder-815660-2-smb devstack@c-api.service[108539]: INFO cinder.api.v3.groups [None req-7cd137c1-63a7-4fbf-b9ad-c333d0f32e50 tempest-GroupsTest-104731836 tempest-GroupsTest-104731836-project] Delete group with id: c81c25b9-60f3-4058-a200-5c1c13e57d6f
Oct 27 14:10:38.557393 dv-cinder-815660-2-smb devstack@c-api.service[108539]: /usr/local/lib/python3.8/dist-packages/oslo_context/context.py:105: DeprecationWarning: Policy enforcement is depending on the value of is_admin. This key is deprecated. Please update your policy file to use the standard policy values.
Oct 27 14:10:38.557393 dv-cinder-815660-2-smb devstack@c-api.service[108539]: warnings.warn('Policy enforcement is depending on the value of '
Oct 27 14:10:38.565466 dv-cinder-815660-2-smb devstack@c-api.service[108538]: INFO cinder.api.openstack.wsgi [None req-b90e9fc5-6596-441b-8a73-6d31252e9e14 tempest-GroupsV314Test-73261768 tempest-GroupsV314Test-73261768-project] http://10.222.0.70/volume/v3/9ea2cee407f8458998a72263b4676fcf/groups/action returned with HTTP 202
Oct 27 14:10:38.566715 dv-cinder-815660-2-smb devstack@c-api.service[108538]: [pid: 108538|app: 0|req: 80/156] 10.222.0.70 () {62 vars in 1294 bytes} [Wed Oct 27 14:10:37 2021] POST /volume/v3/9ea2cee407f8458998a72263b4676fcf/groups/action => generated 102 bytes in 888 msecs (HTTP/1.1 202) 7 headers in 292 bytes (1 switches on core 0)
Oct 27 14:10:38.572526 dv-cinder-815660-2-smb devstack@c-api.service[108538]: INFO cinder.api.openstack.wsgi [None req-efce1fd0-d4f6-449b-adc7-18e2861ca8d1 tempest-VolumeTypesTest-1421327644 tempest-VolumeTypesTest-1421327644-project-admin] GET http://10.222.0.70/volume/v3/e7730a83f2f84aed91d4744c5c400b80/types/0c92dc55-ede0-450d-90d6-2fff8fc6a624
Oct 27 14:10:38.575160 dv-cinder-815660-2-smb devstack@c-api.service[108538]: DEBUG cinder.api.openstack.wsgi [None req-efce1fd0-d4f6-449b-adc7-18e2861ca8d1 tempest-VolumeTypesTest-1421327644 tempest-VolumeTypesTest-1421327644-project-admin] Empty body provided in request {{(pid=108538) get_body /opt/stack/cinder/cinder/api/openstack/wsgi.py:703}}
Oct 27 14:10:38.575499 dv-cinder-815660-2-smb devstack@c-api.service[108538]: /usr/local/lib/python3.8/dist-packages/webob/acceptparse.py:1047: DeprecationWarning: The behavior of AcceptValidHeader.best_match is currently being maintained for backward compatibility, but it will be deprecated in the future, as it does not conform to the RFC.
Oct 27 14:10:38.575499 dv-cinder-815660-2-smb devstack@c-api.service[108538]: warnings.warn(
Oct 27 14:10:38.576011 dv-cinder-815660-2-smb devstack@c-api.service[108538]: DEBUG cinder.api.openstack.wsgi [None req-efce1fd0-d4f6-449b-adc7-18e2861ca8d1 tempest-VolumeTypesTest-1421327644 tempest-VolumeTypesTest-1421327644-project-admin] Calling method 'show' {{(pid=108538) _process_stack /opt/stack/cinder/cinder/api/openstack/wsgi.py:856}}
Oct 27 14:10:38.589964 dv-cinder-815660-2-smb devstack@c-api.service[108538]: /usr/local/lib/python3.8/dist-packages/oslo_context/context.py:105: DeprecationWarning: Policy enforcement is depending on the value of is_admin. This key is deprecated. Please update your policy file to use the standard policy values.
Oct 27 14:10:38.589964 dv-cinder-815660-2-smb devstack@c-api.service[108538]: warnings.warn('Policy enforcement is depending on the value of '
Oct 27 14:10:38.604963 dv-cinder-815660-2-smb devstack@c-api.service[108538]: INFO cinder.api.openstack.wsgi [None req-efce1fd0-d4f6-449b-adc7-18e2861ca8d1 tempest-VolumeTypesTest-1421327644 tempest-VolumeTypesTest-1421327644-project-admin] http://10.222.0.70/volume/v3/e7730a83f2f84aed91d4744c5c400b80/types/0c92dc55-ede0-450d-90d6-2fff8fc6a624 returned with HTTP 200
Oct 27 14:10:38.615341 dv-cinder-815660-2-smb devstack@c-api.service[108538]: [pid: 108538|app: 0|req: 81/157] 10.222.0.70 () {58 vars in 1318 bytes} [Wed Oct 27 14:10:38 2021] GET /volume/v3/e7730a83f2f84aed91d4744c5c400b80/types/0c92dc55-ede0-450d-90d6-2fff8fc6a624 => generated 340 bytes in 39 msecs (HTTP/1.1 200) 7 headers in 285 bytes (1 switches on core 0)
Oct 27 14:10:38.615341 dv-cinder-815660-2-smb devstack@c-api.service[108538]: INFO cinder.api.openstack.wsgi [None req-25c03815-5473-413b-a177-9f3f482d565a tempest-GroupSnapshotsTest-1137188663 tempest-GroupSnapshotsTest-1137188663-project] GET http://10.222.0.70/volume/v3/9b43a68fd90544c39d9b906048913e61/groups/5f384bf0-d75b-4c00-b675-7bac2e9f22ef
Oct 27 14:10:38.615341 dv-cinder-815660-2-smb devstack@c-api.service[108538]: DEBUG cinder.api.openstack.wsgi [None req-25c03815-5473-413b-a177-9f3f482d565a tempest-GroupSnapshotsTest-1137188663 tempest-GroupSnapshotsTest-1137188663-project] Empty body provided in request {{(pid=108538) get_body /opt/stack/cinder/cinder/api/openstack/wsgi.py:703}}
Oct 27 14:10:38.615341 dv-cinder-815660-2-smb devstack@c-api.service[108538]: DEBUG cinder.api.openstack.wsgi [None req-25c03815-5473-413b-a177-9f3f482d565a tempest-GroupSnapshotsTest-1137188663 tempest-GroupSnapshotsTest-1137188663-project] Calling method 'version_select' {{(pid=108538) _process_stack /opt/stack/cinder/cinder/api/openstack/wsgi.py:856}}
Oct 27 14:10:38.615341 dv-cinder-815660-2-smb devstack@c-api.service[108538]: DEBUG cinder.api.v3.groups [None req-25c03815-5473-413b-a177-9f3f482d565a tempest-GroupSnapshotsTest-1137188663 tempest-GroupSnapshotsTest-1137188663-project] show called for member 5f384bf0-d75b-4c00-b675-7bac2e9f22ef {{(pid=108538) show /opt/stack/cinder/cinder/api/v3/groups.py:58}}
Oct 27 14:10:38.639341 dv-cinder-815660-2-smb devstack@c-api.service[108538]: /usr/local/lib/python3.8/dist-packages/oslo_context/context.py:105: DeprecationWarning: Policy enforcement is depending on the value of is_admin. This key is deprecated. Please update your policy file to use the standard policy values.
Oct 27 14:10:38.639341 dv-cinder-815660-2-smb devstack@c-api.service[108538]: warnings.warn('Policy enforcement is depending on the value of '
Oct 27 14:10:38.664252 dv-cinder-815660-2-smb devstack@c-api.service[108539]: INFO cinder.api.openstack.wsgi [None req-7cd137c1-63a7-4fbf-b9ad-c333d0f32e50 tempest-GroupsTest-104731836 tempest-GroupsTest-104731836-project] http://10.222.0.70/volume/v3/98bf2023fe6e4770bc1b88a35061e5b2/groups/c81c25b9-60f3-4058-a200-5c1c13e57d6f/action returned with HTTP 202
Oct 27 14:10:38.665606 dv-cinder-815660-2-smb devstack@c-api.service[108539]: [pid: 108539|app: 0|req: 77/158] 10.222.0.70 () {62 vars in 1404 bytes} [Wed Oct 27 14:10:38 2021] POST /volume/v3/98bf2023fe6e4770bc1b88a35061e5b2/groups/c81c25b9-60f3-4058-a200-5c1c13e57d6f/action => generated 0 bytes in 127 msecs (HTTP/1.1 202) 6 headers in 234 bytes (1 switches on core 0)
Oct 27 14:10:38.674195 dv-cinder-815660-2-smb devstack@c-api.service[108539]: INFO cinder.api.openstack.wsgi [None req-4164193e-f824-4dc7-a553-2a14bf0aa1db tempest-GroupsV314Test-73261768 tempest-GroupsV314Test-73261768-project] GET http://10.222.0.70/volume/v3/9ea2cee407f8458998a72263b4676fcf/volumes/detail
Oct 27 14:10:38.674506 dv-cinder-815660-2-smb devstack@c-api.service[108539]: DEBUG cinder.api.openstack.wsgi [None req-4164193e-f824-4dc7-a553-2a14bf0aa1db tempest-GroupsV314Test-73261768 tempest-GroupsV314Test-73261768-project] Empty body provided in request {{(pid=108539) get_body /opt/stack/cinder/cinder/api/openstack/wsgi.py:703}}
Oct 27 14:10:38.674676 dv-cinder-815660-2-smb devstack@c-api.service[108539]: /usr/local/lib/python3.8/dist-packages/webob/acceptparse.py:1047: DeprecationWarning: The behavior of AcceptValidHeader.best_match is currently being maintained for backward compatibility, but it will be deprecated in the future, as it does not conform to the RFC.
Oct 27 14:10:38.674676 dv-cinder-815660-2-smb devstack@c-api.service[108539]: warnings.warn(
Oct 27 14:10:38.677504 dv-cinder-815660-2-smb devstack@c-api.service[108539]: DEBUG cinder.api.openstack.wsgi [None req-4164193e-f824-4dc7-a553-2a14bf0aa1db tempest-GroupsV314Test-73261768 tempest-GroupsV314Test-73261768-project] Calling method 'detail' {{(pid=108539) _process_stack /opt/stack/cinder/cinder/api/openstack/wsgi.py:856}}
Oct 27 14:10:38.678278 dv-cinder-815660-2-smb devstack@c-api.service[108539]: DEBUG cinder.api.api_utils [None req-4164193e-f824-4dc7-a553-2a14bf0aa1db tempest-GroupsV314Test-73261768 tempest-GroupsV314Test-73261768-project] Removing options '' from query. {{(pid=108539) remove_invalid_filter_options /opt/stack/cinder/cinder/api/api_utils.py:73}}
Oct 27 14:10:38.680440 dv-cinder-815660-2-smb devstack@c-api.service[108539]: DEBUG cinder.volume.api [None req-4164193e-f824-4dc7-a553-2a14bf0aa1db tempest-GroupsV314Test-73261768 tempest-GroupsV314Test-73261768-project] Searching by: MultiDict([('no_migration_targets', True)]). {{(pid=108539) get_all /opt/stack/cinder/cinder/volume/api.py:619}}
Oct 27 14:10:38.684685 dv-cinder-815660-2-smb devstack@c-api.service[108538]: INFO cinder.api.openstack.wsgi [None req-25c03815-5473-413b-a177-9f3f482d565a tempest-GroupSnapshotsTest-1137188663 tempest-GroupSnapshotsTest-1137188663-project] http://10.222.0.70/volume/v3/9b43a68fd90544c39d9b906048913e61/groups/5f384bf0-d75b-4c00-b675-7bac2e9f22ef returned with HTTP 200
Oct 27 14:10:38.685625 dv-cinder-815660-2-smb devstack@c-api.service[108538]: [pid: 108538|app: 0|req: 82/159] 10.222.0.70 () {60 vars in 1362 bytes} [Wed Oct 27 14:10:38 2021] GET /volume/v3/9b43a68fd90544c39d9b906048913e61/groups/5f384bf0-d75b-4c00-b675-7bac2e9f22ef => generated 392 bytes in 79 msecs (HTTP/1.1 200) 7 headers in 286 bytes (1 switches on core 0)
Oct 27 14:10:38.689940 dv-cinder-815660-2-smb devstack@c-api.service[108538]: INFO cinder.api.openstack.wsgi [None req-5daa11e9-7bd0-461e-8637-7de59e01fbd2 tempest-VolumeTypesTest-1421327644 tempest-VolumeTypesTest-1421327644-project-admin] POST http://10.222.0.70/volume/v3/e7730a83f2f84aed91d4744c5c400b80/types
Oct 27 14:10:38.690333 dv-cinder-815660-2-smb devstack@c-api.service[108538]: /usr/local/lib/python3.8/dist-packages/webob/acceptparse.py:1047: DeprecationWarning: The behavior of AcceptValidHeader.best_match is currently being maintained for backward compatibility, but it will be deprecated in the future, as it does not conform to the RFC.
Oct 27 14:10:38.690333 dv-cinder-815660-2-smb devstack@c-api.service[108538]: warnings.warn(
Oct 27 14:10:38.690712 dv-cinder-815660-2-smb devstack@c-api.service[108538]: DEBUG cinder.api.openstack.wsgi [None req-5daa11e9-7bd0-461e-8637-7de59e01fbd2 tempest-VolumeTypesTest-1421327644 tempest-VolumeTypesTest-1421327644-project-admin] Action: 'create', calling method: _create, body: {"volume_type": {"name": "tempest-VolumeTypesTest-volume-type-2115586210"}} {{(pid=108538) _process_stack /opt/stack/cinder/cinder/api/openstack/wsgi.py:854}}
Oct 27 14:10:38.691965 dv-cinder-815660-2-smb devstack@c-api.service[108538]: /usr/local/lib/python3.8/dist-packages/oslo_context/context.py:105: DeprecationWarning: Policy enforcement is depending on the value of is_admin. This key is deprecated. Please update your policy file to use the standard policy values.
Oct 27 14:10:38.691965 dv-cinder-815660-2-smb devstack@c-api.service[108538]: warnings.warn('Policy enforcement is depending on the value of '
Oct 27 14:10:38.744887 dv-cinder-815660-2-smb devstack@c-api.service[108538]: INFO cinder.api.openstack.wsgi [None req-5daa11e9-7bd0-461e-8637-7de59e01fbd2 tempest-VolumeTypesTest-1421327644 tempest-VolumeTypesTest-1421327644-project-admin] http://10.222.0.70/volume/v3/e7730a83f2f84aed91d4744c5c400b80/types returned with HTTP 200
Oct 27 14:10:38.746180 dv-cinder-815660-2-smb devstack@c-api.service[108539]: INFO cinder.volume.api [None req-4164193e-f824-4dc7-a553-2a14bf0aa1db tempest-GroupsV314Test-73261768 tempest-GroupsV314Test-73261768-project] Get all volumes completed successfully.
Oct 27 14:10:38.746377 dv-cinder-815660-2-smb devstack@c-api.service[108538]: [pid: 108538|app: 0|req: 83/160] 10.222.0.70 () {60 vars in 1228 bytes} [Wed Oct 27 14:10:38 2021] POST /volume/v3/e7730a83f2f84aed91d4744c5c400b80/types => generated 221 bytes in 60 msecs (HTTP/1.1 200) 7 headers in 285 bytes (1 switches on core 0)
Oct 27 14:10:38.747514 dv-cinder-815660-2-smb devstack@c-api.service[108539]: WARNING stevedore.named [None req-4164193e-f824-4dc7-a553-2a14bf0aa1db tempest-GroupsV314Test-73261768 tempest-GroupsV314Test-73261768-project] Could not load cinder.keymgr.conf_key_mgr.ConfKeyManager
Oct 27 14:10:38.747903 dv-cinder-815660-2-smb devstack@c-api.service[108539]: WARNING castellan.key_manager [None req-4164193e-f824-4dc7-a553-2a14bf0aa1db tempest-GroupsV314Test-73261768 tempest-GroupsV314Test-73261768-project] Deprecation Warning : cinder.keymgr.conf_key_mgr.ConfKeyManager is not a stevedore based driver, trying to load it as a class: stevedore.exception.NoMatches: No 'castellan.drivers' driver found, looking for 'cinder.keymgr.conf_key_mgr.ConfKeyManager'
Oct 27 14:10:38.750591 dv-cinder-815660-2-smb devstack@c-api.service[108538]: INFO cinder.api.openstack.wsgi [None req-3d968697-bb10-46ff-bd62-323aed534963 tempest-VolumesImageMetadata-86942274 tempest-VolumesImageMetadata-86942274-project] GET http://10.222.0.70/volume/v3/484c4bb7924b4b82be84558c95d8562b/volumes/5cc55c86-a46a-4a02-bf2a-a0c05f629f57
Oct 27 14:10:38.751751 dv-cinder-815660-2-smb devstack@c-api.service[108538]: DEBUG cinder.api.openstack.wsgi [None req-3d968697-bb10-46ff-bd62-323aed534963 tempest-VolumesImageMetadata-86942274 tempest-VolumesImageMetadata-86942274-project] Empty body provided in request {{(pid=108538) get_body /opt/stack/cinder/cinder/api/openstack/wsgi.py:703}}
Oct 27 14:10:38.752317 dv-cinder-815660-2-smb devstack@c-api.service[108538]: DEBUG cinder.api.openstack.wsgi [None req-3d968697-bb10-46ff-bd62-323aed534963 tempest-VolumesImageMetadata-86942274 tempest-VolumesImageMetadata-86942274-project] Calling method 'show' {{(pid=108538) _process_stack /opt/stack/cinder/cinder/api/openstack/wsgi.py:856}}
Oct 27 14:10:38.758588 dv-cinder-815660-2-smb devstack@c-api.service[108539]: DEBUG oslo_db.sqlalchemy.engines [None req-4164193e-f824-4dc7-a553-2a14bf0aa1db tempest-GroupsV314Test-73261768 tempest-GroupsV314Test-73261768-project] MySQL server mode set to STRICT_TRANS_TABLES,STRICT_ALL_TABLES,NO_ZERO_IN_DATE,NO_ZERO_DATE,ERROR_FOR_DIVISION_BY_ZERO,TRADITIONAL,NO_ENGINE_SUBSTITUTION {{(pid=108539) _check_effective_sql_mode /usr/local/lib/python3.8/dist-packages/oslo_db/sqlalchemy/engines.py:314}}
Oct 27 14:10:38.766818 dv-cinder-815660-2-smb devstack@c-api.service[108539]: /usr/local/lib/python3.8/dist-packages/oslo_context/context.py:105: DeprecationWarning: Policy enforcement is depending on the value of is_admin. This key is deprecated. Please update your policy file to use the standard policy values.
Oct 27 14:10:38.766818 dv-cinder-815660-2-smb devstack@c-api.service[108539]: warnings.warn('Policy enforcement is depending on the value of '
Oct 27 14:10:38.778264 dv-cinder-815660-2-smb devstack@c-api.service[108539]: WARNING stevedore.named [None req-4164193e-f824-4dc7-a553-2a14bf0aa1db tempest-GroupsV314Test-73261768 tempest-GroupsV314Test-73261768-project] Could not load cinder.keymgr.conf_key_mgr.ConfKeyManager
Oct 27 14:10:38.778868 dv-cinder-815660-2-smb devstack@c-api.service[108539]: WARNING castellan.key_manager [None req-4164193e-f824-4dc7-a553-2a14bf0aa1db tempest-GroupsV314Test-73261768 tempest-GroupsV314Test-73261768-project] Deprecation Warning : cinder.keymgr.conf_key_mgr.ConfKeyManager is not a stevedore based driver, trying to load it as a class: stevedore.exception.NoMatches: No 'castellan.drivers' driver found, looking for 'cinder.keymgr.conf_key_mgr.ConfKeyManager'
Oct 27 14:10:38.784789 dv-cinder-815660-2-smb devstack@c-api.service[108538]: /usr/local/lib/python3.8/dist-packages/oslo_context/context.py:105: DeprecationWarning: Policy enforcement is depending on the value of is_admin. This key is deprecated. Please update your policy file to use the standard policy values.
Oct 27 14:10:38.784789 dv-cinder-815660-2-smb devstack@c-api.service[108538]: warnings.warn('Policy enforcement is depending on the value of '
Oct 27 14:10:38.787296 dv-cinder-815660-2-smb devstack@c-api.service[108539]: DEBUG oslo_db.sqlalchemy.engines [None req-4164193e-f824-4dc7-a553-2a14bf0aa1db tempest-GroupsV314Test-73261768 tempest-GroupsV314Test-73261768-project] MySQL server mode set to STRICT_TRANS_TABLES,STRICT_ALL_TABLES,NO_ZERO_IN_DATE,NO_ZERO_DATE,ERROR_FOR_DIVISION_BY_ZERO,TRADITIONAL,NO_ENGINE_SUBSTITUTION {{(pid=108539) _check_effective_sql_mode /usr/local/lib/python3.8/dist-packages/oslo_db/sqlalchemy/engines.py:314}}
Oct 27 14:10:38.795127 dv-cinder-815660-2-smb devstack@c-api.service[108539]: /usr/local/lib/python3.8/dist-packages/oslo_context/context.py:105: DeprecationWarning: Policy enforcement is depending on the value of is_admin. This key is deprecated. Please update your policy file to use the standard policy values.
Oct 27 14:10:38.795127 dv-cinder-815660-2-smb devstack@c-api.service[108539]: warnings.warn('Policy enforcement is depending on the value of '
Oct 27 14:10:38.799525 dv-cinder-815660-2-smb devstack@c-api.service[108538]: INFO cinder.volume.api [None req-3d968697-bb10-46ff-bd62-323aed534963 tempest-VolumesImageMetadata-86942274 tempest-VolumesImageMetadata-86942274-project] Volume info retrieved successfully.
Oct 27 14:10:38.813241 dv-cinder-815660-2-smb devstack@c-api.service[108539]: INFO cinder.api.openstack.wsgi [None req-4164193e-f824-4dc7-a553-2a14bf0aa1db tempest-GroupsV314Test-73261768 tempest-GroupsV314Test-73261768-project] http://10.222.0.70/volume/v3/9ea2cee407f8458998a72263b4676fcf/volumes/detail returned with HTTP 200
Oct 27 14:10:38.814666 dv-cinder-815660-2-smb devstack@c-api.service[108539]: [pid: 108539|app: 0|req: 78/161] 10.222.0.70 () {60 vars in 1275 bytes} [Wed Oct 27 14:10:38 2021] GET /volume/v3/9ea2cee407f8458998a72263b4676fcf/volumes/detail => generated 1972 bytes in 148 msecs (HTTP/1.1 200) 7 headers in 287 bytes (1 switches on core 0)
Oct 27 14:10:38.820502 dv-cinder-815660-2-smb devstack@c-api.service[108539]: INFO cinder.api.openstack.wsgi [None req-06534f39-de96-4175-9892-88a8cfb8beeb tempest-GroupsTest-104731836 tempest-GroupsTest-104731836-project] GET http://10.222.0.70/volume/v3/98bf2023fe6e4770bc1b88a35061e5b2/groups/c81c25b9-60f3-4058-a200-5c1c13e57d6f
Oct 27 14:10:38.821180 dv-cinder-815660-2-smb devstack@c-api.service[108539]: DEBUG cinder.api.openstack.wsgi [None req-06534f39-de96-4175-9892-88a8cfb8beeb tempest-GroupsTest-104731836 tempest-GroupsTest-104731836-project] Empty body provided in request {{(pid=108539) get_body /opt/stack/cinder/cinder/api/openstack/wsgi.py:703}}
Oct 27 14:10:38.821453 dv-cinder-815660-2-smb devstack@c-api.service[108539]: /usr/local/lib/python3.8/dist-packages/webob/acceptparse.py:1047: DeprecationWarning: The behavior of AcceptValidHeader.best_match is currently being maintained for backward compatibility, but it will be deprecated in the future, as it does not conform to the RFC.
Oct 27 14:10:38.821453 dv-cinder-815660-2-smb devstack@c-api.service[108539]: warnings.warn(
Oct 27 14:10:38.822017 dv-cinder-815660-2-smb devstack@c-api.service[108539]: DEBUG cinder.api.openstack.wsgi [None req-06534f39-de96-4175-9892-88a8cfb8beeb tempest-GroupsTest-104731836 tempest-GroupsTest-104731836-project] Calling method 'version_select' {{(pid=108539) _process_stack /opt/stack/cinder/cinder/api/openstack/wsgi.py:856}}
Oct 27 14:10:38.822462 dv-cinder-815660-2-smb devstack@c-api.service[108539]: DEBUG cinder.api.v3.groups [None req-06534f39-de96-4175-9892-88a8cfb8beeb tempest-GroupsTest-104731836 tempest-GroupsTest-104731836-project] show called for member c81c25b9-60f3-4058-a200-5c1c13e57d6f {{(pid=108539) show /opt/stack/cinder/cinder/api/v3/groups.py:58}}
Oct 27 14:10:38.822698 dv-cinder-815660-2-smb devstack@c-api.service[108538]: INFO cinder.api.openstack.wsgi [None req-3d968697-bb10-46ff-bd62-323aed534963 tempest-VolumesImageMetadata-86942274 tempest-VolumesImageMetadata-86942274-project] http://10.222.0.70/volume/v3/484c4bb7924b4b82be84558c95d8562b/volumes/5cc55c86-a46a-4a02-bf2a-a0c05f629f57 returned with HTTP 200
Oct 27 14:10:38.824598 dv-cinder-815660-2-smb devstack@c-api.service[108538]: [pid: 108538|app: 0|req: 84/162] 10.222.0.70 () {58 vars in 1324 bytes} [Wed Oct 27 14:10:38 2021] GET /volume/v3/484c4bb7924b4b82be84558c95d8562b/volumes/5cc55c86-a46a-4a02-bf2a-a0c05f629f57 => generated 912 bytes in 78 msecs (HTTP/1.1 200) 7 headers in 285 bytes (1 switches on core 0)
Oct 27 14:10:38.837318 dv-cinder-815660-2-smb devstack@c-api.service[108538]: INFO cinder.api.openstack.wsgi [None req-23af918e-f4ca-4fe0-8907-fb4295fb55ff tempest-GroupSnapshotsTest-1137188663 tempest-GroupSnapshotsTest-1137188663-project] PUT http://10.222.0.70/volume/v3/9b43a68fd90544c39d9b906048913e61/groups/5f384bf0-d75b-4c00-b675-7bac2e9f22ef
Oct 27 14:10:38.837318 dv-cinder-815660-2-smb devstack@c-api.service[108538]: /usr/local/lib/python3.8/dist-packages/webob/acceptparse.py:1047: DeprecationWarning: The behavior of AcceptValidHeader.best_match is currently being maintained for backward compatibility, but it will be deprecated in the future, as it does not conform to the RFC.
Oct 27 14:10:38.837318 dv-cinder-815660-2-smb devstack@c-api.service[108538]: warnings.warn(
Oct 27 14:10:38.837318 dv-cinder-815660-2-smb devstack@c-api.service[108538]: DEBUG cinder.api.openstack.wsgi [None req-23af918e-f4ca-4fe0-8907-fb4295fb55ff tempest-GroupSnapshotsTest-1137188663 tempest-GroupSnapshotsTest-1137188663-project] Action: 'update', calling method: version_select, body: {"group": {"add_volumes": "22dd762c-0903-4f5f-a419-77428ce2660b"}} {{(pid=108538) _process_stack /opt/stack/cinder/cinder/api/openstack/wsgi.py:854}}
Oct 27 14:10:38.837318 dv-cinder-815660-2-smb devstack@c-api.service[108538]: DEBUG cinder.api.v3.groups [None req-23af918e-f4ca-4fe0-8907-fb4295fb55ff tempest-GroupSnapshotsTest-1137188663 tempest-GroupSnapshotsTest-1137188663-project] Update called for group 5f384bf0-d75b-4c00-b675-7bac2e9f22ef. {{(pid=108538) update /opt/stack/cinder/cinder/api/v3/groups.py:302}}
Oct 27 14:10:38.837922 dv-cinder-815660-2-smb devstack@c-api.service[108538]: INFO cinder.api.v3.groups [None req-23af918e-f4ca-4fe0-8907-fb4295fb55ff tempest-GroupSnapshotsTest-1137188663 tempest-GroupSnapshotsTest-1137188663-project] Updating group 5f384bf0-d75b-4c00-b675-7bac2e9f22ef with name None description: None add_volumes: 22dd762c-0903-4f5f-a419-77428ce2660b remove_volumes: None.
Oct 27 14:10:38.844903 dv-cinder-815660-2-smb devstack@c-api.service[108539]: INFO cinder.api.openstack.wsgi [None req-06534f39-de96-4175-9892-88a8cfb8beeb tempest-GroupsTest-104731836 tempest-GroupsTest-104731836-project] http://10.222.0.70/volume/v3/98bf2023fe6e4770bc1b88a35061e5b2/groups/c81c25b9-60f3-4058-a200-5c1c13e57d6f returned with HTTP 404
Oct 27 14:10:38.845020 dv-cinder-815660-2-smb devstack@c-api.service[108539]: [pid: 108539|app: 0|req: 79/163] 10.222.0.70 () {60 vars in 1362 bytes} [Wed Oct 27 14:10:38 2021] GET /volume/v3/98bf2023fe6e4770bc1b88a35061e5b2/groups/c81c25b9-60f3-4058-a200-5c1c13e57d6f => generated 108 bytes in 30 msecs (HTTP/1.1 404) 7 headers in 293 bytes (1 switches on core 0)
Oct 27 14:10:38.851196 dv-cinder-815660-2-smb devstack@c-api.service[108539]: INFO cinder.api.openstack.wsgi [None req-96c04856-99e6-455b-bd93-6352eb3e17bf tempest-VolumeTypesTest-1421327644 tempest-VolumeTypesTest-1421327644-project-admin] POST http://10.222.0.70/volume/v3/e7730a83f2f84aed91d4744c5c400b80/types/466730f6-63fb-4066-bdf4-051bdf26787b/encryption
Oct 27 14:10:38.851490 dv-cinder-815660-2-smb devstack@c-api.service[108539]: DEBUG cinder.api.openstack.wsgi [None req-96c04856-99e6-455b-bd93-6352eb3e17bf tempest-VolumeTypesTest-1421327644 tempest-VolumeTypesTest-1421327644-project-admin] Action: 'create', calling method: create, body: {"encryption": {"provider": "LuksEncryptor", "key_size": 256, "cipher": "aes-xts-plain64", "control_location": "front-end"}} {{(pid=108539) _process_stack /opt/stack/cinder/cinder/api/openstack/wsgi.py:854}}
Oct 27 14:10:38.852412 dv-cinder-815660-2-smb devstack@c-api.service[108538]: /usr/local/lib/python3.8/dist-packages/oslo_context/context.py:105: DeprecationWarning: Policy enforcement is depending on the value of is_admin. This key is deprecated. Please update your policy file to use the standard policy values.
Oct 27 14:10:38.852412 dv-cinder-815660-2-smb devstack@c-api.service[108538]: warnings.warn('Policy enforcement is depending on the value of '
Oct 27 14:10:38.901736 dv-cinder-815660-2-smb devstack@c-api.service[108539]: INFO cinder.api.openstack.wsgi [None req-96c04856-99e6-455b-bd93-6352eb3e17bf tempest-VolumeTypesTest-1421327644 tempest-VolumeTypesTest-1421327644-project-admin] http://10.222.0.70/volume/v3/e7730a83f2f84aed91d4744c5c400b80/types/466730f6-63fb-4066-bdf4-051bdf26787b/encryption returned with HTTP 200
Oct 27 14:10:38.902956 dv-cinder-815660-2-smb devstack@c-api.service[108539]: [pid: 108539|app: 0|req: 80/164] 10.222.0.70 () {60 vars in 1373 bytes} [Wed Oct 27 14:10:38 2021] POST /volume/v3/e7730a83f2f84aed91d4744c5c400b80/types/466730f6-63fb-4066-bdf4-051bdf26787b/encryption => generated 239 bytes in 57 msecs (HTTP/1.1 200) 7 headers in 285 bytes (1 switches on core 0)
Oct 27 14:10:38.907083 dv-cinder-815660-2-smb devstack@c-api.service[108539]: INFO cinder.api.openstack.wsgi [None req-810cd5c7-01c6-448a-9103-4a28f81853f5 tempest-GroupsV314Test-73261768 tempest-GroupsV314Test-73261768-project] GET http://10.222.0.70/volume/v3/9ea2cee407f8458998a72263b4676fcf/volumes/35b36b4a-52b9-400f-9d8e-908e58784f68
Oct 27 14:10:38.907677 dv-cinder-815660-2-smb devstack@c-api.service[108539]: DEBUG cinder.api.openstack.wsgi [None req-810cd5c7-01c6-448a-9103-4a28f81853f5 tempest-GroupsV314Test-73261768 tempest-GroupsV314Test-73261768-project] Empty body provided in request {{(pid=108539) get_body /opt/stack/cinder/cinder/api/openstack/wsgi.py:703}}
Oct 27 14:10:38.908174 dv-cinder-815660-2-smb devstack@c-api.service[108539]: DEBUG cinder.api.openstack.wsgi [None req-810cd5c7-01c6-448a-9103-4a28f81853f5 tempest-GroupsV314Test-73261768 tempest-GroupsV314Test-73261768-project] Calling method 'show' {{(pid=108539) _process_stack /opt/stack/cinder/cinder/api/openstack/wsgi.py:856}}
Oct 27 14:10:38.923073 dv-cinder-815660-2-smb devstack@c-api.service[108539]: /usr/local/lib/python3.8/dist-packages/oslo_context/context.py:105: DeprecationWarning: Policy enforcement is depending on the value of is_admin. This key is deprecated. Please update your policy file to use the standard policy values.
Oct 27 14:10:38.923073 dv-cinder-815660-2-smb devstack@c-api.service[108539]: warnings.warn('Policy enforcement is depending on the value of '
Oct 27 14:10:38.931827 dv-cinder-815660-2-smb devstack@c-api.service[108539]: INFO cinder.volume.api [None req-810cd5c7-01c6-448a-9103-4a28f81853f5 tempest-GroupsV314Test-73261768 tempest-GroupsV314Test-73261768-project] Volume info retrieved successfully.
Oct 27 14:10:38.933784 dv-cinder-815660-2-smb devstack@c-api.service[108539]: WARNING stevedore.named [None req-810cd5c7-01c6-448a-9103-4a28f81853f5 tempest-GroupsV314Test-73261768 tempest-GroupsV314Test-73261768-project] Could not load cinder.keymgr.conf_key_mgr.ConfKeyManager
Oct 27 14:10:38.933784 dv-cinder-815660-2-smb devstack@c-api.service[108539]: WARNING castellan.key_manager [None req-810cd5c7-01c6-448a-9103-4a28f81853f5 tempest-GroupsV314Test-73261768 tempest-GroupsV314Test-73261768-project] Deprecation Warning : cinder.keymgr.conf_key_mgr.ConfKeyManager is not a stevedore based driver, trying to load it as a class: stevedore.exception.NoMatches: No 'castellan.drivers' driver found, looking for 'cinder.keymgr.conf_key_mgr.ConfKeyManager'
Oct 27 14:10:38.941914 dv-cinder-815660-2-smb devstack@c-api.service[108539]: DEBUG oslo_db.sqlalchemy.engines [None req-810cd5c7-01c6-448a-9103-4a28f81853f5 tempest-GroupsV314Test-73261768 tempest-GroupsV314Test-73261768-project] MySQL server mode set to STRICT_TRANS_TABLES,STRICT_ALL_TABLES,NO_ZERO_IN_DATE,NO_ZERO_DATE,ERROR_FOR_DIVISION_BY_ZERO,TRADITIONAL,NO_ENGINE_SUBSTITUTION {{(pid=108539) _check_effective_sql_mode /usr/local/lib/python3.8/dist-packages/oslo_db/sqlalchemy/engines.py:314}}
Oct 27 14:10:38.949969 dv-cinder-815660-2-smb devstack@c-api.service[108538]: INFO cinder.api.openstack.wsgi [None req-23af918e-f4ca-4fe0-8907-fb4295fb55ff tempest-GroupSnapshotsTest-1137188663 tempest-GroupSnapshotsTest-1137188663-project] http://10.222.0.70/volume/v3/9b43a68fd90544c39d9b906048913e61/groups/5f384bf0-d75b-4c00-b675-7bac2e9f22ef returned with HTTP 202
Oct 27 14:10:38.952770 dv-cinder-815660-2-smb devstack@c-api.service[108538]: [pid: 108538|app: 0|req: 85/165] 10.222.0.70 () {62 vars in 1382 bytes} [Wed Oct 27 14:10:38 2021] PUT /volume/v3/9b43a68fd90544c39d9b906048913e61/groups/5f384bf0-d75b-4c00-b675-7bac2e9f22ef => generated 0 bytes in 127 msecs (HTTP/1.1 202) 6 headers in 234 bytes (1 switches on core 0)
Oct 27 14:10:38.955010 dv-cinder-815660-2-smb devstack@c-api.service[108539]: /usr/local/lib/python3.8/dist-packages/oslo_context/context.py:105: DeprecationWarning: Policy enforcement is depending on the value of is_admin. This key is deprecated. Please update your policy file to use the standard policy values.
Oct 27 14:10:38.955010 dv-cinder-815660-2-smb devstack@c-api.service[108539]: warnings.warn('Policy enforcement is depending on the value of '
Oct 27 14:10:38.962485 dv-cinder-815660-2-smb devstack@c-api.service[108538]: INFO cinder.api.openstack.wsgi [None req-78af4623-bc56-4819-8dcc-f33c63f6356a tempest-GroupsTest-104731836 tempest-GroupsTest-104731836-project] GET http://10.222.0.70/volume/v3/98bf2023fe6e4770bc1b88a35061e5b2/groups/detail
Oct 27 14:10:38.963177 dv-cinder-815660-2-smb devstack@c-api.service[108538]: DEBUG cinder.api.openstack.wsgi [None req-78af4623-bc56-4819-8dcc-f33c63f6356a tempest-GroupsTest-104731836 tempest-GroupsTest-104731836-project] Empty body provided in request {{(pid=108538) get_body /opt/stack/cinder/cinder/api/openstack/wsgi.py:703}}
Oct 27 14:10:38.964020 dv-cinder-815660-2-smb devstack@c-api.service[108538]: /usr/local/lib/python3.8/dist-packages/webob/acceptparse.py:1047: DeprecationWarning: The behavior of AcceptValidHeader.best_match is currently being maintained for backward compatibility, but it will be deprecated in the future, as it does not conform to the RFC.
Oct 27 14:10:38.964020 dv-cinder-815660-2-smb devstack@c-api.service[108538]: warnings.warn(
Oct 27 14:10:38.964847 dv-cinder-815660-2-smb devstack@c-api.service[108538]: DEBUG cinder.api.openstack.wsgi [None req-78af4623-bc56-4819-8dcc-f33c63f6356a tempest-GroupsTest-104731836 tempest-GroupsTest-104731836-project] Calling method 'version_select' {{(pid=108538) _process_stack /opt/stack/cinder/cinder/api/openstack/wsgi.py:856}}
Oct 27 14:10:38.967377 dv-cinder-815660-2-smb devstack@c-api.service[108538]: /usr/local/lib/python3.8/dist-packages/oslo_context/context.py:105: DeprecationWarning: Policy enforcement is depending on the value of is_admin. This key is deprecated. Please update your policy file to use the standard policy values.
Oct 27 14:10:38.967377 dv-cinder-815660-2-smb devstack@c-api.service[108538]: warnings.warn('Policy enforcement is depending on the value of '
Oct 27 14:10:38.974585 dv-cinder-815660-2-smb devstack@c-api.service[108538]: INFO cinder.api.openstack.wsgi [None req-78af4623-bc56-4819-8dcc-f33c63f6356a tempest-GroupsTest-104731836 tempest-GroupsTest-104731836-project] http://10.222.0.70/volume/v3/98bf2023fe6e4770bc1b88a35061e5b2/groups/detail returned with HTTP 200
Oct 27 14:10:38.979154 dv-cinder-815660-2-smb devstack@c-api.service[108538]: [pid: 108538|app: 0|req: 86/166] 10.222.0.70 () {60 vars in 1272 bytes} [Wed Oct 27 14:10:38 2021] GET /volume/v3/98bf2023fe6e4770bc1b88a35061e5b2/groups/detail => generated 14 bytes in 26 msecs (HTTP/1.1 200) 7 headers in 285 bytes (1 switches on core 0)
Oct 27 14:10:38.991778 dv-cinder-815660-2-smb devstack@c-api.service[108538]: INFO cinder.api.openstack.wsgi [None req-32a4b5ee-25ba-46fc-af56-7a02d0bc280b tempest-VolumeTypesTest-1421327644 tempest-VolumeTypesTest-1421327644-project-admin] GET http://10.222.0.70/volume/v3/e7730a83f2f84aed91d4744c5c400b80/types/466730f6-63fb-4066-bdf4-051bdf26787b/encryption
Oct 27 14:10:38.992359 dv-cinder-815660-2-smb devstack@c-api.service[108538]: DEBUG cinder.api.openstack.wsgi [None req-32a4b5ee-25ba-46fc-af56-7a02d0bc280b tempest-VolumeTypesTest-1421327644 tempest-VolumeTypesTest-1421327644-project-admin] Empty body provided in request {{(pid=108538) get_body /opt/stack/cinder/cinder/api/openstack/wsgi.py:703}}
Oct 27 14:10:38.992954 dv-cinder-815660-2-smb devstack@c-api.service[108538]: DEBUG cinder.api.openstack.wsgi [None req-32a4b5ee-25ba-46fc-af56-7a02d0bc280b tempest-VolumeTypesTest-1421327644 tempest-VolumeTypesTest-1421327644-project-admin] Calling method 'index' {{(pid=108538) _process_stack /opt/stack/cinder/cinder/api/openstack/wsgi.py:856}}
Oct 27 14:10:38.994806 dv-cinder-815660-2-smb devstack@c-api.service[108539]: INFO cinder.api.openstack.wsgi [None req-810cd5c7-01c6-448a-9103-4a28f81853f5 tempest-GroupsV314Test-73261768 tempest-GroupsV314Test-73261768-project] http://10.222.0.70/volume/v3/9ea2cee407f8458998a72263b4676fcf/volumes/35b36b4a-52b9-400f-9d8e-908e58784f68 returned with HTTP 200
Oct 27 14:10:39.011964 dv-cinder-815660-2-smb devstack@c-api.service[108538]: INFO cinder.api.openstack.wsgi [None req-32a4b5ee-25ba-46fc-af56-7a02d0bc280b tempest-VolumeTypesTest-1421327644 tempest-VolumeTypesTest-1421327644-project-admin] http://10.222.0.70/volume/v3/e7730a83f2f84aed91d4744c5c400b80/types/466730f6-63fb-4066-bdf4-051bdf26787b/encryption returned with HTTP 200
Oct 27 14:10:39.012892 dv-cinder-815660-2-smb devstack@c-api.service[108538]: [pid: 108538|app: 0|req: 87/167] 10.222.0.70 () {58 vars in 1351 bytes} [Wed Oct 27 14:10:38 2021] GET /volume/v3/e7730a83f2f84aed91d4744c5c400b80/types/466730f6-63fb-4066-bdf4-051bdf26787b/encryption => generated 325 bytes in 30 msecs (HTTP/1.1 200) 7 headers in 285 bytes (1 switches on core 0)
Oct 27 14:10:39.016263 dv-cinder-815660-2-smb devstack@c-api.service[108539]: [pid: 108539|app: 0|req: 81/168] 10.222.0.70 () {60 vars in 1365 bytes} [Wed Oct 27 14:10:38 2021] GET /volume/v3/9ea2cee407f8458998a72263b4676fcf/volumes/35b36b4a-52b9-400f-9d8e-908e58784f68 => generated 989 bytes in 113 msecs (HTTP/1.1 200) 7 headers in 286 bytes (1 switches on core 0)
Oct 27 14:10:39.019644 dv-cinder-815660-2-smb devstack@c-api.service[108538]: INFO cinder.api.openstack.wsgi [None req-0697c866-4f19-47db-a6a7-477f9510061b tempest-GroupSnapshotsTest-1137188663 tempest-GroupSnapshotsTest-1137188663-project] GET http://10.222.0.70/volume/v3/9b43a68fd90544c39d9b906048913e61/groups/5f384bf0-d75b-4c00-b675-7bac2e9f22ef
