Apr 07 08:17:57.173692 dv-cinder-815659-6-iscsi devstack@c-api.service[110682]: warnings.warn('Policy enforcement is depending on the value of '
Apr 07 08:17:57.174777 dv-cinder-815659-6-iscsi devstack@c-api.service[110682]: INFO cinder.volume.api [None req-56d6a5af-657c-42c9-8ecf-a3a94a0bfaaa tempest-SnapshotsActionsTest-1407642053 tempest-SnapshotsActionsTest-1407642053-project] Snapshot retrieved successfully.
Apr 07 08:17:57.176554 dv-cinder-815659-6-iscsi devstack@c-api.service[110682]: INFO cinder.api.openstack.wsgi [None req-56d6a5af-657c-42c9-8ecf-a3a94a0bfaaa tempest-SnapshotsActionsTest-1407642053 tempest-SnapshotsActionsTest-1407642053-project] http://10.222.0.24/volume/v3/f7e0add3b93145c0b14e8f5311eedf01/snapshots/5ea2b39b-fb95-4bb7-9151-b7c60d1080e5 returned with HTTP 200
Apr 07 08:17:57.177242 dv-cinder-815659-6-iscsi devstack@c-api.service[110682]: [pid: 110682|app: 0|req: 162/345] 10.222.0.24 () {58 vars in 1330 bytes} [Thu Apr 7 08:17:57 2022] GET /volume/v3/f7e0add3b93145c0b14e8f5311eedf01/snapshots/5ea2b39b-fb95-4bb7-9151-b7c60d1080e5 => generated 466 bytes in 25 msecs (HTTP/1.1 200) 7 headers in 285 bytes (2 switches on core 0)
Apr 07 08:17:57.180414 dv-cinder-815659-6-iscsi devstack@c-api.service[110681]: DEBUG cinder.volume.api [None req-b9873c84-f05e-4f5e-99c9-b274a823aa4a tempest-VolumesTransfersV355Test-761168496 tempest-VolumesTransfersV355Test-761168496-project] Flow 'volume_create_api' (e381ac0e-47cb-47de-9d3a-f0ffa84badc0) transitioned into state 'RUNNING' from state 'PENDING' {{(pid=110681) _flow_receiver /usr/local/lib/python3.8/dist-packages/taskflow/listeners/logging.py:141}}
Apr 07 08:17:57.183114 dv-cinder-815659-6-iscsi devstack@c-api.service[110681]: DEBUG cinder.volume.api [None req-b9873c84-f05e-4f5e-99c9-b274a823aa4a tempest-VolumesTransfersV355Test-761168496 tempest-VolumesTransfersV355Test-761168496-project] Task 'cinder.volume.flows.api.create_volume.ExtractVolumeRequestTask;volume:create' (579884e0-4e07-4677-b15e-5774baf41e47) transitioned into state 'RUNNING' from state 'PENDING' {{(pid=110681) _task_receiver /usr/local/lib/python3.8/dist-packages/taskflow/listeners/logging.py:190}}
Apr 07 08:17:57.185718 dv-cinder-815659-6-iscsi devstack@c-api.service[110681]: DEBUG cinder.volume.flows.api.create_volume [None req-b9873c84-f05e-4f5e-99c9-b274a823aa4a tempest-VolumesTransfersV355Test-761168496 tempest-VolumesTransfersV355Test-761168496-project] Validating volume size '1' using validate_int {{(pid=110681) _extract_size /opt/stack/cinder/cinder/volume/flows/api/create_volume.py:225}}
Apr 07 08:17:57.189866 dv-cinder-815659-6-iscsi devstack@c-api.service[110682]: DEBUG cinder.api.middleware.request_id [None req-d490558e-c1ba-4b1c-81d9-52461250bff2 None None] RequestId filter calling following filter/app {{(pid=110682) _context_setter /opt/stack/cinder/cinder/api/middleware/request_id.py:62}}
Apr 07 08:17:57.193738 dv-cinder-815659-6-iscsi devstack@c-api.service[110682]: INFO cinder.api.openstack.wsgi [None req-d490558e-c1ba-4b1c-81d9-52461250bff2 tempest-SnapshotsActionsTest-936190051 tempest-SnapshotsActionsTest-936190051-project-admin] POST http://10.222.0.24/volume/v3/fcdff3fd59674445bf686a3ae74c9b24/snapshots/5ea2b39b-fb95-4bb7-9151-b7c60d1080e5/action
Apr 07 08:17:57.194438 dv-cinder-815659-6-iscsi devstack@c-api.service[110682]: DEBUG cinder.api.openstack.wsgi [None req-d490558e-c1ba-4b1c-81d9-52461250bff2 tempest-SnapshotsActionsTest-936190051 tempest-SnapshotsActionsTest-936190051-project-admin] Action body: b'{"os-reset_status": {"status": "creating"}}' {{(pid=110682) get_method /opt/stack/cinder/cinder/api/openstack/wsgi.py:983}}
Apr 07 08:17:57.194831 dv-cinder-815659-6-iscsi devstack@c-api.service[110682]: DEBUG cinder.api.openstack.wsgi [None req-d490558e-c1ba-4b1c-81d9-52461250bff2 tempest-SnapshotsActionsTest-936190051 tempest-SnapshotsActionsTest-936190051-project-admin] Action: 'action', calling method: _reset_status, body: {"os-reset_status": {"status": "creating"}} {{(pid=110682) _process_stack /opt/stack/cinder/cinder/api/openstack/wsgi.py:866}}
Apr 07 08:17:57.195659 dv-cinder-815659-6-iscsi devstack@c-api.service[110682]: DEBUG cinder.api.contrib.admin_actions [None req-d490558e-c1ba-4b1c-81d9-52461250bff2 tempest-SnapshotsActionsTest-936190051 tempest-SnapshotsActionsTest-936190051-project-admin] Updating snapshot '5ea2b39b-fb95-4bb7-9151-b7c60d1080e5' with '{'status': 'creating'}' {{(pid=110682) _reset_status /opt/stack/cinder/cinder/api/contrib/admin_actions.py:100}}
Apr 07 08:17:57.212051 dv-cinder-815659-6-iscsi devstack@c-api.service[110682]: /usr/local/lib/python3.8/dist-packages/oslo_context/context.py:100: DeprecationWarning: Policy enforcement is depending on the value of is_admin. This key is deprecated. Please update your policy file to use the standard policy values.
Apr 07 08:17:57.212051 dv-cinder-815659-6-iscsi devstack@c-api.service[110682]: warnings.warn('Policy enforcement is depending on the value of '
Apr 07 08:17:57.219642 dv-cinder-815659-6-iscsi devstack@c-api.service[110681]: DEBUG cinder.volume.api [None req-b9873c84-f05e-4f5e-99c9-b274a823aa4a tempest-VolumesTransfersV355Test-761168496 tempest-VolumesTransfersV355Test-761168496-project] Task 'cinder.volume.flows.api.create_volume.ExtractVolumeRequestTask;volume:create' (579884e0-4e07-4677-b15e-5774baf41e47) transitioned into state 'SUCCESS' from state 'RUNNING' with result '{'size': 1, 'snapshot_id': None, 'source_volid': None, 'volume_type': VolumeType(created_at=2022-04-07T07:59:44Z,deleted=False,deleted_at=None,description='Default Volume Type',extra_specs={},id=86d37633-192d-4068-bdeb-216fb7da6428,is_public=True,name='__DEFAULT__',projects=[],qos_specs=,qos_specs_id=None,updated_at=2022-04-07T07:59:44Z), 'volume_type_id': '86d37633-192d-4068-bdeb-216fb7da6428', 'encryption_key_id': None, 'qos_specs': None, 'consistencygroup_id': None, 'cgsnapshot_id': None, 'group_id': None, 'replication_status': 'disabled', 'refresh_az': False, 'backup_id': None, 'multiattach': False, 'availability_zones': ['nova']}' {{(pid=110681) _task_receiver /usr/local/lib/python3.8/dist-packages/taskflow/listeners/logging.py:178}}
Apr 07 08:17:57.222417 dv-cinder-815659-6-iscsi devstack@c-api.service[110681]: DEBUG cinder.volume.api [None req-b9873c84-f05e-4f5e-99c9-b274a823aa4a tempest-VolumesTransfersV355Test-761168496 tempest-VolumesTransfersV355Test-761168496-project] Task 'cinder.volume.flows.api.create_volume.QuotaReserveTask;volume:create' (a1eebaa3-a97f-494c-8c81-7b92fcce56ef) transitioned into state 'RUNNING' from state 'PENDING' {{(pid=110681) _task_receiver /usr/local/lib/python3.8/dist-packages/taskflow/listeners/logging.py:190}}
Apr 07 08:17:57.334133 dv-cinder-815659-6-iscsi devstack@c-api.service[110682]: INFO cinder.api.openstack.wsgi [None req-d490558e-c1ba-4b1c-81d9-52461250bff2 tempest-SnapshotsActionsTest-936190051 tempest-SnapshotsActionsTest-936190051-project-admin] http://10.222.0.24/volume/v3/fcdff3fd59674445bf686a3ae74c9b24/snapshots/5ea2b39b-fb95-4bb7-9151-b7c60d1080e5/action returned with HTTP 202
Apr 07 08:17:57.334956 dv-cinder-815659-6-iscsi devstack@c-api.service[110682]: [pid: 110682|app: 0|req: 163/346] 10.222.0.24 () {60 vars in 1372 bytes} [Thu Apr 7 08:17:57 2022] POST /volume/v3/fcdff3fd59674445bf686a3ae74c9b24/snapshots/5ea2b39b-fb95-4bb7-9151-b7c60d1080e5/action => generated 0 bytes in 146 msecs (HTTP/1.1 202) 7 headers in 289 bytes (2 switches on core 0)
Apr 07 08:17:57.339815 dv-cinder-815659-6-iscsi devstack@c-api.service[110682]: DEBUG cinder.api.middleware.request_id [None req-21d2ee9f-5498-449d-8c45-6e45aa324710 None None] RequestId filter calling following filter/app {{(pid=110682) _context_setter /opt/stack/cinder/cinder/api/middleware/request_id.py:62}}
Apr 07 08:17:57.343676 dv-cinder-815659-6-iscsi devstack@c-api.service[110682]: INFO cinder.api.openstack.wsgi [None req-21d2ee9f-5498-449d-8c45-6e45aa324710 tempest-SnapshotsActionsTest-1407642053 tempest-SnapshotsActionsTest-1407642053-project] GET http://10.222.0.24/volume/v3/f7e0add3b93145c0b14e8f5311eedf01/snapshots/5ea2b39b-fb95-4bb7-9151-b7c60d1080e5
Apr 07 08:17:57.344117 dv-cinder-815659-6-iscsi devstack@c-api.service[110682]: DEBUG cinder.api.openstack.wsgi [None req-21d2ee9f-5498-449d-8c45-6e45aa324710 tempest-SnapshotsActionsTest-1407642053 tempest-SnapshotsActionsTest-1407642053-project] Empty body provided in request {{(pid=110682) get_body /opt/stack/cinder/cinder/api/openstack/wsgi.py:715}}
Apr 07 08:17:57.344564 dv-cinder-815659-6-iscsi devstack@c-api.service[110682]: DEBUG cinder.api.openstack.wsgi [None req-21d2ee9f-5498-449d-8c45-6e45aa324710 tempest-SnapshotsActionsTest-1407642053 tempest-SnapshotsActionsTest-1407642053-project] Calling method 'show' {{(pid=110682) _process_stack /opt/stack/cinder/cinder/api/openstack/wsgi.py:868}}
Apr 07 08:17:57.353993 dv-cinder-815659-6-iscsi devstack@c-api.service[110682]: /usr/local/lib/python3.8/dist-packages/oslo_context/context.py:100: DeprecationWarning: Policy enforcement is depending on the value of is_admin. This key is deprecated. Please update your policy file to use the standard policy values.
Apr 07 08:17:57.353993 dv-cinder-815659-6-iscsi devstack@c-api.service[110682]: warnings.warn('Policy enforcement is depending on the value of '
Apr 07 08:17:57.354979 dv-cinder-815659-6-iscsi devstack@c-api.service[110682]: INFO cinder.volume.api [None req-21d2ee9f-5498-449d-8c45-6e45aa324710 tempest-SnapshotsActionsTest-1407642053 tempest-SnapshotsActionsTest-1407642053-project] Snapshot retrieved successfully.
Apr 07 08:17:57.356824 dv-cinder-815659-6-iscsi devstack@c-api.service[110682]: INFO cinder.api.openstack.wsgi [None req-21d2ee9f-5498-449d-8c45-6e45aa324710 tempest-SnapshotsActionsTest-1407642053 tempest-SnapshotsActionsTest-1407642053-project] http://10.222.0.24/volume/v3/f7e0add3b93145c0b14e8f5311eedf01/snapshots/5ea2b39b-fb95-4bb7-9151-b7c60d1080e5 returned with HTTP 200
Apr 07 08:17:57.357181 dv-cinder-815659-6-iscsi devstack@c-api.service[110681]: DEBUG cinder.quota [None req-b9873c84-f05e-4f5e-99c9-b274a823aa4a tempest-VolumesTransfersV355Test-761168496 tempest-VolumesTransfersV355Test-761168496-project] Created reservations ['980223f4-3696-493a-9e31-ee8d67797450', '6e99d5d0-9c2d-4363-adca-73d2156bcd8d', 'cf2c7805-fc17-455c-9485-80bd1d6575f0', 'c13f3246-bd7a-4bc3-98f5-543492293f2f'] {{(pid=110681) reserve /opt/stack/cinder/cinder/quota.py:755}}
Apr 07 08:17:57.357736 dv-cinder-815659-6-iscsi devstack@c-api.service[110682]: [pid: 110682|app: 0|req: 164/347] 10.222.0.24 () {58 vars in 1330 bytes} [Thu Apr 7 08:17:57 2022] GET /volume/v3/f7e0add3b93145c0b14e8f5311eedf01/snapshots/5ea2b39b-fb95-4bb7-9151-b7c60d1080e5 => generated 465 bytes in 19 msecs (HTTP/1.1 200) 7 headers in 285 bytes (2 switches on core 0)
Apr 07 08:17:57.360200 dv-cinder-815659-6-iscsi devstack@c-api.service[110681]: DEBUG cinder.volume.api [None req-b9873c84-f05e-4f5e-99c9-b274a823aa4a tempest-VolumesTransfersV355Test-761168496 tempest-VolumesTransfersV355Test-761168496-project] Task 'cinder.volume.flows.api.create_volume.QuotaReserveTask;volume:create' (a1eebaa3-a97f-494c-8c81-7b92fcce56ef) transitioned into state 'SUCCESS' from state 'RUNNING' with result '{'reservations': ['980223f4-3696-493a-9e31-ee8d67797450', '6e99d5d0-9c2d-4363-adca-73d2156bcd8d', 'cf2c7805-fc17-455c-9485-80bd1d6575f0', 'c13f3246-bd7a-4bc3-98f5-543492293f2f']}' {{(pid=110681) _task_receiver /usr/local/lib/python3.8/dist-packages/taskflow/listeners/logging.py:178}}
Apr 07 08:17:57.362491 dv-cinder-815659-6-iscsi devstack@c-api.service[110681]: DEBUG cinder.volume.api [None req-b9873c84-f05e-4f5e-99c9-b274a823aa4a tempest-VolumesTransfersV355Test-761168496 tempest-VolumesTransfersV355Test-761168496-project] Task 'cinder.volume.flows.api.create_volume.EntryCreateTask;volume:create' (4a5ae135-8fa6-44b9-991b-57f257964063) transitioned into state 'RUNNING' from state 'PENDING' {{(pid=110681) _task_receiver /usr/local/lib/python3.8/dist-packages/taskflow/listeners/logging.py:190}}
Apr 07 08:17:57.364925 dv-cinder-815659-6-iscsi devstack@c-api.service[110682]: DEBUG cinder.api.middleware.request_id [None req-dba136d3-609e-4556-8cff-9f3869310c9a None None] RequestId filter calling following filter/app {{(pid=110682) _context_setter /opt/stack/cinder/cinder/api/middleware/request_id.py:62}}
Apr 07 08:17:57.369150 dv-cinder-815659-6-iscsi devstack@c-api.service[110682]: INFO cinder.api.openstack.wsgi [None req-dba136d3-609e-4556-8cff-9f3869310c9a tempest-SnapshotsActionsTest-1407642053 tempest-SnapshotsActionsTest-1407642053-project] POST http://10.222.0.24/volume/v3/f7e0add3b93145c0b14e8f5311eedf01/snapshots/5ea2b39b-fb95-4bb7-9151-b7c60d1080e5/action
Apr 07 08:17:57.370749 dv-cinder-815659-6-iscsi devstack@c-api.service[110682]: DEBUG cinder.api.openstack.wsgi [None req-dba136d3-609e-4556-8cff-9f3869310c9a tempest-SnapshotsActionsTest-1407642053 tempest-SnapshotsActionsTest-1407642053-project] Action body: b'{"os-update_snapshot_status": {"status": "error", "progress": "80%"}}' {{(pid=110682) get_method /opt/stack/cinder/cinder/api/openstack/wsgi.py:983}}
Apr 07 08:17:57.386952 dv-cinder-815659-6-iscsi devstack@c-api.service[110682]: DEBUG cinder.api.openstack.wsgi [None req-dba136d3-609e-4556-8cff-9f3869310c9a tempest-SnapshotsActionsTest-1407642053 tempest-SnapshotsActionsTest-1407642053-project] Action: 'action', calling method: _update_snapshot_status, body: {"os-update_snapshot_status": {"status": "error", "progress": "80%"}} {{(pid=110682) _process_stack /opt/stack/cinder/cinder/api/openstack/wsgi.py:866}}
Apr 07 08:17:57.386952 dv-cinder-815659-6-iscsi devstack@c-api.service[110682]: DEBUG cinder.api.contrib.snapshot_actions [None req-dba136d3-609e-4556-8cff-9f3869310c9a tempest-SnapshotsActionsTest-1407642053 tempest-SnapshotsActionsTest-1407642053-project] body: {'os-update_snapshot_status': {'status': 'error', 'progress': '80%'}} {{(pid=110682) _update_snapshot_status /opt/stack/cinder/cinder/api/contrib/snapshot_actions.py:46}}
Apr 07 08:17:57.386952 dv-cinder-815659-6-iscsi devstack@c-api.service[110682]: /usr/local/lib/python3.8/dist-packages/oslo_context/context.py:100: DeprecationWarning: Policy enforcement is depending on the value of is_admin. This key is deprecated. Please update your policy file to use the standard policy values.
Apr 07 08:17:57.386952 dv-cinder-815659-6-iscsi devstack@c-api.service[110682]: warnings.warn('Policy enforcement is depending on the value of '
Apr 07 08:17:57.386952 dv-cinder-815659-6-iscsi devstack@c-api.service[110682]: INFO cinder.api.contrib.snapshot_actions [None req-dba136d3-609e-4556-8cff-9f3869310c9a tempest-SnapshotsActionsTest-1407642053 tempest-SnapshotsActionsTest-1407642053-project] Updating snapshot 5ea2b39b-fb95-4bb7-9151-b7c60d1080e5 with info {'id': '5ea2b39b-fb95-4bb7-9151-b7c60d1080e5', 'status': 'error', 'progress': '80%'}
Apr 07 08:17:57.519282 dv-cinder-815659-6-iscsi devstack@c-api.service[110681]: DEBUG cinder.volume.api [None req-b9873c84-f05e-4f5e-99c9-b274a823aa4a tempest-VolumesTransfersV355Test-761168496 tempest-VolumesTransfersV355Test-761168496-project] Task 'cinder.volume.flows.api.create_volume.EntryCreateTask;volume:create' (4a5ae135-8fa6-44b9-991b-57f257964063) transitioned into state 'SUCCESS' from state 'RUNNING' with result '{'volume_id': '308b7f3b-0763-4a12-8337-fa41488b9d8c', 'volume_properties': VolumeProperties(attach_status='detached',availability_zone='nova',cgsnapshot_id=None,consistencygroup_id=None,display_description=None,display_name='tempest-VolumesTransfersV355Test-Volume-537079957',encryption_key_id=None,group_id=None,group_type_id=,metadata={},multiattach=False,project_id='10de4c6737aa45c0aa70372a0a8ce4b1',qos_specs=None,replication_status=,reservations=['980223f4-3696-493a-9e31-ee8d67797450','6e99d5d0-9c2d-4363-adca-73d2156bcd8d','cf2c7805-fc17-455c-9485-80bd1d6575f0','c13f3246-bd7a-4bc3-98f5-543492293f2f'],size=1,snapshot_id=None,source_replicaid=,source_volid=None,status='creating',user_id='3c3218a5b0684adcada465d221dafe7a',volume_type_id=86d37633-192d-4068-bdeb-216fb7da6428), 'volume': Volume(_name_id=None,admin_metadata=,attach_status='detached',availability_zone='nova',bootable=False,cluster=,cluster_name=None,consistencygroup=,consistencygroup_id=None,created_at=2022-04-07T08:17:57Z,deleted=False,deleted_at=None,display_description=None,display_name='tempest-VolumesTransfersV355Test-Volume-537079957',ec2_id=None,encryption_key_id=None,glance_metadata=,group=,group_id=None,host=None,id=308b7f3b-0763-4a12-8337-fa41488b9d8c,launched_at=None,metadata={},migration_status=None,multiattach=False,previous_status=None,project_id='10de4c6737aa45c0aa70372a0a8ce4b1',provider_auth=None,provider_geometry=None,provider_id=None,provider_location=None,replication_driver_data=None,replication_extended_status=None,replication_status=None,scheduled_at=None,service_uuid=None,shared_targets=True,size=1,snapshot_id=None,snapshots=,source_volid=None,status='creating',terminated_at=None,updated_at=None,use_quota=True,user_id='3c3218a5b0684adcada465d221dafe7a',volume_attachment=VolumeAttachmentList,volume_type=VolumeType(86d37633-192d-4068-bdeb-216fb7da6428),volume_type_id=86d37633-192d-4068-bdeb-216fb7da6428)}' {{(pid=110681) _task_receiver /usr/local/lib/python3.8/dist-packages/taskflow/listeners/logging.py:178}}
Apr 07 08:17:57.521480 dv-cinder-815659-6-iscsi devstack@c-api.service[110681]: DEBUG cinder.volume.api [None req-b9873c84-f05e-4f5e-99c9-b274a823aa4a tempest-VolumesTransfersV355Test-761168496 tempest-VolumesTransfersV355Test-761168496-project] Task 'cinder.volume.flows.api.create_volume.QuotaCommitTask;volume:create' (a1b09aaf-7a0d-4e65-81dd-99004932b649) transitioned into state 'RUNNING' from state 'PENDING' {{(pid=110681) _task_receiver /usr/local/lib/python3.8/dist-packages/taskflow/listeners/logging.py:190}}
Apr 07 08:17:57.544933 dv-cinder-815659-6-iscsi devstack@c-api.service[110682]: INFO cinder.api.openstack.wsgi [None req-dba136d3-609e-4556-8cff-9f3869310c9a tempest-SnapshotsActionsTest-1407642053 tempest-SnapshotsActionsTest-1407642053-project] http://10.222.0.24/volume/v3/f7e0add3b93145c0b14e8f5311eedf01/snapshots/5ea2b39b-fb95-4bb7-9151-b7c60d1080e5/action returned with HTTP 202
Apr 07 08:17:57.545707 dv-cinder-815659-6-iscsi devstack@c-api.service[110682]: [pid: 110682|app: 0|req: 165/348] 10.222.0.24 () {60 vars in 1372 bytes} [Thu Apr 7 08:17:57 2022] POST /volume/v3/f7e0add3b93145c0b14e8f5311eedf01/snapshots/5ea2b39b-fb95-4bb7-9151-b7c60d1080e5/action => generated 0 bytes in 182 msecs (HTTP/1.1 202) 6 headers in 233 bytes (1 switches on core 0)
Apr 07 08:17:57.551137 dv-cinder-815659-6-iscsi devstack@c-api.service[110682]: DEBUG cinder.api.middleware.request_id [None req-eb69efe4-7234-4091-b83d-5d143a91ef2d None None] RequestId filter calling following filter/app {{(pid=110682) _context_setter /opt/stack/cinder/cinder/api/middleware/request_id.py:62}}
Apr 07 08:17:57.553967 dv-cinder-815659-6-iscsi devstack@c-api.service[110682]: INFO cinder.api.openstack.wsgi [None req-eb69efe4-7234-4091-b83d-5d143a91ef2d tempest-SnapshotsActionsTest-936190051 tempest-SnapshotsActionsTest-936190051-project-admin] GET http://10.222.0.24/volume/v3/fcdff3fd59674445bf686a3ae74c9b24/snapshots/5ea2b39b-fb95-4bb7-9151-b7c60d1080e5
Apr 07 08:17:57.554405 dv-cinder-815659-6-iscsi devstack@c-api.service[110682]: DEBUG cinder.api.openstack.wsgi [None req-eb69efe4-7234-4091-b83d-5d143a91ef2d tempest-SnapshotsActionsTest-936190051 tempest-SnapshotsActionsTest-936190051-project-admin] Empty body provided in request {{(pid=110682) get_body /opt/stack/cinder/cinder/api/openstack/wsgi.py:715}}
Apr 07 08:17:57.554891 dv-cinder-815659-6-iscsi devstack@c-api.service[110682]: DEBUG cinder.api.openstack.wsgi [None req-eb69efe4-7234-4091-b83d-5d143a91ef2d tempest-SnapshotsActionsTest-936190051 tempest-SnapshotsActionsTest-936190051-project-admin] Calling method 'show' {{(pid=110682) _process_stack /opt/stack/cinder/cinder/api/openstack/wsgi.py:868}}
Apr 07 08:17:57.564123 dv-cinder-815659-6-iscsi devstack@c-api.service[110682]: /usr/local/lib/python3.8/dist-packages/oslo_context/context.py:100: DeprecationWarning: Policy enforcement is depending on the value of is_admin. This key is deprecated. Please update your policy file to use the standard policy values.
Apr 07 08:17:57.564123 dv-cinder-815659-6-iscsi devstack@c-api.service[110682]: warnings.warn('Policy enforcement is depending on the value of '
Apr 07 08:17:57.564794 dv-cinder-815659-6-iscsi devstack@c-api.service[110682]: INFO cinder.volume.api [None req-eb69efe4-7234-4091-b83d-5d143a91ef2d tempest-SnapshotsActionsTest-936190051 tempest-SnapshotsActionsTest-936190051-project-admin] Snapshot retrieved successfully.
Apr 07 08:17:57.566320 dv-cinder-815659-6-iscsi devstack@c-api.service[110682]: INFO cinder.api.openstack.wsgi [None req-eb69efe4-7234-4091-b83d-5d143a91ef2d tempest-SnapshotsActionsTest-936190051 tempest-SnapshotsActionsTest-936190051-project-admin] http://10.222.0.24/volume/v3/fcdff3fd59674445bf686a3ae74c9b24/snapshots/5ea2b39b-fb95-4bb7-9151-b7c60d1080e5 returned with HTTP 200
Apr 07 08:17:57.567338 dv-cinder-815659-6-iscsi devstack@c-api.service[110682]: [pid: 110682|app: 0|req: 166/349] 10.222.0.24 () {58 vars in 1330 bytes} [Thu Apr 7 08:17:57 2022] GET /volume/v3/fcdff3fd59674445bf686a3ae74c9b24/snapshots/5ea2b39b-fb95-4bb7-9151-b7c60d1080e5 => generated 461 bytes in 18 msecs (HTTP/1.1 200) 7 headers in 285 bytes (2 switches on core 0)
Apr 07 08:17:57.574311 dv-cinder-815659-6-iscsi devstack@c-api.service[110682]: DEBUG cinder.api.middleware.request_id [None req-d91a3f6a-3319-45c5-8382-e48a4f67e4b8 None None] RequestId filter calling following filter/app {{(pid=110682) _context_setter /opt/stack/cinder/cinder/api/middleware/request_id.py:62}}
Apr 07 08:17:57.578106 dv-cinder-815659-6-iscsi devstack@c-api.service[110682]: INFO cinder.api.openstack.wsgi [None req-d91a3f6a-3319-45c5-8382-e48a4f67e4b8 tempest-SnapshotsActionsTest-936190051 tempest-SnapshotsActionsTest-936190051-project-admin] POST http://10.222.0.24/volume/v3/fcdff3fd59674445bf686a3ae74c9b24/snapshots/5ea2b39b-fb95-4bb7-9151-b7c60d1080e5/action
Apr 07 08:17:57.578843 dv-cinder-815659-6-iscsi devstack@c-api.service[110682]: DEBUG cinder.api.openstack.wsgi [None req-d91a3f6a-3319-45c5-8382-e48a4f67e4b8 tempest-SnapshotsActionsTest-936190051 tempest-SnapshotsActionsTest-936190051-project-admin] Action body: b'{"os-reset_status": {"status": "available"}}' {{(pid=110682) get_method /opt/stack/cinder/cinder/api/openstack/wsgi.py:983}}
Apr 07 08:17:57.579165 dv-cinder-815659-6-iscsi devstack@c-api.service[110682]: DEBUG cinder.api.openstack.wsgi [None req-d91a3f6a-3319-45c5-8382-e48a4f67e4b8 tempest-SnapshotsActionsTest-936190051 tempest-SnapshotsActionsTest-936190051-project-admin] Action: 'action', calling method: _reset_status, body: {"os-reset_status": {"status": "available"}} {{(pid=110682) _process_stack /opt/stack/cinder/cinder/api/openstack/wsgi.py:866}}
Apr 07 08:17:57.579959 dv-cinder-815659-6-iscsi devstack@c-api.service[110682]: DEBUG cinder.api.contrib.admin_actions [None req-d91a3f6a-3319-45c5-8382-e48a4f67e4b8 tempest-SnapshotsActionsTest-936190051 tempest-SnapshotsActionsTest-936190051-project-admin] Updating snapshot '5ea2b39b-fb95-4bb7-9151-b7c60d1080e5' with '{'status': 'available'}' {{(pid=110682) _reset_status /opt/stack/cinder/cinder/api/contrib/admin_actions.py:100}}
Apr 07 08:17:57.596768 dv-cinder-815659-6-iscsi devstack@c-api.service[110682]: /usr/local/lib/python3.8/dist-packages/oslo_context/context.py:100: DeprecationWarning: Policy enforcement is depending on the value of is_admin. This key is deprecated. Please update your policy file to use the standard policy values.
Apr 07 08:17:57.596768 dv-cinder-815659-6-iscsi devstack@c-api.service[110682]: warnings.warn('Policy enforcement is depending on the value of '
Apr 07 08:17:57.745562 dv-cinder-815659-6-iscsi devstack@c-api.service[110682]: INFO cinder.api.openstack.wsgi [None req-d91a3f6a-3319-45c5-8382-e48a4f67e4b8 tempest-SnapshotsActionsTest-936190051 tempest-SnapshotsActionsTest-936190051-project-admin] http://10.222.0.24/volume/v3/fcdff3fd59674445bf686a3ae74c9b24/snapshots/5ea2b39b-fb95-4bb7-9151-b7c60d1080e5/action returned with HTTP 202
Apr 07 08:17:57.746216 dv-cinder-815659-6-iscsi devstack@c-api.service[110682]: [pid: 110682|app: 0|req: 167/350] 10.222.0.24 () {60 vars in 1372 bytes} [Thu Apr 7 08:17:57 2022] POST /volume/v3/fcdff3fd59674445bf686a3ae74c9b24/snapshots/5ea2b39b-fb95-4bb7-9151-b7c60d1080e5/action => generated 0 bytes in 173 msecs (HTTP/1.1 202) 7 headers in 289 bytes (2 switches on core 0)
Apr 07 08:17:57.751706 dv-cinder-815659-6-iscsi devstack@c-api.service[110682]: DEBUG cinder.api.middleware.request_id [None req-2406a03a-a390-4f80-844b-80a67636569e None None] RequestId filter calling following filter/app {{(pid=110682) _context_setter /opt/stack/cinder/cinder/api/middleware/request_id.py:62}}
Apr 07 08:17:57.755621 dv-cinder-815659-6-iscsi devstack@c-api.service[110682]: INFO cinder.api.openstack.wsgi [None req-2406a03a-a390-4f80-844b-80a67636569e tempest-SnapshotsActionsTest-1407642053 tempest-SnapshotsActionsTest-1407642053-project] GET http://10.222.0.24/volume/v3/f7e0add3b93145c0b14e8f5311eedf01/snapshots/5ea2b39b-fb95-4bb7-9151-b7c60d1080e5
Apr 07 08:17:57.756059 dv-cinder-815659-6-iscsi devstack@c-api.service[110682]: DEBUG cinder.api.openstack.wsgi [None req-2406a03a-a390-4f80-844b-80a67636569e tempest-SnapshotsActionsTest-1407642053 tempest-SnapshotsActionsTest-1407642053-project] Empty body provided in request {{(pid=110682) get_body /opt/stack/cinder/cinder/api/openstack/wsgi.py:715}}
Apr 07 08:17:57.756512 dv-cinder-815659-6-iscsi devstack@c-api.service[110682]: DEBUG cinder.api.openstack.wsgi [None req-2406a03a-a390-4f80-844b-80a67636569e tempest-SnapshotsActionsTest-1407642053 tempest-SnapshotsActionsTest-1407642053-project] Calling method 'show' {{(pid=110682) _process_stack /opt/stack/cinder/cinder/api/openstack/wsgi.py:868}}
Apr 07 08:17:57.765729 dv-cinder-815659-6-iscsi devstack@c-api.service[110682]: /usr/local/lib/python3.8/dist-packages/oslo_context/context.py:100: DeprecationWarning: Policy enforcement is depending on the value of is_admin. This key is deprecated. Please update your policy file to use the standard policy values.
Apr 07 08:17:57.765729 dv-cinder-815659-6-iscsi devstack@c-api.service[110682]: warnings.warn('Policy enforcement is depending on the value of '
Apr 07 08:17:57.766755 dv-cinder-815659-6-iscsi devstack@c-api.service[110682]: INFO cinder.volume.api [None req-2406a03a-a390-4f80-844b-80a67636569e tempest-SnapshotsActionsTest-1407642053 tempest-SnapshotsActionsTest-1407642053-project] Snapshot retrieved successfully.
Apr 07 08:17:57.768444 dv-cinder-815659-6-iscsi devstack@c-api.service[110682]: INFO cinder.api.openstack.wsgi [None req-2406a03a-a390-4f80-844b-80a67636569e tempest-SnapshotsActionsTest-1407642053 tempest-SnapshotsActionsTest-1407642053-project] http://10.222.0.24/volume/v3/f7e0add3b93145c0b14e8f5311eedf01/snapshots/5ea2b39b-fb95-4bb7-9151-b7c60d1080e5 returned with HTTP 200
Apr 07 08:17:57.769114 dv-cinder-815659-6-iscsi devstack@c-api.service[110682]: [pid: 110682|app: 0|req: 168/351] 10.222.0.24 () {58 vars in 1330 bytes} [Thu Apr 7 08:17:57 2022] GET /volume/v3/f7e0add3b93145c0b14e8f5311eedf01/snapshots/5ea2b39b-fb95-4bb7-9151-b7c60d1080e5 => generated 465 bytes in 18 msecs (HTTP/1.1 200) 7 headers in 285 bytes (2 switches on core 0)
Apr 07 08:17:57.777459 dv-cinder-815659-6-iscsi devstack@c-api.service[110682]: DEBUG cinder.api.middleware.request_id [None req-5375f5d9-bb7c-4c83-a5d3-23c8e0aec7e1 None None] RequestId filter calling following filter/app {{(pid=110682) _context_setter /opt/stack/cinder/cinder/api/middleware/request_id.py:62}}
Apr 07 08:17:57.781228 dv-cinder-815659-6-iscsi devstack@c-api.service[110682]: INFO cinder.api.openstack.wsgi [None req-5375f5d9-bb7c-4c83-a5d3-23c8e0aec7e1 tempest-SnapshotsActionsTest-1407642053 tempest-SnapshotsActionsTest-1407642053-project] DELETE http://10.222.0.24/volume/v3/f7e0add3b93145c0b14e8f5311eedf01/snapshots/9d1f2acf-183b-406c-87ab-68cc0ba5dce9
Apr 07 08:17:57.781889 dv-cinder-815659-6-iscsi devstack@c-api.service[110682]: DEBUG cinder.api.openstack.wsgi [None req-5375f5d9-bb7c-4c83-a5d3-23c8e0aec7e1 tempest-SnapshotsActionsTest-1407642053 tempest-SnapshotsActionsTest-1407642053-project] Empty body provided in request {{(pid=110682) get_body /opt/stack/cinder/cinder/api/openstack/wsgi.py:715}}
Apr 07 08:17:57.782082 dv-cinder-815659-6-iscsi devstack@c-api.service[110682]: DEBUG cinder.api.openstack.wsgi [None req-5375f5d9-bb7c-4c83-a5d3-23c8e0aec7e1 tempest-SnapshotsActionsTest-1407642053 tempest-SnapshotsActionsTest-1407642053-project] Calling method 'delete' {{(pid=110682) _process_stack /opt/stack/cinder/cinder/api/openstack/wsgi.py:868}}
Apr 07 08:17:57.782387 dv-cinder-815659-6-iscsi devstack@c-api.service[110682]: INFO cinder.api.v2.snapshots [None req-5375f5d9-bb7c-4c83-a5d3-23c8e0aec7e1 tempest-SnapshotsActionsTest-1407642053 tempest-SnapshotsActionsTest-1407642053-project] Delete snapshot with id: 9d1f2acf-183b-406c-87ab-68cc0ba5dce9
Apr 07 08:17:57.789428 dv-cinder-815659-6-iscsi devstack@c-api.service[110682]: INFO cinder.api.openstack.wsgi [None req-5375f5d9-bb7c-4c83-a5d3-23c8e0aec7e1 tempest-SnapshotsActionsTest-1407642053 tempest-SnapshotsActionsTest-1407642053-project] http://10.222.0.24/volume/v3/f7e0add3b93145c0b14e8f5311eedf01/snapshots/9d1f2acf-183b-406c-87ab-68cc0ba5dce9 returned with HTTP 404
Apr 07 08:17:57.790238 dv-cinder-815659-6-iscsi devstack@c-api.service[110682]: [pid: 110682|app: 0|req: 169/352] 10.222.0.24 () {58 vars in 1333 bytes} [Thu Apr 7 08:17:57 2022] DELETE /volume/v3/f7e0add3b93145c0b14e8f5311eedf01/snapshots/9d1f2acf-183b-406c-87ab-68cc0ba5dce9 => generated 111 bytes in 14 msecs (HTTP/1.1 404) 7 headers in 292 bytes (2 switches on core 0)
Apr 07 08:17:57.794133 dv-cinder-815659-6-iscsi devstack@c-api.service[110682]: DEBUG cinder.api.middleware.request_id [None req-78ab88f2-b0ba-415f-90ce-3a3b95a56de0 None None] RequestId filter calling following filter/app {{(pid=110682) _context_setter /opt/stack/cinder/cinder/api/middleware/request_id.py:62}}
Apr 07 08:17:57.797777 dv-cinder-815659-6-iscsi devstack@c-api.service[110682]: INFO cinder.api.openstack.wsgi [None req-78ab88f2-b0ba-415f-90ce-3a3b95a56de0 tempest-SnapshotsActionsTest-1407642053 tempest-SnapshotsActionsTest-1407642053-project] DELETE http://10.222.0.24/volume/v3/f7e0add3b93145c0b14e8f5311eedf01/snapshots/788eef80-4041-4bf4-aa3a-39719c18ac52
Apr 07 08:17:57.798201 dv-cinder-815659-6-iscsi devstack@c-api.service[110682]: DEBUG cinder.api.openstack.wsgi [None req-78ab88f2-b0ba-415f-90ce-3a3b95a56de0 tempest-SnapshotsActionsTest-1407642053 tempest-SnapshotsActionsTest-1407642053-project] Empty body provided in request {{(pid=110682) get_body /opt/stack/cinder/cinder/api/openstack/wsgi.py:715}}
Apr 07 08:17:57.798672 dv-cinder-815659-6-iscsi devstack@c-api.service[110682]: DEBUG cinder.api.openstack.wsgi [None req-78ab88f2-b0ba-415f-90ce-3a3b95a56de0 tempest-SnapshotsActionsTest-1407642053 tempest-SnapshotsActionsTest-1407642053-project] Calling method 'delete' {{(pid=110682) _process_stack /opt/stack/cinder/cinder/api/openstack/wsgi.py:868}}
Apr 07 08:17:57.798966 dv-cinder-815659-6-iscsi devstack@c-api.service[110682]: INFO cinder.api.v2.snapshots [None req-78ab88f2-b0ba-415f-90ce-3a3b95a56de0 tempest-SnapshotsActionsTest-1407642053 tempest-SnapshotsActionsTest-1407642053-project] Delete snapshot with id: 788eef80-4041-4bf4-aa3a-39719c18ac52
Apr 07 08:17:57.807144 dv-cinder-815659-6-iscsi devstack@c-api.service[110682]: INFO cinder.api.openstack.wsgi [None req-78ab88f2-b0ba-415f-90ce-3a3b95a56de0 tempest-SnapshotsActionsTest-1407642053 tempest-SnapshotsActionsTest-1407642053-project] http://10.222.0.24/volume/v3/f7e0add3b93145c0b14e8f5311eedf01/snapshots/788eef80-4041-4bf4-aa3a-39719c18ac52 returned with HTTP 404
Apr 07 08:17:57.807988 dv-cinder-815659-6-iscsi devstack@c-api.service[110682]: [pid: 110682|app: 0|req: 170/353] 10.222.0.24 () {58 vars in 1333 bytes} [Thu Apr 7 08:17:57 2022] DELETE /volume/v3/f7e0add3b93145c0b14e8f5311eedf01/snapshots/788eef80-4041-4bf4-aa3a-39719c18ac52 => generated 111 bytes in 15 msecs (HTTP/1.1 404) 7 headers in 292 bytes (2 switches on core 0)
Apr 07 08:17:57.812308 dv-cinder-815659-6-iscsi devstack@c-api.service[110682]: DEBUG cinder.api.middleware.request_id [None req-974dbb92-2a11-4f4e-8f75-247dcc3955d5 None None] RequestId filter calling following filter/app {{(pid=110682) _context_setter /opt/stack/cinder/cinder/api/middleware/request_id.py:62}}
Apr 07 08:17:57.816847 dv-cinder-815659-6-iscsi devstack@c-api.service[110682]: INFO cinder.api.openstack.wsgi [None req-974dbb92-2a11-4f4e-8f75-247dcc3955d5 tempest-SnapshotsActionsTest-1407642053 tempest-SnapshotsActionsTest-1407642053-project] DELETE http://10.222.0.24/volume/v3/f7e0add3b93145c0b14e8f5311eedf01/snapshots/e529af3d-4c68-4fbe-84ee-74eeecde43f4
Apr 07 08:17:57.817299 dv-cinder-815659-6-iscsi devstack@c-api.service[110682]: DEBUG cinder.api.openstack.wsgi [None req-974dbb92-2a11-4f4e-8f75-247dcc3955d5 tempest-SnapshotsActionsTest-1407642053 tempest-SnapshotsActionsTest-1407642053-project] Empty body provided in request {{(pid=110682) get_body /opt/stack/cinder/cinder/api/openstack/wsgi.py:715}}
Apr 07 08:17:57.818000 dv-cinder-815659-6-iscsi devstack@c-api.service[110682]: DEBUG cinder.api.openstack.wsgi [None req-974dbb92-2a11-4f4e-8f75-247dcc3955d5 tempest-SnapshotsActionsTest-1407642053 tempest-SnapshotsActionsTest-1407642053-project] Calling method 'delete' {{(pid=110682) _process_stack /opt/stack/cinder/cinder/api/openstack/wsgi.py:868}}
Apr 07 08:17:57.818295 dv-cinder-815659-6-iscsi devstack@c-api.service[110682]: INFO cinder.api.v2.snapshots [None req-974dbb92-2a11-4f4e-8f75-247dcc3955d5 tempest-SnapshotsActionsTest-1407642053 tempest-SnapshotsActionsTest-1407642053-project] Delete snapshot with id: e529af3d-4c68-4fbe-84ee-74eeecde43f4
Apr 07 08:17:57.827382 dv-cinder-815659-6-iscsi devstack@c-api.service[110682]: INFO cinder.api.openstack.wsgi [None req-974dbb92-2a11-4f4e-8f75-247dcc3955d5 tempest-SnapshotsActionsTest-1407642053 tempest-SnapshotsActionsTest-1407642053-project] http://10.222.0.24/volume/v3/f7e0add3b93145c0b14e8f5311eedf01/snapshots/e529af3d-4c68-4fbe-84ee-74eeecde43f4 returned with HTTP 404
Apr 07 08:17:57.829091 dv-cinder-815659-6-iscsi devstack@c-api.service[110682]: [pid: 110682|app: 0|req: 171/354] 10.222.0.24 () {58 vars in 1333 bytes} [Thu Apr 7 08:17:57 2022] DELETE /volume/v3/f7e0add3b93145c0b14e8f5311eedf01/snapshots/e529af3d-4c68-4fbe-84ee-74eeecde43f4 => generated 111 bytes in 17 msecs (HTTP/1.1 404) 7 headers in 292 bytes (1 switches on core 0)
Apr 07 08:17:57.833717 dv-cinder-815659-6-iscsi devstack@c-api.service[110682]: DEBUG cinder.api.middleware.request_id [None req-4de03145-241a-4a93-9e0b-4c7b8d2e93f7 None None] RequestId filter calling following filter/app {{(pid=110682) _context_setter /opt/stack/cinder/cinder/api/middleware/request_id.py:62}}
Apr 07 08:17:57.835228 dv-cinder-815659-6-iscsi devstack@c-api.service[110681]: DEBUG cinder.volume.api [None req-b9873c84-f05e-4f5e-99c9-b274a823aa4a tempest-VolumesTransfersV355Test-761168496 tempest-VolumesTransfersV355Test-761168496-project] Task 'cinder.volume.flows.api.create_volume.QuotaCommitTask;volume:create' (a1b09aaf-7a0d-4e65-81dd-99004932b649) transitioned into state 'SUCCESS' from state 'RUNNING' with result '{'volume_properties': VolumeProperties(attach_status='detached',availability_zone='nova',cgsnapshot_id=None,consistencygroup_id=None,display_description=None,display_name='tempest-VolumesTransfersV355Test-Volume-537079957',encryption_key_id=None,group_id=None,group_type_id=,metadata={},multiattach=False,project_id='10de4c6737aa45c0aa70372a0a8ce4b1',qos_specs=None,replication_status=,reservations=['980223f4-3696-493a-9e31-ee8d67797450','6e99d5d0-9c2d-4363-adca-73d2156bcd8d','cf2c7805-fc17-455c-9485-80bd1d6575f0','c13f3246-bd7a-4bc3-98f5-543492293f2f'],size=1,snapshot_id=None,source_replicaid=,source_volid=None,status='creating',user_id='3c3218a5b0684adcada465d221dafe7a',volume_type_id=86d37633-192d-4068-bdeb-216fb7da6428)}' {{(pid=110681) _task_receiver /usr/local/lib/python3.8/dist-packages/taskflow/listeners/logging.py:178}}
Apr 07 08:17:57.837204 dv-cinder-815659-6-iscsi devstack@c-api.service[110681]: DEBUG cinder.volume.api [None req-b9873c84-f05e-4f5e-99c9-b274a823aa4a tempest-VolumesTransfersV355Test-761168496 tempest-VolumesTransfersV355Test-761168496-project] Task 'cinder.volume.flows.api.create_volume.VolumeCastTask;volume:create' (17fc7d20-4016-47ea-8177-677e854cd021) transitioned into state 'RUNNING' from state 'PENDING' {{(pid=110681) _task_receiver /usr/local/lib/python3.8/dist-packages/taskflow/listeners/logging.py:190}}
Apr 07 08:17:57.839069 dv-cinder-815659-6-iscsi devstack@c-api.service[110682]: INFO cinder.api.openstack.wsgi [None req-4de03145-241a-4a93-9e0b-4c7b8d2e93f7 tempest-SnapshotsActionsTest-1407642053 tempest-SnapshotsActionsTest-1407642053-project] DELETE http://10.222.0.24/volume/v3/f7e0add3b93145c0b14e8f5311eedf01/snapshots/9d5a4feb-74d3-4e09-a6b1-a1e8fbb2bb79
Apr 07 08:17:57.839069 dv-cinder-815659-6-iscsi devstack@c-api.service[110682]: DEBUG cinder.api.openstack.wsgi [None req-4de03145-241a-4a93-9e0b-4c7b8d2e93f7 tempest-SnapshotsActionsTest-1407642053 tempest-SnapshotsActionsTest-1407642053-project] Empty body provided in request {{(pid=110682) get_body /opt/stack/cinder/cinder/api/openstack/wsgi.py:715}}
Apr 07 08:17:57.839069 dv-cinder-815659-6-iscsi devstack@c-api.service[110682]: DEBUG cinder.api.openstack.wsgi [None req-4de03145-241a-4a93-9e0b-4c7b8d2e93f7 tempest-SnapshotsActionsTest-1407642053 tempest-SnapshotsActionsTest-1407642053-project] Calling method 'delete' {{(pid=110682) _process_stack /opt/stack/cinder/cinder/api/openstack/wsgi.py:868}}
Apr 07 08:17:57.839069 dv-cinder-815659-6-iscsi devstack@c-api.service[110682]: INFO cinder.api.v2.snapshots [None req-4de03145-241a-4a93-9e0b-4c7b8d2e93f7 tempest-SnapshotsActionsTest-1407642053 tempest-SnapshotsActionsTest-1407642053-project] Delete snapshot with id: 9d5a4feb-74d3-4e09-a6b1-a1e8fbb2bb79
Apr 07 08:17:57.847096 dv-cinder-815659-6-iscsi devstack@c-api.service[110682]: INFO cinder.api.openstack.wsgi [None req-4de03145-241a-4a93-9e0b-4c7b8d2e93f7 tempest-SnapshotsActionsTest-1407642053 tempest-SnapshotsActionsTest-1407642053-project] http://10.222.0.24/volume/v3/f7e0add3b93145c0b14e8f5311eedf01/snapshots/9d5a4feb-74d3-4e09-a6b1-a1e8fbb2bb79 returned with HTTP 404
Apr 07 08:17:57.848014 dv-cinder-815659-6-iscsi devstack@c-api.service[110682]: [pid: 110682|app: 0|req: 172/355] 10.222.0.24 () {58 vars in 1333 bytes} [Thu Apr 7 08:17:57 2022] DELETE /volume/v3/f7e0add3b93145c0b14e8f5311eedf01/snapshots/9d5a4feb-74d3-4e09-a6b1-a1e8fbb2bb79 => generated 111 bytes in 15 msecs (HTTP/1.1 404) 7 headers in 292 bytes (2 switches on core 0)
Apr 07 08:17:57.852757 dv-cinder-815659-6-iscsi devstack@c-api.service[110682]: DEBUG cinder.api.middleware.request_id [None req-14db2c27-d783-4bc3-b9be-29682ff8470d None None] RequestId filter calling following filter/app {{(pid=110682) _context_setter /opt/stack/cinder/cinder/api/middleware/request_id.py:62}}
Apr 07 08:17:57.857579 dv-cinder-815659-6-iscsi devstack@c-api.service[110682]: INFO cinder.api.openstack.wsgi [None req-14db2c27-d783-4bc3-b9be-29682ff8470d tempest-SnapshotsActionsTest-1407642053 tempest-SnapshotsActionsTest-1407642053-project] DELETE http://10.222.0.24/volume/v3/f7e0add3b93145c0b14e8f5311eedf01/snapshots/5ea2b39b-fb95-4bb7-9151-b7c60d1080e5
Apr 07 08:17:57.858098 dv-cinder-815659-6-iscsi devstack@c-api.service[110682]: DEBUG cinder.api.openstack.wsgi [None req-14db2c27-d783-4bc3-b9be-29682ff8470d tempest-SnapshotsActionsTest-1407642053 tempest-SnapshotsActionsTest-1407642053-project] Empty body provided in request {{(pid=110682) get_body /opt/stack/cinder/cinder/api/openstack/wsgi.py:715}}
Apr 07 08:17:57.858575 dv-cinder-815659-6-iscsi devstack@c-api.service[110682]: DEBUG cinder.api.openstack.wsgi [None req-14db2c27-d783-4bc3-b9be-29682ff8470d tempest-SnapshotsActionsTest-1407642053 tempest-SnapshotsActionsTest-1407642053-project] Calling method 'delete' {{(pid=110682) _process_stack /opt/stack/cinder/cinder/api/openstack/wsgi.py:868}}
Apr 07 08:17:57.858877 dv-cinder-815659-6-iscsi devstack@c-api.service[110682]: INFO cinder.api.v2.snapshots [None req-14db2c27-d783-4bc3-b9be-29682ff8470d tempest-SnapshotsActionsTest-1407642053 tempest-SnapshotsActionsTest-1407642053-project] Delete snapshot with id: 5ea2b39b-fb95-4bb7-9151-b7c60d1080e5
Apr 07 08:17:57.868549 dv-cinder-815659-6-iscsi devstack@c-api.service[110682]: /usr/local/lib/python3.8/dist-packages/oslo_context/context.py:100: DeprecationWarning: Policy enforcement is depending on the value of is_admin. This key is deprecated. Please update your policy file to use the standard policy values.
Apr 07 08:17:57.868549 dv-cinder-815659-6-iscsi devstack@c-api.service[110682]: warnings.warn('Policy enforcement is depending on the value of '
Apr 07 08:17:57.869484 dv-cinder-815659-6-iscsi devstack@c-api.service[110682]: INFO cinder.volume.api [None req-14db2c27-d783-4bc3-b9be-29682ff8470d tempest-SnapshotsActionsTest-1407642053 tempest-SnapshotsActionsTest-1407642053-project] Snapshot retrieved successfully.
Apr 07 08:17:57.958339 dv-cinder-815659-6-iscsi devstack@c-api.service[110681]: DEBUG cinder.volume.api [None req-b9873c84-f05e-4f5e-99c9-b274a823aa4a tempest-VolumesTransfersV355Test-761168496 tempest-VolumesTransfersV355Test-761168496-project] Task 'cinder.volume.flows.api.create_volume.VolumeCastTask;volume:create' (17fc7d20-4016-47ea-8177-677e854cd021) transitioned into state 'SUCCESS' from state 'RUNNING' with result 'None' {{(pid=110681) _task_receiver /usr/local/lib/python3.8/dist-packages/taskflow/listeners/logging.py:178}}
Apr 07 08:17:57.964409 dv-cinder-815659-6-iscsi devstack@c-api.service[110681]: DEBUG cinder.volume.api [None req-b9873c84-f05e-4f5e-99c9-b274a823aa4a tempest-VolumesTransfersV355Test-761168496 tempest-VolumesTransfersV355Test-761168496-project] Flow 'volume_create_api' (e381ac0e-47cb-47de-9d3a-f0ffa84badc0) transitioned into state 'SUCCESS' from state 'RUNNING' {{(pid=110681) _flow_receiver /usr/local/lib/python3.8/dist-packages/taskflow/listeners/logging.py:141}}
Apr 07 08:17:57.965358 dv-cinder-815659-6-iscsi devstack@c-api.service[110681]: INFO cinder.volume.api [None req-b9873c84-f05e-4f5e-99c9-b274a823aa4a tempest-VolumesTransfersV355Test-761168496 tempest-VolumesTransfersV355Test-761168496-project] Create volume request issued successfully.
Apr 07 08:17:57.977951 dv-cinder-815659-6-iscsi devstack@c-api.service[110681]: INFO cinder.api.openstack.wsgi [None req-b9873c84-f05e-4f5e-99c9-b274a823aa4a tempest-VolumesTransfersV355Test-761168496 tempest-VolumesTransfersV355Test-761168496-project] http://10.222.0.24/volume/v3/10de4c6737aa45c0aa70372a0a8ce4b1/volumes returned with HTTP 202
Apr 07 08:17:57.978860 dv-cinder-815659-6-iscsi devstack@c-api.service[110681]: [pid: 110681|app: 0|req: 184/356] 10.222.0.24 () {62 vars in 1275 bytes} [Thu Apr 7 08:17:57 2022] POST /volume/v3/10de4c6737aa45c0aa70372a0a8ce4b1/volumes => generated 887 bytes in 829 msecs (HTTP/1.1 202) 7 headers in 292 bytes (1 switches on core 0)
Apr 07 08:17:57.989824 dv-cinder-815659-6-iscsi devstack@c-api.service[110682]: INFO cinder.volume.api [None req-14db2c27-d783-4bc3-b9be-29682ff8470d tempest-SnapshotsActionsTest-1407642053 tempest-SnapshotsActionsTest-1407642053-project] Snapshot delete request issued successfully.
Apr 07 08:17:57.990275 dv-cinder-815659-6-iscsi devstack@c-api.service[110682]: INFO cinder.api.openstack.wsgi [None req-14db2c27-d783-4bc3-b9be-29682ff8470d tempest-SnapshotsActionsTest-1407642053 tempest-SnapshotsActionsTest-1407642053-project] http://10.222.0.24/volume/v3/f7e0add3b93145c0b14e8f5311eedf01/snapshots/5ea2b39b-fb95-4bb7-9151-b7c60d1080e5 returned with HTTP 202
Apr 07 08:17:57.991176 dv-cinder-815659-6-iscsi devstack@c-api.service[110681]: DEBUG cinder.api.middleware.request_id [None req-64e96167-34f2-4106-b3c1-e34f4ad5672c None None] RequestId filter calling following filter/app {{(pid=110681) _context_setter /opt/stack/cinder/cinder/api/middleware/request_id.py:62}}
Apr 07 08:17:57.994860 dv-cinder-815659-6-iscsi devstack@c-api.service[110682]: [pid: 110682|app: 0|req: 173/357] 10.222.0.24 () {58 vars in 1333 bytes} [Thu Apr 7 08:17:57 2022] DELETE /volume/v3/f7e0add3b93145c0b14e8f5311eedf01/snapshots/5ea2b39b-fb95-4bb7-9151-b7c60d1080e5 => generated 0 bytes in 143 msecs (HTTP/1.1 202) 6 headers in 233 bytes (2 switches on core 0)
Apr 07 08:17:57.996333 dv-cinder-815659-6-iscsi devstack@c-api.service[110682]: DEBUG cinder.api.middleware.request_id [None req-e46e6a9f-0164-4347-8191-83308c8c89a2 None None] RequestId filter calling following filter/app {{(pid=110682) _context_setter /opt/stack/cinder/cinder/api/middleware/request_id.py:62}}
Apr 07 08:17:57.996453 dv-cinder-815659-6-iscsi devstack@c-api.service[110681]: INFO cinder.api.openstack.wsgi [None req-64e96167-34f2-4106-b3c1-e34f4ad5672c tempest-VolumesTransfersV355Test-761168496 tempest-VolumesTransfersV355Test-761168496-project] GET http://10.222.0.24/volume/v3/10de4c6737aa45c0aa70372a0a8ce4b1/volumes/308b7f3b-0763-4a12-8337-fa41488b9d8c
Apr 07 08:17:57.996820 dv-cinder-815659-6-iscsi devstack@c-api.service[110681]: DEBUG cinder.api.openstack.wsgi [None req-64e96167-34f2-4106-b3c1-e34f4ad5672c tempest-VolumesTransfersV355Test-761168496 tempest-VolumesTransfersV355Test-761168496-project] Empty body provided in request {{(pid=110681) get_body /opt/stack/cinder/cinder/api/openstack/wsgi.py:715}}
Apr 07 08:17:57.997280 dv-cinder-815659-6-iscsi devstack@c-api.service[110681]: DEBUG cinder.api.openstack.wsgi [None req-64e96167-34f2-4106-b3c1-e34f4ad5672c tempest-VolumesTransfersV355Test-761168496 tempest-VolumesTransfersV355Test-761168496-project] Calling method 'show' {{(pid=110681) _process_stack /opt/stack/cinder/cinder/api/openstack/wsgi.py:868}}
Apr 07 08:17:58.001968 dv-cinder-815659-6-iscsi devstack@c-api.service[110682]: INFO cinder.api.openstack.wsgi [None req-e46e6a9f-0164-4347-8191-83308c8c89a2 tempest-SnapshotsActionsTest-1407642053 tempest-SnapshotsActionsTest-1407642053-project] GET http://10.222.0.24/volume/v3/f7e0add3b93145c0b14e8f5311eedf01/snapshots/5ea2b39b-fb95-4bb7-9151-b7c60d1080e5
Apr 07 08:17:58.002419 dv-cinder-815659-6-iscsi devstack@c-api.service[110682]: DEBUG cinder.api.openstack.wsgi [None req-e46e6a9f-0164-4347-8191-83308c8c89a2 tempest-SnapshotsActionsTest-1407642053 tempest-SnapshotsActionsTest-1407642053-project] Empty body provided in request {{(pid=110682) get_body /opt/stack/cinder/cinder/api/openstack/wsgi.py:715}}
Apr 07 08:17:58.002925 dv-cinder-815659-6-iscsi devstack@c-api.service[110682]: DEBUG cinder.api.openstack.wsgi [None req-e46e6a9f-0164-4347-8191-83308c8c89a2 tempest-SnapshotsActionsTest-1407642053 tempest-SnapshotsActionsTest-1407642053-project] Calling method 'show' {{(pid=110682) _process_stack /opt/stack/cinder/cinder/api/openstack/wsgi.py:868}}
Apr 07 08:17:58.014052 dv-cinder-815659-6-iscsi devstack@c-api.service[110682]: /usr/local/lib/python3.8/dist-packages/oslo_context/context.py:100: DeprecationWarning: Policy enforcement is depending on the value of is_admin. This key is deprecated. Please update your policy file to use the standard policy values.
Apr 07 08:17:58.014052 dv-cinder-815659-6-iscsi devstack@c-api.service[110682]: warnings.warn('Policy enforcement is depending on the value of '
Apr 07 08:17:58.016880 dv-cinder-815659-6-iscsi devstack@c-api.service[110682]: INFO cinder.volume.api [None req-e46e6a9f-0164-4347-8191-83308c8c89a2 tempest-SnapshotsActionsTest-1407642053 tempest-SnapshotsActionsTest-1407642053-project] Snapshot retrieved successfully.
Apr 07 08:17:58.017052 dv-cinder-815659-6-iscsi devstack@c-api.service[110681]: /usr/local/lib/python3.8/dist-packages/oslo_context/context.py:100: DeprecationWarning: Policy enforcement is depending on the value of is_admin. This key is deprecated. Please update your policy file to use the standard policy values.
Apr 07 08:17:58.017052 dv-cinder-815659-6-iscsi devstack@c-api.service[110681]: warnings.warn('Policy enforcement is depending on the value of '
Apr 07 08:17:58.017234 dv-cinder-815659-6-iscsi devstack@c-api.service[110682]: INFO cinder.api.openstack.wsgi [None req-e46e6a9f-0164-4347-8191-83308c8c89a2 tempest-SnapshotsActionsTest-1407642053 tempest-SnapshotsActionsTest-1407642053-project] http://10.222.0.24/volume/v3/f7e0add3b93145c0b14e8f5311eedf01/snapshots/5ea2b39b-fb95-4bb7-9151-b7c60d1080e5 returned with HTTP 200
Apr 07 08:17:58.022558 dv-cinder-815659-6-iscsi devstack@c-api.service[110682]: [pid: 110682|app: 0|req: 174/358] 10.222.0.24 () {58 vars in 1330 bytes} [Thu Apr 7 08:17:57 2022] GET /volume/v3/f7e0add3b93145c0b14e8f5311eedf01/snapshots/5ea2b39b-fb95-4bb7-9151-b7c60d1080e5 => generated 464 bytes in 27 msecs (HTTP/1.1 200) 7 headers in 285 bytes (1 switches on core 0)
Apr 07 08:17:58.026709 dv-cinder-815659-6-iscsi devstack@c-api.service[110681]: INFO cinder.volume.api [None req-64e96167-34f2-4106-b3c1-e34f4ad5672c tempest-VolumesTransfersV355Test-761168496 tempest-VolumesTransfersV355Test-761168496-project] Volume info retrieved successfully.
Apr 07 08:17:58.041753 dv-cinder-815659-6-iscsi devstack@c-api.service[110681]: INFO cinder.api.openstack.wsgi [None req-64e96167-34f2-4106-b3c1-e34f4ad5672c tempest-VolumesTransfersV355Test-761168496 tempest-VolumesTransfersV355Test-761168496-project] http://10.222.0.24/volume/v3/10de4c6737aa45c0aa70372a0a8ce4b1/volumes/308b7f3b-0763-4a12-8337-fa41488b9d8c returned with HTTP 200
