Jan 14 12:33:20.327952 dv-cinder-815614-7-smb devstack@c-api.service[109566]: /usr/local/lib/python3.8/dist-packages/oslo_context/context.py:105: DeprecationWarning: Policy enforcement is depending on the value of is_admin. This key is deprecated. Please update your policy file to use the standard policy values.
Jan 14 12:33:20.327952 dv-cinder-815614-7-smb devstack@c-api.service[109566]: warnings.warn('Policy enforcement is depending on the value of '
Jan 14 12:33:20.334084 dv-cinder-815614-7-smb devstack@c-api.service[109567]: WARNING cinder.quota [None req-98521d57-4447-4c4e-9fbd-f1baa17b786b tempest-VolumeQuotasAdminTestJSON-888206580 tempest-VolumeQuotasAdminTestJSON-888206580-project-admin] Deprecated: Default quota for resource: volumes_tempest-GroupsV320Test-volume-type-2128412464 is set by the default quota flag: quota_volumes_tempest-GroupsV320Test-volume-type-2128412464, it is now deprecated. Please use the default quota class for default quota.
Jan 14 12:33:20.334970 dv-cinder-815614-7-smb devstack@c-api.service[109567]: WARNING cinder.quota [None req-98521d57-4447-4c4e-9fbd-f1baa17b786b tempest-VolumeQuotasAdminTestJSON-888206580 tempest-VolumeQuotasAdminTestJSON-888206580-project-admin] Deprecated: Default quota for resource: gigabytes_tempest-GroupsV320Test-volume-type-2128412464 is set by the default quota flag: quota_gigabytes_tempest-GroupsV320Test-volume-type-2128412464, it is now deprecated. Please use the default quota class for default quota.
Jan 14 12:33:20.336675 dv-cinder-815614-7-smb devstack@c-api.service[109567]: WARNING cinder.quota [None req-98521d57-4447-4c4e-9fbd-f1baa17b786b tempest-VolumeQuotasAdminTestJSON-888206580 tempest-VolumeQuotasAdminTestJSON-888206580-project-admin] Deprecated: Default quota for resource: snapshots_tempest-GroupsV320Test-volume-type-2128412464 is set by the default quota flag: quota_snapshots_tempest-GroupsV320Test-volume-type-2128412464, it is now deprecated. Please use the default quota class for default quota.
Jan 14 12:33:20.337607 dv-cinder-815614-7-smb devstack@c-api.service[109566]: INFO cinder.api.openstack.wsgi [None req-d74b1fbd-b2df-4336-ac42-210af2e6b90d tempest-GroupsV320Test-2035811991 tempest-GroupsV320Test-2035811991-project-admin] http://10.222.0.20/volume/v3/9131e387c3684a308b359efabb24134c/groups/19a4e48f-c660-4e3e-bacb-b57c5c265077/action returned with HTTP 202
Jan 14 12:33:20.339103 dv-cinder-815614-7-smb devstack@c-api.service[109566]: [pid: 109566|app: 0|req: 191/350] 10.222.0.20 () {62 vars in 1404 bytes} [Fri Jan 14 12:33:20 2022] POST /volume/v3/9131e387c3684a308b359efabb24134c/groups/19a4e48f-c660-4e3e-bacb-b57c5c265077/action => generated 0 bytes in 26 msecs (HTTP/1.1 202) 6 headers in 234 bytes (1 switches on core 0)
Jan 14 12:33:20.343130 dv-cinder-815614-7-smb devstack@c-api.service[109566]: INFO cinder.api.openstack.wsgi [None req-80775e0b-cef0-414d-8649-b5fe2721faee tempest-GroupSnapshotsTest-743697166 tempest-GroupSnapshotsTest-743697166-project] DELETE http://10.222.0.20/volume/v3/697a139a8e3142fbaf1c73508a475419/group_snapshots/70e7c0e3-5cc3-40aa-a43b-9126498eecd3
Jan 14 12:33:20.343619 dv-cinder-815614-7-smb devstack@c-api.service[109566]: DEBUG cinder.api.openstack.wsgi [None req-80775e0b-cef0-414d-8649-b5fe2721faee tempest-GroupSnapshotsTest-743697166 tempest-GroupSnapshotsTest-743697166-project] Empty body provided in request {{(pid=109566) get_body /opt/stack/cinder/cinder/api/openstack/wsgi.py:715}}
Jan 14 12:33:20.344083 dv-cinder-815614-7-smb devstack@c-api.service[109566]: DEBUG cinder.api.openstack.wsgi [None req-80775e0b-cef0-414d-8649-b5fe2721faee tempest-GroupSnapshotsTest-743697166 tempest-GroupSnapshotsTest-743697166-project] Calling method 'version_select' {{(pid=109566) _process_stack /opt/stack/cinder/cinder/api/openstack/wsgi.py:868}}
Jan 14 12:33:20.344422 dv-cinder-815614-7-smb devstack@c-api.service[109566]: DEBUG cinder.api.v3.group_snapshots [None req-80775e0b-cef0-414d-8649-b5fe2721faee tempest-GroupSnapshotsTest-743697166 tempest-GroupSnapshotsTest-743697166-project] delete called for member 70e7c0e3-5cc3-40aa-a43b-9126498eecd3 {{(pid=109566) delete /opt/stack/cinder/cinder/api/v3/group_snapshots.py:72}}
Jan 14 12:33:20.344752 dv-cinder-815614-7-smb devstack@c-api.service[109566]: INFO cinder.api.v3.group_snapshots [None req-80775e0b-cef0-414d-8649-b5fe2721faee tempest-GroupSnapshotsTest-743697166 tempest-GroupSnapshotsTest-743697166-project] Delete group_snapshot with id: 70e7c0e3-5cc3-40aa-a43b-9126498eecd3
Jan 14 12:33:20.349229 dv-cinder-815614-7-smb devstack@c-api.service[109566]: INFO cinder.api.openstack.wsgi [None req-80775e0b-cef0-414d-8649-b5fe2721faee tempest-GroupSnapshotsTest-743697166 tempest-GroupSnapshotsTest-743697166-project] http://10.222.0.20/volume/v3/697a139a8e3142fbaf1c73508a475419/group_snapshots/70e7c0e3-5cc3-40aa-a43b-9126498eecd3 returned with HTTP 404
Jan 14 12:33:20.350067 dv-cinder-815614-7-smb devstack@c-api.service[109566]: [pid: 109566|app: 0|req: 192/351] 10.222.0.20 () {60 vars in 1392 bytes} [Fri Jan 14 12:33:20 2022] DELETE /volume/v3/697a139a8e3142fbaf1c73508a475419/group_snapshots/70e7c0e3-5cc3-40aa-a43b-9126498eecd3 => generated 116 bytes in 10 msecs (HTTP/1.1 404) 7 headers in 293 bytes (1 switches on core 0)
Jan 14 12:33:20.353826 dv-cinder-815614-7-smb devstack@c-api.service[109566]: INFO cinder.api.openstack.wsgi [None req-b7396a2a-d8da-43cd-8881-f87a17406356 tempest-VolumesDeleteCascade-473415989 tempest-VolumesDeleteCascade-473415989-project] GET http://10.222.0.20/volume/v3/a2db6a8e7044469d8911167ae02866c4/snapshots/6c198bd6-c023-40fa-9b51-ff72ea74a773
Jan 14 12:33:20.354274 dv-cinder-815614-7-smb devstack@c-api.service[109566]: DEBUG cinder.api.openstack.wsgi [None req-b7396a2a-d8da-43cd-8881-f87a17406356 tempest-VolumesDeleteCascade-473415989 tempest-VolumesDeleteCascade-473415989-project] Empty body provided in request {{(pid=109566) get_body /opt/stack/cinder/cinder/api/openstack/wsgi.py:715}}
Jan 14 12:33:20.354481 dv-cinder-815614-7-smb devstack@c-api.service[109567]: INFO cinder.api.openstack.wsgi [None req-98521d57-4447-4c4e-9fbd-f1baa17b786b tempest-VolumeQuotasAdminTestJSON-888206580 tempest-VolumeQuotasAdminTestJSON-888206580-project-admin] http://10.222.0.20/volume/v3/5b3cf45b87784710ac898e20a5d759bd/os-quota-sets/26650f6c5e11451ab69bd34ddcf38962?usage=True returned with HTTP 200
Jan 14 12:33:20.354712 dv-cinder-815614-7-smb devstack@c-api.service[109566]: DEBUG cinder.api.openstack.wsgi [None req-b7396a2a-d8da-43cd-8881-f87a17406356 tempest-VolumesDeleteCascade-473415989 tempest-VolumesDeleteCascade-473415989-project] Calling method 'show' {{(pid=109566) _process_stack /opt/stack/cinder/cinder/api/openstack/wsgi.py:868}}
Jan 14 12:33:20.355225 dv-cinder-815614-7-smb devstack@c-api.service[109567]: [pid: 109567|app: 0|req: 160/352] 10.222.0.20 () {58 vars in 1351 bytes} [Fri Jan 14 12:33:20 2022] GET /volume/v3/5b3cf45b87784710ac898e20a5d759bd/os-quota-sets/26650f6c5e11451ab69bd34ddcf38962?usage=True => generated 2114 bytes in 54 msecs (HTTP/1.1 200) 7 headers in 286 bytes (1 switches on core 0)
Jan 14 12:33:20.359466 dv-cinder-815614-7-smb devstack@c-api.service[109567]: INFO cinder.api.openstack.wsgi [None req-77bba724-5dcd-4e14-9e8c-9214a0b781d7 tempest-GroupsV320Test-1407037882 tempest-GroupsV320Test-1407037882-project] GET http://10.222.0.20/volume/v3/8430af227b174f29b6b20edf62dfff29/groups/19a4e48f-c660-4e3e-bacb-b57c5c265077
Jan 14 12:33:20.360023 dv-cinder-815614-7-smb devstack@c-api.service[109567]: DEBUG cinder.api.openstack.wsgi [None req-77bba724-5dcd-4e14-9e8c-9214a0b781d7 tempest-GroupsV320Test-1407037882 tempest-GroupsV320Test-1407037882-project] Empty body provided in request {{(pid=109567) get_body /opt/stack/cinder/cinder/api/openstack/wsgi.py:715}}
Jan 14 12:33:20.360465 dv-cinder-815614-7-smb devstack@c-api.service[109567]: DEBUG cinder.api.openstack.wsgi [None req-77bba724-5dcd-4e14-9e8c-9214a0b781d7 tempest-GroupsV320Test-1407037882 tempest-GroupsV320Test-1407037882-project] Calling method 'version_select' {{(pid=109567) _process_stack /opt/stack/cinder/cinder/api/openstack/wsgi.py:868}}
Jan 14 12:33:20.360837 dv-cinder-815614-7-smb devstack@c-api.service[109567]: DEBUG cinder.api.v3.groups [None req-77bba724-5dcd-4e14-9e8c-9214a0b781d7 tempest-GroupsV320Test-1407037882 tempest-GroupsV320Test-1407037882-project] show called for member 19a4e48f-c660-4e3e-bacb-b57c5c265077 {{(pid=109567) show /opt/stack/cinder/cinder/api/v3/groups.py:58}}
Jan 14 12:33:20.363416 dv-cinder-815614-7-smb devstack@c-api.service[109566]: /usr/local/lib/python3.8/dist-packages/oslo_context/context.py:105: DeprecationWarning: Policy enforcement is depending on the value of is_admin. This key is deprecated. Please update your policy file to use the standard policy values.
Jan 14 12:33:20.363416 dv-cinder-815614-7-smb devstack@c-api.service[109566]: warnings.warn('Policy enforcement is depending on the value of '
Jan 14 12:33:20.364370 dv-cinder-815614-7-smb devstack@c-api.service[109566]: INFO cinder.volume.api [None req-b7396a2a-d8da-43cd-8881-f87a17406356 tempest-VolumesDeleteCascade-473415989 tempest-VolumesDeleteCascade-473415989-project] Snapshot retrieved successfully.
Jan 14 12:33:20.366144 dv-cinder-815614-7-smb devstack@c-api.service[109566]: INFO cinder.api.openstack.wsgi [None req-b7396a2a-d8da-43cd-8881-f87a17406356 tempest-VolumesDeleteCascade-473415989 tempest-VolumesDeleteCascade-473415989-project] http://10.222.0.20/volume/v3/a2db6a8e7044469d8911167ae02866c4/snapshots/6c198bd6-c023-40fa-9b51-ff72ea74a773 returned with HTTP 200
Jan 14 12:33:20.371399 dv-cinder-815614-7-smb devstack@c-api.service[109566]: [pid: 109566|app: 0|req: 193/353] 10.222.0.20 () {58 vars in 1330 bytes} [Fri Jan 14 12:33:20 2022] GET /volume/v3/a2db6a8e7044469d8911167ae02866c4/snapshots/6c198bd6-c023-40fa-9b51-ff72ea74a773 => generated 439 bytes in 16 msecs (HTTP/1.1 200) 7 headers in 285 bytes (1 switches on core 0)
Jan 14 12:33:20.371596 dv-cinder-815614-7-smb devstack@c-api.service[109567]: /usr/local/lib/python3.8/dist-packages/oslo_context/context.py:105: DeprecationWarning: Policy enforcement is depending on the value of is_admin. This key is deprecated. Please update your policy file to use the standard policy values.
Jan 14 12:33:20.371596 dv-cinder-815614-7-smb devstack@c-api.service[109567]: warnings.warn('Policy enforcement is depending on the value of '
Jan 14 12:33:20.371751 dv-cinder-815614-7-smb devstack@c-api.service[109566]: INFO cinder.api.openstack.wsgi [None req-f22c7283-48cf-4d45-8e27-873c9bf56f38 tempest-GroupSnapshotsTest-743697166 tempest-GroupSnapshotsTest-743697166-project] GET http://10.222.0.20/volume/v3/697a139a8e3142fbaf1c73508a475419/volumes/detail
Jan 14 12:33:20.371751 dv-cinder-815614-7-smb devstack@c-api.service[109566]: DEBUG cinder.api.openstack.wsgi [None req-f22c7283-48cf-4d45-8e27-873c9bf56f38 tempest-GroupSnapshotsTest-743697166 tempest-GroupSnapshotsTest-743697166-project] Empty body provided in request {{(pid=109566) get_body /opt/stack/cinder/cinder/api/openstack/wsgi.py:715}}
Jan 14 12:33:20.371751 dv-cinder-815614-7-smb devstack@c-api.service[109566]: DEBUG cinder.api.openstack.wsgi [None req-f22c7283-48cf-4d45-8e27-873c9bf56f38 tempest-GroupSnapshotsTest-743697166 tempest-GroupSnapshotsTest-743697166-project] Calling method 'detail' {{(pid=109566) _process_stack /opt/stack/cinder/cinder/api/openstack/wsgi.py:868}}
Jan 14 12:33:20.372276 dv-cinder-815614-7-smb devstack@c-api.service[109566]: DEBUG cinder.api.api_utils [None req-f22c7283-48cf-4d45-8e27-873c9bf56f38 tempest-GroupSnapshotsTest-743697166 tempest-GroupSnapshotsTest-743697166-project] Removing options '' from query. {{(pid=109566) remove_invalid_filter_options /opt/stack/cinder/cinder/api/api_utils.py:73}}
Jan 14 12:33:20.373873 dv-cinder-815614-7-smb devstack@c-api.service[109566]: DEBUG cinder.volume.api [None req-f22c7283-48cf-4d45-8e27-873c9bf56f38 tempest-GroupSnapshotsTest-743697166 tempest-GroupSnapshotsTest-743697166-project] Searching by: MultiDict([('no_migration_targets', True)]). {{(pid=109566) get_all /opt/stack/cinder/cinder/volume/api.py:661}}
Jan 14 12:33:20.382212 dv-cinder-815614-7-smb devstack@c-api.service[109567]: INFO cinder.api.openstack.wsgi [None req-77bba724-5dcd-4e14-9e8c-9214a0b781d7 tempest-GroupsV320Test-1407037882 tempest-GroupsV320Test-1407037882-project] http://10.222.0.20/volume/v3/8430af227b174f29b6b20edf62dfff29/groups/19a4e48f-c660-4e3e-bacb-b57c5c265077 returned with HTTP 200
Jan 14 12:33:20.384024 dv-cinder-815614-7-smb devstack@c-api.service[109567]: [pid: 109567|app: 0|req: 161/354] 10.222.0.20 () {60 vars in 1362 bytes} [Fri Jan 14 12:33:20 2022] GET /volume/v3/8430af227b174f29b6b20edf62dfff29/groups/19a4e48f-c660-4e3e-bacb-b57c5c265077 => generated 389 bytes in 27 msecs (HTTP/1.1 200) 7 headers in 286 bytes (1 switches on core 0)
Jan 14 12:33:20.389094 dv-cinder-815614-7-smb devstack@c-api.service[109567]: INFO cinder.api.openstack.wsgi [None req-f385bb22-97be-4440-8840-a77c967bb579 tempest-VolumeQuotasAdminTestJSON-888206580 tempest-VolumeQuotasAdminTestJSON-888206580-project-admin] GET http://10.222.0.20/volume/v3/5b3cf45b87784710ac898e20a5d759bd/os-quota-sets/944152b992ca487f9488dad3c059e689?usage=True
Jan 14 12:33:20.389548 dv-cinder-815614-7-smb devstack@c-api.service[109567]: DEBUG cinder.api.openstack.wsgi [None req-f385bb22-97be-4440-8840-a77c967bb579 tempest-VolumeQuotasAdminTestJSON-888206580 tempest-VolumeQuotasAdminTestJSON-888206580-project-admin] Empty body provided in request {{(pid=109567) get_body /opt/stack/cinder/cinder/api/openstack/wsgi.py:715}}
Jan 14 12:33:20.390002 dv-cinder-815614-7-smb devstack@c-api.service[109567]: DEBUG cinder.api.openstack.wsgi [None req-f385bb22-97be-4440-8840-a77c967bb579 tempest-VolumeQuotasAdminTestJSON-888206580 tempest-VolumeQuotasAdminTestJSON-888206580-project-admin] Calling method 'show' {{(pid=109567) _process_stack /opt/stack/cinder/cinder/api/openstack/wsgi.py:868}}
Jan 14 12:33:20.392676 dv-cinder-815614-7-smb devstack@c-api.service[109567]: /usr/local/lib/python3.8/dist-packages/oslo_context/context.py:105: DeprecationWarning: Policy enforcement is depending on the value of is_admin. This key is deprecated. Please update your policy file to use the standard policy values.
Jan 14 12:33:20.392676 dv-cinder-815614-7-smb devstack@c-api.service[109567]: warnings.warn('Policy enforcement is depending on the value of '
Jan 14 12:33:20.429714 dv-cinder-815614-7-smb devstack@c-api.service[109567]: INFO cinder.api.openstack.wsgi [None req-f385bb22-97be-4440-8840-a77c967bb579 tempest-VolumeQuotasAdminTestJSON-888206580 tempest-VolumeQuotasAdminTestJSON-888206580-project-admin] http://10.222.0.20/volume/v3/5b3cf45b87784710ac898e20a5d759bd/os-quota-sets/944152b992ca487f9488dad3c059e689?usage=True returned with HTTP 200
Jan 14 12:33:20.430272 dv-cinder-815614-7-smb devstack@c-api.service[109566]: INFO cinder.volume.api [None req-f22c7283-48cf-4d45-8e27-873c9bf56f38 tempest-GroupSnapshotsTest-743697166 tempest-GroupSnapshotsTest-743697166-project] Get all volumes completed successfully.
Jan 14 12:33:20.431133 dv-cinder-815614-7-smb devstack@c-api.service[109567]: [pid: 109567|app: 0|req: 162/355] 10.222.0.20 () {58 vars in 1351 bytes} [Fri Jan 14 12:33:20 2022] GET /volume/v3/5b3cf45b87784710ac898e20a5d759bd/os-quota-sets/944152b992ca487f9488dad3c059e689?usage=True => generated 2114 bytes in 47 msecs (HTTP/1.1 200) 7 headers in 286 bytes (1 switches on core 0)
Jan 14 12:33:20.431838 dv-cinder-815614-7-smb devstack@c-api.service[109566]: WARNING stevedore.named [None req-f22c7283-48cf-4d45-8e27-873c9bf56f38 tempest-GroupSnapshotsTest-743697166 tempest-GroupSnapshotsTest-743697166-project] Could not load cinder.keymgr.conf_key_mgr.ConfKeyManager
Jan 14 12:33:20.432340 dv-cinder-815614-7-smb devstack@c-api.service[109566]: WARNING castellan.key_manager [None req-f22c7283-48cf-4d45-8e27-873c9bf56f38 tempest-GroupSnapshotsTest-743697166 tempest-GroupSnapshotsTest-743697166-project] Deprecation Warning : cinder.keymgr.conf_key_mgr.ConfKeyManager is not a stevedore based driver, trying to load it as a class: stevedore.exception.NoMatches: No 'castellan.drivers' driver found, looking for 'cinder.keymgr.conf_key_mgr.ConfKeyManager'
Jan 14 12:33:20.441503 dv-cinder-815614-7-smb devstack@c-api.service[109567]: INFO cinder.api.openstack.wsgi [None req-089e767f-6c2b-46e0-a6b5-92fbcbb20785 tempest-GroupsV320Test-2035811991 tempest-GroupsV320Test-2035811991-project-admin] POST http://10.222.0.20/volume/v3/9131e387c3684a308b359efabb24134c/groups/19a4e48f-c660-4e3e-bacb-b57c5c265077/action
Jan 14 12:33:20.442513 dv-cinder-815614-7-smb devstack@c-api.service[109567]: DEBUG cinder.api.openstack.wsgi [None req-089e767f-6c2b-46e0-a6b5-92fbcbb20785 tempest-GroupsV320Test-2035811991 tempest-GroupsV320Test-2035811991-project-admin] Action body: b'{"reset_status": {"status": "error"}}' {{(pid=109567) get_method /opt/stack/cinder/cinder/api/openstack/wsgi.py:983}}
Jan 14 12:33:20.443085 dv-cinder-815614-7-smb devstack@c-api.service[109567]: DEBUG cinder.api.openstack.wsgi [None req-089e767f-6c2b-46e0-a6b5-92fbcbb20785 tempest-GroupsV320Test-2035811991 tempest-GroupsV320Test-2035811991-project-admin] Action: 'action', calling method: reset_status, body: {"reset_status": {"status": "error"}} {{(pid=109567) _process_stack /opt/stack/cinder/cinder/api/openstack/wsgi.py:866}}
Jan 14 12:33:20.443534 dv-cinder-815614-7-smb devstack@c-api.service[109566]: DEBUG oslo_db.sqlalchemy.engines [None req-f22c7283-48cf-4d45-8e27-873c9bf56f38 tempest-GroupSnapshotsTest-743697166 tempest-GroupSnapshotsTest-743697166-project] MySQL server mode set to STRICT_TRANS_TABLES,STRICT_ALL_TABLES,NO_ZERO_IN_DATE,NO_ZERO_DATE,ERROR_FOR_DIVISION_BY_ZERO,TRADITIONAL,NO_ENGINE_SUBSTITUTION {{(pid=109566) _check_effective_sql_mode /usr/local/lib/python3.8/dist-packages/oslo_db/sqlalchemy/engines.py:314}}
Jan 14 12:33:20.443895 dv-cinder-815614-7-smb devstack@c-api.service[109567]: DEBUG cinder.api.v3.groups [None req-089e767f-6c2b-46e0-a6b5-92fbcbb20785 tempest-GroupsV320Test-2035811991 tempest-GroupsV320Test-2035811991-project-admin] Updating group '19a4e48f-c660-4e3e-bacb-b57c5c265077' with 'error' {{(pid=109567) _reset_status /opt/stack/cinder/cinder/api/v3/groups.py:82}}
Jan 14 12:33:20.449054 dv-cinder-815614-7-smb devstack@c-api.service[109567]: /usr/local/lib/python3.8/dist-packages/oslo_context/context.py:105: DeprecationWarning: Policy enforcement is depending on the value of is_admin. This key is deprecated. Please update your policy file to use the standard policy values.
Jan 14 12:33:20.449054 dv-cinder-815614-7-smb devstack@c-api.service[109567]: warnings.warn('Policy enforcement is depending on the value of '
Jan 14 12:33:20.449768 dv-cinder-815614-7-smb devstack@c-api.service[109566]: /usr/local/lib/python3.8/dist-packages/oslo_context/context.py:105: DeprecationWarning: Policy enforcement is depending on the value of is_admin. This key is deprecated. Please update your policy file to use the standard policy values.
Jan 14 12:33:20.449768 dv-cinder-815614-7-smb devstack@c-api.service[109566]: warnings.warn('Policy enforcement is depending on the value of '
Jan 14 12:33:20.458628 dv-cinder-815614-7-smb devstack@c-api.service[109567]: INFO cinder.api.openstack.wsgi [None req-089e767f-6c2b-46e0-a6b5-92fbcbb20785 tempest-GroupsV320Test-2035811991 tempest-GroupsV320Test-2035811991-project-admin] http://10.222.0.20/volume/v3/9131e387c3684a308b359efabb24134c/groups/19a4e48f-c660-4e3e-bacb-b57c5c265077/action returned with HTTP 202
Jan 14 12:33:20.459448 dv-cinder-815614-7-smb devstack@c-api.service[109567]: [pid: 109567|app: 0|req: 163/356] 10.222.0.20 () {62 vars in 1404 bytes} [Fri Jan 14 12:33:20 2022] POST /volume/v3/9131e387c3684a308b359efabb24134c/groups/19a4e48f-c660-4e3e-bacb-b57c5c265077/action => generated 0 bytes in 28 msecs (HTTP/1.1 202) 6 headers in 234 bytes (1 switches on core 0)
Jan 14 12:33:20.464476 dv-cinder-815614-7-smb devstack@c-api.service[109567]: INFO cinder.api.openstack.wsgi [None req-e5f5ecff-edd8-4162-b0d5-7b559ee87dc9 tempest-VolumesImageMetadata-147317296 tempest-VolumesImageMetadata-147317296-project] GET http://10.222.0.20/volume/v3/3ab09ce57e6e49b2bf9bea9a75b6934e/volumes/ac037dee-6fab-4fe7-82d3-1289dacc0287
Jan 14 12:33:20.464979 dv-cinder-815614-7-smb devstack@c-api.service[109567]: DEBUG cinder.api.openstack.wsgi [None req-e5f5ecff-edd8-4162-b0d5-7b559ee87dc9 tempest-VolumesImageMetadata-147317296 tempest-VolumesImageMetadata-147317296-project] Empty body provided in request {{(pid=109567) get_body /opt/stack/cinder/cinder/api/openstack/wsgi.py:715}}
Jan 14 12:33:20.465441 dv-cinder-815614-7-smb devstack@c-api.service[109567]: DEBUG cinder.api.openstack.wsgi [None req-e5f5ecff-edd8-4162-b0d5-7b559ee87dc9 tempest-VolumesImageMetadata-147317296 tempest-VolumesImageMetadata-147317296-project] Calling method 'show' {{(pid=109567) _process_stack /opt/stack/cinder/cinder/api/openstack/wsgi.py:868}}
Jan 14 12:33:20.470419 dv-cinder-815614-7-smb devstack@c-api.service[109566]: INFO cinder.api.openstack.wsgi [None req-f22c7283-48cf-4d45-8e27-873c9bf56f38 tempest-GroupSnapshotsTest-743697166 tempest-GroupSnapshotsTest-743697166-project] http://10.222.0.20/volume/v3/697a139a8e3142fbaf1c73508a475419/volumes/detail returned with HTTP 200
Jan 14 12:33:20.471323 dv-cinder-815614-7-smb devstack@c-api.service[109566]: [pid: 109566|app: 0|req: 194/357] 10.222.0.20 () {60 vars in 1275 bytes} [Fri Jan 14 12:33:20 2022] GET /volume/v3/697a139a8e3142fbaf1c73508a475419/volumes/detail => generated 1003 bytes in 104 msecs (HTTP/1.1 200) 7 headers in 287 bytes (1 switches on core 0)
Jan 14 12:33:20.474903 dv-cinder-815614-7-smb devstack@c-api.service[109566]: INFO cinder.api.openstack.wsgi [None req-2ecd4acc-cfe2-4bdc-a974-42428aded1cc tempest-VolumeQuotasAdminTestJSON-888206580 tempest-VolumeQuotasAdminTestJSON-888206580-project-admin] DELETE http://10.222.0.20/volume/v3/5b3cf45b87784710ac898e20a5d759bd/volumes/45ac1d8b-6b8a-439a-a86b-3a28a65a0755
Jan 14 12:33:20.475347 dv-cinder-815614-7-smb devstack@c-api.service[109566]: DEBUG cinder.api.openstack.wsgi [None req-2ecd4acc-cfe2-4bdc-a974-42428aded1cc tempest-VolumeQuotasAdminTestJSON-888206580 tempest-VolumeQuotasAdminTestJSON-888206580-project-admin] Empty body provided in request {{(pid=109566) get_body /opt/stack/cinder/cinder/api/openstack/wsgi.py:715}}
Jan 14 12:33:20.475821 dv-cinder-815614-7-smb devstack@c-api.service[109566]: DEBUG cinder.api.openstack.wsgi [None req-2ecd4acc-cfe2-4bdc-a974-42428aded1cc tempest-VolumeQuotasAdminTestJSON-888206580 tempest-VolumeQuotasAdminTestJSON-888206580-project-admin] Calling method 'delete' {{(pid=109566) _process_stack /opt/stack/cinder/cinder/api/openstack/wsgi.py:868}}
Jan 14 12:33:20.476198 dv-cinder-815614-7-smb devstack@c-api.service[109566]: INFO cinder.api.v3.volumes [None req-2ecd4acc-cfe2-4bdc-a974-42428aded1cc tempest-VolumeQuotasAdminTestJSON-888206580 tempest-VolumeQuotasAdminTestJSON-888206580-project-admin] Delete volume with id: 45ac1d8b-6b8a-439a-a86b-3a28a65a0755
Jan 14 12:33:20.488370 dv-cinder-815614-7-smb devstack@c-api.service[109567]: /usr/local/lib/python3.8/dist-packages/oslo_context/context.py:105: DeprecationWarning: Policy enforcement is depending on the value of is_admin. This key is deprecated. Please update your policy file to use the standard policy values.
Jan 14 12:33:20.488370 dv-cinder-815614-7-smb devstack@c-api.service[109567]: warnings.warn('Policy enforcement is depending on the value of '
Jan 14 12:33:20.490422 dv-cinder-815614-7-smb devstack@c-api.service[109566]: /usr/local/lib/python3.8/dist-packages/oslo_context/context.py:105: DeprecationWarning: Policy enforcement is depending on the value of is_admin. This key is deprecated. Please update your policy file to use the standard policy values.
Jan 14 12:33:20.490422 dv-cinder-815614-7-smb devstack@c-api.service[109566]: warnings.warn('Policy enforcement is depending on the value of '
Jan 14 12:33:20.491500 dv-cinder-815614-7-smb devstack@c-api.service[109566]: INFO cinder.volume.api [None req-2ecd4acc-cfe2-4bdc-a974-42428aded1cc tempest-VolumeQuotasAdminTestJSON-888206580 tempest-VolumeQuotasAdminTestJSON-888206580-project-admin] Volume info retrieved successfully.
Jan 14 12:33:20.496367 dv-cinder-815614-7-smb devstack@c-api.service[109567]: INFO cinder.volume.api [None req-e5f5ecff-edd8-4162-b0d5-7b559ee87dc9 tempest-VolumesImageMetadata-147317296 tempest-VolumesImageMetadata-147317296-project] Volume info retrieved successfully.
Jan 14 12:33:20.506401 dv-cinder-815614-7-smb devstack@c-api.service[109567]: INFO cinder.api.openstack.wsgi [None req-e5f5ecff-edd8-4162-b0d5-7b559ee87dc9 tempest-VolumesImageMetadata-147317296 tempest-VolumesImageMetadata-147317296-project] http://10.222.0.20/volume/v3/3ab09ce57e6e49b2bf9bea9a75b6934e/volumes/ac037dee-6fab-4fe7-82d3-1289dacc0287 returned with HTTP 200
Jan 14 12:33:20.507114 dv-cinder-815614-7-smb devstack@c-api.service[109567]: [pid: 109567|app: 0|req: 164/358] 10.222.0.20 () {58 vars in 1324 bytes} [Fri Jan 14 12:33:20 2022] GET /volume/v3/3ab09ce57e6e49b2bf9bea9a75b6934e/volumes/ac037dee-6fab-4fe7-82d3-1289dacc0287 => generated 911 bytes in 47 msecs (HTTP/1.1 200) 7 headers in 285 bytes (1 switches on core 0)
Jan 14 12:33:20.511080 dv-cinder-815614-7-smb devstack@c-api.service[109567]: INFO cinder.api.openstack.wsgi [None req-58bd735d-a227-4c29-8457-646905f99084 tempest-GroupsV320Test-1407037882 tempest-GroupsV320Test-1407037882-project] GET http://10.222.0.20/volume/v3/8430af227b174f29b6b20edf62dfff29/groups/19a4e48f-c660-4e3e-bacb-b57c5c265077
Jan 14 12:33:20.511563 dv-cinder-815614-7-smb devstack@c-api.service[109567]: DEBUG cinder.api.openstack.wsgi [None req-58bd735d-a227-4c29-8457-646905f99084 tempest-GroupsV320Test-1407037882 tempest-GroupsV320Test-1407037882-project] Empty body provided in request {{(pid=109567) get_body /opt/stack/cinder/cinder/api/openstack/wsgi.py:715}}
Jan 14 12:33:20.512007 dv-cinder-815614-7-smb devstack@c-api.service[109567]: DEBUG cinder.api.openstack.wsgi [None req-58bd735d-a227-4c29-8457-646905f99084 tempest-GroupsV320Test-1407037882 tempest-GroupsV320Test-1407037882-project] Calling method 'version_select' {{(pid=109567) _process_stack /opt/stack/cinder/cinder/api/openstack/wsgi.py:868}}
Jan 14 12:33:20.512348 dv-cinder-815614-7-smb devstack@c-api.service[109567]: DEBUG cinder.api.v3.groups [None req-58bd735d-a227-4c29-8457-646905f99084 tempest-GroupsV320Test-1407037882 tempest-GroupsV320Test-1407037882-project] show called for member 19a4e48f-c660-4e3e-bacb-b57c5c265077 {{(pid=109567) show /opt/stack/cinder/cinder/api/v3/groups.py:58}}
Jan 14 12:33:20.518229 dv-cinder-815614-7-smb devstack@c-api.service[109567]: /usr/local/lib/python3.8/dist-packages/oslo_context/context.py:105: DeprecationWarning: Policy enforcement is depending on the value of is_admin. This key is deprecated. Please update your policy file to use the standard policy values.
Jan 14 12:33:20.518229 dv-cinder-815614-7-smb devstack@c-api.service[109567]: warnings.warn('Policy enforcement is depending on the value of '
Jan 14 12:33:20.525243 dv-cinder-815614-7-smb devstack@c-api.service[109566]: INFO cinder.volume.api [None req-2ecd4acc-cfe2-4bdc-a974-42428aded1cc tempest-VolumeQuotasAdminTestJSON-888206580 tempest-VolumeQuotasAdminTestJSON-888206580-project-admin] Delete volume request issued successfully.
Jan 14 12:33:20.526939 dv-cinder-815614-7-smb devstack@c-api.service[109566]: INFO cinder.api.openstack.wsgi [None req-2ecd4acc-cfe2-4bdc-a974-42428aded1cc tempest-VolumeQuotasAdminTestJSON-888206580 tempest-VolumeQuotasAdminTestJSON-888206580-project-admin] http://10.222.0.20/volume/v3/5b3cf45b87784710ac898e20a5d759bd/volumes/45ac1d8b-6b8a-439a-a86b-3a28a65a0755 returned with HTTP 202
Jan 14 12:33:20.528257 dv-cinder-815614-7-smb devstack@c-api.service[109566]: [pid: 109566|app: 0|req: 195/359] 10.222.0.20 () {58 vars in 1327 bytes} [Fri Jan 14 12:33:20 2022] DELETE /volume/v3/5b3cf45b87784710ac898e20a5d759bd/volumes/45ac1d8b-6b8a-439a-a86b-3a28a65a0755 => generated 0 bytes in 56 msecs (HTTP/1.1 202) 6 headers in 233 bytes (1 switches on core 0)
Jan 14 12:33:20.533359 dv-cinder-815614-7-smb devstack@c-api.service[109566]: INFO cinder.api.openstack.wsgi [None req-c0b62ec8-fdb5-489a-8998-14ce80e3f3ef tempest-GroupSnapshotsTest-743697166 tempest-GroupSnapshotsTest-743697166-project] POST http://10.222.0.20/volume/v3/697a139a8e3142fbaf1c73508a475419/groups/89923f9b-5541-406b-93a3-28d015eb10b3/action
Jan 14 12:33:20.534470 dv-cinder-815614-7-smb devstack@c-api.service[109566]: DEBUG cinder.api.openstack.wsgi [None req-c0b62ec8-fdb5-489a-8998-14ce80e3f3ef tempest-GroupSnapshotsTest-743697166 tempest-GroupSnapshotsTest-743697166-project] Action body: b'{"delete": {"delete-volumes": true}}' {{(pid=109566) get_method /opt/stack/cinder/cinder/api/openstack/wsgi.py:983}}
Jan 14 12:33:20.534561 dv-cinder-815614-7-smb devstack@c-api.service[109566]: DEBUG cinder.api.openstack.wsgi [None req-c0b62ec8-fdb5-489a-8998-14ce80e3f3ef tempest-GroupSnapshotsTest-743697166 tempest-GroupSnapshotsTest-743697166-project] Action: 'action', calling method: delete_group, body: {"delete": {"delete-volumes": true}} {{(pid=109566) _process_stack /opt/stack/cinder/cinder/api/openstack/wsgi.py:866}}
Jan 14 12:33:20.535438 dv-cinder-815614-7-smb devstack@c-api.service[109566]: DEBUG cinder.api.v3.groups [None req-c0b62ec8-fdb5-489a-8998-14ce80e3f3ef tempest-GroupSnapshotsTest-743697166 tempest-GroupSnapshotsTest-743697166-project] delete called for group 89923f9b-5541-406b-93a3-28d015eb10b3 {{(pid=109566) _delete /opt/stack/cinder/cinder/api/v3/groups.py:117}}
Jan 14 12:33:20.535607 dv-cinder-815614-7-smb devstack@c-api.service[109566]: INFO cinder.api.v3.groups [None req-c0b62ec8-fdb5-489a-8998-14ce80e3f3ef tempest-GroupSnapshotsTest-743697166 tempest-GroupSnapshotsTest-743697166-project] Delete group with id: 89923f9b-5541-406b-93a3-28d015eb10b3
Jan 14 12:33:20.537470 dv-cinder-815614-7-smb devstack@c-api.service[109567]: INFO cinder.api.openstack.wsgi [None req-58bd735d-a227-4c29-8457-646905f99084 tempest-GroupsV320Test-1407037882 tempest-GroupsV320Test-1407037882-project] http://10.222.0.20/volume/v3/8430af227b174f29b6b20edf62dfff29/groups/19a4e48f-c660-4e3e-bacb-b57c5c265077 returned with HTTP 200
Jan 14 12:33:20.538531 dv-cinder-815614-7-smb devstack@c-api.service[109567]: [pid: 109567|app: 0|req: 165/360] 10.222.0.20 () {60 vars in 1362 bytes} [Fri Jan 14 12:33:20 2022] GET /volume/v3/8430af227b174f29b6b20edf62dfff29/groups/19a4e48f-c660-4e3e-bacb-b57c5c265077 => generated 385 bytes in 31 msecs (HTTP/1.1 200) 7 headers in 286 bytes (1 switches on core 0)
Jan 14 12:33:20.543985 dv-cinder-815614-7-smb devstack@c-api.service[109566]: /usr/local/lib/python3.8/dist-packages/oslo_context/context.py:105: DeprecationWarning: Policy enforcement is depending on the value of is_admin. This key is deprecated. Please update your policy file to use the standard policy values.
Jan 14 12:33:20.543985 dv-cinder-815614-7-smb devstack@c-api.service[109566]: warnings.warn('Policy enforcement is depending on the value of '
Jan 14 12:33:20.546857 dv-cinder-815614-7-smb devstack@c-api.service[109567]: INFO cinder.api.openstack.wsgi [None req-00ca89b0-f813-4d9c-a944-2290dd8afc12 tempest-VolumeQuotasAdminTestJSON-888206580 tempest-VolumeQuotasAdminTestJSON-888206580-project-admin] GET http://10.222.0.20/volume/v3/5b3cf45b87784710ac898e20a5d759bd/volumes/45ac1d8b-6b8a-439a-a86b-3a28a65a0755
Jan 14 12:33:20.547312 dv-cinder-815614-7-smb devstack@c-api.service[109567]: DEBUG cinder.api.openstack.wsgi [None req-00ca89b0-f813-4d9c-a944-2290dd8afc12 tempest-VolumeQuotasAdminTestJSON-888206580 tempest-VolumeQuotasAdminTestJSON-888206580-project-admin] Empty body provided in request {{(pid=109567) get_body /opt/stack/cinder/cinder/api/openstack/wsgi.py:715}}
Jan 14 12:33:20.547765 dv-cinder-815614-7-smb devstack@c-api.service[109567]: DEBUG cinder.api.openstack.wsgi [None req-00ca89b0-f813-4d9c-a944-2290dd8afc12 tempest-VolumeQuotasAdminTestJSON-888206580 tempest-VolumeQuotasAdminTestJSON-888206580-project-admin] Calling method 'show' {{(pid=109567) _process_stack /opt/stack/cinder/cinder/api/openstack/wsgi.py:868}}
Jan 14 12:33:20.562545 dv-cinder-815614-7-smb devstack@c-api.service[109567]: /usr/local/lib/python3.8/dist-packages/oslo_context/context.py:105: DeprecationWarning: Policy enforcement is depending on the value of is_admin. This key is deprecated. Please update your policy file to use the standard policy values.
Jan 14 12:33:20.562545 dv-cinder-815614-7-smb devstack@c-api.service[109567]: warnings.warn('Policy enforcement is depending on the value of '
Jan 14 12:33:20.569979 dv-cinder-815614-7-smb devstack@c-api.service[109567]: INFO cinder.volume.api [None req-00ca89b0-f813-4d9c-a944-2290dd8afc12 tempest-VolumeQuotasAdminTestJSON-888206580 tempest-VolumeQuotasAdminTestJSON-888206580-project-admin] Volume info retrieved successfully.
Jan 14 12:33:20.579224 dv-cinder-815614-7-smb devstack@c-api.service[109567]: INFO cinder.api.openstack.wsgi [None req-00ca89b0-f813-4d9c-a944-2290dd8afc12 tempest-VolumeQuotasAdminTestJSON-888206580 tempest-VolumeQuotasAdminTestJSON-888206580-project-admin] http://10.222.0.20/volume/v3/5b3cf45b87784710ac898e20a5d759bd/volumes/45ac1d8b-6b8a-439a-a86b-3a28a65a0755 returned with HTTP 200
Jan 14 12:33:20.580477 dv-cinder-815614-7-smb devstack@c-api.service[109567]: [pid: 109567|app: 0|req: 166/361] 10.222.0.20 () {58 vars in 1324 bytes} [Fri Jan 14 12:33:20 2022] GET /volume/v3/5b3cf45b87784710ac898e20a5d759bd/volumes/45ac1d8b-6b8a-439a-a86b-3a28a65a0755 => generated 1083 bytes in 41 msecs (HTTP/1.1 200) 7 headers in 286 bytes (1 switches on core 0)
Jan 14 12:33:20.584392 dv-cinder-815614-7-smb devstack@c-api.service[109567]: INFO cinder.api.openstack.wsgi [None req-8c44d598-4c00-42db-a5e0-506b37608a0e tempest-GroupsV320Test-2035811991 tempest-GroupsV320Test-2035811991-project-admin] POST http://10.222.0.20/volume/v3/9131e387c3684a308b359efabb24134c/groups/19a4e48f-c660-4e3e-bacb-b57c5c265077/action
Jan 14 12:33:20.585179 dv-cinder-815614-7-smb devstack@c-api.service[109567]: DEBUG cinder.api.openstack.wsgi [None req-8c44d598-4c00-42db-a5e0-506b37608a0e tempest-GroupsV320Test-2035811991 tempest-GroupsV320Test-2035811991-project-admin] Action body: b'{"reset_status": {"status": "available"}}' {{(pid=109567) get_method /opt/stack/cinder/cinder/api/openstack/wsgi.py:983}}
Jan 14 12:33:20.585501 dv-cinder-815614-7-smb devstack@c-api.service[109567]: DEBUG cinder.api.openstack.wsgi [None req-8c44d598-4c00-42db-a5e0-506b37608a0e tempest-GroupsV320Test-2035811991 tempest-GroupsV320Test-2035811991-project-admin] Action: 'action', calling method: reset_status, body: {"reset_status": {"status": "available"}} {{(pid=109567) _process_stack /opt/stack/cinder/cinder/api/openstack/wsgi.py:866}}
Jan 14 12:33:20.586295 dv-cinder-815614-7-smb devstack@c-api.service[109567]: DEBUG cinder.api.v3.groups [None req-8c44d598-4c00-42db-a5e0-506b37608a0e tempest-GroupsV320Test-2035811991 tempest-GroupsV320Test-2035811991-project-admin] Updating group '19a4e48f-c660-4e3e-bacb-b57c5c265077' with 'available' {{(pid=109567) _reset_status /opt/stack/cinder/cinder/api/v3/groups.py:82}}
Jan 14 12:33:20.593921 dv-cinder-815614-7-smb devstack@c-api.service[109567]: /usr/local/lib/python3.8/dist-packages/oslo_context/context.py:105: DeprecationWarning: Policy enforcement is depending on the value of is_admin. This key is deprecated. Please update your policy file to use the standard policy values.
Jan 14 12:33:20.593921 dv-cinder-815614-7-smb devstack@c-api.service[109567]: warnings.warn('Policy enforcement is depending on the value of '
Jan 14 12:33:20.603769 dv-cinder-815614-7-smb devstack@c-api.service[109567]: INFO cinder.api.openstack.wsgi [None req-8c44d598-4c00-42db-a5e0-506b37608a0e tempest-GroupsV320Test-2035811991 tempest-GroupsV320Test-2035811991-project-admin] http://10.222.0.20/volume/v3/9131e387c3684a308b359efabb24134c/groups/19a4e48f-c660-4e3e-bacb-b57c5c265077/action returned with HTTP 202
Jan 14 12:33:20.607673 dv-cinder-815614-7-smb devstack@c-api.service[109567]: [pid: 109567|app: 0|req: 167/362] 10.222.0.20 () {62 vars in 1404 bytes} [Fri Jan 14 12:33:20 2022] POST /volume/v3/9131e387c3684a308b359efabb24134c/groups/19a4e48f-c660-4e3e-bacb-b57c5c265077/action => generated 0 bytes in 27 msecs (HTTP/1.1 202) 6 headers in 234 bytes (1 switches on core 0)
Jan 14 12:33:20.612244 dv-cinder-815614-7-smb devstack@c-api.service[109567]: INFO cinder.api.openstack.wsgi [None req-ef42448f-a33b-4f03-b120-15d99ea76d68 tempest-GroupsV320Test-1407037882 tempest-GroupsV320Test-1407037882-project] GET http://10.222.0.20/volume/v3/8430af227b174f29b6b20edf62dfff29/groups/19a4e48f-c660-4e3e-bacb-b57c5c265077
Jan 14 12:33:20.612813 dv-cinder-815614-7-smb devstack@c-api.service[109567]: DEBUG cinder.api.openstack.wsgi [None req-ef42448f-a33b-4f03-b120-15d99ea76d68 tempest-GroupsV320Test-1407037882 tempest-GroupsV320Test-1407037882-project] Empty body provided in request {{(pid=109567) get_body /opt/stack/cinder/cinder/api/openstack/wsgi.py:715}}
Jan 14 12:33:20.613288 dv-cinder-815614-7-smb devstack@c-api.service[109567]: DEBUG cinder.api.openstack.wsgi [None req-ef42448f-a33b-4f03-b120-15d99ea76d68 tempest-GroupsV320Test-1407037882 tempest-GroupsV320Test-1407037882-project] Calling method 'version_select' {{(pid=109567) _process_stack /opt/stack/cinder/cinder/api/openstack/wsgi.py:868}}
Jan 14 12:33:20.613631 dv-cinder-815614-7-smb devstack@c-api.service[109567]: DEBUG cinder.api.v3.groups [None req-ef42448f-a33b-4f03-b120-15d99ea76d68 tempest-GroupsV320Test-1407037882 tempest-GroupsV320Test-1407037882-project] show called for member 19a4e48f-c660-4e3e-bacb-b57c5c265077 {{(pid=109567) show /opt/stack/cinder/cinder/api/v3/groups.py:58}}
Jan 14 12:33:20.618886 dv-cinder-815614-7-smb devstack@c-api.service[109567]: /usr/local/lib/python3.8/dist-packages/oslo_context/context.py:105: DeprecationWarning: Policy enforcement is depending on the value of is_admin. This key is deprecated. Please update your policy file to use the standard policy values.
Jan 14 12:33:20.618886 dv-cinder-815614-7-smb devstack@c-api.service[109567]: warnings.warn('Policy enforcement is depending on the value of '
Jan 14 12:33:20.627396 dv-cinder-815614-7-smb devstack@c-api.service[109566]: INFO cinder.api.openstack.wsgi [None req-c0b62ec8-fdb5-489a-8998-14ce80e3f3ef tempest-GroupSnapshotsTest-743697166 tempest-GroupSnapshotsTest-743697166-project] http://10.222.0.20/volume/v3/697a139a8e3142fbaf1c73508a475419/groups/89923f9b-5541-406b-93a3-28d015eb10b3/action returned with HTTP 202
Jan 14 12:33:20.628297 dv-cinder-815614-7-smb devstack@c-api.service[109566]: [pid: 109566|app: 0|req: 196/363] 10.222.0.20 () {62 vars in 1404 bytes} [Fri Jan 14 12:33:20 2022] POST /volume/v3/697a139a8e3142fbaf1c73508a475419/groups/89923f9b-5541-406b-93a3-28d015eb10b3/action => generated 0 bytes in 99 msecs (HTTP/1.1 202) 6 headers in 234 bytes (1 switches on core 0)
Jan 14 12:33:20.635996 dv-cinder-815614-7-smb devstack@c-api.service[109566]: INFO cinder.api.openstack.wsgi [None req-311ab87f-9969-4b11-a85e-9affe5e61e33 tempest-GroupSnapshotsTest-743697166 tempest-GroupSnapshotsTest-743697166-project] GET http://10.222.0.20/volume/v3/697a139a8e3142fbaf1c73508a475419/volumes/97f011bf-19dc-4c86-bd61-25e6012bdea4
Jan 14 12:33:20.636634 dv-cinder-815614-7-smb devstack@c-api.service[109566]: DEBUG cinder.api.openstack.wsgi [None req-311ab87f-9969-4b11-a85e-9affe5e61e33 tempest-GroupSnapshotsTest-743697166 tempest-GroupSnapshotsTest-743697166-project] Empty body provided in request {{(pid=109566) get_body /opt/stack/cinder/cinder/api/openstack/wsgi.py:715}}
Jan 14 12:33:20.637168 dv-cinder-815614-7-smb devstack@c-api.service[109566]: DEBUG cinder.api.openstack.wsgi [None req-311ab87f-9969-4b11-a85e-9affe5e61e33 tempest-GroupSnapshotsTest-743697166 tempest-GroupSnapshotsTest-743697166-project] Calling method 'show' {{(pid=109566) _process_stack /opt/stack/cinder/cinder/api/openstack/wsgi.py:868}}
Jan 14 12:33:20.638217 dv-cinder-815614-7-smb devstack@c-api.service[109567]: INFO cinder.api.openstack.wsgi [None req-ef42448f-a33b-4f03-b120-15d99ea76d68 tempest-GroupsV320Test-1407037882 tempest-GroupsV320Test-1407037882-project] http://10.222.0.20/volume/v3/8430af227b174f29b6b20edf62dfff29/groups/19a4e48f-c660-4e3e-bacb-b57c5c265077 returned with HTTP 200
Jan 14 12:33:20.639013 dv-cinder-815614-7-smb devstack@c-api.service[109567]: [pid: 109567|app: 0|req: 168/364] 10.222.0.20 () {60 vars in 1362 bytes} [Fri Jan 14 12:33:20 2022] GET /volume/v3/8430af227b174f29b6b20edf62dfff29/groups/19a4e48f-c660-4e3e-bacb-b57c5c265077 => generated 389 bytes in 30 msecs (HTTP/1.1 200) 7 headers in 286 bytes (2 switches on core 0)
Jan 14 12:33:20.648865 dv-cinder-815614-7-smb devstack@c-api.service[109567]: INFO cinder.api.openstack.wsgi [None req-30af87b9-9d63-4171-b94a-f690dfda363c tempest-GroupsV320Test-1407037882 tempest-GroupsV320Test-1407037882-project] GET http://10.222.0.20/volume/v3/8430af227b174f29b6b20edf62dfff29/volumes/detail
Jan 14 12:33:20.649365 dv-cinder-815614-7-smb devstack@c-api.service[109567]: DEBUG cinder.api.openstack.wsgi [None req-30af87b9-9d63-4171-b94a-f690dfda363c tempest-GroupsV320Test-1407037882 tempest-GroupsV320Test-1407037882-project] Empty body provided in request {{(pid=109567) get_body /opt/stack/cinder/cinder/api/openstack/wsgi.py:715}}
Jan 14 12:33:20.649819 dv-cinder-815614-7-smb devstack@c-api.service[109567]: DEBUG cinder.api.openstack.wsgi [None req-30af87b9-9d63-4171-b94a-f690dfda363c tempest-GroupsV320Test-1407037882 tempest-GroupsV320Test-1407037882-project] Calling method 'detail' {{(pid=109567) _process_stack /opt/stack/cinder/cinder/api/openstack/wsgi.py:868}}
Jan 14 12:33:20.650478 dv-cinder-815614-7-smb devstack@c-api.service[109567]: DEBUG cinder.api.api_utils [None req-30af87b9-9d63-4171-b94a-f690dfda363c tempest-GroupsV320Test-1407037882 tempest-GroupsV320Test-1407037882-project] Removing options '' from query. {{(pid=109567) remove_invalid_filter_options /opt/stack/cinder/cinder/api/api_utils.py:73}}
Jan 14 12:33:20.651610 dv-cinder-815614-7-smb devstack@c-api.service[109566]: /usr/local/lib/python3.8/dist-packages/oslo_context/context.py:105: DeprecationWarning: Policy enforcement is depending on the value of is_admin. This key is deprecated. Please update your policy file to use the standard policy values.
Jan 14 12:33:20.651610 dv-cinder-815614-7-smb devstack@c-api.service[109566]: warnings.warn('Policy enforcement is depending on the value of '
Jan 14 12:33:20.652000 dv-cinder-815614-7-smb devstack@c-api.service[109567]: /usr/local/lib/python3.8/dist-packages/oslo_context/context.py:105: DeprecationWarning: Policy enforcement is depending on the value of is_admin. This key is deprecated. Please update your policy file to use the standard policy values.
Jan 14 12:33:20.652000 dv-cinder-815614-7-smb devstack@c-api.service[109567]: warnings.warn('Policy enforcement is depending on the value of '
Jan 14 12:33:20.653012 dv-cinder-815614-7-smb devstack@c-api.service[109567]: DEBUG cinder.volume.api [None req-30af87b9-9d63-4171-b94a-f690dfda363c tempest-GroupsV320Test-1407037882 tempest-GroupsV320Test-1407037882-project] Searching by: MultiDict([('no_migration_targets', True)]). {{(pid=109567) get_all /opt/stack/cinder/cinder/volume/api.py:661}}
Jan 14 12:33:20.659912 dv-cinder-815614-7-smb devstack@c-api.service[109566]: INFO cinder.volume.api [None req-311ab87f-9969-4b11-a85e-9affe5e61e33 tempest-GroupSnapshotsTest-743697166 tempest-GroupSnapshotsTest-743697166-project] Volume info retrieved successfully.
Jan 14 12:33:20.661336 dv-cinder-815614-7-smb devstack@c-api.service[109566]: WARNING stevedore.named [None req-311ab87f-9969-4b11-a85e-9affe5e61e33 tempest-GroupSnapshotsTest-743697166 tempest-GroupSnapshotsTest-743697166-project] Could not load cinder.keymgr.conf_key_mgr.ConfKeyManager
Jan 14 12:33:20.661712 dv-cinder-815614-7-smb devstack@c-api.service[109566]: WARNING castellan.key_manager [None req-311ab87f-9969-4b11-a85e-9affe5e61e33 tempest-GroupSnapshotsTest-743697166 tempest-GroupSnapshotsTest-743697166-project] Deprecation Warning : cinder.keymgr.conf_key_mgr.ConfKeyManager is not a stevedore based driver, trying to load it as a class: stevedore.exception.NoMatches: No 'castellan.drivers' driver found, looking for 'cinder.keymgr.conf_key_mgr.ConfKeyManager'
Jan 14 12:33:20.669137 dv-cinder-815614-7-smb devstack@c-api.service[109566]: DEBUG oslo_db.sqlalchemy.engines [None req-311ab87f-9969-4b11-a85e-9affe5e61e33 tempest-GroupSnapshotsTest-743697166 tempest-GroupSnapshotsTest-743697166-project] MySQL server mode set to STRICT_TRANS_TABLES,STRICT_ALL_TABLES,NO_ZERO_IN_DATE,NO_ZERO_DATE,ERROR_FOR_DIVISION_BY_ZERO,TRADITIONAL,NO_ENGINE_SUBSTITUTION {{(pid=109566) _check_effective_sql_mode /usr/local/lib/python3.8/dist-packages/oslo_db/sqlalchemy/engines.py:314}}
Jan 14 12:33:20.674438 dv-cinder-815614-7-smb devstack@c-api.service[109566]: /usr/local/lib/python3.8/dist-packages/oslo_context/context.py:105: DeprecationWarning: Policy enforcement is depending on the value of is_admin. This key is deprecated. Please update your policy file to use the standard policy values.
Jan 14 12:33:20.674438 dv-cinder-815614-7-smb devstack@c-api.service[109566]: warnings.warn('Policy enforcement is depending on the value of '
Jan 14 12:33:20.688022 dv-cinder-815614-7-smb devstack@c-api.service[109566]: INFO cinder.api.openstack.wsgi [None req-311ab87f-9969-4b11-a85e-9affe5e61e33 tempest-GroupSnapshotsTest-743697166 tempest-GroupSnapshotsTest-743697166-project] http://10.222.0.20/volume/v3/697a139a8e3142fbaf1c73508a475419/volumes/97f011bf-19dc-4c86-bd61-25e6012bdea4 returned with HTTP 200
Jan 14 12:33:20.696597 dv-cinder-815614-7-smb devstack@c-api.service[109566]: [pid: 109566|app: 0|req: 197/365] 10.222.0.20 () {60 vars in 1365 bytes} [Fri Jan 14 12:33:20 2022] GET /volume/v3/697a139a8e3142fbaf1c73508a475419/volumes/97f011bf-19dc-4c86-bd61-25e6012bdea4 => generated 999 bytes in 57 msecs (HTTP/1.1 200) 7 headers in 286 bytes (2 switches on core 0)
Jan 14 12:33:20.699371 dv-cinder-815614-7-smb devstack@c-api.service[109567]: INFO cinder.volume.api [None req-30af87b9-9d63-4171-b94a-f690dfda363c tempest-GroupsV320Test-1407037882 tempest-GroupsV320Test-1407037882-project] Get all volumes completed successfully.
Jan 14 12:33:20.704524 dv-cinder-815614-7-smb devstack@c-api.service[109567]: INFO cinder.api.openstack.wsgi [None req-30af87b9-9d63-4171-b94a-f690dfda363c tempest-GroupsV320Test-1407037882 tempest-GroupsV320Test-1407037882-project] http://10.222.0.20/volume/v3/8430af227b174f29b6b20edf62dfff29/volumes/detail returned with HTTP 200
Jan 14 12:33:20.705252 dv-cinder-815614-7-smb devstack@c-api.service[109567]: [pid: 109567|app: 0|req: 169/366] 10.222.0.20 () {60 vars in 1275 bytes} [Fri Jan 14 12:33:20 2022] GET /volume/v3/8430af227b174f29b6b20edf62dfff29/volumes/detail => generated 15 bytes in 59 msecs (HTTP/1.1 200) 7 headers in 285 bytes (2 switches on core 0)
Jan 14 12:33:20.719999 dv-cinder-815614-7-smb devstack@c-api.service[109566]: INFO cinder.api.openstack.wsgi [None req-84a3a61c-d3c1-494b-baef-e87fdf1d38a5 tempest-GroupsV320Test-1407037882 tempest-GroupsV320Test-1407037882-project] POST http://10.222.0.20/volume/v3/8430af227b174f29b6b20edf62dfff29/groups/19a4e48f-c660-4e3e-bacb-b57c5c265077/action
Jan 14 12:33:20.720820 dv-cinder-815614-7-smb devstack@c-api.service[109566]: DEBUG cinder.api.openstack.wsgi [None req-84a3a61c-d3c1-494b-baef-e87fdf1d38a5 tempest-GroupsV320Test-1407037882 tempest-GroupsV320Test-1407037882-project] Action body: b'{"delete": {"delete-volumes": true}}' {{(pid=109566) get_method /opt/stack/cinder/cinder/api/openstack/wsgi.py:983}}
Jan 14 12:33:20.721177 dv-cinder-815614-7-smb devstack@c-api.service[109566]: DEBUG cinder.api.openstack.wsgi [None req-84a3a61c-d3c1-494b-baef-e87fdf1d38a5 tempest-GroupsV320Test-1407037882 tempest-GroupsV320Test-1407037882-project] Action: 'action', calling method: delete_group, body: {"delete": {"delete-volumes": true}} {{(pid=109566) _process_stack /opt/stack/cinder/cinder/api/openstack/wsgi.py:866}}
Jan 14 12:33:20.722073 dv-cinder-815614-7-smb devstack@c-api.service[109566]: DEBUG cinder.api.v3.groups [None req-84a3a61c-d3c1-494b-baef-e87fdf1d38a5 tempest-GroupsV320Test-1407037882 tempest-GroupsV320Test-1407037882-project] delete called for group 19a4e48f-c660-4e3e-bacb-b57c5c265077 {{(pid=109566) _delete /opt/stack/cinder/cinder/api/v3/groups.py:117}}
Jan 14 12:33:20.722397 dv-cinder-815614-7-smb devstack@c-api.service[109566]: INFO cinder.api.v3.groups [None req-84a3a61c-d3c1-494b-baef-e87fdf1d38a5 tempest-GroupsV320Test-1407037882 tempest-GroupsV320Test-1407037882-project] Delete group with id: 19a4e48f-c660-4e3e-bacb-b57c5c265077
Jan 14 12:33:20.728700 dv-cinder-815614-7-smb devstack@c-api.service[109566]: /usr/local/lib/python3.8/dist-packages/oslo_context/context.py:105: DeprecationWarning: Policy enforcement is depending on the value of is_admin. This key is deprecated. Please update your policy file to use the standard policy values.
Jan 14 12:33:20.728700 dv-cinder-815614-7-smb devstack@c-api.service[109566]: warnings.warn('Policy enforcement is depending on the value of '
Jan 14 12:33:20.765458 dv-cinder-815614-7-smb devstack@c-api.service[109566]: INFO cinder.api.openstack.wsgi [None req-84a3a61c-d3c1-494b-baef-e87fdf1d38a5 tempest-GroupsV320Test-1407037882 tempest-GroupsV320Test-1407037882-project] http://10.222.0.20/volume/v3/8430af227b174f29b6b20edf62dfff29/groups/19a4e48f-c660-4e3e-bacb-b57c5c265077/action returned with HTTP 202
