Nov 05 13:45:58.239849 dv-cinder-815614-4-iscsi devstack@placement-api.service[108674]: DEBUG placement.objects.research_context [req-7eaf8495-683c-44ed-bf2c-6cac3dc35dc9 req-c73dbb5c-22fc-4330-b67d-abe81a6fbb02 service placement] getting providers with 1 VCPU {{(pid=108674) __init__ /opt/stack/placement/placement/objects/research_context.py:126}}
Nov 05 13:45:58.262565 dv-cinder-815614-4-iscsi devstack@placement-api.service[108674]: DEBUG placement.objects.research_context [req-7eaf8495-683c-44ed-bf2c-6cac3dc35dc9 req-c73dbb5c-22fc-4330-b67d-abe81a6fbb02 service placement] found 1 providers with available 1 DISK_GB {{(pid=108674) get_provider_ids_matching /opt/stack/placement/placement/objects/research_context.py:549}}
Nov 05 13:45:58.263119 dv-cinder-815614-4-iscsi devstack@placement-api.service[108674]: DEBUG placement.objects.research_context [req-7eaf8495-683c-44ed-bf2c-6cac3dc35dc9 req-c73dbb5c-22fc-4330-b67d-abe81a6fbb02 service placement] found 1 providers with available 1024 MEMORY_MB {{(pid=108674) get_provider_ids_matching /opt/stack/placement/placement/objects/research_context.py:549}}
Nov 05 13:45:58.263409 dv-cinder-815614-4-iscsi devstack@placement-api.service[108674]: DEBUG placement.objects.research_context [req-7eaf8495-683c-44ed-bf2c-6cac3dc35dc9 req-c73dbb5c-22fc-4330-b67d-abe81a6fbb02 service placement] found 1 providers after filtering by previous result {{(pid=108674) get_provider_ids_matching /opt/stack/placement/placement/objects/research_context.py:580}}
Nov 05 13:45:58.264559 dv-cinder-815614-4-iscsi devstack@placement-api.service[108674]: DEBUG placement.objects.research_context [req-7eaf8495-683c-44ed-bf2c-6cac3dc35dc9 req-c73dbb5c-22fc-4330-b67d-abe81a6fbb02 service placement] found 1 providers with available 1 VCPU {{(pid=108674) get_provider_ids_matching /opt/stack/placement/placement/objects/research_context.py:549}}
Nov 05 13:45:58.265022 dv-cinder-815614-4-iscsi devstack@placement-api.service[108674]: DEBUG placement.objects.research_context [req-7eaf8495-683c-44ed-bf2c-6cac3dc35dc9 req-c73dbb5c-22fc-4330-b67d-abe81a6fbb02 service placement] found 1 providers after filtering by previous result {{(pid=108674) get_provider_ids_matching /opt/stack/placement/placement/objects/research_context.py:580}}
Nov 05 13:45:58.301748 dv-cinder-815614-4-iscsi devstack@placement-api.service[108675]: DEBUG placement.requestlog [req-72b2326c-3e63-42fe-adb8-684c27f32e0d req-39dbae1b-9bea-417c-acb1-2d8d705dcd28 None None] Starting request: 10.222.0.46 "GET /placement/allocations/1eb4494e-b9d8-4318-b3a7-e6f1b371c09d" {{(pid=108675) __call__ /opt/stack/placement/placement/requestlog.py:55}}
Nov 05 13:45:58.313785 dv-cinder-815614-4-iscsi devstack@placement-api.service[108674]: DEBUG placement.objects.allocation_candidate [req-7eaf8495-683c-44ed-bf2c-6cac3dc35dc9 req-c73dbb5c-22fc-4330-b67d-abe81a6fbb02 service placement] RequestGroup(use_same_provider=False, resources={DISK_GB:1, MEMORY_MB:1024, VCPU:1}, traits=[], aggregates=[]) (suffix '') returned 1 matches {{(pid=108674) _get_by_requests /opt/stack/placement/placement/objects/allocation_candidate.py:145}}
Nov 05 13:45:58.318632 dv-cinder-815614-4-iscsi devstack@placement-api.service[108674]: DEBUG placement.objects.allocation_candidate [req-7eaf8495-683c-44ed-bf2c-6cac3dc35dc9 req-c73dbb5c-22fc-4330-b67d-abe81a6fbb02 service placement] Merging candidates yields 1 allocation requests and 1 provider summaries {{(pid=108674) _merge_candidates /opt/stack/placement/placement/objects/allocation_candidate.py:783}}
Nov 05 13:45:58.322059 dv-cinder-815614-4-iscsi devstack@placement-api.service[108674]: INFO placement.requestlog [req-7eaf8495-683c-44ed-bf2c-6cac3dc35dc9 req-c73dbb5c-22fc-4330-b67d-abe81a6fbb02 service placement] 10.222.0.43 "GET /placement/allocation_candidates?limit=1000&resources=DISK_GB%3A1%2CMEMORY_MB%3A1024%2CVCPU%3A1&root_required=%21COMPUTE_STATUS_DISABLED" status: 200 len: 767 microversion: 1.36
Nov 05 13:45:58.328184 dv-cinder-815614-4-iscsi devstack@placement-api.service[108674]: [pid: 108674|app: 0|req: 10/21] 10.222.0.43 () {60 vars in 1506 bytes} [Fri Nov 5 13:45:58 2021] GET /placement/allocation_candidates?limit=1000&resources=DISK_GB%3A1%2CMEMORY_MB%3A1024%2CVCPU%3A1&root_required=%21COMPUTE_STATUS_DISABLED => generated 767 bytes in 228 msecs (HTTP/1.1 200) 8 headers in 296 bytes (1 switches on core 0)
Nov 05 13:45:58.356646 dv-cinder-815614-4-iscsi devstack@placement-api.service[108675]: INFO placement.requestlog [req-72b2326c-3e63-42fe-adb8-684c27f32e0d req-39dbae1b-9bea-417c-acb1-2d8d705dcd28 service placement] 10.222.0.46 "GET /placement/allocations/1eb4494e-b9d8-4318-b3a7-e6f1b371c09d" status: 200 len: 258 microversion: 1.28
Nov 05 13:45:58.358391 dv-cinder-815614-4-iscsi devstack@placement-api.service[108675]: [pid: 108675|app: 0|req: 12/22] 10.222.0.46 () {60 vars in 1377 bytes} [Fri Nov 5 13:45:58 2021] GET /placement/allocations/1eb4494e-b9d8-4318-b3a7-e6f1b371c09d => generated 258 bytes in 61 msecs (HTTP/1.1 200) 8 headers in 296 bytes (1 switches on core 0)
Nov 05 13:45:58.450552 dv-cinder-815614-4-iscsi devstack@placement-api.service[108674]: DEBUG placement.requestlog [req-7eaf8495-683c-44ed-bf2c-6cac3dc35dc9 req-49fe4997-dcdc-4578-a003-635acdfc4cdc None None] Starting request: 10.222.0.43 "GET /placement/allocations/1116c393-81ed-4d88-b33d-2266762b7848" {{(pid=108674) __call__ /opt/stack/placement/placement/requestlog.py:55}}
Nov 05 13:45:58.466426 dv-cinder-815614-4-iscsi devstack@placement-api.service[108674]: INFO placement.requestlog [req-7eaf8495-683c-44ed-bf2c-6cac3dc35dc9 req-49fe4997-dcdc-4578-a003-635acdfc4cdc service placement] 10.222.0.43 "GET /placement/allocations/1116c393-81ed-4d88-b33d-2266762b7848" status: 200 len: 19 microversion: 1.28
Nov 05 13:45:58.466965 dv-cinder-815614-4-iscsi devstack@placement-api.service[108674]: [pid: 108674|app: 0|req: 11/23] 10.222.0.43 () {60 vars in 1380 bytes} [Fri Nov 5 13:45:58 2021] GET /placement/allocations/1116c393-81ed-4d88-b33d-2266762b7848 => generated 19 bytes in 17 msecs (HTTP/1.1 200) 8 headers in 295 bytes (1 switches on core 0)
Nov 05 13:45:58.473994 dv-cinder-815614-4-iscsi devstack@placement-api.service[108675]: DEBUG placement.requestlog [req-7eaf8495-683c-44ed-bf2c-6cac3dc35dc9 req-1018966d-e7a8-45e4-a71d-adb72bb11e82 None None] Starting request: 10.222.0.43 "PUT /placement/allocations/1116c393-81ed-4d88-b33d-2266762b7848" {{(pid=108675) __call__ /opt/stack/placement/placement/requestlog.py:55}}
Nov 05 13:45:58.887240 dv-cinder-815614-4-iscsi devstack@placement-api.service[108675]: DEBUG placement.handlers.allocation [req-7eaf8495-683c-44ed-bf2c-6cac3dc35dc9 req-1018966d-e7a8-45e4-a71d-adb72bb11e82 service placement] Successfully wrote allocations [, , ] {{(pid=108675) _update_consumers_and_create_allocations /opt/stack/placement/placement/handlers/allocation.py:462}}
Nov 05 13:45:59.022780 dv-cinder-815614-4-iscsi devstack@placement-api.service[108675]: INFO placement.requestlog [req-7eaf8495-683c-44ed-bf2c-6cac3dc35dc9 req-1018966d-e7a8-45e4-a71d-adb72bb11e82 service placement] 10.222.0.43 "PUT /placement/allocations/1116c393-81ed-4d88-b33d-2266762b7848" status: 204 len: 0 microversion: 1.36
Nov 05 13:45:59.023032 dv-cinder-815614-4-iscsi devstack@placement-api.service[108675]: [pid: 108675|app: 0|req: 13/24] 10.222.0.43 () {64 vars in 1433 bytes} [Fri Nov 5 13:45:58 2021] PUT /placement/allocations/1116c393-81ed-4d88-b33d-2266762b7848 => generated 0 bytes in 549 msecs (HTTP/1.1 204) 5 headers in 199 bytes (1 switches on core 0)
Nov 05 13:46:00.734185 dv-cinder-815614-4-iscsi devstack@placement-api.service[108674]: DEBUG placement.requestlog [req-7eaf8495-683c-44ed-bf2c-6cac3dc35dc9 req-ee69ec49-848d-48c9-b52b-4ab5e5b20501 None None] Starting request: 10.222.0.46 "GET /placement/allocations/1116c393-81ed-4d88-b33d-2266762b7848" {{(pid=108674) __call__ /opt/stack/placement/placement/requestlog.py:55}}
Nov 05 13:46:00.798820 dv-cinder-815614-4-iscsi devstack@placement-api.service[108674]: INFO placement.requestlog [req-7eaf8495-683c-44ed-bf2c-6cac3dc35dc9 req-ee69ec49-848d-48c9-b52b-4ab5e5b20501 service placement] 10.222.0.46 "GET /placement/allocations/1116c393-81ed-4d88-b33d-2266762b7848" status: 200 len: 258 microversion: 1.28
Nov 05 13:46:00.802830 dv-cinder-815614-4-iscsi devstack@placement-api.service[108674]: [pid: 108674|app: 0|req: 12/25] 10.222.0.46 () {60 vars in 1377 bytes} [Fri Nov 5 13:46:00 2021] GET /placement/allocations/1116c393-81ed-4d88-b33d-2266762b7848 => generated 258 bytes in 69 msecs (HTTP/1.1 200) 8 headers in 296 bytes (1 switches on core 0)
Nov 05 13:46:07.388093 dv-cinder-815614-4-iscsi devstack@placement-api.service[108675]: DEBUG placement.requestlog [req-a4e66522-56bb-4f4f-9fb3-a5a7c71619d6 req-626cc9a1-66f9-460d-8e53-dfbca82cc98d None None] Starting request: 10.222.0.43 "GET /placement/allocation_candidates?limit=1000&resources=DISK_GB%3A1%2CMEMORY_MB%3A1024%2CVCPU%3A1&root_required=%21COMPUTE_STATUS_DISABLED" {{(pid=108675) __call__ /opt/stack/placement/placement/requestlog.py:55}}
Nov 05 13:46:07.479414 dv-cinder-815614-4-iscsi devstack@placement-api.service[108675]: DEBUG placement.objects.research_context [req-a4e66522-56bb-4f4f-9fb3-a5a7c71619d6 req-626cc9a1-66f9-460d-8e53-dfbca82cc98d service placement] getting providers with 1 DISK_GB {{(pid=108675) __init__ /opt/stack/placement/placement/objects/research_context.py:126}}
Nov 05 13:46:07.498528 dv-cinder-815614-4-iscsi devstack@placement-api.service[108675]: DEBUG placement.objects.research_context [req-a4e66522-56bb-4f4f-9fb3-a5a7c71619d6 req-626cc9a1-66f9-460d-8e53-dfbca82cc98d service placement] getting providers with 1024 MEMORY_MB {{(pid=108675) __init__ /opt/stack/placement/placement/objects/research_context.py:126}}
Nov 05 13:46:07.516444 dv-cinder-815614-4-iscsi devstack@placement-api.service[108675]: DEBUG placement.objects.research_context [req-a4e66522-56bb-4f4f-9fb3-a5a7c71619d6 req-626cc9a1-66f9-460d-8e53-dfbca82cc98d service placement] getting providers with 1 VCPU {{(pid=108675) __init__ /opt/stack/placement/placement/objects/research_context.py:126}}
Nov 05 13:46:07.534281 dv-cinder-815614-4-iscsi devstack@placement-api.service[108675]: DEBUG placement.objects.research_context [req-a4e66522-56bb-4f4f-9fb3-a5a7c71619d6 req-626cc9a1-66f9-460d-8e53-dfbca82cc98d service placement] found 1 providers with available 1 DISK_GB {{(pid=108675) get_provider_ids_matching /opt/stack/placement/placement/objects/research_context.py:549}}
Nov 05 13:46:07.534501 dv-cinder-815614-4-iscsi devstack@placement-api.service[108675]: DEBUG placement.objects.research_context [req-a4e66522-56bb-4f4f-9fb3-a5a7c71619d6 req-626cc9a1-66f9-460d-8e53-dfbca82cc98d service placement] found 1 providers with available 1024 MEMORY_MB {{(pid=108675) get_provider_ids_matching /opt/stack/placement/placement/objects/research_context.py:549}}
Nov 05 13:46:07.534773 dv-cinder-815614-4-iscsi devstack@placement-api.service[108675]: DEBUG placement.objects.research_context [req-a4e66522-56bb-4f4f-9fb3-a5a7c71619d6 req-626cc9a1-66f9-460d-8e53-dfbca82cc98d service placement] found 1 providers after filtering by previous result {{(pid=108675) get_provider_ids_matching /opt/stack/placement/placement/objects/research_context.py:580}}
Nov 05 13:46:07.535026 dv-cinder-815614-4-iscsi devstack@placement-api.service[108675]: DEBUG placement.objects.research_context [req-a4e66522-56bb-4f4f-9fb3-a5a7c71619d6 req-626cc9a1-66f9-460d-8e53-dfbca82cc98d service placement] found 1 providers with available 1 VCPU {{(pid=108675) get_provider_ids_matching /opt/stack/placement/placement/objects/research_context.py:549}}
Nov 05 13:46:07.535301 dv-cinder-815614-4-iscsi devstack@placement-api.service[108675]: DEBUG placement.objects.research_context [req-a4e66522-56bb-4f4f-9fb3-a5a7c71619d6 req-626cc9a1-66f9-460d-8e53-dfbca82cc98d service placement] found 1 providers after filtering by previous result {{(pid=108675) get_provider_ids_matching /opt/stack/placement/placement/objects/research_context.py:580}}
Nov 05 13:46:07.574020 dv-cinder-815614-4-iscsi devstack@placement-api.service[108675]: DEBUG placement.objects.allocation_candidate [req-a4e66522-56bb-4f4f-9fb3-a5a7c71619d6 req-626cc9a1-66f9-460d-8e53-dfbca82cc98d service placement] RequestGroup(use_same_provider=False, resources={DISK_GB:1, MEMORY_MB:1024, VCPU:1}, traits=[], aggregates=[]) (suffix '') returned 1 matches {{(pid=108675) _get_by_requests /opt/stack/placement/placement/objects/allocation_candidate.py:145}}
Nov 05 13:46:07.574359 dv-cinder-815614-4-iscsi devstack@placement-api.service[108675]: DEBUG placement.objects.allocation_candidate [req-a4e66522-56bb-4f4f-9fb3-a5a7c71619d6 req-626cc9a1-66f9-460d-8e53-dfbca82cc98d service placement] Merging candidates yields 1 allocation requests and 1 provider summaries {{(pid=108675) _merge_candidates /opt/stack/placement/placement/objects/allocation_candidate.py:783}}
Nov 05 13:46:07.579183 dv-cinder-815614-4-iscsi devstack@placement-api.service[108675]: INFO placement.requestlog [req-a4e66522-56bb-4f4f-9fb3-a5a7c71619d6 req-626cc9a1-66f9-460d-8e53-dfbca82cc98d service placement] 10.222.0.43 "GET /placement/allocation_candidates?limit=1000&resources=DISK_GB%3A1%2CMEMORY_MB%3A1024%2CVCPU%3A1&root_required=%21COMPUTE_STATUS_DISABLED" status: 200 len: 767 microversion: 1.36
Nov 05 13:46:07.583814 dv-cinder-815614-4-iscsi devstack@placement-api.service[108675]: [pid: 108675|app: 0|req: 14/26] 10.222.0.43 () {60 vars in 1506 bytes} [Fri Nov 5 13:46:07 2021] GET /placement/allocation_candidates?limit=1000&resources=DISK_GB%3A1%2CMEMORY_MB%3A1024%2CVCPU%3A1&root_required=%21COMPUTE_STATUS_DISABLED => generated 767 bytes in 192 msecs (HTTP/1.1 200) 8 headers in 296 bytes (1 switches on core 0)
Nov 05 13:46:07.831938 dv-cinder-815614-4-iscsi devstack@placement-api.service[108674]: DEBUG placement.requestlog [req-a4e66522-56bb-4f4f-9fb3-a5a7c71619d6 req-998e02c0-343b-4d90-85f7-15c02a70b091 None None] Starting request: 10.222.0.43 "GET /placement/allocations/2d87dbbe-eb79-47c8-b945-60994c2764a1" {{(pid=108674) __call__ /opt/stack/placement/placement/requestlog.py:55}}
Nov 05 13:46:07.831938 dv-cinder-815614-4-iscsi devstack@placement-api.service[108674]: INFO placement.requestlog [req-a4e66522-56bb-4f4f-9fb3-a5a7c71619d6 req-998e02c0-343b-4d90-85f7-15c02a70b091 service placement] 10.222.0.43 "GET /placement/allocations/2d87dbbe-eb79-47c8-b945-60994c2764a1" status: 200 len: 19 microversion: 1.28
Nov 05 13:46:07.831938 dv-cinder-815614-4-iscsi devstack@placement-api.service[108674]: [pid: 108674|app: 0|req: 13/27] 10.222.0.43 () {60 vars in 1380 bytes} [Fri Nov 5 13:46:07 2021] GET /placement/allocations/2d87dbbe-eb79-47c8-b945-60994c2764a1 => generated 19 bytes in 32 msecs (HTTP/1.1 200) 8 headers in 295 bytes (2 switches on core 0)
Nov 05 13:46:07.834978 dv-cinder-815614-4-iscsi devstack@placement-api.service[108675]: DEBUG placement.requestlog [req-a4e66522-56bb-4f4f-9fb3-a5a7c71619d6 req-00b4749d-1700-47d4-8fd6-7f3f471b1449 None None] Starting request: 10.222.0.43 "PUT /placement/allocations/2d87dbbe-eb79-47c8-b945-60994c2764a1" {{(pid=108675) __call__ /opt/stack/placement/placement/requestlog.py:55}}
Nov 05 13:46:08.247004 dv-cinder-815614-4-iscsi devstack@placement-api.service[108675]: DEBUG placement.handlers.allocation [req-a4e66522-56bb-4f4f-9fb3-a5a7c71619d6 req-00b4749d-1700-47d4-8fd6-7f3f471b1449 service placement] Successfully wrote allocations [, , ] {{(pid=108675) _update_consumers_and_create_allocations /opt/stack/placement/placement/handlers/allocation.py:462}}
Nov 05 13:46:08.363767 dv-cinder-815614-4-iscsi devstack@placement-api.service[108675]: INFO placement.requestlog [req-a4e66522-56bb-4f4f-9fb3-a5a7c71619d6 req-00b4749d-1700-47d4-8fd6-7f3f471b1449 service placement] 10.222.0.43 "PUT /placement/allocations/2d87dbbe-eb79-47c8-b945-60994c2764a1" status: 204 len: 0 microversion: 1.36
Nov 05 13:46:08.363973 dv-cinder-815614-4-iscsi devstack@placement-api.service[108675]: [pid: 108675|app: 0|req: 15/28] 10.222.0.43 () {64 vars in 1433 bytes} [Fri Nov 5 13:46:07 2021] PUT /placement/allocations/2d87dbbe-eb79-47c8-b945-60994c2764a1 => generated 0 bytes in 593 msecs (HTTP/1.1 204) 5 headers in 199 bytes (1 switches on core 0)
Nov 05 13:46:10.732208 dv-cinder-815614-4-iscsi devstack@placement-api.service[108674]: DEBUG placement.requestlog [req-26dbfe12-af42-4167-aa13-4c16b4cee4af req-0b273289-d4c4-48e7-b743-ca9896566136 None None] Starting request: 10.222.0.43 "GET /placement/allocation_candidates?limit=1000&resources=DISK_GB%3A1%2CMEMORY_MB%3A1024%2CVCPU%3A1&root_required=%21COMPUTE_STATUS_DISABLED" {{(pid=108674) __call__ /opt/stack/placement/placement/requestlog.py:55}}
Nov 05 13:46:10.765172 dv-cinder-815614-4-iscsi devstack@placement-api.service[108674]: DEBUG placement.objects.research_context [req-26dbfe12-af42-4167-aa13-4c16b4cee4af req-0b273289-d4c4-48e7-b743-ca9896566136 service placement] getting providers with 1 DISK_GB {{(pid=108674) __init__ /opt/stack/placement/placement/objects/research_context.py:126}}
Nov 05 13:46:10.771662 dv-cinder-815614-4-iscsi devstack@placement-api.service[108674]: DEBUG placement.objects.research_context [req-26dbfe12-af42-4167-aa13-4c16b4cee4af req-0b273289-d4c4-48e7-b743-ca9896566136 service placement] getting providers with 1024 MEMORY_MB {{(pid=108674) __init__ /opt/stack/placement/placement/objects/research_context.py:126}}
Nov 05 13:46:10.778106 dv-cinder-815614-4-iscsi devstack@placement-api.service[108674]: DEBUG placement.objects.research_context [req-26dbfe12-af42-4167-aa13-4c16b4cee4af req-0b273289-d4c4-48e7-b743-ca9896566136 service placement] getting providers with 1 VCPU {{(pid=108674) __init__ /opt/stack/placement/placement/objects/research_context.py:126}}
Nov 05 13:46:10.784244 dv-cinder-815614-4-iscsi devstack@placement-api.service[108674]: DEBUG placement.objects.research_context [req-26dbfe12-af42-4167-aa13-4c16b4cee4af req-0b273289-d4c4-48e7-b743-ca9896566136 service placement] found 1 providers with available 1 DISK_GB {{(pid=108674) get_provider_ids_matching /opt/stack/placement/placement/objects/research_context.py:549}}
Nov 05 13:46:10.784585 dv-cinder-815614-4-iscsi devstack@placement-api.service[108674]: DEBUG placement.objects.research_context [req-26dbfe12-af42-4167-aa13-4c16b4cee4af req-0b273289-d4c4-48e7-b743-ca9896566136 service placement] found 1 providers with available 1024 MEMORY_MB {{(pid=108674) get_provider_ids_matching /opt/stack/placement/placement/objects/research_context.py:549}}
Nov 05 13:46:10.784910 dv-cinder-815614-4-iscsi devstack@placement-api.service[108674]: DEBUG placement.objects.research_context [req-26dbfe12-af42-4167-aa13-4c16b4cee4af req-0b273289-d4c4-48e7-b743-ca9896566136 service placement] found 1 providers after filtering by previous result {{(pid=108674) get_provider_ids_matching /opt/stack/placement/placement/objects/research_context.py:580}}
Nov 05 13:46:10.785368 dv-cinder-815614-4-iscsi devstack@placement-api.service[108674]: DEBUG placement.objects.research_context [req-26dbfe12-af42-4167-aa13-4c16b4cee4af req-0b273289-d4c4-48e7-b743-ca9896566136 service placement] found 1 providers with available 1 VCPU {{(pid=108674) get_provider_ids_matching /opt/stack/placement/placement/objects/research_context.py:549}}
Nov 05 13:46:10.785722 dv-cinder-815614-4-iscsi devstack@placement-api.service[108674]: DEBUG placement.objects.research_context [req-26dbfe12-af42-4167-aa13-4c16b4cee4af req-0b273289-d4c4-48e7-b743-ca9896566136 service placement] found 1 providers after filtering by previous result {{(pid=108674) get_provider_ids_matching /opt/stack/placement/placement/objects/research_context.py:580}}
Nov 05 13:46:10.796941 dv-cinder-815614-4-iscsi devstack@placement-api.service[108674]: DEBUG placement.objects.allocation_candidate [req-26dbfe12-af42-4167-aa13-4c16b4cee4af req-0b273289-d4c4-48e7-b743-ca9896566136 service placement] RequestGroup(use_same_provider=False, resources={DISK_GB:1, MEMORY_MB:1024, VCPU:1}, traits=[], aggregates=[]) (suffix '') returned 1 matches {{(pid=108674) _get_by_requests /opt/stack/placement/placement/objects/allocation_candidate.py:145}}
Nov 05 13:46:10.797364 dv-cinder-815614-4-iscsi devstack@placement-api.service[108674]: DEBUG placement.objects.allocation_candidate [req-26dbfe12-af42-4167-aa13-4c16b4cee4af req-0b273289-d4c4-48e7-b743-ca9896566136 service placement] Merging candidates yields 1 allocation requests and 1 provider summaries {{(pid=108674) _merge_candidates /opt/stack/placement/placement/objects/allocation_candidate.py:783}}
Nov 05 13:46:10.798871 dv-cinder-815614-4-iscsi devstack@placement-api.service[108674]: INFO placement.requestlog [req-26dbfe12-af42-4167-aa13-4c16b4cee4af req-0b273289-d4c4-48e7-b743-ca9896566136 service placement] 10.222.0.43 "GET /placement/allocation_candidates?limit=1000&resources=DISK_GB%3A1%2CMEMORY_MB%3A1024%2CVCPU%3A1&root_required=%21COMPUTE_STATUS_DISABLED" status: 200 len: 767 microversion: 1.36
Nov 05 13:46:10.799450 dv-cinder-815614-4-iscsi devstack@placement-api.service[108674]: [pid: 108674|app: 0|req: 14/29] 10.222.0.43 () {60 vars in 1506 bytes} [Fri Nov 5 13:46:10 2021] GET /placement/allocation_candidates?limit=1000&resources=DISK_GB%3A1%2CMEMORY_MB%3A1024%2CVCPU%3A1&root_required=%21COMPUTE_STATUS_DISABLED => generated 767 bytes in 67 msecs (HTTP/1.1 200) 8 headers in 296 bytes (1 switches on core 0)
Nov 05 13:46:10.836285 dv-cinder-815614-4-iscsi devstack@placement-api.service[108675]: DEBUG placement.requestlog [req-26dbfe12-af42-4167-aa13-4c16b4cee4af req-68abdfdc-beee-40db-be0f-f0d9b9e23c60 None None] Starting request: 10.222.0.43 "GET /placement/allocations/6fc80f67-9dc1-4993-a482-70a64f2241a0" {{(pid=108675) __call__ /opt/stack/placement/placement/requestlog.py:55}}
Nov 05 13:46:10.851832 dv-cinder-815614-4-iscsi devstack@placement-api.service[108675]: INFO placement.requestlog [req-26dbfe12-af42-4167-aa13-4c16b4cee4af req-68abdfdc-beee-40db-be0f-f0d9b9e23c60 service placement] 10.222.0.43 "GET /placement/allocations/6fc80f67-9dc1-4993-a482-70a64f2241a0" status: 200 len: 19 microversion: 1.28
Nov 05 13:46:10.852072 dv-cinder-815614-4-iscsi devstack@placement-api.service[108675]: [pid: 108675|app: 0|req: 16/30] 10.222.0.43 () {60 vars in 1380 bytes} [Fri Nov 5 13:46:10 2021] GET /placement/allocations/6fc80f67-9dc1-4993-a482-70a64f2241a0 => generated 19 bytes in 16 msecs (HTTP/1.1 200) 8 headers in 295 bytes (1 switches on core 0)
Nov 05 13:46:10.858423 dv-cinder-815614-4-iscsi devstack@placement-api.service[108674]: DEBUG placement.requestlog [req-26dbfe12-af42-4167-aa13-4c16b4cee4af req-9fe4e66f-3ed4-4a5e-b190-f1fe07a4c831 None None] Starting request: 10.222.0.43 "PUT /placement/allocations/6fc80f67-9dc1-4993-a482-70a64f2241a0" {{(pid=108674) __call__ /opt/stack/placement/placement/requestlog.py:55}}
Nov 05 13:46:11.168845 dv-cinder-815614-4-iscsi devstack@placement-api.service[108674]: DEBUG placement.handlers.allocation [req-26dbfe12-af42-4167-aa13-4c16b4cee4af req-9fe4e66f-3ed4-4a5e-b190-f1fe07a4c831 service placement] Successfully wrote allocations [, , ] {{(pid=108674) _update_consumers_and_create_allocations /opt/stack/placement/placement/handlers/allocation.py:462}}
Nov 05 13:46:11.247487 dv-cinder-815614-4-iscsi devstack@placement-api.service[108674]: INFO placement.requestlog [req-26dbfe12-af42-4167-aa13-4c16b4cee4af req-9fe4e66f-3ed4-4a5e-b190-f1fe07a4c831 service placement] 10.222.0.43 "PUT /placement/allocations/6fc80f67-9dc1-4993-a482-70a64f2241a0" status: 204 len: 0 microversion: 1.36
Nov 05 13:46:11.247740 dv-cinder-815614-4-iscsi devstack@placement-api.service[108674]: [pid: 108674|app: 0|req: 15/31] 10.222.0.43 () {64 vars in 1433 bytes} [Fri Nov 5 13:46:10 2021] PUT /placement/allocations/6fc80f67-9dc1-4993-a482-70a64f2241a0 => generated 0 bytes in 390 msecs (HTTP/1.1 204) 5 headers in 199 bytes (2 switches on core 0)
Nov 05 13:46:14.076125 dv-cinder-815614-4-iscsi devstack@placement-api.service[108675]: DEBUG placement.requestlog [req-a4e66522-56bb-4f4f-9fb3-a5a7c71619d6 req-fd05d54f-faf0-47ed-9097-1962832b442e None None] Starting request: 10.222.0.46 "GET /placement/allocations/2d87dbbe-eb79-47c8-b945-60994c2764a1" {{(pid=108675) __call__ /opt/stack/placement/placement/requestlog.py:55}}
Nov 05 13:46:14.077150 dv-cinder-815614-4-iscsi devstack@placement-api.service[108674]: DEBUG placement.requestlog [req-26dbfe12-af42-4167-aa13-4c16b4cee4af req-da9fa607-6373-4b94-b552-4100a8e705c4 None None] Starting request: 10.222.0.46 "GET /placement/allocations/6fc80f67-9dc1-4993-a482-70a64f2241a0" {{(pid=108674) __call__ /opt/stack/placement/placement/requestlog.py:55}}
Nov 05 13:46:14.097324 dv-cinder-815614-4-iscsi devstack@placement-api.service[108674]: INFO placement.requestlog [req-26dbfe12-af42-4167-aa13-4c16b4cee4af req-da9fa607-6373-4b94-b552-4100a8e705c4 service placement] 10.222.0.46 "GET /placement/allocations/6fc80f67-9dc1-4993-a482-70a64f2241a0" status: 200 len: 258 microversion: 1.28
Nov 05 13:46:14.098183 dv-cinder-815614-4-iscsi devstack@placement-api.service[108674]: [pid: 108674|app: 0|req: 16/32] 10.222.0.46 () {60 vars in 1377 bytes} [Fri Nov 5 13:46:14 2021] GET /placement/allocations/6fc80f67-9dc1-4993-a482-70a64f2241a0 => generated 258 bytes in 22 msecs (HTTP/1.1 200) 8 headers in 296 bytes (2 switches on core 0)
Nov 05 13:46:14.108376 dv-cinder-815614-4-iscsi devstack@placement-api.service[108675]: INFO placement.requestlog [req-a4e66522-56bb-4f4f-9fb3-a5a7c71619d6 req-fd05d54f-faf0-47ed-9097-1962832b442e service placement] 10.222.0.46 "GET /placement/allocations/2d87dbbe-eb79-47c8-b945-60994c2764a1" status: 200 len: 258 microversion: 1.28
Nov 05 13:46:14.111411 dv-cinder-815614-4-iscsi devstack@placement-api.service[108675]: [pid: 108675|app: 0|req: 17/33] 10.222.0.46 () {60 vars in 1377 bytes} [Fri Nov 5 13:46:14 2021] GET /placement/allocations/2d87dbbe-eb79-47c8-b945-60994c2764a1 => generated 258 bytes in 34 msecs (HTTP/1.1 200) 8 headers in 296 bytes (1 switches on core 0)
Nov 05 13:46:53.938628 dv-cinder-815614-4-iscsi devstack@placement-api.service[108674]: DEBUG placement.requestlog [req-14443124-3602-4436-9d83-e6c7e25b3ad6 req-e54e148e-79a7-418f-8e3d-98d2f4ddb85b None None] Starting request: 10.222.0.46 "GET /placement/resource_providers/069d0320-b35b-4f5b-86e3-88859c3f2c69/allocations" {{(pid=108674) __call__ /opt/stack/placement/placement/requestlog.py:55}}
Nov 05 13:46:53.961212 dv-cinder-815614-4-iscsi devstack@placement-api.service[108674]: INFO placement.requestlog [req-14443124-3602-4436-9d83-e6c7e25b3ad6 req-e54e148e-79a7-418f-8e3d-98d2f4ddb85b service placement] 10.222.0.46 "GET /placement/resource_providers/069d0320-b35b-4f5b-86e3-88859c3f2c69/allocations" status: 200 len: 557 microversion: 1.0
Nov 05 13:46:53.961783 dv-cinder-815614-4-iscsi devstack@placement-api.service[108674]: [pid: 108674|app: 0|req: 17/34] 10.222.0.46 () {58 vars in 1390 bytes} [Fri Nov 5 13:46:53 2021] GET /placement/resource_providers/069d0320-b35b-4f5b-86e3-88859c3f2c69/allocations => generated 557 bytes in 24 msecs (HTTP/1.1 200) 6 headers in 224 bytes (1 switches on core 0)
Nov 05 13:47:19.599762 dv-cinder-815614-4-iscsi devstack@placement-api.service[108675]: DEBUG placement.requestlog [req-e8b7fc8b-8858-4c49-b5ab-cae3f8c2af67 req-0c8aa8f7-4ff2-4c75-9fc7-fbe17be98d8c None None] Starting request: 10.222.0.46 "DELETE /placement/allocations/d710bedd-ec0b-480f-af48-fa4ee82cb6a7" {{(pid=108675) __call__ /opt/stack/placement/placement/requestlog.py:55}}
Nov 05 13:47:19.813164 dv-cinder-815614-4-iscsi devstack@placement-api.service[108675]: DEBUG placement.handlers.allocation [req-e8b7fc8b-8858-4c49-b5ab-cae3f8c2af67 req-0c8aa8f7-4ff2-4c75-9fc7-fbe17be98d8c service placement] Successfully deleted allocations [, , ] {{(pid=108675) delete_allocations /opt/stack/placement/placement/handlers/allocation.py:627}}
Nov 05 13:47:19.816146 dv-cinder-815614-4-iscsi devstack@placement-api.service[108675]: INFO placement.requestlog [req-e8b7fc8b-8858-4c49-b5ab-cae3f8c2af67 req-0c8aa8f7-4ff2-4c75-9fc7-fbe17be98d8c service placement] 10.222.0.46 "DELETE /placement/allocations/d710bedd-ec0b-480f-af48-fa4ee82cb6a7" status: 204 len: 0 microversion: 1.0
Nov 05 13:47:19.816898 dv-cinder-815614-4-iscsi devstack@placement-api.service[108675]: [pid: 108675|app: 0|req: 18/35] 10.222.0.46 () {60 vars in 1355 bytes} [Fri Nov 5 13:47:19 2021] DELETE /placement/allocations/d710bedd-ec0b-480f-af48-fa4ee82cb6a7 => generated 0 bytes in 217 msecs (HTTP/1.1 204) 5 headers in 198 bytes (1 switches on core 0)
Nov 05 13:47:53.685078 dv-cinder-815614-4-iscsi devstack@placement-api.service[108674]: DEBUG placement.requestlog [req-4d26fe49-c872-413c-b3af-915125be9796 req-cf6a021c-1416-4a68-b23d-43753b6b3f19 None None] Starting request: 10.222.0.46 "GET /placement/resource_providers/069d0320-b35b-4f5b-86e3-88859c3f2c69/allocations" {{(pid=108674) __call__ /opt/stack/placement/placement/requestlog.py:55}}
Nov 05 13:47:53.706407 dv-cinder-815614-4-iscsi devstack@placement-api.service[108674]: INFO placement.requestlog [req-4d26fe49-c872-413c-b3af-915125be9796 req-cf6a021c-1416-4a68-b23d-43753b6b3f19 service placement] 10.222.0.46 "GET /placement/resource_providers/069d0320-b35b-4f5b-86e3-88859c3f2c69/allocations" status: 200 len: 456 microversion: 1.0
Nov 05 13:47:53.706756 dv-cinder-815614-4-iscsi devstack@placement-api.service[108674]: [pid: 108674|app: 0|req: 18/36] 10.222.0.46 () {58 vars in 1390 bytes} [Fri Nov 5 13:47:53 2021] GET /placement/resource_providers/069d0320-b35b-4f5b-86e3-88859c3f2c69/allocations => generated 456 bytes in 22 msecs (HTTP/1.1 200) 6 headers in 224 bytes (1 switches on core 0)
Nov 05 13:48:52.076435 dv-cinder-815614-4-iscsi devstack@placement-api.service[108675]: DEBUG placement.requestlog [req-66310b02-3dce-447c-ac87-5b77965575d1 req-877cc02c-fc87-4807-bf4e-62f7a6618eb3 None None] Starting request: 10.222.0.46 "DELETE /placement/allocations/1116c393-81ed-4d88-b33d-2266762b7848" {{(pid=108675) __call__ /opt/stack/placement/placement/requestlog.py:55}}
Nov 05 13:48:52.283225 dv-cinder-815614-4-iscsi devstack@placement-api.service[108675]: DEBUG placement.handlers.allocation [req-66310b02-3dce-447c-ac87-5b77965575d1 req-877cc02c-fc87-4807-bf4e-62f7a6618eb3 service placement] Successfully deleted allocations [, , ] {{(pid=108675) delete_allocations /opt/stack/placement/placement/handlers/allocation.py:627}}
Nov 05 13:48:52.283877 dv-cinder-815614-4-iscsi devstack@placement-api.service[108675]: INFO placement.requestlog [req-66310b02-3dce-447c-ac87-5b77965575d1 req-877cc02c-fc87-4807-bf4e-62f7a6618eb3 service placement] 10.222.0.46 "DELETE /placement/allocations/1116c393-81ed-4d88-b33d-2266762b7848" status: 204 len: 0 microversion: 1.0
Nov 05 13:48:52.284212 dv-cinder-815614-4-iscsi devstack@placement-api.service[108675]: [pid: 108675|app: 0|req: 19/37] 10.222.0.46 () {60 vars in 1355 bytes} [Fri Nov 5 13:48:52 2021] DELETE /placement/allocations/1116c393-81ed-4d88-b33d-2266762b7848 => generated 0 bytes in 208 msecs (HTTP/1.1 204) 5 headers in 198 bytes (1 switches on core 0)
Nov 05 13:48:55.861499 dv-cinder-815614-4-iscsi devstack@placement-api.service[108674]: DEBUG placement.requestlog [req-7b3cd9e3-d0cd-445c-9f12-30e83a222237 req-05824201-72ec-4d06-86c8-8f60e8ccec2c None None] Starting request: 10.222.0.46 "GET /placement/resource_providers/069d0320-b35b-4f5b-86e3-88859c3f2c69/allocations" {{(pid=108674) __call__ /opt/stack/placement/placement/requestlog.py:55}}
Nov 05 13:48:56.047442 dv-cinder-815614-4-iscsi devstack@placement-api.service[108674]: INFO placement.requestlog [req-7b3cd9e3-d0cd-445c-9f12-30e83a222237 req-05824201-72ec-4d06-86c8-8f60e8ccec2c service placement] 10.222.0.46 "GET /placement/resource_providers/069d0320-b35b-4f5b-86e3-88859c3f2c69/allocations" status: 200 len: 355 microversion: 1.0
Nov 05 13:48:56.047442 dv-cinder-815614-4-iscsi devstack@placement-api.service[108674]: [pid: 108674|app: 0|req: 19/38] 10.222.0.46 () {58 vars in 1390 bytes} [Fri Nov 5 13:48:55 2021] GET /placement/resource_providers/069d0320-b35b-4f5b-86e3-88859c3f2c69/allocations => generated 355 bytes in 185 msecs (HTTP/1.1 200) 6 headers in 224 bytes (1 switches on core 0)
Nov 05 13:48:56.217720 dv-cinder-815614-4-iscsi devstack@placement-api.service[108675]: DEBUG placement.requestlog [req-7b3cd9e3-d0cd-445c-9f12-30e83a222237 req-c16ee96d-8097-4a29-be91-0632ea158346 None None] Starting request: 10.222.0.46 "GET /placement/resource_providers?in_tree=069d0320-b35b-4f5b-86e3-88859c3f2c69" {{(pid=108675) __call__ /opt/stack/placement/placement/requestlog.py:55}}
Nov 05 13:48:56.243090 dv-cinder-815614-4-iscsi devstack@placement-api.service[108675]: INFO placement.requestlog [req-7b3cd9e3-d0cd-445c-9f12-30e83a222237 req-c16ee96d-8097-4a29-be91-0632ea158346 service placement] 10.222.0.46 "GET /placement/resource_providers?in_tree=069d0320-b35b-4f5b-86e3-88859c3f2c69" status: 200 len: 864 microversion: 1.14
Nov 05 13:48:56.243556 dv-cinder-815614-4-iscsi devstack@placement-api.service[108675]: [pid: 108675|app: 0|req: 20/39] 10.222.0.46 () {60 vars in 1376 bytes} [Fri Nov 5 13:48:56 2021] GET /placement/resource_providers?in_tree=069d0320-b35b-4f5b-86e3-88859c3f2c69 => generated 864 bytes in 26 msecs (HTTP/1.1 200) 6 headers in 225 bytes (2 switches on core 0)
Nov 05 13:48:56.255836 dv-cinder-815614-4-iscsi devstack@placement-api.service[108674]: DEBUG placement.requestlog [req-7b3cd9e3-d0cd-445c-9f12-30e83a222237 req-90b34362-f388-4d1d-a55a-4e2e161bfd84 None None] Starting request: 10.222.0.46 "GET /placement/resource_providers/069d0320-b35b-4f5b-86e3-88859c3f2c69/inventories" {{(pid=108674) __call__ /opt/stack/placement/placement/requestlog.py:55}}
Nov 05 13:48:56.274084 dv-cinder-815614-4-iscsi devstack@placement-api.service[108674]: INFO placement.requestlog [req-7b3cd9e3-d0cd-445c-9f12-30e83a222237 req-90b34362-f388-4d1d-a55a-4e2e161bfd84 service placement] 10.222.0.46 "GET /placement/resource_providers/069d0320-b35b-4f5b-86e3-88859c3f2c69/inventories" status: 200 len: 397 microversion: 1.0
Nov 05 13:48:56.274464 dv-cinder-815614-4-iscsi devstack@placement-api.service[108674]: [pid: 108674|app: 0|req: 20/40] 10.222.0.46 () {58 vars in 1390 bytes} [Fri Nov 5 13:48:56 2021] GET /placement/resource_providers/069d0320-b35b-4f5b-86e3-88859c3f2c69/inventories => generated 397 bytes in 19 msecs (HTTP/1.1 200) 6 headers in 224 bytes (2 switches on core 0)
Nov 05 13:48:56.296362 dv-cinder-815614-4-iscsi devstack@placement-api.service[108675]: DEBUG placement.requestlog [req-7b3cd9e3-d0cd-445c-9f12-30e83a222237 req-15048285-67b7-4bfe-a73c-5aa6e3f70154 None None] Starting request: 10.222.0.46 "GET /placement/resource_providers/069d0320-b35b-4f5b-86e3-88859c3f2c69/aggregates" {{(pid=108675) __call__ /opt/stack/placement/placement/requestlog.py:55}}
Nov 05 13:48:56.314358 dv-cinder-815614-4-iscsi devstack@placement-api.service[108675]: INFO placement.requestlog [req-7b3cd9e3-d0cd-445c-9f12-30e83a222237 req-15048285-67b7-4bfe-a73c-5aa6e3f70154 service placement] 10.222.0.46 "GET /placement/resource_providers/069d0320-b35b-4f5b-86e3-88859c3f2c69/aggregates" status: 200 len: 53 microversion: 1.19
Nov 05 13:48:56.314753 dv-cinder-815614-4-iscsi devstack@placement-api.service[108675]: [pid: 108675|app: 0|req: 21/41] 10.222.0.46 () {60 vars in 1431 bytes} [Fri Nov 5 13:48:56 2021] GET /placement/resource_providers/069d0320-b35b-4f5b-86e3-88859c3f2c69/aggregates => generated 53 bytes in 19 msecs (HTTP/1.1 200) 8 headers in 295 bytes (1 switches on core 0)
Nov 05 13:48:56.327482 dv-cinder-815614-4-iscsi devstack@placement-api.service[108674]: DEBUG placement.requestlog [req-7b3cd9e3-d0cd-445c-9f12-30e83a222237 req-894f0e4f-3d1a-4a1b-866c-d8a0ecaaf7b6 None None] Starting request: 10.222.0.46 "GET /placement/resource_providers/069d0320-b35b-4f5b-86e3-88859c3f2c69/traits" {{(pid=108674) __call__ /opt/stack/placement/placement/requestlog.py:55}}
Nov 05 13:48:56.356871 dv-cinder-815614-4-iscsi devstack@placement-api.service[108674]: INFO placement.requestlog [req-7b3cd9e3-d0cd-445c-9f12-30e83a222237 req-894f0e4f-3d1a-4a1b-866c-d8a0ecaaf7b6 service placement] 10.222.0.46 "GET /placement/resource_providers/069d0320-b35b-4f5b-86e3-88859c3f2c69/traits" status: 200 len: 299 microversion: 1.6
Nov 05 13:48:56.357095 dv-cinder-815614-4-iscsi devstack@placement-api.service[108674]: [pid: 108674|app: 0|req: 21/42] 10.222.0.46 () {60 vars in 1418 bytes} [Fri Nov 5 13:48:56 2021] GET /placement/resource_providers/069d0320-b35b-4f5b-86e3-88859c3f2c69/traits => generated 299 bytes in 30 msecs (HTTP/1.1 200) 6 headers in 224 bytes (1 switches on core 0)
Nov 05 13:49:00.783850 dv-cinder-815614-4-iscsi devstack@placement-api.service[108675]: DEBUG placement.requestlog [req-91f4bfd6-c332-4774-8825-8d743763d3a7 req-736e1391-35c6-477e-8fe0-94d942c8c793 None None] Starting request: 10.222.0.46 "DELETE /placement/allocations/1eb4494e-b9d8-4318-b3a7-e6f1b371c09d" {{(pid=108675) __call__ /opt/stack/placement/placement/requestlog.py:55}}
Nov 05 13:49:00.982464 dv-cinder-815614-4-iscsi devstack@placement-api.service[108675]: DEBUG placement.handlers.allocation [req-91f4bfd6-c332-4774-8825-8d743763d3a7 req-736e1391-35c6-477e-8fe0-94d942c8c793 service placement] Successfully deleted allocations [, , ] {{(pid=108675) delete_allocations /opt/stack/placement/placement/handlers/allocation.py:627}}
Nov 05 13:49:00.982952 dv-cinder-815614-4-iscsi devstack@placement-api.service[108675]: INFO placement.requestlog [req-91f4bfd6-c332-4774-8825-8d743763d3a7 req-736e1391-35c6-477e-8fe0-94d942c8c793 service placement] 10.222.0.46 "DELETE /placement/allocations/1eb4494e-b9d8-4318-b3a7-e6f1b371c09d" status: 204 len: 0 microversion: 1.0
Nov 05 13:49:00.983191 dv-cinder-815614-4-iscsi devstack@placement-api.service[108675]: [pid: 108675|app: 0|req: 22/43] 10.222.0.46 () {60 vars in 1355 bytes} [Fri Nov 5 13:49:00 2021] DELETE /placement/allocations/1eb4494e-b9d8-4318-b3a7-e6f1b371c09d => generated 0 bytes in 200 msecs (HTTP/1.1 204) 5 headers in 198 bytes (1 switches on core 0)
Nov 05 13:49:08.159505 dv-cinder-815614-4-iscsi devstack@placement-api.service[108674]: DEBUG placement.requestlog [req-8e0b1990-15df-4ca6-a8ed-806f14caec82 req-f592da0d-e496-4048-b3d0-c6de0c947d51 None None] Starting request: 10.222.0.43 "GET /placement/allocation_candidates?limit=1000&resources=DISK_GB%3A1%2CMEMORY_MB%3A1024%2CVCPU%3A1&root_required=%21COMPUTE_STATUS_DISABLED" {{(pid=108674) __call__ /opt/stack/placement/placement/requestlog.py:55}}
Nov 05 13:49:08.193569 dv-cinder-815614-4-iscsi devstack@placement-api.service[108674]: DEBUG placement.objects.research_context [req-8e0b1990-15df-4ca6-a8ed-806f14caec82 req-f592da0d-e496-4048-b3d0-c6de0c947d51 service placement] getting providers with 1 DISK_GB {{(pid=108674) __init__ /opt/stack/placement/placement/objects/research_context.py:126}}
Nov 05 13:49:08.199350 dv-cinder-815614-4-iscsi devstack@placement-api.service[108674]: DEBUG placement.objects.research_context [req-8e0b1990-15df-4ca6-a8ed-806f14caec82 req-f592da0d-e496-4048-b3d0-c6de0c947d51 service placement] getting providers with 1024 MEMORY_MB {{(pid=108674) __init__ /opt/stack/placement/placement/objects/research_context.py:126}}
Nov 05 13:49:08.204999 dv-cinder-815614-4-iscsi devstack@placement-api.service[108674]: DEBUG placement.objects.research_context [req-8e0b1990-15df-4ca6-a8ed-806f14caec82 req-f592da0d-e496-4048-b3d0-c6de0c947d51 service placement] getting providers with 1 VCPU {{(pid=108674) __init__ /opt/stack/placement/placement/objects/research_context.py:126}}
Nov 05 13:49:08.210659 dv-cinder-815614-4-iscsi devstack@placement-api.service[108674]: DEBUG placement.objects.research_context [req-8e0b1990-15df-4ca6-a8ed-806f14caec82 req-f592da0d-e496-4048-b3d0-c6de0c947d51 service placement] found 1 providers with available 1 DISK_GB {{(pid=108674) get_provider_ids_matching /opt/stack/placement/placement/objects/research_context.py:549}}
Nov 05 13:49:08.211018 dv-cinder-815614-4-iscsi devstack@placement-api.service[108674]: DEBUG placement.objects.research_context [req-8e0b1990-15df-4ca6-a8ed-806f14caec82 req-f592da0d-e496-4048-b3d0-c6de0c947d51 service placement] found 1 providers with available 1024 MEMORY_MB {{(pid=108674) get_provider_ids_matching /opt/stack/placement/placement/objects/research_context.py:549}}
Nov 05 13:49:08.214073 dv-cinder-815614-4-iscsi devstack@placement-api.service[108674]: DEBUG placement.objects.research_context [req-8e0b1990-15df-4ca6-a8ed-806f14caec82 req-f592da0d-e496-4048-b3d0-c6de0c947d51 service placement] found 1 providers after filtering by previous result {{(pid=108674) get_provider_ids_matching /opt/stack/placement/placement/objects/research_context.py:580}}
Nov 05 13:49:08.214073 dv-cinder-815614-4-iscsi devstack@placement-api.service[108674]: DEBUG placement.objects.research_context [req-8e0b1990-15df-4ca6-a8ed-806f14caec82 req-f592da0d-e496-4048-b3d0-c6de0c947d51 service placement] found 1 providers with available 1 VCPU {{(pid=108674) get_provider_ids_matching /opt/stack/placement/placement/objects/research_context.py:549}}
Nov 05 13:49:08.214073 dv-cinder-815614-4-iscsi devstack@placement-api.service[108674]: DEBUG placement.objects.research_context [req-8e0b1990-15df-4ca6-a8ed-806f14caec82 req-f592da0d-e496-4048-b3d0-c6de0c947d51 service placement] found 1 providers after filtering by previous result {{(pid=108674) get_provider_ids_matching /opt/stack/placement/placement/objects/research_context.py:580}}
Nov 05 13:49:08.227313 dv-cinder-815614-4-iscsi devstack@placement-api.service[108674]: DEBUG placement.objects.allocation_candidate [req-8e0b1990-15df-4ca6-a8ed-806f14caec82 req-f592da0d-e496-4048-b3d0-c6de0c947d51 service placement] RequestGroup(use_same_provider=False, resources={DISK_GB:1, MEMORY_MB:1024, VCPU:1}, traits=[], aggregates=[]) (suffix '') returned 1 matches {{(pid=108674) _get_by_requests /opt/stack/placement/placement/objects/allocation_candidate.py:145}}
Nov 05 13:49:08.227766 dv-cinder-815614-4-iscsi devstack@placement-api.service[108674]: DEBUG placement.objects.allocation_candidate [req-8e0b1990-15df-4ca6-a8ed-806f14caec82 req-f592da0d-e496-4048-b3d0-c6de0c947d51 service placement] Merging candidates yields 1 allocation requests and 1 provider summaries {{(pid=108674) _merge_candidates /opt/stack/placement/placement/objects/allocation_candidate.py:783}}
Nov 05 13:49:08.229657 dv-cinder-815614-4-iscsi devstack@placement-api.service[108674]: INFO placement.requestlog [req-8e0b1990-15df-4ca6-a8ed-806f14caec82 req-f592da0d-e496-4048-b3d0-c6de0c947d51 service placement] 10.222.0.43 "GET /placement/allocation_candidates?limit=1000&resources=DISK_GB%3A1%2CMEMORY_MB%3A1024%2CVCPU%3A1&root_required=%21COMPUTE_STATUS_DISABLED" status: 200 len: 767 microversion: 1.36
Nov 05 13:49:08.230910 dv-cinder-815614-4-iscsi devstack@placement-api.service[108674]: [pid: 108674|app: 0|req: 22/44] 10.222.0.43 () {60 vars in 1506 bytes} [Fri Nov 5 13:49:08 2021] GET /placement/allocation_candidates?limit=1000&resources=DISK_GB%3A1%2CMEMORY_MB%3A1024%2CVCPU%3A1&root_required=%21COMPUTE_STATUS_DISABLED => generated 767 bytes in 71 msecs (HTTP/1.1 200) 8 headers in 296 bytes (1 switches on core 0)
Nov 05 13:49:09.299751 dv-cinder-815614-4-iscsi devstack@placement-api.service[108675]: DEBUG placement.requestlog [req-8e0b1990-15df-4ca6-a8ed-806f14caec82 req-713efc0c-409b-40e3-92a9-706a93664650 None None] Starting request: 10.222.0.43 "GET /placement/allocations/ed158b2d-49c5-4f5f-be17-1baf3e2cda6a" {{(pid=108675) __call__ /opt/stack/placement/placement/requestlog.py:55}}
Nov 05 13:49:09.312755 dv-cinder-815614-4-iscsi devstack@placement-api.service[108675]: INFO placement.requestlog [req-8e0b1990-15df-4ca6-a8ed-806f14caec82 req-713efc0c-409b-40e3-92a9-706a93664650 service placement] 10.222.0.43 "GET /placement/allocations/ed158b2d-49c5-4f5f-be17-1baf3e2cda6a" status: 200 len: 19 microversion: 1.28
Nov 05 13:49:09.315552 dv-cinder-815614-4-iscsi devstack@placement-api.service[108675]: [pid: 108675|app: 0|req: 23/45] 10.222.0.43 () {60 vars in 1380 bytes} [Fri Nov 5 13:49:09 2021] GET /placement/allocations/ed158b2d-49c5-4f5f-be17-1baf3e2cda6a => generated 19 bytes in 16 msecs (HTTP/1.1 200) 8 headers in 295 bytes (1 switches on core 0)
Nov 05 13:49:09.319881 dv-cinder-815614-4-iscsi devstack@placement-api.service[108674]: DEBUG placement.requestlog [req-8e0b1990-15df-4ca6-a8ed-806f14caec82 req-769c14aa-1d77-4163-b752-e9bdf7efae9f None None] Starting request: 10.222.0.43 "PUT /placement/allocations/ed158b2d-49c5-4f5f-be17-1baf3e2cda6a" {{(pid=108674) __call__ /opt/stack/placement/placement/requestlog.py:55}}
Nov 05 13:49:09.671650 dv-cinder-815614-4-iscsi devstack@placement-api.service[108674]: DEBUG placement.handlers.allocation [req-8e0b1990-15df-4ca6-a8ed-806f14caec82 req-769c14aa-1d77-4163-b752-e9bdf7efae9f service placement] Successfully wrote allocations [, , ] {{(pid=108674) _update_consumers_and_create_allocations /opt/stack/placement/placement/handlers/allocation.py:462}}
Nov 05 13:49:09.761951 dv-cinder-815614-4-iscsi devstack@placement-api.service[108674]: INFO placement.requestlog [req-8e0b1990-15df-4ca6-a8ed-806f14caec82 req-769c14aa-1d77-4163-b752-e9bdf7efae9f service placement] 10.222.0.43 "PUT /placement/allocations/ed158b2d-49c5-4f5f-be17-1baf3e2cda6a" status: 204 len: 0 microversion: 1.36
Nov 05 13:49:09.762608 dv-cinder-815614-4-iscsi devstack@placement-api.service[108674]: [pid: 108674|app: 0|req: 23/46] 10.222.0.43 () {64 vars in 1433 bytes} [Fri Nov 5 13:49:09 2021] PUT /placement/allocations/ed158b2d-49c5-4f5f-be17-1baf3e2cda6a => generated 0 bytes in 443 msecs (HTTP/1.1 204) 5 headers in 199 bytes (1 switches on core 0)
Nov 05 13:49:13.000745 dv-cinder-815614-4-iscsi devstack@placement-api.service[108675]: DEBUG placement.requestlog [req-8e0b1990-15df-4ca6-a8ed-806f14caec82 req-9d51108b-96fa-4880-9c79-e4a469788f58 None None] Starting request: 10.222.0.46 "GET /placement/allocations/ed158b2d-49c5-4f5f-be17-1baf3e2cda6a" {{(pid=108675) __call__ /opt/stack/placement/placement/requestlog.py:55}}
Nov 05 13:49:13.014523 dv-cinder-815614-4-iscsi devstack@placement-api.service[108675]: INFO placement.requestlog [req-8e0b1990-15df-4ca6-a8ed-806f14caec82 req-9d51108b-96fa-4880-9c79-e4a469788f58 service placement] 10.222.0.46 "GET /placement/allocations/ed158b2d-49c5-4f5f-be17-1baf3e2cda6a" status: 200 len: 258 microversion: 1.28
Nov 05 13:49:13.014810 dv-cinder-815614-4-iscsi devstack@placement-api.service[108675]: [pid: 108675|app: 0|req: 24/47] 10.222.0.46 () {60 vars in 1377 bytes} [Fri Nov 5 13:49:12 2021] GET /placement/allocations/ed158b2d-49c5-4f5f-be17-1baf3e2cda6a => generated 258 bytes in 15 msecs (HTTP/1.1 200) 8 headers in 296 bytes (1 switches on core 0)
Nov 05 13:49:56.053338 dv-cinder-815614-4-iscsi devstack@placement-api.service[108674]: DEBUG placement.requestlog [req-9cea8227-9002-496a-817e-594a3592c2de req-9a2c4c5c-f19b-48f7-9e28-e5579a7910b8 None None] Starting request: 10.222.0.46 "GET /placement/resource_providers/069d0320-b35b-4f5b-86e3-88859c3f2c69/allocations" {{(pid=108674) __call__ /opt/stack/placement/placement/requestlog.py:55}}
Nov 05 13:49:56.079005 dv-cinder-815614-4-iscsi devstack@placement-api.service[108674]: INFO placement.requestlog [req-9cea8227-9002-496a-817e-594a3592c2de req-9a2c4c5c-f19b-48f7-9e28-e5579a7910b8 service placement] 10.222.0.46 "GET /placement/resource_providers/069d0320-b35b-4f5b-86e3-88859c3f2c69/allocations" status: 200 len: 355 microversion: 1.0
Nov 05 13:49:56.079618 dv-cinder-815614-4-iscsi devstack@placement-api.service[108674]: [pid: 108674|app: 0|req: 24/48] 10.222.0.46 () {58 vars in 1390 bytes} [Fri Nov 5 13:49:56 2021] GET /placement/resource_providers/069d0320-b35b-4f5b-86e3-88859c3f2c69/allocations => generated 355 bytes in 26 msecs (HTTP/1.1 200) 6 headers in 224 bytes (1 switches on core 0)
Nov 05 13:50:20.803992 dv-cinder-815614-4-iscsi devstack@placement-api.service[108675]: DEBUG placement.requestlog [req-4a4c4c3c-7e0d-457d-81ae-ef0e508e164e req-2c7c46fe-1ca5-447b-ace2-39730836fbbc None None] Starting request: 10.222.0.46 "DELETE /placement/allocations/6fc80f67-9dc1-4993-a482-70a64f2241a0" {{(pid=108675) __call__ /opt/stack/placement/placement/requestlog.py:55}}
Nov 05 13:50:21.152099 dv-cinder-815614-4-iscsi devstack@placement-api.service[108675]: DEBUG placement.handlers.allocation [req-4a4c4c3c-7e0d-457d-81ae-ef0e508e164e req-2c7c46fe-1ca5-447b-ace2-39730836fbbc service placement] Successfully deleted allocations [, , ] {{(pid=108675) delete_allocations /opt/stack/placement/placement/handlers/allocation.py:627}}
Nov 05 13:50:21.152596 dv-cinder-815614-4-iscsi devstack@placement-api.service[108675]: INFO placement.requestlog [req-4a4c4c3c-7e0d-457d-81ae-ef0e508e164e req-2c7c46fe-1ca5-447b-ace2-39730836fbbc service placement] 10.222.0.46 "DELETE /placement/allocations/6fc80f67-9dc1-4993-a482-70a64f2241a0" status: 204 len: 0 microversion: 1.0
Nov 05 13:50:21.152854 dv-cinder-815614-4-iscsi devstack@placement-api.service[108675]: [pid: 108675|app: 0|req: 25/49] 10.222.0.46 () {60 vars in 1355 bytes} [Fri Nov 5 13:50:20 2021] DELETE /placement/allocations/6fc80f67-9dc1-4993-a482-70a64f2241a0 => generated 0 bytes in 349 msecs (HTTP/1.1 204) 5 headers in 198 bytes (1 switches on core 0)
Nov 05 13:50:24.706965 dv-cinder-815614-4-iscsi devstack@placement-api.service[108674]: DEBUG placement.requestlog [req-2c7d2070-5c73-40a0-93cf-1c055d027e6c req-4786e393-18cd-473a-a447-21a5fed64d01 None None] Starting request: 10.222.0.43 "GET /placement/allocation_candidates?limit=1000&resources=DISK_GB%3A1%2CMEMORY_MB%3A1024%2CVCPU%3A1&root_required=%21COMPUTE_STATUS_DISABLED" {{(pid=108674) __call__ /opt/stack/placement/placement/requestlog.py:55}}
