Nov 03 02:03:21.858038 dv-cinder-815614-3-smb devstack@placement-api.service[113973]: DEBUG placement.objects.research_context [req-063a8b28-53d7-4116-adb1-e71ee37a8448 req-f04ea37f-d82c-48da-aac0-266f3167a2c2 service placement] found 1 providers after filtering by previous result {{(pid=113973) get_provider_ids_matching /opt/stack/placement/placement/objects/research_context.py:580}}
Nov 03 02:03:21.868980 dv-cinder-815614-3-smb devstack@placement-api.service[113973]: DEBUG placement.objects.allocation_candidate [req-063a8b28-53d7-4116-adb1-e71ee37a8448 req-f04ea37f-d82c-48da-aac0-266f3167a2c2 service placement] RequestGroup(use_same_provider=False, resources={DISK_GB:1, MEMORY_MB:1024, VCPU:1}, traits=[], aggregates=[]) (suffix '') returned 1 matches {{(pid=113973) _get_by_requests /opt/stack/placement/placement/objects/allocation_candidate.py:145}}
Nov 03 02:03:21.874536 dv-cinder-815614-3-smb devstack@placement-api.service[113973]: DEBUG placement.objects.allocation_candidate [req-063a8b28-53d7-4116-adb1-e71ee37a8448 req-f04ea37f-d82c-48da-aac0-266f3167a2c2 service placement] Merging candidates yields 1 allocation requests and 1 provider summaries {{(pid=113973) _merge_candidates /opt/stack/placement/placement/objects/allocation_candidate.py:783}}
Nov 03 02:03:21.874536 dv-cinder-815614-3-smb devstack@placement-api.service[113973]: INFO placement.requestlog [req-063a8b28-53d7-4116-adb1-e71ee37a8448 req-f04ea37f-d82c-48da-aac0-266f3167a2c2 service placement] 10.222.0.11 "GET /placement/allocation_candidates?limit=1000&resources=DISK_GB%3A1%2CMEMORY_MB%3A1024%2CVCPU%3A1&root_required=%21COMPUTE_STATUS_DISABLED" status: 200 len: 767 microversion: 1.36
Nov 03 02:03:21.874536 dv-cinder-815614-3-smb devstack@placement-api.service[113973]: [pid: 113973|app: 0|req: 23/45] 10.222.0.11 () {60 vars in 1506 bytes} [Wed Nov 3 02:03:21 2021] GET /placement/allocation_candidates?limit=1000&resources=DISK_GB%3A1%2CMEMORY_MB%3A1024%2CVCPU%3A1&root_required=%21COMPUTE_STATUS_DISABLED => generated 767 bytes in 67 msecs (HTTP/1.1 200) 8 headers in 296 bytes (1 switches on core 0)
Nov 03 02:03:21.907511 dv-cinder-815614-3-smb devstack@placement-api.service[113972]: DEBUG placement.requestlog [req-063a8b28-53d7-4116-adb1-e71ee37a8448 req-59f234ee-1a47-4b0f-a454-b2f55f3550c7 None None] Starting request: 10.222.0.11 "GET /placement/allocations/87de9793-4561-4e49-8788-028b321f678c" {{(pid=113972) __call__ /opt/stack/placement/placement/requestlog.py:55}}
Nov 03 02:03:21.919771 dv-cinder-815614-3-smb devstack@placement-api.service[113972]: INFO placement.requestlog [req-063a8b28-53d7-4116-adb1-e71ee37a8448 req-59f234ee-1a47-4b0f-a454-b2f55f3550c7 service placement] 10.222.0.11 "GET /placement/allocations/87de9793-4561-4e49-8788-028b321f678c" status: 200 len: 19 microversion: 1.28
Nov 03 02:03:21.919990 dv-cinder-815614-3-smb devstack@placement-api.service[113972]: [pid: 113972|app: 0|req: 23/46] 10.222.0.11 () {60 vars in 1380 bytes} [Wed Nov 3 02:03:21 2021] GET /placement/allocations/87de9793-4561-4e49-8788-028b321f678c => generated 19 bytes in 13 msecs (HTTP/1.1 200) 8 headers in 295 bytes (1 switches on core 0)
Nov 03 02:03:21.926445 dv-cinder-815614-3-smb devstack@placement-api.service[113973]: DEBUG placement.requestlog [req-063a8b28-53d7-4116-adb1-e71ee37a8448 req-81c2671a-e4cf-4d8d-8036-e03e2da2fb96 None None] Starting request: 10.222.0.11 "PUT /placement/allocations/87de9793-4561-4e49-8788-028b321f678c" {{(pid=113973) __call__ /opt/stack/placement/placement/requestlog.py:55}}
Nov 03 02:03:22.102088 dv-cinder-815614-3-smb devstack@placement-api.service[113973]: DEBUG placement.handlers.allocation [req-063a8b28-53d7-4116-adb1-e71ee37a8448 req-81c2671a-e4cf-4d8d-8036-e03e2da2fb96 service placement] Successfully wrote allocations [, , ] {{(pid=113973) _update_consumers_and_create_allocations /opt/stack/placement/placement/handlers/allocation.py:462}}
Nov 03 02:03:22.239097 dv-cinder-815614-3-smb devstack@placement-api.service[113973]: INFO placement.requestlog [req-063a8b28-53d7-4116-adb1-e71ee37a8448 req-81c2671a-e4cf-4d8d-8036-e03e2da2fb96 service placement] 10.222.0.11 "PUT /placement/allocations/87de9793-4561-4e49-8788-028b321f678c" status: 204 len: 0 microversion: 1.36
Nov 03 02:03:22.239410 dv-cinder-815614-3-smb devstack@placement-api.service[113973]: [pid: 113973|app: 0|req: 24/47] 10.222.0.11 () {64 vars in 1433 bytes} [Wed Nov 3 02:03:21 2021] PUT /placement/allocations/87de9793-4561-4e49-8788-028b321f678c => generated 0 bytes in 313 msecs (HTTP/1.1 204) 5 headers in 199 bytes (2 switches on core 0)
Nov 03 02:03:23.331529 dv-cinder-815614-3-smb devstack@placement-api.service[113972]: DEBUG placement.requestlog [req-063a8b28-53d7-4116-adb1-e71ee37a8448 req-42764cec-b2cb-4528-adcf-394d7bf7b323 None None] Starting request: 10.222.0.21 "GET /placement/allocations/87de9793-4561-4e49-8788-028b321f678c" {{(pid=113972) __call__ /opt/stack/placement/placement/requestlog.py:55}}
Nov 03 02:03:23.346720 dv-cinder-815614-3-smb devstack@placement-api.service[113972]: INFO placement.requestlog [req-063a8b28-53d7-4116-adb1-e71ee37a8448 req-42764cec-b2cb-4528-adcf-394d7bf7b323 service placement] 10.222.0.21 "GET /placement/allocations/87de9793-4561-4e49-8788-028b321f678c" status: 200 len: 259 microversion: 1.28
Nov 03 02:03:23.347099 dv-cinder-815614-3-smb devstack@placement-api.service[113972]: [pid: 113972|app: 0|req: 24/48] 10.222.0.21 () {60 vars in 1377 bytes} [Wed Nov 3 02:03:23 2021] GET /placement/allocations/87de9793-4561-4e49-8788-028b321f678c => generated 259 bytes in 16 msecs (HTTP/1.1 200) 8 headers in 296 bytes (1 switches on core 0)
Nov 03 02:03:41.187318 dv-cinder-815614-3-smb devstack@placement-api.service[113973]: DEBUG placement.requestlog [req-625faa56-b6b0-4895-8a7f-aad1ca6d42a7 req-74d32465-2996-4fca-939b-05b966b32980 None None] Starting request: 10.222.0.11 "GET /placement/allocation_candidates?limit=1000&resources=DISK_GB%3A1%2CMEMORY_MB%3A1024%2CVCPU%3A1&root_required=%21COMPUTE_STATUS_DISABLED" {{(pid=113973) __call__ /opt/stack/placement/placement/requestlog.py:55}}
Nov 03 02:03:41.226324 dv-cinder-815614-3-smb devstack@placement-api.service[113973]: DEBUG placement.objects.research_context [req-625faa56-b6b0-4895-8a7f-aad1ca6d42a7 req-74d32465-2996-4fca-939b-05b966b32980 service placement] getting providers with 1 DISK_GB {{(pid=113973) __init__ /opt/stack/placement/placement/objects/research_context.py:126}}
Nov 03 02:03:41.240819 dv-cinder-815614-3-smb devstack@placement-api.service[113973]: DEBUG placement.objects.research_context [req-625faa56-b6b0-4895-8a7f-aad1ca6d42a7 req-74d32465-2996-4fca-939b-05b966b32980 service placement] getting providers with 1024 MEMORY_MB {{(pid=113973) __init__ /opt/stack/placement/placement/objects/research_context.py:126}}
Nov 03 02:03:41.252570 dv-cinder-815614-3-smb devstack@placement-api.service[113973]: DEBUG placement.objects.research_context [req-625faa56-b6b0-4895-8a7f-aad1ca6d42a7 req-74d32465-2996-4fca-939b-05b966b32980 service placement] getting providers with 1 VCPU {{(pid=113973) __init__ /opt/stack/placement/placement/objects/research_context.py:126}}
Nov 03 02:03:41.254079 dv-cinder-815614-3-smb devstack@placement-api.service[113973]: DEBUG placement.objects.research_context [req-625faa56-b6b0-4895-8a7f-aad1ca6d42a7 req-74d32465-2996-4fca-939b-05b966b32980 service placement] found 1 providers with available 1 DISK_GB {{(pid=113973) get_provider_ids_matching /opt/stack/placement/placement/objects/research_context.py:549}}
Nov 03 02:03:41.254356 dv-cinder-815614-3-smb devstack@placement-api.service[113973]: DEBUG placement.objects.research_context [req-625faa56-b6b0-4895-8a7f-aad1ca6d42a7 req-74d32465-2996-4fca-939b-05b966b32980 service placement] found 1 providers with available 1024 MEMORY_MB {{(pid=113973) get_provider_ids_matching /opt/stack/placement/placement/objects/research_context.py:549}}
Nov 03 02:03:41.254661 dv-cinder-815614-3-smb devstack@placement-api.service[113973]: DEBUG placement.objects.research_context [req-625faa56-b6b0-4895-8a7f-aad1ca6d42a7 req-74d32465-2996-4fca-939b-05b966b32980 service placement] found 1 providers after filtering by previous result {{(pid=113973) get_provider_ids_matching /opt/stack/placement/placement/objects/research_context.py:580}}
Nov 03 02:03:41.254888 dv-cinder-815614-3-smb devstack@placement-api.service[113973]: DEBUG placement.objects.research_context [req-625faa56-b6b0-4895-8a7f-aad1ca6d42a7 req-74d32465-2996-4fca-939b-05b966b32980 service placement] found 1 providers with available 1 VCPU {{(pid=113973) get_provider_ids_matching /opt/stack/placement/placement/objects/research_context.py:549}}
Nov 03 02:03:41.255210 dv-cinder-815614-3-smb devstack@placement-api.service[113973]: DEBUG placement.objects.research_context [req-625faa56-b6b0-4895-8a7f-aad1ca6d42a7 req-74d32465-2996-4fca-939b-05b966b32980 service placement] found 1 providers after filtering by previous result {{(pid=113973) get_provider_ids_matching /opt/stack/placement/placement/objects/research_context.py:580}}
Nov 03 02:03:41.265367 dv-cinder-815614-3-smb devstack@placement-api.service[113973]: DEBUG placement.objects.allocation_candidate [req-625faa56-b6b0-4895-8a7f-aad1ca6d42a7 req-74d32465-2996-4fca-939b-05b966b32980 service placement] RequestGroup(use_same_provider=False, resources={DISK_GB:1, MEMORY_MB:1024, VCPU:1}, traits=[], aggregates=[]) (suffix '') returned 1 matches {{(pid=113973) _get_by_requests /opt/stack/placement/placement/objects/allocation_candidate.py:145}}
Nov 03 02:03:41.265701 dv-cinder-815614-3-smb devstack@placement-api.service[113973]: DEBUG placement.objects.allocation_candidate [req-625faa56-b6b0-4895-8a7f-aad1ca6d42a7 req-74d32465-2996-4fca-939b-05b966b32980 service placement] Merging candidates yields 1 allocation requests and 1 provider summaries {{(pid=113973) _merge_candidates /opt/stack/placement/placement/objects/allocation_candidate.py:783}}
Nov 03 02:03:41.267397 dv-cinder-815614-3-smb devstack@placement-api.service[113973]: INFO placement.requestlog [req-625faa56-b6b0-4895-8a7f-aad1ca6d42a7 req-74d32465-2996-4fca-939b-05b966b32980 service placement] 10.222.0.11 "GET /placement/allocation_candidates?limit=1000&resources=DISK_GB%3A1%2CMEMORY_MB%3A1024%2CVCPU%3A1&root_required=%21COMPUTE_STATUS_DISABLED" status: 200 len: 767 microversion: 1.36
Nov 03 02:03:41.269906 dv-cinder-815614-3-smb devstack@placement-api.service[113973]: [pid: 113973|app: 0|req: 25/49] 10.222.0.11 () {60 vars in 1506 bytes} [Wed Nov 3 02:03:41 2021] GET /placement/allocation_candidates?limit=1000&resources=DISK_GB%3A1%2CMEMORY_MB%3A1024%2CVCPU%3A1&root_required=%21COMPUTE_STATUS_DISABLED => generated 767 bytes in 81 msecs (HTTP/1.1 200) 8 headers in 296 bytes (2 switches on core 0)
Nov 03 02:03:41.306281 dv-cinder-815614-3-smb devstack@placement-api.service[113972]: DEBUG placement.requestlog [req-625faa56-b6b0-4895-8a7f-aad1ca6d42a7 req-1f6bcbf4-80d7-4111-b29d-5dbe6fd2c440 None None] Starting request: 10.222.0.11 "GET /placement/allocations/5de5a749-acce-4c00-b2c1-b8d10d04ff44" {{(pid=113972) __call__ /opt/stack/placement/placement/requestlog.py:55}}
Nov 03 02:03:41.317059 dv-cinder-815614-3-smb devstack@placement-api.service[113972]: INFO placement.requestlog [req-625faa56-b6b0-4895-8a7f-aad1ca6d42a7 req-1f6bcbf4-80d7-4111-b29d-5dbe6fd2c440 service placement] 10.222.0.11 "GET /placement/allocations/5de5a749-acce-4c00-b2c1-b8d10d04ff44" status: 200 len: 19 microversion: 1.28
Nov 03 02:03:41.317271 dv-cinder-815614-3-smb devstack@placement-api.service[113972]: [pid: 113972|app: 0|req: 25/50] 10.222.0.11 () {60 vars in 1380 bytes} [Wed Nov 3 02:03:41 2021] GET /placement/allocations/5de5a749-acce-4c00-b2c1-b8d10d04ff44 => generated 19 bytes in 12 msecs (HTTP/1.1 200) 8 headers in 295 bytes (1 switches on core 0)
Nov 03 02:03:41.324259 dv-cinder-815614-3-smb devstack@placement-api.service[113973]: DEBUG placement.requestlog [req-625faa56-b6b0-4895-8a7f-aad1ca6d42a7 req-71bfc896-27bc-483e-9cea-ace8d2c127d1 None None] Starting request: 10.222.0.11 "PUT /placement/allocations/5de5a749-acce-4c00-b2c1-b8d10d04ff44" {{(pid=113973) __call__ /opt/stack/placement/placement/requestlog.py:55}}
Nov 03 02:03:41.488467 dv-cinder-815614-3-smb devstack@placement-api.service[113973]: DEBUG placement.handlers.allocation [req-625faa56-b6b0-4895-8a7f-aad1ca6d42a7 req-71bfc896-27bc-483e-9cea-ace8d2c127d1 service placement] Successfully wrote allocations [, , ] {{(pid=113973) _update_consumers_and_create_allocations /opt/stack/placement/placement/handlers/allocation.py:462}}
Nov 03 02:03:41.581937 dv-cinder-815614-3-smb devstack@placement-api.service[113973]: INFO placement.requestlog [req-625faa56-b6b0-4895-8a7f-aad1ca6d42a7 req-71bfc896-27bc-483e-9cea-ace8d2c127d1 service placement] 10.222.0.11 "PUT /placement/allocations/5de5a749-acce-4c00-b2c1-b8d10d04ff44" status: 204 len: 0 microversion: 1.36
Nov 03 02:03:41.582282 dv-cinder-815614-3-smb devstack@placement-api.service[113973]: [pid: 113973|app: 0|req: 26/51] 10.222.0.11 () {64 vars in 1433 bytes} [Wed Nov 3 02:03:41 2021] PUT /placement/allocations/5de5a749-acce-4c00-b2c1-b8d10d04ff44 => generated 0 bytes in 258 msecs (HTTP/1.1 204) 5 headers in 199 bytes (2 switches on core 0)
Nov 03 02:03:42.528309 dv-cinder-815614-3-smb devstack@placement-api.service[113972]: DEBUG placement.requestlog [req-625faa56-b6b0-4895-8a7f-aad1ca6d42a7 req-934b7d45-896c-4869-8bac-7d0bdc844dbe None None] Starting request: 10.222.0.21 "GET /placement/allocations/5de5a749-acce-4c00-b2c1-b8d10d04ff44" {{(pid=113972) __call__ /opt/stack/placement/placement/requestlog.py:55}}
Nov 03 02:03:42.543955 dv-cinder-815614-3-smb devstack@placement-api.service[113972]: INFO placement.requestlog [req-625faa56-b6b0-4895-8a7f-aad1ca6d42a7 req-934b7d45-896c-4869-8bac-7d0bdc844dbe service placement] 10.222.0.21 "GET /placement/allocations/5de5a749-acce-4c00-b2c1-b8d10d04ff44" status: 200 len: 259 microversion: 1.28
Nov 03 02:03:42.544178 dv-cinder-815614-3-smb devstack@placement-api.service[113972]: [pid: 113972|app: 0|req: 26/52] 10.222.0.21 () {60 vars in 1377 bytes} [Wed Nov 3 02:03:42 2021] GET /placement/allocations/5de5a749-acce-4c00-b2c1-b8d10d04ff44 => generated 259 bytes in 16 msecs (HTTP/1.1 200) 8 headers in 296 bytes (2 switches on core 0)
Nov 03 02:04:03.106361 dv-cinder-815614-3-smb devstack@placement-api.service[113973]: DEBUG placement.requestlog [req-95e6482e-7317-49e2-9247-543b86144b9c req-42d9fd57-f8cc-4e82-a74b-9dc63e910a0a None None] Starting request: 10.222.0.11 "GET /placement/allocation_candidates?limit=1000&resources=DISK_GB%3A1%2CMEMORY_MB%3A1024%2CVCPU%3A1&root_required=%21COMPUTE_STATUS_DISABLED" {{(pid=113973) __call__ /opt/stack/placement/placement/requestlog.py:55}}
Nov 03 02:04:03.138098 dv-cinder-815614-3-smb devstack@placement-api.service[113973]: DEBUG placement.objects.research_context [req-95e6482e-7317-49e2-9247-543b86144b9c req-42d9fd57-f8cc-4e82-a74b-9dc63e910a0a service placement] getting providers with 1 DISK_GB {{(pid=113973) __init__ /opt/stack/placement/placement/objects/research_context.py:126}}
Nov 03 02:04:03.143831 dv-cinder-815614-3-smb devstack@placement-api.service[113973]: DEBUG placement.objects.research_context [req-95e6482e-7317-49e2-9247-543b86144b9c req-42d9fd57-f8cc-4e82-a74b-9dc63e910a0a service placement] getting providers with 1024 MEMORY_MB {{(pid=113973) __init__ /opt/stack/placement/placement/objects/research_context.py:126}}
Nov 03 02:04:03.151171 dv-cinder-815614-3-smb devstack@placement-api.service[113973]: DEBUG placement.objects.research_context [req-95e6482e-7317-49e2-9247-543b86144b9c req-42d9fd57-f8cc-4e82-a74b-9dc63e910a0a service placement] getting providers with 1 VCPU {{(pid=113973) __init__ /opt/stack/placement/placement/objects/research_context.py:126}}
Nov 03 02:04:03.156641 dv-cinder-815614-3-smb devstack@placement-api.service[113973]: DEBUG placement.objects.research_context [req-95e6482e-7317-49e2-9247-543b86144b9c req-42d9fd57-f8cc-4e82-a74b-9dc63e910a0a service placement] found 1 providers with available 1 DISK_GB {{(pid=113973) get_provider_ids_matching /opt/stack/placement/placement/objects/research_context.py:549}}
Nov 03 02:04:03.156880 dv-cinder-815614-3-smb devstack@placement-api.service[113973]: DEBUG placement.objects.research_context [req-95e6482e-7317-49e2-9247-543b86144b9c req-42d9fd57-f8cc-4e82-a74b-9dc63e910a0a service placement] found 1 providers with available 1024 MEMORY_MB {{(pid=113973) get_provider_ids_matching /opt/stack/placement/placement/objects/research_context.py:549}}
Nov 03 02:04:03.157144 dv-cinder-815614-3-smb devstack@placement-api.service[113973]: DEBUG placement.objects.research_context [req-95e6482e-7317-49e2-9247-543b86144b9c req-42d9fd57-f8cc-4e82-a74b-9dc63e910a0a service placement] found 1 providers after filtering by previous result {{(pid=113973) get_provider_ids_matching /opt/stack/placement/placement/objects/research_context.py:580}}
Nov 03 02:04:03.157396 dv-cinder-815614-3-smb devstack@placement-api.service[113973]: DEBUG placement.objects.research_context [req-95e6482e-7317-49e2-9247-543b86144b9c req-42d9fd57-f8cc-4e82-a74b-9dc63e910a0a service placement] found 1 providers with available 1 VCPU {{(pid=113973) get_provider_ids_matching /opt/stack/placement/placement/objects/research_context.py:549}}
Nov 03 02:04:03.157708 dv-cinder-815614-3-smb devstack@placement-api.service[113973]: DEBUG placement.objects.research_context [req-95e6482e-7317-49e2-9247-543b86144b9c req-42d9fd57-f8cc-4e82-a74b-9dc63e910a0a service placement] found 1 providers after filtering by previous result {{(pid=113973) get_provider_ids_matching /opt/stack/placement/placement/objects/research_context.py:580}}
Nov 03 02:04:03.167770 dv-cinder-815614-3-smb devstack@placement-api.service[113973]: DEBUG placement.objects.allocation_candidate [req-95e6482e-7317-49e2-9247-543b86144b9c req-42d9fd57-f8cc-4e82-a74b-9dc63e910a0a service placement] RequestGroup(use_same_provider=False, resources={DISK_GB:1, MEMORY_MB:1024, VCPU:1}, traits=[], aggregates=[]) (suffix '') returned 1 matches {{(pid=113973) _get_by_requests /opt/stack/placement/placement/objects/allocation_candidate.py:145}}
Nov 03 02:04:03.168085 dv-cinder-815614-3-smb devstack@placement-api.service[113973]: DEBUG placement.objects.allocation_candidate [req-95e6482e-7317-49e2-9247-543b86144b9c req-42d9fd57-f8cc-4e82-a74b-9dc63e910a0a service placement] Merging candidates yields 1 allocation requests and 1 provider summaries {{(pid=113973) _merge_candidates /opt/stack/placement/placement/objects/allocation_candidate.py:783}}
Nov 03 02:04:03.169988 dv-cinder-815614-3-smb devstack@placement-api.service[113973]: INFO placement.requestlog [req-95e6482e-7317-49e2-9247-543b86144b9c req-42d9fd57-f8cc-4e82-a74b-9dc63e910a0a service placement] 10.222.0.11 "GET /placement/allocation_candidates?limit=1000&resources=DISK_GB%3A1%2CMEMORY_MB%3A1024%2CVCPU%3A1&root_required=%21COMPUTE_STATUS_DISABLED" status: 200 len: 767 microversion: 1.36
Nov 03 02:04:03.170204 dv-cinder-815614-3-smb devstack@placement-api.service[113973]: [pid: 113973|app: 0|req: 27/53] 10.222.0.11 () {60 vars in 1506 bytes} [Wed Nov 3 02:04:03 2021] GET /placement/allocation_candidates?limit=1000&resources=DISK_GB%3A1%2CMEMORY_MB%3A1024%2CVCPU%3A1&root_required=%21COMPUTE_STATUS_DISABLED => generated 767 bytes in 64 msecs (HTTP/1.1 200) 8 headers in 296 bytes (1 switches on core 0)
Nov 03 02:04:03.205511 dv-cinder-815614-3-smb devstack@placement-api.service[113972]: DEBUG placement.requestlog [req-95e6482e-7317-49e2-9247-543b86144b9c req-da0c0358-7a7d-4d3f-8fec-3048853a29dd None None] Starting request: 10.222.0.11 "GET /placement/allocations/942ed631-bdda-4f71-9565-e84d349b24bc" {{(pid=113972) __call__ /opt/stack/placement/placement/requestlog.py:55}}
Nov 03 02:04:03.216354 dv-cinder-815614-3-smb devstack@placement-api.service[113972]: INFO placement.requestlog [req-95e6482e-7317-49e2-9247-543b86144b9c req-da0c0358-7a7d-4d3f-8fec-3048853a29dd service placement] 10.222.0.11 "GET /placement/allocations/942ed631-bdda-4f71-9565-e84d349b24bc" status: 200 len: 19 microversion: 1.28
Nov 03 02:04:03.216836 dv-cinder-815614-3-smb devstack@placement-api.service[113972]: [pid: 113972|app: 0|req: 27/54] 10.222.0.11 () {60 vars in 1380 bytes} [Wed Nov 3 02:04:03 2021] GET /placement/allocations/942ed631-bdda-4f71-9565-e84d349b24bc => generated 19 bytes in 11 msecs (HTTP/1.1 200) 8 headers in 295 bytes (1 switches on core 0)
Nov 03 02:04:03.222807 dv-cinder-815614-3-smb devstack@placement-api.service[113973]: DEBUG placement.requestlog [req-95e6482e-7317-49e2-9247-543b86144b9c req-05ed6159-f0c1-4d16-882c-e4080b98d8f4 None None] Starting request: 10.222.0.11 "PUT /placement/allocations/942ed631-bdda-4f71-9565-e84d349b24bc" {{(pid=113973) __call__ /opt/stack/placement/placement/requestlog.py:55}}
Nov 03 02:04:03.348758 dv-cinder-815614-3-smb devstack@placement-api.service[113973]: DEBUG placement.handlers.allocation [req-95e6482e-7317-49e2-9247-543b86144b9c req-05ed6159-f0c1-4d16-882c-e4080b98d8f4 service placement] Successfully wrote allocations [, , ] {{(pid=113973) _update_consumers_and_create_allocations /opt/stack/placement/placement/handlers/allocation.py:462}}
Nov 03 02:04:03.491231 dv-cinder-815614-3-smb devstack@placement-api.service[113973]: INFO placement.requestlog [req-95e6482e-7317-49e2-9247-543b86144b9c req-05ed6159-f0c1-4d16-882c-e4080b98d8f4 service placement] 10.222.0.11 "PUT /placement/allocations/942ed631-bdda-4f71-9565-e84d349b24bc" status: 204 len: 0 microversion: 1.36
Nov 03 02:04:03.491636 dv-cinder-815614-3-smb devstack@placement-api.service[113973]: [pid: 113973|app: 0|req: 28/55] 10.222.0.11 () {64 vars in 1433 bytes} [Wed Nov 3 02:04:03 2021] PUT /placement/allocations/942ed631-bdda-4f71-9565-e84d349b24bc => generated 0 bytes in 269 msecs (HTTP/1.1 204) 5 headers in 199 bytes (2 switches on core 0)
Nov 03 02:04:04.650908 dv-cinder-815614-3-smb devstack@placement-api.service[113972]: DEBUG placement.requestlog [req-95e6482e-7317-49e2-9247-543b86144b9c req-754bb5e6-f44c-4cfb-b770-6e0ae70b7ffd None None] Starting request: 10.222.0.21 "GET /placement/allocations/942ed631-bdda-4f71-9565-e84d349b24bc" {{(pid=113972) __call__ /opt/stack/placement/placement/requestlog.py:55}}
Nov 03 02:04:04.666386 dv-cinder-815614-3-smb devstack@placement-api.service[113972]: INFO placement.requestlog [req-95e6482e-7317-49e2-9247-543b86144b9c req-754bb5e6-f44c-4cfb-b770-6e0ae70b7ffd service placement] 10.222.0.21 "GET /placement/allocations/942ed631-bdda-4f71-9565-e84d349b24bc" status: 200 len: 259 microversion: 1.28
Nov 03 02:04:04.666621 dv-cinder-815614-3-smb devstack@placement-api.service[113972]: [pid: 113972|app: 0|req: 28/56] 10.222.0.21 () {60 vars in 1377 bytes} [Wed Nov 3 02:04:04 2021] GET /placement/allocations/942ed631-bdda-4f71-9565-e84d349b24bc => generated 259 bytes in 16 msecs (HTTP/1.1 200) 8 headers in 296 bytes (1 switches on core 0)
Nov 03 02:04:09.304719 dv-cinder-815614-3-smb devstack@placement-api.service[113973]: DEBUG placement.requestlog [req-31670574-3f8f-4163-9f9e-fd36f2e7b313 req-68f29a7a-3596-4e89-ad33-500779789964 None None] Starting request: 10.222.0.21 "GET /placement/resource_providers/e7c5ca14-b934-4d79-83af-339a168f710f/allocations" {{(pid=113973) __call__ /opt/stack/placement/placement/requestlog.py:55}}
Nov 03 02:04:09.326497 dv-cinder-815614-3-smb devstack@placement-api.service[113973]: INFO placement.requestlog [req-31670574-3f8f-4163-9f9e-fd36f2e7b313 req-68f29a7a-3596-4e89-ad33-500779789964 service placement] 10.222.0.21 "GET /placement/resource_providers/e7c5ca14-b934-4d79-83af-339a168f710f/allocations" status: 200 len: 861 microversion: 1.0
Nov 03 02:04:09.326713 dv-cinder-815614-3-smb devstack@placement-api.service[113973]: [pid: 113973|app: 0|req: 29/57] 10.222.0.21 () {58 vars in 1390 bytes} [Wed Nov 3 02:04:09 2021] GET /placement/resource_providers/e7c5ca14-b934-4d79-83af-339a168f710f/allocations => generated 861 bytes in 22 msecs (HTTP/1.1 200) 6 headers in 224 bytes (1 switches on core 0)
Nov 03 02:04:33.847139 dv-cinder-815614-3-smb devstack@placement-api.service[113972]: DEBUG placement.requestlog [req-2672c5da-e76e-45df-b9d1-ef86d8d72ea5 req-0c3eec61-ed0f-45b1-b613-0d27e15bcefb None None] Starting request: 10.222.0.21 "DELETE /placement/allocations/942ed631-bdda-4f71-9565-e84d349b24bc" {{(pid=113972) __call__ /opt/stack/placement/placement/requestlog.py:55}}
Nov 03 02:04:34.072796 dv-cinder-815614-3-smb devstack@placement-api.service[113972]: DEBUG placement.handlers.allocation [req-2672c5da-e76e-45df-b9d1-ef86d8d72ea5 req-0c3eec61-ed0f-45b1-b613-0d27e15bcefb service placement] Successfully deleted allocations [, , ] {{(pid=113972) delete_allocations /opt/stack/placement/placement/handlers/allocation.py:627}}
Nov 03 02:04:34.073386 dv-cinder-815614-3-smb devstack@placement-api.service[113972]: INFO placement.requestlog [req-2672c5da-e76e-45df-b9d1-ef86d8d72ea5 req-0c3eec61-ed0f-45b1-b613-0d27e15bcefb service placement] 10.222.0.21 "DELETE /placement/allocations/942ed631-bdda-4f71-9565-e84d349b24bc" status: 204 len: 0 microversion: 1.0
Nov 03 02:04:34.073616 dv-cinder-815614-3-smb devstack@placement-api.service[113972]: [pid: 113972|app: 0|req: 29/58] 10.222.0.21 () {60 vars in 1355 bytes} [Wed Nov 3 02:04:33 2021] DELETE /placement/allocations/942ed631-bdda-4f71-9565-e84d349b24bc => generated 0 bytes in 227 msecs (HTTP/1.1 204) 5 headers in 198 bytes (1 switches on core 0)
Nov 03 02:04:35.760219 dv-cinder-815614-3-smb devstack@placement-api.service[113973]: DEBUG placement.requestlog [req-db6b0437-942d-4a40-8f25-f37196a3d38e req-f07193c6-ac9a-4a20-95fb-65bfe28eedb9 None None] Starting request: 10.222.0.21 "DELETE /placement/allocations/ae2ad44c-a839-47d9-a199-7e98dc9f8406" {{(pid=113973) __call__ /opt/stack/placement/placement/requestlog.py:55}}
Nov 03 02:04:35.933784 dv-cinder-815614-3-smb devstack@placement-api.service[113973]: DEBUG placement.handlers.allocation [req-db6b0437-942d-4a40-8f25-f37196a3d38e req-f07193c6-ac9a-4a20-95fb-65bfe28eedb9 service placement] Successfully deleted allocations [, , ] {{(pid=113973) delete_allocations /opt/stack/placement/placement/handlers/allocation.py:627}}
Nov 03 02:04:35.934422 dv-cinder-815614-3-smb devstack@placement-api.service[113973]: INFO placement.requestlog [req-db6b0437-942d-4a40-8f25-f37196a3d38e req-f07193c6-ac9a-4a20-95fb-65bfe28eedb9 service placement] 10.222.0.21 "DELETE /placement/allocations/ae2ad44c-a839-47d9-a199-7e98dc9f8406" status: 204 len: 0 microversion: 1.0
Nov 03 02:04:35.934705 dv-cinder-815614-3-smb devstack@placement-api.service[113973]: [pid: 113973|app: 0|req: 30/59] 10.222.0.21 () {60 vars in 1355 bytes} [Wed Nov 3 02:04:35 2021] DELETE /placement/allocations/ae2ad44c-a839-47d9-a199-7e98dc9f8406 => generated 0 bytes in 175 msecs (HTTP/1.1 204) 5 headers in 198 bytes (2 switches on core 0)
Nov 03 02:04:38.724555 dv-cinder-815614-3-smb devstack@placement-api.service[113972]: DEBUG placement.requestlog [req-fb280fed-4335-457f-be8b-3835974134b3 req-b2971d50-9a83-4637-bae3-b0fa2a4a75b1 None None] Starting request: 10.222.0.11 "GET /placement/allocation_candidates?limit=1000&resources=DISK_GB%3A1%2CMEMORY_MB%3A1024%2CVCPU%3A1&root_required=%21COMPUTE_STATUS_DISABLED" {{(pid=113972) __call__ /opt/stack/placement/placement/requestlog.py:55}}
Nov 03 02:04:38.752860 dv-cinder-815614-3-smb devstack@placement-api.service[113972]: DEBUG placement.objects.research_context [req-fb280fed-4335-457f-be8b-3835974134b3 req-b2971d50-9a83-4637-bae3-b0fa2a4a75b1 service placement] getting providers with 1 DISK_GB {{(pid=113972) __init__ /opt/stack/placement/placement/objects/research_context.py:126}}
Nov 03 02:04:38.758771 dv-cinder-815614-3-smb devstack@placement-api.service[113972]: DEBUG placement.objects.research_context [req-fb280fed-4335-457f-be8b-3835974134b3 req-b2971d50-9a83-4637-bae3-b0fa2a4a75b1 service placement] getting providers with 1024 MEMORY_MB {{(pid=113972) __init__ /opt/stack/placement/placement/objects/research_context.py:126}}
Nov 03 02:04:38.764571 dv-cinder-815614-3-smb devstack@placement-api.service[113972]: DEBUG placement.objects.research_context [req-fb280fed-4335-457f-be8b-3835974134b3 req-b2971d50-9a83-4637-bae3-b0fa2a4a75b1 service placement] getting providers with 1 VCPU {{(pid=113972) __init__ /opt/stack/placement/placement/objects/research_context.py:126}}
Nov 03 02:04:38.769779 dv-cinder-815614-3-smb devstack@placement-api.service[113972]: DEBUG placement.objects.research_context [req-fb280fed-4335-457f-be8b-3835974134b3 req-b2971d50-9a83-4637-bae3-b0fa2a4a75b1 service placement] found 1 providers with available 1 DISK_GB {{(pid=113972) get_provider_ids_matching /opt/stack/placement/placement/objects/research_context.py:549}}
Nov 03 02:04:38.770102 dv-cinder-815614-3-smb devstack@placement-api.service[113972]: DEBUG placement.objects.research_context [req-fb280fed-4335-457f-be8b-3835974134b3 req-b2971d50-9a83-4637-bae3-b0fa2a4a75b1 service placement] found 1 providers with available 1024 MEMORY_MB {{(pid=113972) get_provider_ids_matching /opt/stack/placement/placement/objects/research_context.py:549}}
Nov 03 02:04:38.771658 dv-cinder-815614-3-smb devstack@placement-api.service[113972]: DEBUG placement.objects.research_context [req-fb280fed-4335-457f-be8b-3835974134b3 req-b2971d50-9a83-4637-bae3-b0fa2a4a75b1 service placement] found 1 providers after filtering by previous result {{(pid=113972) get_provider_ids_matching /opt/stack/placement/placement/objects/research_context.py:580}}
Nov 03 02:04:38.771658 dv-cinder-815614-3-smb devstack@placement-api.service[113972]: DEBUG placement.objects.research_context [req-fb280fed-4335-457f-be8b-3835974134b3 req-b2971d50-9a83-4637-bae3-b0fa2a4a75b1 service placement] found 1 providers with available 1 VCPU {{(pid=113972) get_provider_ids_matching /opt/stack/placement/placement/objects/research_context.py:549}}
Nov 03 02:04:38.771658 dv-cinder-815614-3-smb devstack@placement-api.service[113972]: DEBUG placement.objects.research_context [req-fb280fed-4335-457f-be8b-3835974134b3 req-b2971d50-9a83-4637-bae3-b0fa2a4a75b1 service placement] found 1 providers after filtering by previous result {{(pid=113972) get_provider_ids_matching /opt/stack/placement/placement/objects/research_context.py:580}}
Nov 03 02:04:38.784466 dv-cinder-815614-3-smb devstack@placement-api.service[113972]: DEBUG placement.objects.allocation_candidate [req-fb280fed-4335-457f-be8b-3835974134b3 req-b2971d50-9a83-4637-bae3-b0fa2a4a75b1 service placement] RequestGroup(use_same_provider=False, resources={DISK_GB:1, MEMORY_MB:1024, VCPU:1}, traits=[], aggregates=[]) (suffix '') returned 1 matches {{(pid=113972) _get_by_requests /opt/stack/placement/placement/objects/allocation_candidate.py:145}}
Nov 03 02:04:38.784466 dv-cinder-815614-3-smb devstack@placement-api.service[113972]: DEBUG placement.objects.allocation_candidate [req-fb280fed-4335-457f-be8b-3835974134b3 req-b2971d50-9a83-4637-bae3-b0fa2a4a75b1 service placement] Merging candidates yields 1 allocation requests and 1 provider summaries {{(pid=113972) _merge_candidates /opt/stack/placement/placement/objects/allocation_candidate.py:783}}
Nov 03 02:04:38.784466 dv-cinder-815614-3-smb devstack@placement-api.service[113972]: INFO placement.requestlog [req-fb280fed-4335-457f-be8b-3835974134b3 req-b2971d50-9a83-4637-bae3-b0fa2a4a75b1 service placement] 10.222.0.11 "GET /placement/allocation_candidates?limit=1000&resources=DISK_GB%3A1%2CMEMORY_MB%3A1024%2CVCPU%3A1&root_required=%21COMPUTE_STATUS_DISABLED" status: 200 len: 767 microversion: 1.36
Nov 03 02:04:38.784466 dv-cinder-815614-3-smb devstack@placement-api.service[113972]: [pid: 113972|app: 0|req: 30/60] 10.222.0.11 () {60 vars in 1506 bytes} [Wed Nov 3 02:04:38 2021] GET /placement/allocation_candidates?limit=1000&resources=DISK_GB%3A1%2CMEMORY_MB%3A1024%2CVCPU%3A1&root_required=%21COMPUTE_STATUS_DISABLED => generated 767 bytes in 59 msecs (HTTP/1.1 200) 8 headers in 296 bytes (1 switches on core 0)
Nov 03 02:04:38.820403 dv-cinder-815614-3-smb devstack@placement-api.service[113973]: DEBUG placement.requestlog [req-fb280fed-4335-457f-be8b-3835974134b3 req-c31a3678-d307-4a1a-86f2-986b3cbdde32 None None] Starting request: 10.222.0.11 "GET /placement/allocations/ae2ad44c-a839-47d9-a199-7e98dc9f8406" {{(pid=113973) __call__ /opt/stack/placement/placement/requestlog.py:55}}
Nov 03 02:04:38.831557 dv-cinder-815614-3-smb devstack@placement-api.service[113973]: INFO placement.requestlog [req-fb280fed-4335-457f-be8b-3835974134b3 req-c31a3678-d307-4a1a-86f2-986b3cbdde32 service placement] 10.222.0.11 "GET /placement/allocations/ae2ad44c-a839-47d9-a199-7e98dc9f8406" status: 200 len: 19 microversion: 1.28
Nov 03 02:04:38.831949 dv-cinder-815614-3-smb devstack@placement-api.service[113973]: [pid: 113973|app: 0|req: 31/61] 10.222.0.11 () {60 vars in 1380 bytes} [Wed Nov 3 02:04:38 2021] GET /placement/allocations/ae2ad44c-a839-47d9-a199-7e98dc9f8406 => generated 19 bytes in 12 msecs (HTTP/1.1 200) 8 headers in 295 bytes (1 switches on core 0)
Nov 03 02:04:38.837909 dv-cinder-815614-3-smb devstack@placement-api.service[113972]: DEBUG placement.requestlog [req-fb280fed-4335-457f-be8b-3835974134b3 req-a4b3a59b-f6b2-4199-b60d-a0d4a381a519 None None] Starting request: 10.222.0.11 "PUT /placement/allocations/ae2ad44c-a839-47d9-a199-7e98dc9f8406" {{(pid=113972) __call__ /opt/stack/placement/placement/requestlog.py:55}}
Nov 03 02:04:38.991470 dv-cinder-815614-3-smb devstack@placement-api.service[113972]: DEBUG placement.handlers.allocation [req-fb280fed-4335-457f-be8b-3835974134b3 req-a4b3a59b-f6b2-4199-b60d-a0d4a381a519 service placement] Successfully wrote allocations [, , ] {{(pid=113972) _update_consumers_and_create_allocations /opt/stack/placement/placement/handlers/allocation.py:462}}
Nov 03 02:04:39.095841 dv-cinder-815614-3-smb devstack@placement-api.service[113972]: INFO placement.requestlog [req-fb280fed-4335-457f-be8b-3835974134b3 req-a4b3a59b-f6b2-4199-b60d-a0d4a381a519 service placement] 10.222.0.11 "PUT /placement/allocations/ae2ad44c-a839-47d9-a199-7e98dc9f8406" status: 204 len: 0 microversion: 1.36
Nov 03 02:04:39.104794 dv-cinder-815614-3-smb devstack@placement-api.service[113972]: [pid: 113972|app: 0|req: 31/62] 10.222.0.11 () {64 vars in 1433 bytes} [Wed Nov 3 02:04:38 2021] PUT /placement/allocations/ae2ad44c-a839-47d9-a199-7e98dc9f8406 => generated 0 bytes in 259 msecs (HTTP/1.1 204) 5 headers in 199 bytes (1 switches on core 0)
Nov 03 02:04:39.814241 dv-cinder-815614-3-smb devstack@placement-api.service[113973]: DEBUG placement.requestlog [req-5d954ddb-537f-41c0-987b-0bfb1d3962a6 req-c1c58b8b-cbac-4e83-800f-a38717201df6 None None] Starting request: 10.222.0.21 "DELETE /placement/allocations/5de5a749-acce-4c00-b2c1-b8d10d04ff44" {{(pid=113973) __call__ /opt/stack/placement/placement/requestlog.py:55}}
Nov 03 02:04:40.009942 dv-cinder-815614-3-smb devstack@placement-api.service[113973]: DEBUG placement.handlers.allocation [req-5d954ddb-537f-41c0-987b-0bfb1d3962a6 req-c1c58b8b-cbac-4e83-800f-a38717201df6 service placement] Successfully deleted allocations [, , ] {{(pid=113973) delete_allocations /opt/stack/placement/placement/handlers/allocation.py:627}}
Nov 03 02:04:40.011193 dv-cinder-815614-3-smb devstack@placement-api.service[113973]: INFO placement.requestlog [req-5d954ddb-537f-41c0-987b-0bfb1d3962a6 req-c1c58b8b-cbac-4e83-800f-a38717201df6 service placement] 10.222.0.21 "DELETE /placement/allocations/5de5a749-acce-4c00-b2c1-b8d10d04ff44" status: 204 len: 0 microversion: 1.0
Nov 03 02:04:40.011691 dv-cinder-815614-3-smb devstack@placement-api.service[113973]: [pid: 113973|app: 0|req: 32/63] 10.222.0.21 () {60 vars in 1355 bytes} [Wed Nov 3 02:04:39 2021] DELETE /placement/allocations/5de5a749-acce-4c00-b2c1-b8d10d04ff44 => generated 0 bytes in 198 msecs (HTTP/1.1 204) 5 headers in 198 bytes (1 switches on core 0)
Nov 03 02:04:40.503128 dv-cinder-815614-3-smb devstack@placement-api.service[113972]: DEBUG placement.requestlog [req-fb280fed-4335-457f-be8b-3835974134b3 req-4004d88d-f273-4b57-bc0e-34c641cc898d None None] Starting request: 10.222.0.21 "GET /placement/allocations/ae2ad44c-a839-47d9-a199-7e98dc9f8406" {{(pid=113972) __call__ /opt/stack/placement/placement/requestlog.py:55}}
Nov 03 02:04:40.518558 dv-cinder-815614-3-smb devstack@placement-api.service[113972]: INFO placement.requestlog [req-fb280fed-4335-457f-be8b-3835974134b3 req-4004d88d-f273-4b57-bc0e-34c641cc898d service placement] 10.222.0.21 "GET /placement/allocations/ae2ad44c-a839-47d9-a199-7e98dc9f8406" status: 200 len: 259 microversion: 1.28
Nov 03 02:04:40.518779 dv-cinder-815614-3-smb devstack@placement-api.service[113972]: [pid: 113972|app: 0|req: 32/64] 10.222.0.21 () {60 vars in 1377 bytes} [Wed Nov 3 02:04:40 2021] GET /placement/allocations/ae2ad44c-a839-47d9-a199-7e98dc9f8406 => generated 259 bytes in 16 msecs (HTTP/1.1 200) 8 headers in 296 bytes (1 switches on core 0)
Nov 03 02:04:56.765573 dv-cinder-815614-3-smb devstack@placement-api.service[113973]: DEBUG placement.requestlog [req-e9cc12df-171e-4e4a-b778-6fe1ea0e88f9 req-3a8db0ff-a635-40d4-8877-aa0b7c9cea95 None None] Starting request: 10.222.0.21 "DELETE /placement/allocations/87de9793-4561-4e49-8788-028b321f678c" {{(pid=113973) __call__ /opt/stack/placement/placement/requestlog.py:55}}
Nov 03 02:04:57.042107 dv-cinder-815614-3-smb devstack@placement-api.service[113973]: DEBUG placement.handlers.allocation [req-e9cc12df-171e-4e4a-b778-6fe1ea0e88f9 req-3a8db0ff-a635-40d4-8877-aa0b7c9cea95 service placement] Successfully deleted allocations [, , ] {{(pid=113973) delete_allocations /opt/stack/placement/placement/handlers/allocation.py:627}}
Nov 03 02:04:57.042660 dv-cinder-815614-3-smb devstack@placement-api.service[113973]: INFO placement.requestlog [req-e9cc12df-171e-4e4a-b778-6fe1ea0e88f9 req-3a8db0ff-a635-40d4-8877-aa0b7c9cea95 service placement] 10.222.0.21 "DELETE /placement/allocations/87de9793-4561-4e49-8788-028b321f678c" status: 204 len: 0 microversion: 1.0
Nov 03 02:04:57.043037 dv-cinder-815614-3-smb devstack@placement-api.service[113973]: [pid: 113973|app: 0|req: 33/65] 10.222.0.21 () {60 vars in 1355 bytes} [Wed Nov 3 02:04:56 2021] DELETE /placement/allocations/87de9793-4561-4e49-8788-028b321f678c => generated 0 bytes in 278 msecs (HTTP/1.1 204) 5 headers in 198 bytes (1 switches on core 0)
Nov 03 02:05:04.284146 dv-cinder-815614-3-smb devstack@placement-api.service[113972]: DEBUG placement.requestlog [req-585fc910-6329-4dab-900f-5bfb77396886 req-59b6daf1-146f-4403-a6fc-fb173e2b4c42 None None] Starting request: 10.222.0.21 "DELETE /placement/allocations/5a36ad12-e24f-4067-9a47-1c39bbfd2952" {{(pid=113972) __call__ /opt/stack/placement/placement/requestlog.py:55}}
Nov 03 02:05:04.529884 dv-cinder-815614-3-smb devstack@placement-api.service[113972]: DEBUG placement.handlers.allocation [req-585fc910-6329-4dab-900f-5bfb77396886 req-59b6daf1-146f-4403-a6fc-fb173e2b4c42 service placement] Successfully deleted allocations [, , ] {{(pid=113972) delete_allocations /opt/stack/placement/placement/handlers/allocation.py:627}}
Nov 03 02:05:04.530691 dv-cinder-815614-3-smb devstack@placement-api.service[113972]: INFO placement.requestlog [req-585fc910-6329-4dab-900f-5bfb77396886 req-59b6daf1-146f-4403-a6fc-fb173e2b4c42 service placement] 10.222.0.21 "DELETE /placement/allocations/5a36ad12-e24f-4067-9a47-1c39bbfd2952" status: 204 len: 0 microversion: 1.0
Nov 03 02:05:04.530972 dv-cinder-815614-3-smb devstack@placement-api.service[113972]: [pid: 113972|app: 0|req: 33/66] 10.222.0.21 () {60 vars in 1355 bytes} [Wed Nov 3 02:05:04 2021] DELETE /placement/allocations/5a36ad12-e24f-4067-9a47-1c39bbfd2952 => generated 0 bytes in 248 msecs (HTTP/1.1 204) 5 headers in 198 bytes (1 switches on core 0)
Nov 03 02:05:09.204144 dv-cinder-815614-3-smb devstack@placement-api.service[113973]: DEBUG placement.requestlog [req-e7ebf0b4-4508-49e1-bbd6-d9728dcdf913 req-ba011d29-9563-4a94-84e8-1ae560fc93af None None] Starting request: 10.222.0.21 "GET /placement/resource_providers?in_tree=e7c5ca14-b934-4d79-83af-339a168f710f" {{(pid=113973) __call__ /opt/stack/placement/placement/requestlog.py:55}}
Nov 03 02:05:09.460897 dv-cinder-815614-3-smb devstack@placement-api.service[113973]: INFO placement.requestlog [req-e7ebf0b4-4508-49e1-bbd6-d9728dcdf913 req-ba011d29-9563-4a94-84e8-1ae560fc93af service placement] 10.222.0.21 "GET /placement/resource_providers?in_tree=e7c5ca14-b934-4d79-83af-339a168f710f" status: 200 len: 865 microversion: 1.14
Nov 03 02:05:09.461127 dv-cinder-815614-3-smb devstack@placement-api.service[113973]: [pid: 113973|app: 0|req: 34/67] 10.222.0.21 () {60 vars in 1376 bytes} [Wed Nov 3 02:05:09 2021] GET /placement/resource_providers?in_tree=e7c5ca14-b934-4d79-83af-339a168f710f => generated 865 bytes in 257 msecs (HTTP/1.1 200) 6 headers in 225 bytes (1 switches on core 0)
Nov 03 02:05:09.474169 dv-cinder-815614-3-smb devstack@placement-api.service[113972]: DEBUG placement.requestlog [req-e7ebf0b4-4508-49e1-bbd6-d9728dcdf913 req-7325862a-7ba0-4dcc-b898-2d66b5083791 None None] Starting request: 10.222.0.21 "GET /placement/resource_providers/e7c5ca14-b934-4d79-83af-339a168f710f/inventories" {{(pid=113972) __call__ /opt/stack/placement/placement/requestlog.py:55}}
Nov 03 02:05:09.496519 dv-cinder-815614-3-smb devstack@placement-api.service[113972]: INFO placement.requestlog [req-e7ebf0b4-4508-49e1-bbd6-d9728dcdf913 req-7325862a-7ba0-4dcc-b898-2d66b5083791 service placement] 10.222.0.21 "GET /placement/resource_providers/e7c5ca14-b934-4d79-83af-339a168f710f/inventories" status: 200 len: 398 microversion: 1.0
Nov 03 02:05:09.497182 dv-cinder-815614-3-smb devstack@placement-api.service[113972]: [pid: 113972|app: 0|req: 34/68] 10.222.0.21 () {58 vars in 1390 bytes} [Wed Nov 3 02:05:09 2021] GET /placement/resource_providers/e7c5ca14-b934-4d79-83af-339a168f710f/inventories => generated 398 bytes in 24 msecs (HTTP/1.1 200) 6 headers in 224 bytes (1 switches on core 0)
Nov 03 02:05:09.511027 dv-cinder-815614-3-smb devstack@placement-api.service[113973]: DEBUG placement.requestlog [req-e7ebf0b4-4508-49e1-bbd6-d9728dcdf913 req-526799ff-c163-4a05-af23-e3cef4e88a4d None None] Starting request: 10.222.0.21 "GET /placement/resource_providers/e7c5ca14-b934-4d79-83af-339a168f710f/aggregates" {{(pid=113973) __call__ /opt/stack/placement/placement/requestlog.py:55}}
Nov 03 02:05:09.533469 dv-cinder-815614-3-smb devstack@placement-api.service[113973]: INFO placement.requestlog [req-e7ebf0b4-4508-49e1-bbd6-d9728dcdf913 req-526799ff-c163-4a05-af23-e3cef4e88a4d service placement] 10.222.0.21 "GET /placement/resource_providers/e7c5ca14-b934-4d79-83af-339a168f710f/aggregates" status: 200 len: 54 microversion: 1.19
Nov 03 02:05:09.533812 dv-cinder-815614-3-smb devstack@placement-api.service[113973]: [pid: 113973|app: 0|req: 35/69] 10.222.0.21 () {60 vars in 1431 bytes} [Wed Nov 3 02:05:09 2021] GET /placement/resource_providers/e7c5ca14-b934-4d79-83af-339a168f710f/aggregates => generated 54 bytes in 23 msecs (HTTP/1.1 200) 8 headers in 295 bytes (1 switches on core 0)
Nov 03 02:05:09.552016 dv-cinder-815614-3-smb devstack@placement-api.service[113972]: DEBUG placement.requestlog [req-e7ebf0b4-4508-49e1-bbd6-d9728dcdf913 req-628a3e40-bce4-4f38-b187-3045f5cc169b None None] Starting request: 10.222.0.21 "GET /placement/resource_providers/e7c5ca14-b934-4d79-83af-339a168f710f/traits" {{(pid=113972) __call__ /opt/stack/placement/placement/requestlog.py:55}}
Nov 03 02:05:09.578193 dv-cinder-815614-3-smb devstack@placement-api.service[113972]: INFO placement.requestlog [req-e7ebf0b4-4508-49e1-bbd6-d9728dcdf913 req-628a3e40-bce4-4f38-b187-3045f5cc169b service placement] 10.222.0.21 "GET /placement/resource_providers/e7c5ca14-b934-4d79-83af-339a168f710f/traits" status: 200 len: 300 microversion: 1.6
Nov 03 02:05:09.578414 dv-cinder-815614-3-smb devstack@placement-api.service[113972]: [pid: 113972|app: 0|req: 35/70] 10.222.0.21 () {60 vars in 1418 bytes} [Wed Nov 3 02:05:09 2021] GET /placement/resource_providers/e7c5ca14-b934-4d79-83af-339a168f710f/traits => generated 300 bytes in 27 msecs (HTTP/1.1 200) 6 headers in 224 bytes (1 switches on core 0)
Nov 03 02:05:09.916730 dv-cinder-815614-3-smb devstack@placement-api.service[113973]: DEBUG placement.requestlog [req-e7ebf0b4-4508-49e1-bbd6-d9728dcdf913 req-59a77a0f-b2e4-4682-88b4-adb5970346a2 None None] Starting request: 10.222.0.21 "DELETE /placement/allocations/2d540923-9124-45ce-b4a2-973c1dac65c7" {{(pid=113973) __call__ /opt/stack/placement/placement/requestlog.py:55}}
Nov 03 02:05:10.140989 dv-cinder-815614-3-smb devstack@placement-api.service[113973]: DEBUG placement.handlers.allocation [req-e7ebf0b4-4508-49e1-bbd6-d9728dcdf913 req-59a77a0f-b2e4-4682-88b4-adb5970346a2 service placement] Successfully deleted allocations [, , ] {{(pid=113973) delete_allocations /opt/stack/placement/placement/handlers/allocation.py:627}}
Nov 03 02:05:10.141499 dv-cinder-815614-3-smb devstack@placement-api.service[113973]: INFO placement.requestlog [req-e7ebf0b4-4508-49e1-bbd6-d9728dcdf913 req-59a77a0f-b2e4-4682-88b4-adb5970346a2 service placement] 10.222.0.21 "DELETE /placement/allocations/2d540923-9124-45ce-b4a2-973c1dac65c7" status: 204 len: 0 microversion: 1.0
Nov 03 02:05:10.142025 dv-cinder-815614-3-smb devstack@placement-api.service[113973]: [pid: 113973|app: 0|req: 36/71] 10.222.0.21 () {60 vars in 1355 bytes} [Wed Nov 3 02:05:09 2021] DELETE /placement/allocations/2d540923-9124-45ce-b4a2-973c1dac65c7 => generated 0 bytes in 226 msecs (HTTP/1.1 204) 5 headers in 198 bytes (1 switches on core 0)
Nov 03 02:05:10.732208 dv-cinder-815614-3-smb devstack@placement-api.service[113972]: DEBUG placement.requestlog [req-c091bca4-ae15-45d3-a594-1fc96e55b189 req-5d41133c-a709-4945-a203-614b758f07d9 None None] Starting request: 10.222.0.21 "GET /placement/resource_providers/e7c5ca14-b934-4d79-83af-339a168f710f/allocations" {{(pid=113972) __call__ /opt/stack/placement/placement/requestlog.py:55}}
Nov 03 02:05:10.752532 dv-cinder-815614-3-smb devstack@placement-api.service[113972]: INFO placement.requestlog [req-c091bca4-ae15-45d3-a594-1fc96e55b189 req-5d41133c-a709-4945-a203-614b758f07d9 service placement] 10.222.0.21 "GET /placement/resource_providers/e7c5ca14-b934-4d79-83af-339a168f710f/allocations" status: 200 len: 356 microversion: 1.0
Nov 03 02:05:10.752986 dv-cinder-815614-3-smb devstack@placement-api.service[113972]: [pid: 113972|app: 0|req: 36/72] 10.222.0.21 () {58 vars in 1390 bytes} [Wed Nov 3 02:05:10 2021] GET /placement/resource_providers/e7c5ca14-b934-4d79-83af-339a168f710f/allocations => generated 356 bytes in 21 msecs (HTTP/1.1 200) 6 headers in 224 bytes (1 switches on core 0)
Nov 03 02:05:17.980240 dv-cinder-815614-3-smb devstack@placement-api.service[113973]: DEBUG placement.requestlog [req-dc293530-812c-4b8b-89cb-b169efdab08e req-c0bad00e-36e7-4b25-83b1-20e5328d550d None None] Starting request: 10.222.0.21 "DELETE /placement/allocations/ff242d66-f270-42ea-8f1b-cceab3969557" {{(pid=113973) __call__ /opt/stack/placement/placement/requestlog.py:55}}
Nov 03 02:05:18.240883 dv-cinder-815614-3-smb devstack@placement-api.service[113973]: DEBUG placement.handlers.allocation [req-dc293530-812c-4b8b-89cb-b169efdab08e req-c0bad00e-36e7-4b25-83b1-20e5328d550d service placement] Successfully deleted allocations [, , ] {{(pid=113973) delete_allocations /opt/stack/placement/placement/handlers/allocation.py:627}}
Nov 03 02:05:18.241392 dv-cinder-815614-3-smb devstack@placement-api.service[113973]: INFO placement.requestlog [req-dc293530-812c-4b8b-89cb-b169efdab08e req-c0bad00e-36e7-4b25-83b1-20e5328d550d service placement] 10.222.0.21 "DELETE /placement/allocations/ff242d66-f270-42ea-8f1b-cceab3969557" status: 204 len: 0 microversion: 1.0
Nov 03 02:05:18.241702 dv-cinder-815614-3-smb devstack@placement-api.service[113973]: [pid: 113973|app: 0|req: 37/73] 10.222.0.21 () {60 vars in 1355 bytes} [Wed Nov 3 02:05:17 2021] DELETE /placement/allocations/ff242d66-f270-42ea-8f1b-cceab3969557 => generated 0 bytes in 262 msecs (HTTP/1.1 204) 5 headers in 198 bytes (1 switches on core 0)
Nov 03 02:05:24.711031 dv-cinder-815614-3-smb devstack@placement-api.service[113972]: DEBUG placement.requestlog [req-2b4ec667-4b98-43f1-865c-d69a571c738e req-fde41494-a762-494e-b17b-b3e4e3f25b85 None None] Starting request: 10.222.0.11 "GET /placement/allocation_candidates?limit=1000&resources=MEMORY_MB%3A1024%2CVCPU%3A1&root_required=%21COMPUTE_STATUS_DISABLED" {{(pid=113972) __call__ /opt/stack/placement/placement/requestlog.py:55}}
Nov 03 02:05:24.741172 dv-cinder-815614-3-smb devstack@placement-api.service[113972]: DEBUG placement.objects.research_context [req-2b4ec667-4b98-43f1-865c-d69a571c738e req-fde41494-a762-494e-b17b-b3e4e3f25b85 service placement] getting providers with 1024 MEMORY_MB {{(pid=113972) __init__ /opt/stack/placement/placement/objects/research_context.py:126}}
Nov 03 02:05:24.747549 dv-cinder-815614-3-smb devstack@placement-api.service[113972]: DEBUG placement.objects.research_context [req-2b4ec667-4b98-43f1-865c-d69a571c738e req-fde41494-a762-494e-b17b-b3e4e3f25b85 service placement] getting providers with 1 VCPU {{(pid=113972) __init__ /opt/stack/placement/placement/objects/research_context.py:126}}
Nov 03 02:05:24.755276 dv-cinder-815614-3-smb devstack@placement-api.service[113972]: DEBUG placement.objects.research_context [req-2b4ec667-4b98-43f1-865c-d69a571c738e req-fde41494-a762-494e-b17b-b3e4e3f25b85 service placement] found 1 providers with available 1024 MEMORY_MB {{(pid=113972) get_provider_ids_matching /opt/stack/placement/placement/objects/research_context.py:549}}
