Nov 03 02:05:24.755931 dv-cinder-815614-3-smb devstack@placement-api.service[113972]: DEBUG placement.objects.research_context [req-2b4ec667-4b98-43f1-865c-d69a571c738e req-fde41494-a762-494e-b17b-b3e4e3f25b85 service placement] found 1 providers with available 1 VCPU {{(pid=113972) get_provider_ids_matching /opt/stack/placement/placement/objects/research_context.py:549}}
Nov 03 02:05:24.756269 dv-cinder-815614-3-smb devstack@placement-api.service[113972]: DEBUG placement.objects.research_context [req-2b4ec667-4b98-43f1-865c-d69a571c738e req-fde41494-a762-494e-b17b-b3e4e3f25b85 service placement] found 1 providers after filtering by previous result {{(pid=113972) get_provider_ids_matching /opt/stack/placement/placement/objects/research_context.py:580}}
Nov 03 02:05:24.768648 dv-cinder-815614-3-smb devstack@placement-api.service[113972]: DEBUG placement.objects.allocation_candidate [req-2b4ec667-4b98-43f1-865c-d69a571c738e req-fde41494-a762-494e-b17b-b3e4e3f25b85 service placement] RequestGroup(use_same_provider=False, resources={MEMORY_MB:1024, VCPU:1}, traits=[], aggregates=[]) (suffix '') returned 1 matches {{(pid=113972) _get_by_requests /opt/stack/placement/placement/objects/allocation_candidate.py:145}}
Nov 03 02:05:24.769081 dv-cinder-815614-3-smb devstack@placement-api.service[113972]: DEBUG placement.objects.allocation_candidate [req-2b4ec667-4b98-43f1-865c-d69a571c738e req-fde41494-a762-494e-b17b-b3e4e3f25b85 service placement] Merging candidates yields 1 allocation requests and 1 provider summaries {{(pid=113972) _merge_candidates /opt/stack/placement/placement/objects/allocation_candidate.py:783}}
Nov 03 02:05:24.770775 dv-cinder-815614-3-smb devstack@placement-api.service[113972]: INFO placement.requestlog [req-2b4ec667-4b98-43f1-865c-d69a571c738e req-fde41494-a762-494e-b17b-b3e4e3f25b85 service placement] 10.222.0.11 "GET /placement/allocation_candidates?limit=1000&resources=MEMORY_MB%3A1024%2CVCPU%3A1&root_required=%21COMPUTE_STATUS_DISABLED" status: 200 len: 753 microversion: 1.36
Nov 03 02:05:24.771130 dv-cinder-815614-3-smb devstack@placement-api.service[113972]: [pid: 113972|app: 0|req: 37/74] 10.222.0.11 () {60 vars in 1478 bytes} [Wed Nov 3 02:05:24 2021] GET /placement/allocation_candidates?limit=1000&resources=MEMORY_MB%3A1024%2CVCPU%3A1&root_required=%21COMPUTE_STATUS_DISABLED => generated 753 bytes in 60 msecs (HTTP/1.1 200) 8 headers in 296 bytes (1 switches on core 0)
Nov 03 02:05:24.810950 dv-cinder-815614-3-smb devstack@placement-api.service[113973]: DEBUG placement.requestlog [req-2b4ec667-4b98-43f1-865c-d69a571c738e req-775c290c-bfab-43d3-b77c-9bcee4dec682 None None] Starting request: 10.222.0.11 "GET /placement/allocations/1ac7050c-cbc8-46c3-80a8-9ab96619d67c" {{(pid=113973) __call__ /opt/stack/placement/placement/requestlog.py:55}}
Nov 03 02:05:24.823568 dv-cinder-815614-3-smb devstack@placement-api.service[113973]: INFO placement.requestlog [req-2b4ec667-4b98-43f1-865c-d69a571c738e req-775c290c-bfab-43d3-b77c-9bcee4dec682 service placement] 10.222.0.11 "GET /placement/allocations/1ac7050c-cbc8-46c3-80a8-9ab96619d67c" status: 200 len: 19 microversion: 1.28
Nov 03 02:05:24.826655 dv-cinder-815614-3-smb devstack@placement-api.service[113973]: [pid: 113973|app: 0|req: 38/75] 10.222.0.11 () {60 vars in 1380 bytes} [Wed Nov 3 02:05:24 2021] GET /placement/allocations/1ac7050c-cbc8-46c3-80a8-9ab96619d67c => generated 19 bytes in 13 msecs (HTTP/1.1 200) 8 headers in 295 bytes (1 switches on core 0)
Nov 03 02:05:24.829933 dv-cinder-815614-3-smb devstack@placement-api.service[113972]: DEBUG placement.requestlog [req-2b4ec667-4b98-43f1-865c-d69a571c738e req-92141ad3-8843-4dbf-8366-bc6914223c51 None None] Starting request: 10.222.0.11 "PUT /placement/allocations/1ac7050c-cbc8-46c3-80a8-9ab96619d67c" {{(pid=113972) __call__ /opt/stack/placement/placement/requestlog.py:55}}
Nov 03 02:05:25.104247 dv-cinder-815614-3-smb devstack@placement-api.service[113972]: DEBUG placement.handlers.allocation [req-2b4ec667-4b98-43f1-865c-d69a571c738e req-92141ad3-8843-4dbf-8366-bc6914223c51 service placement] Successfully wrote allocations [, ] {{(pid=113972) _update_consumers_and_create_allocations /opt/stack/placement/placement/handlers/allocation.py:462}}
Nov 03 02:05:25.163492 dv-cinder-815614-3-smb devstack@placement-api.service[113972]: INFO placement.requestlog [req-2b4ec667-4b98-43f1-865c-d69a571c738e req-92141ad3-8843-4dbf-8366-bc6914223c51 service placement] 10.222.0.11 "PUT /placement/allocations/1ac7050c-cbc8-46c3-80a8-9ab96619d67c" status: 204 len: 0 microversion: 1.36
Nov 03 02:05:25.164268 dv-cinder-815614-3-smb devstack@placement-api.service[113972]: [pid: 113972|app: 0|req: 38/76] 10.222.0.11 () {64 vars in 1433 bytes} [Wed Nov 3 02:05:24 2021] PUT /placement/allocations/1ac7050c-cbc8-46c3-80a8-9ab96619d67c => generated 0 bytes in 335 msecs (HTTP/1.1 204) 5 headers in 199 bytes (2 switches on core 0)
Nov 03 02:05:26.332123 dv-cinder-815614-3-smb devstack@placement-api.service[113973]: DEBUG placement.requestlog [req-2b4ec667-4b98-43f1-865c-d69a571c738e req-a514ff32-a63d-4253-bb9b-d7574c9d6a9b None None] Starting request: 10.222.0.21 "GET /placement/allocations/1ac7050c-cbc8-46c3-80a8-9ab96619d67c" {{(pid=113973) __call__ /opt/stack/placement/placement/requestlog.py:55}}
Nov 03 02:05:26.346051 dv-cinder-815614-3-smb devstack@placement-api.service[113973]: INFO placement.requestlog [req-2b4ec667-4b98-43f1-865c-d69a571c738e req-a514ff32-a63d-4253-bb9b-d7574c9d6a9b service placement] 10.222.0.21 "GET /placement/allocations/1ac7050c-cbc8-46c3-80a8-9ab96619d67c" status: 200 len: 245 microversion: 1.28
Nov 03 02:05:26.346261 dv-cinder-815614-3-smb devstack@placement-api.service[113973]: [pid: 113973|app: 0|req: 39/77] 10.222.0.21 () {60 vars in 1377 bytes} [Wed Nov 3 02:05:26 2021] GET /placement/allocations/1ac7050c-cbc8-46c3-80a8-9ab96619d67c => generated 245 bytes in 14 msecs (HTTP/1.1 200) 8 headers in 296 bytes (2 switches on core 0)
Nov 03 02:05:48.923507 dv-cinder-815614-3-smb devstack@placement-api.service[113972]: DEBUG placement.requestlog [req-663a845c-4ef5-488b-b621-2d160ceba7e3 req-d3ed8490-b107-4f8b-91cd-318e3f2f8478 None None] Starting request: 10.222.0.21 "DELETE /placement/allocations/ae2ad44c-a839-47d9-a199-7e98dc9f8406" {{(pid=113972) __call__ /opt/stack/placement/placement/requestlog.py:55}}
Nov 03 02:05:49.411750 dv-cinder-815614-3-smb devstack@placement-api.service[113972]: DEBUG placement.handlers.allocation [req-663a845c-4ef5-488b-b621-2d160ceba7e3 req-d3ed8490-b107-4f8b-91cd-318e3f2f8478 service placement] Successfully deleted allocations [, , ] {{(pid=113972) delete_allocations /opt/stack/placement/placement/handlers/allocation.py:627}}
Nov 03 02:05:49.412242 dv-cinder-815614-3-smb devstack@placement-api.service[113972]: INFO placement.requestlog [req-663a845c-4ef5-488b-b621-2d160ceba7e3 req-d3ed8490-b107-4f8b-91cd-318e3f2f8478 service placement] 10.222.0.21 "DELETE /placement/allocations/ae2ad44c-a839-47d9-a199-7e98dc9f8406" status: 204 len: 0 microversion: 1.0
Nov 03 02:05:49.412474 dv-cinder-815614-3-smb devstack@placement-api.service[113972]: [pid: 113972|app: 0|req: 39/78] 10.222.0.21 () {60 vars in 1355 bytes} [Wed Nov 3 02:05:48 2021] DELETE /placement/allocations/ae2ad44c-a839-47d9-a199-7e98dc9f8406 => generated 0 bytes in 489 msecs (HTTP/1.1 204) 5 headers in 198 bytes (1 switches on core 0)
Nov 03 02:05:54.637210 dv-cinder-815614-3-smb devstack@placement-api.service[113973]: DEBUG placement.requestlog [req-2ecd009a-20e4-48ea-ae09-6aef8df7d353 req-3151e1e9-d770-447c-8294-31c61ad4f8a2 None None] Starting request: 10.222.0.11 "GET /placement/allocation_candidates?limit=1000&resources=DISK_GB%3A1%2CMEMORY_MB%3A1024%2CVCPU%3A1&root_required=%21COMPUTE_STATUS_DISABLED" {{(pid=113973) __call__ /opt/stack/placement/placement/requestlog.py:55}}
Nov 03 02:05:54.667301 dv-cinder-815614-3-smb devstack@placement-api.service[113973]: DEBUG placement.objects.research_context [req-2ecd009a-20e4-48ea-ae09-6aef8df7d353 req-3151e1e9-d770-447c-8294-31c61ad4f8a2 service placement] getting providers with 1 DISK_GB {{(pid=113973) __init__ /opt/stack/placement/placement/objects/research_context.py:126}}
Nov 03 02:05:54.674103 dv-cinder-815614-3-smb devstack@placement-api.service[113973]: DEBUG placement.objects.research_context [req-2ecd009a-20e4-48ea-ae09-6aef8df7d353 req-3151e1e9-d770-447c-8294-31c61ad4f8a2 service placement] getting providers with 1024 MEMORY_MB {{(pid=113973) __init__ /opt/stack/placement/placement/objects/research_context.py:126}}
Nov 03 02:05:54.680471 dv-cinder-815614-3-smb devstack@placement-api.service[113973]: DEBUG placement.objects.research_context [req-2ecd009a-20e4-48ea-ae09-6aef8df7d353 req-3151e1e9-d770-447c-8294-31c61ad4f8a2 service placement] getting providers with 1 VCPU {{(pid=113973) __init__ /opt/stack/placement/placement/objects/research_context.py:126}}
Nov 03 02:05:54.693765 dv-cinder-815614-3-smb devstack@placement-api.service[113973]: DEBUG placement.objects.research_context [req-2ecd009a-20e4-48ea-ae09-6aef8df7d353 req-3151e1e9-d770-447c-8294-31c61ad4f8a2 service placement] found 1 providers with available 1 DISK_GB {{(pid=113973) get_provider_ids_matching /opt/stack/placement/placement/objects/research_context.py:549}}
Nov 03 02:05:54.694527 dv-cinder-815614-3-smb devstack@placement-api.service[113973]: DEBUG placement.objects.research_context [req-2ecd009a-20e4-48ea-ae09-6aef8df7d353 req-3151e1e9-d770-447c-8294-31c61ad4f8a2 service placement] found 1 providers with available 1024 MEMORY_MB {{(pid=113973) get_provider_ids_matching /opt/stack/placement/placement/objects/research_context.py:549}}
Nov 03 02:05:54.694686 dv-cinder-815614-3-smb devstack@placement-api.service[113973]: DEBUG placement.objects.research_context [req-2ecd009a-20e4-48ea-ae09-6aef8df7d353 req-3151e1e9-d770-447c-8294-31c61ad4f8a2 service placement] found 1 providers after filtering by previous result {{(pid=113973) get_provider_ids_matching /opt/stack/placement/placement/objects/research_context.py:580}}
Nov 03 02:05:54.694920 dv-cinder-815614-3-smb devstack@placement-api.service[113973]: DEBUG placement.objects.research_context [req-2ecd009a-20e4-48ea-ae09-6aef8df7d353 req-3151e1e9-d770-447c-8294-31c61ad4f8a2 service placement] found 1 providers with available 1 VCPU {{(pid=113973) get_provider_ids_matching /opt/stack/placement/placement/objects/research_context.py:549}}
Nov 03 02:05:54.695187 dv-cinder-815614-3-smb devstack@placement-api.service[113973]: DEBUG placement.objects.research_context [req-2ecd009a-20e4-48ea-ae09-6aef8df7d353 req-3151e1e9-d770-447c-8294-31c61ad4f8a2 service placement] found 1 providers after filtering by previous result {{(pid=113973) get_provider_ids_matching /opt/stack/placement/placement/objects/research_context.py:580}}
Nov 03 02:05:54.719750 dv-cinder-815614-3-smb devstack@placement-api.service[113973]: DEBUG placement.objects.allocation_candidate [req-2ecd009a-20e4-48ea-ae09-6aef8df7d353 req-3151e1e9-d770-447c-8294-31c61ad4f8a2 service placement] RequestGroup(use_same_provider=False, resources={DISK_GB:1, MEMORY_MB:1024, VCPU:1}, traits=[], aggregates=[]) (suffix '') returned 1 matches {{(pid=113973) _get_by_requests /opt/stack/placement/placement/objects/allocation_candidate.py:145}}
Nov 03 02:05:54.722315 dv-cinder-815614-3-smb devstack@placement-api.service[113973]: DEBUG placement.objects.allocation_candidate [req-2ecd009a-20e4-48ea-ae09-6aef8df7d353 req-3151e1e9-d770-447c-8294-31c61ad4f8a2 service placement] Merging candidates yields 1 allocation requests and 1 provider summaries {{(pid=113973) _merge_candidates /opt/stack/placement/placement/objects/allocation_candidate.py:783}}
Nov 03 02:05:54.723470 dv-cinder-815614-3-smb devstack@placement-api.service[113972]: DEBUG placement.requestlog [req-e8941dd9-dc39-4184-aef1-7b927732dce7 req-1f9d3ad5-988e-4fe1-836b-7593234cae7b None None] Starting request: 10.222.0.11 "GET /placement/allocation_candidates?limit=1000&resources=DISK_GB%3A1%2CMEMORY_MB%3A1024%2CVCPU%3A1&root_required=%21COMPUTE_STATUS_DISABLED" {{(pid=113972) __call__ /opt/stack/placement/placement/requestlog.py:55}}
Nov 03 02:05:54.725228 dv-cinder-815614-3-smb devstack@placement-api.service[113973]: INFO placement.requestlog [req-2ecd009a-20e4-48ea-ae09-6aef8df7d353 req-3151e1e9-d770-447c-8294-31c61ad4f8a2 service placement] 10.222.0.11 "GET /placement/allocation_candidates?limit=1000&resources=DISK_GB%3A1%2CMEMORY_MB%3A1024%2CVCPU%3A1&root_required=%21COMPUTE_STATUS_DISABLED" status: 200 len: 767 microversion: 1.36
Nov 03 02:05:54.725607 dv-cinder-815614-3-smb devstack@placement-api.service[113973]: [pid: 113973|app: 0|req: 40/79] 10.222.0.11 () {60 vars in 1506 bytes} [Wed Nov 3 02:05:54 2021] GET /placement/allocation_candidates?limit=1000&resources=DISK_GB%3A1%2CMEMORY_MB%3A1024%2CVCPU%3A1&root_required=%21COMPUTE_STATUS_DISABLED => generated 767 bytes in 89 msecs (HTTP/1.1 200) 8 headers in 296 bytes (1 switches on core 0)
Nov 03 02:05:54.767970 dv-cinder-815614-3-smb devstack@placement-api.service[113973]: DEBUG placement.requestlog [req-2ecd009a-20e4-48ea-ae09-6aef8df7d353 req-c278a987-a439-4ba7-ab5f-25fbb1b1457d None None] Starting request: 10.222.0.11 "GET /placement/allocations/a0044d99-2200-4a11-acc1-b0217240d212" {{(pid=113973) __call__ /opt/stack/placement/placement/requestlog.py:55}}
Nov 03 02:05:54.769183 dv-cinder-815614-3-smb devstack@placement-api.service[113972]: DEBUG placement.objects.research_context [req-e8941dd9-dc39-4184-aef1-7b927732dce7 req-1f9d3ad5-988e-4fe1-836b-7593234cae7b service placement] getting providers with 1 DISK_GB {{(pid=113972) __init__ /opt/stack/placement/placement/objects/research_context.py:126}}
Nov 03 02:05:54.777067 dv-cinder-815614-3-smb devstack@placement-api.service[113972]: DEBUG placement.objects.research_context [req-e8941dd9-dc39-4184-aef1-7b927732dce7 req-1f9d3ad5-988e-4fe1-836b-7593234cae7b service placement] getting providers with 1024 MEMORY_MB {{(pid=113972) __init__ /opt/stack/placement/placement/objects/research_context.py:126}}
Nov 03 02:05:54.779594 dv-cinder-815614-3-smb devstack@placement-api.service[113973]: INFO placement.requestlog [req-2ecd009a-20e4-48ea-ae09-6aef8df7d353 req-c278a987-a439-4ba7-ab5f-25fbb1b1457d service placement] 10.222.0.11 "GET /placement/allocations/a0044d99-2200-4a11-acc1-b0217240d212" status: 200 len: 19 microversion: 1.28
Nov 03 02:05:54.779836 dv-cinder-815614-3-smb devstack@placement-api.service[113973]: [pid: 113973|app: 0|req: 41/80] 10.222.0.11 () {60 vars in 1380 bytes} [Wed Nov 3 02:05:54 2021] GET /placement/allocations/a0044d99-2200-4a11-acc1-b0217240d212 => generated 19 bytes in 12 msecs (HTTP/1.1 200) 8 headers in 295 bytes (1 switches on core 0)
Nov 03 02:05:54.782943 dv-cinder-815614-3-smb devstack@placement-api.service[113972]: DEBUG placement.objects.research_context [req-e8941dd9-dc39-4184-aef1-7b927732dce7 req-1f9d3ad5-988e-4fe1-836b-7593234cae7b service placement] getting providers with 1 VCPU {{(pid=113972) __init__ /opt/stack/placement/placement/objects/research_context.py:126}}
Nov 03 02:05:54.787639 dv-cinder-815614-3-smb devstack@placement-api.service[113973]: DEBUG placement.requestlog [req-2ecd009a-20e4-48ea-ae09-6aef8df7d353 req-239fb3be-e02a-4e7d-9c0a-4c01b9e6bf0c None None] Starting request: 10.222.0.11 "PUT /placement/allocations/a0044d99-2200-4a11-acc1-b0217240d212" {{(pid=113973) __call__ /opt/stack/placement/placement/requestlog.py:55}}
Nov 03 02:05:54.788899 dv-cinder-815614-3-smb devstack@placement-api.service[113972]: DEBUG placement.objects.research_context [req-e8941dd9-dc39-4184-aef1-7b927732dce7 req-1f9d3ad5-988e-4fe1-836b-7593234cae7b service placement] found 1 providers with available 1 DISK_GB {{(pid=113972) get_provider_ids_matching /opt/stack/placement/placement/objects/research_context.py:549}}
Nov 03 02:05:54.789334 dv-cinder-815614-3-smb devstack@placement-api.service[113972]: DEBUG placement.objects.research_context [req-e8941dd9-dc39-4184-aef1-7b927732dce7 req-1f9d3ad5-988e-4fe1-836b-7593234cae7b service placement] found 1 providers with available 1024 MEMORY_MB {{(pid=113972) get_provider_ids_matching /opt/stack/placement/placement/objects/research_context.py:549}}
Nov 03 02:05:54.789756 dv-cinder-815614-3-smb devstack@placement-api.service[113972]: DEBUG placement.objects.research_context [req-e8941dd9-dc39-4184-aef1-7b927732dce7 req-1f9d3ad5-988e-4fe1-836b-7593234cae7b service placement] found 1 providers after filtering by previous result {{(pid=113972) get_provider_ids_matching /opt/stack/placement/placement/objects/research_context.py:580}}
Nov 03 02:05:54.790211 dv-cinder-815614-3-smb devstack@placement-api.service[113972]: DEBUG placement.objects.research_context [req-e8941dd9-dc39-4184-aef1-7b927732dce7 req-1f9d3ad5-988e-4fe1-836b-7593234cae7b service placement] found 1 providers with available 1 VCPU {{(pid=113972) get_provider_ids_matching /opt/stack/placement/placement/objects/research_context.py:549}}
Nov 03 02:05:54.790630 dv-cinder-815614-3-smb devstack@placement-api.service[113972]: DEBUG placement.objects.research_context [req-e8941dd9-dc39-4184-aef1-7b927732dce7 req-1f9d3ad5-988e-4fe1-836b-7593234cae7b service placement] found 1 providers after filtering by previous result {{(pid=113972) get_provider_ids_matching /opt/stack/placement/placement/objects/research_context.py:580}}
Nov 03 02:05:54.804000 dv-cinder-815614-3-smb devstack@placement-api.service[113972]: DEBUG placement.objects.allocation_candidate [req-e8941dd9-dc39-4184-aef1-7b927732dce7 req-1f9d3ad5-988e-4fe1-836b-7593234cae7b service placement] RequestGroup(use_same_provider=False, resources={DISK_GB:1, MEMORY_MB:1024, VCPU:1}, traits=[], aggregates=[]) (suffix '') returned 1 matches {{(pid=113972) _get_by_requests /opt/stack/placement/placement/objects/allocation_candidate.py:145}}
Nov 03 02:05:54.804668 dv-cinder-815614-3-smb devstack@placement-api.service[113972]: DEBUG placement.objects.allocation_candidate [req-e8941dd9-dc39-4184-aef1-7b927732dce7 req-1f9d3ad5-988e-4fe1-836b-7593234cae7b service placement] Merging candidates yields 1 allocation requests and 1 provider summaries {{(pid=113972) _merge_candidates /opt/stack/placement/placement/objects/allocation_candidate.py:783}}
Nov 03 02:05:54.806327 dv-cinder-815614-3-smb devstack@placement-api.service[113972]: INFO placement.requestlog [req-e8941dd9-dc39-4184-aef1-7b927732dce7 req-1f9d3ad5-988e-4fe1-836b-7593234cae7b service placement] 10.222.0.11 "GET /placement/allocation_candidates?limit=1000&resources=DISK_GB%3A1%2CMEMORY_MB%3A1024%2CVCPU%3A1&root_required=%21COMPUTE_STATUS_DISABLED" status: 200 len: 767 microversion: 1.36
Nov 03 02:05:54.806631 dv-cinder-815614-3-smb devstack@placement-api.service[113972]: [pid: 113972|app: 0|req: 40/81] 10.222.0.11 () {60 vars in 1506 bytes} [Wed Nov 3 02:05:54 2021] GET /placement/allocation_candidates?limit=1000&resources=DISK_GB%3A1%2CMEMORY_MB%3A1024%2CVCPU%3A1&root_required=%21COMPUTE_STATUS_DISABLED => generated 767 bytes in 83 msecs (HTTP/1.1 200) 8 headers in 296 bytes (2 switches on core 0)
Nov 03 02:05:54.847610 dv-cinder-815614-3-smb devstack@placement-api.service[113972]: DEBUG placement.requestlog [req-e8941dd9-dc39-4184-aef1-7b927732dce7 req-6f749d47-bb68-4f18-9a2d-7741a85d7c02 None None] Starting request: 10.222.0.11 "GET /placement/allocations/3c7d6207-cb75-4a6a-815a-1fd795308d3e" {{(pid=113972) __call__ /opt/stack/placement/placement/requestlog.py:55}}
Nov 03 02:05:54.866104 dv-cinder-815614-3-smb devstack@placement-api.service[113972]: INFO placement.requestlog [req-e8941dd9-dc39-4184-aef1-7b927732dce7 req-6f749d47-bb68-4f18-9a2d-7741a85d7c02 service placement] 10.222.0.11 "GET /placement/allocations/3c7d6207-cb75-4a6a-815a-1fd795308d3e" status: 200 len: 19 microversion: 1.28
Nov 03 02:05:54.866613 dv-cinder-815614-3-smb devstack@placement-api.service[113972]: [pid: 113972|app: 0|req: 41/82] 10.222.0.11 () {60 vars in 1380 bytes} [Wed Nov 3 02:05:54 2021] GET /placement/allocations/3c7d6207-cb75-4a6a-815a-1fd795308d3e => generated 19 bytes in 19 msecs (HTTP/1.1 200) 8 headers in 295 bytes (2 switches on core 0)
Nov 03 02:05:54.874491 dv-cinder-815614-3-smb devstack@placement-api.service[113972]: DEBUG placement.requestlog [req-e8941dd9-dc39-4184-aef1-7b927732dce7 req-89bd5a6c-9018-43a4-9b09-e3d3803ee8a4 None None] Starting request: 10.222.0.11 "PUT /placement/allocations/3c7d6207-cb75-4a6a-815a-1fd795308d3e" {{(pid=113972) __call__ /opt/stack/placement/placement/requestlog.py:55}}
Nov 03 02:05:54.938464 dv-cinder-815614-3-smb devstack@placement-api.service[113973]: DEBUG placement.handlers.allocation [req-2ecd009a-20e4-48ea-ae09-6aef8df7d353 req-239fb3be-e02a-4e7d-9c0a-4c01b9e6bf0c service placement] Successfully wrote allocations [, , ] {{(pid=113973) _update_consumers_and_create_allocations /opt/stack/placement/placement/handlers/allocation.py:462}}
Nov 03 02:05:54.998201 dv-cinder-815614-3-smb devstack@placement-api.service[113973]: INFO placement.requestlog [req-2ecd009a-20e4-48ea-ae09-6aef8df7d353 req-239fb3be-e02a-4e7d-9c0a-4c01b9e6bf0c service placement] 10.222.0.11 "PUT /placement/allocations/a0044d99-2200-4a11-acc1-b0217240d212" status: 204 len: 0 microversion: 1.36
Nov 03 02:05:54.998538 dv-cinder-815614-3-smb devstack@placement-api.service[113973]: [pid: 113973|app: 0|req: 42/83] 10.222.0.11 () {64 vars in 1433 bytes} [Wed Nov 3 02:05:54 2021] PUT /placement/allocations/a0044d99-2200-4a11-acc1-b0217240d212 => generated 0 bytes in 211 msecs (HTTP/1.1 204) 5 headers in 199 bytes (2 switches on core 0)
Nov 03 02:05:55.270820 dv-cinder-815614-3-smb devstack@placement-api.service[113972]: DEBUG placement.handlers.allocation [req-e8941dd9-dc39-4184-aef1-7b927732dce7 req-89bd5a6c-9018-43a4-9b09-e3d3803ee8a4 service placement] Successfully wrote allocations [, , ] {{(pid=113972) _update_consumers_and_create_allocations /opt/stack/placement/placement/handlers/allocation.py:462}}
Nov 03 02:05:55.369181 dv-cinder-815614-3-smb devstack@placement-api.service[113972]: INFO placement.requestlog [req-e8941dd9-dc39-4184-aef1-7b927732dce7 req-89bd5a6c-9018-43a4-9b09-e3d3803ee8a4 service placement] 10.222.0.11 "PUT /placement/allocations/3c7d6207-cb75-4a6a-815a-1fd795308d3e" status: 204 len: 0 microversion: 1.36
Nov 03 02:05:55.369512 dv-cinder-815614-3-smb devstack@placement-api.service[113972]: [pid: 113972|app: 0|req: 42/84] 10.222.0.11 () {64 vars in 1433 bytes} [Wed Nov 3 02:05:54 2021] PUT /placement/allocations/3c7d6207-cb75-4a6a-815a-1fd795308d3e => generated 0 bytes in 495 msecs (HTTP/1.1 204) 5 headers in 199 bytes (2 switches on core 0)
Nov 03 02:05:56.116382 dv-cinder-815614-3-smb devstack@placement-api.service[113973]: DEBUG placement.requestlog [req-2ecd009a-20e4-48ea-ae09-6aef8df7d353 req-5b76a27c-589e-422b-99f4-2c1601b55e8d None None] Starting request: 10.222.0.21 "GET /placement/allocations/a0044d99-2200-4a11-acc1-b0217240d212" {{(pid=113973) __call__ /opt/stack/placement/placement/requestlog.py:55}}
Nov 03 02:05:56.132697 dv-cinder-815614-3-smb devstack@placement-api.service[113973]: INFO placement.requestlog [req-2ecd009a-20e4-48ea-ae09-6aef8df7d353 req-5b76a27c-589e-422b-99f4-2c1601b55e8d service placement] 10.222.0.21 "GET /placement/allocations/a0044d99-2200-4a11-acc1-b0217240d212" status: 200 len: 259 microversion: 1.28
Nov 03 02:05:56.132932 dv-cinder-815614-3-smb devstack@placement-api.service[113973]: [pid: 113973|app: 0|req: 43/85] 10.222.0.21 () {60 vars in 1377 bytes} [Wed Nov 3 02:05:56 2021] GET /placement/allocations/a0044d99-2200-4a11-acc1-b0217240d212 => generated 259 bytes in 17 msecs (HTTP/1.1 200) 8 headers in 296 bytes (1 switches on core 0)
Nov 03 02:05:56.443687 dv-cinder-815614-3-smb devstack@placement-api.service[113972]: DEBUG placement.requestlog [req-e8941dd9-dc39-4184-aef1-7b927732dce7 req-28a02b13-8710-433d-b1bb-eba65ad86366 None None] Starting request: 10.222.0.21 "GET /placement/allocations/3c7d6207-cb75-4a6a-815a-1fd795308d3e" {{(pid=113972) __call__ /opt/stack/placement/placement/requestlog.py:55}}
Nov 03 02:05:56.459290 dv-cinder-815614-3-smb devstack@placement-api.service[113972]: INFO placement.requestlog [req-e8941dd9-dc39-4184-aef1-7b927732dce7 req-28a02b13-8710-433d-b1bb-eba65ad86366 service placement] 10.222.0.21 "GET /placement/allocations/3c7d6207-cb75-4a6a-815a-1fd795308d3e" status: 200 len: 259 microversion: 1.28
Nov 03 02:05:56.459639 dv-cinder-815614-3-smb devstack@placement-api.service[113972]: [pid: 113972|app: 0|req: 43/86] 10.222.0.21 () {60 vars in 1377 bytes} [Wed Nov 3 02:05:56 2021] GET /placement/allocations/3c7d6207-cb75-4a6a-815a-1fd795308d3e => generated 259 bytes in 16 msecs (HTTP/1.1 200) 8 headers in 296 bytes (1 switches on core 0)
Nov 03 02:06:05.813450 dv-cinder-815614-3-smb devstack@placement-api.service[113973]: DEBUG placement.requestlog [req-85033150-2e63-4ce0-9cb4-0e75ea3cfd38 req-cbdff179-bf4c-4d16-9e25-24e7c0003b24 None None] Starting request: 10.222.0.21 "DELETE /placement/allocations/6503c821-910e-41ed-98f7-93520a308bc1" {{(pid=113973) __call__ /opt/stack/placement/placement/requestlog.py:55}}
Nov 03 02:06:05.999743 dv-cinder-815614-3-smb devstack@placement-api.service[113973]: DEBUG placement.handlers.allocation [req-85033150-2e63-4ce0-9cb4-0e75ea3cfd38 req-cbdff179-bf4c-4d16-9e25-24e7c0003b24 service placement] Successfully deleted allocations [, , ] {{(pid=113973) delete_allocations /opt/stack/placement/placement/handlers/allocation.py:627}}
Nov 03 02:06:06.000292 dv-cinder-815614-3-smb devstack@placement-api.service[113973]: INFO placement.requestlog [req-85033150-2e63-4ce0-9cb4-0e75ea3cfd38 req-cbdff179-bf4c-4d16-9e25-24e7c0003b24 service placement] 10.222.0.21 "DELETE /placement/allocations/6503c821-910e-41ed-98f7-93520a308bc1" status: 204 len: 0 microversion: 1.0
Nov 03 02:06:06.000747 dv-cinder-815614-3-smb devstack@placement-api.service[113973]: [pid: 113973|app: 0|req: 44/87] 10.222.0.21 () {60 vars in 1355 bytes} [Wed Nov 3 02:06:05 2021] DELETE /placement/allocations/6503c821-910e-41ed-98f7-93520a308bc1 => generated 0 bytes in 188 msecs (HTTP/1.1 204) 5 headers in 198 bytes (1 switches on core 0)
Nov 03 02:06:10.990464 dv-cinder-815614-3-smb devstack@placement-api.service[113972]: DEBUG placement.requestlog [req-b4fae6d8-bba3-4f95-a19f-e898bcd70810 req-46665670-2045-465e-b5f6-6be655b0f0be None None] Starting request: 10.222.0.11 "GET /placement/allocation_candidates?limit=1000&resources=DISK_GB%3A1%2CMEMORY_MB%3A1024%2CVCPU%3A1&root_required=%21COMPUTE_STATUS_DISABLED" {{(pid=113972) __call__ /opt/stack/placement/placement/requestlog.py:55}}
Nov 03 02:06:11.019317 dv-cinder-815614-3-smb devstack@placement-api.service[113972]: DEBUG placement.objects.research_context [req-b4fae6d8-bba3-4f95-a19f-e898bcd70810 req-46665670-2045-465e-b5f6-6be655b0f0be service placement] getting providers with 1 DISK_GB {{(pid=113972) __init__ /opt/stack/placement/placement/objects/research_context.py:126}}
Nov 03 02:06:11.026005 dv-cinder-815614-3-smb devstack@placement-api.service[113972]: DEBUG placement.objects.research_context [req-b4fae6d8-bba3-4f95-a19f-e898bcd70810 req-46665670-2045-465e-b5f6-6be655b0f0be service placement] getting providers with 1024 MEMORY_MB {{(pid=113972) __init__ /opt/stack/placement/placement/objects/research_context.py:126}}
Nov 03 02:06:11.031635 dv-cinder-815614-3-smb devstack@placement-api.service[113972]: DEBUG placement.objects.research_context [req-b4fae6d8-bba3-4f95-a19f-e898bcd70810 req-46665670-2045-465e-b5f6-6be655b0f0be service placement] getting providers with 1 VCPU {{(pid=113972) __init__ /opt/stack/placement/placement/objects/research_context.py:126}}
Nov 03 02:06:11.041147 dv-cinder-815614-3-smb devstack@placement-api.service[113972]: DEBUG placement.objects.research_context [req-b4fae6d8-bba3-4f95-a19f-e898bcd70810 req-46665670-2045-465e-b5f6-6be655b0f0be service placement] found 1 providers with available 1 DISK_GB {{(pid=113972) get_provider_ids_matching /opt/stack/placement/placement/objects/research_context.py:549}}
Nov 03 02:06:11.041147 dv-cinder-815614-3-smb devstack@placement-api.service[113972]: DEBUG placement.objects.research_context [req-b4fae6d8-bba3-4f95-a19f-e898bcd70810 req-46665670-2045-465e-b5f6-6be655b0f0be service placement] found 1 providers with available 1024 MEMORY_MB {{(pid=113972) get_provider_ids_matching /opt/stack/placement/placement/objects/research_context.py:549}}
Nov 03 02:06:11.041147 dv-cinder-815614-3-smb devstack@placement-api.service[113972]: DEBUG placement.objects.research_context [req-b4fae6d8-bba3-4f95-a19f-e898bcd70810 req-46665670-2045-465e-b5f6-6be655b0f0be service placement] found 1 providers after filtering by previous result {{(pid=113972) get_provider_ids_matching /opt/stack/placement/placement/objects/research_context.py:580}}
Nov 03 02:06:11.041147 dv-cinder-815614-3-smb devstack@placement-api.service[113972]: DEBUG placement.objects.research_context [req-b4fae6d8-bba3-4f95-a19f-e898bcd70810 req-46665670-2045-465e-b5f6-6be655b0f0be service placement] found 1 providers with available 1 VCPU {{(pid=113972) get_provider_ids_matching /opt/stack/placement/placement/objects/research_context.py:549}}
Nov 03 02:06:11.041147 dv-cinder-815614-3-smb devstack@placement-api.service[113972]: DEBUG placement.objects.research_context [req-b4fae6d8-bba3-4f95-a19f-e898bcd70810 req-46665670-2045-465e-b5f6-6be655b0f0be service placement] found 1 providers after filtering by previous result {{(pid=113972) get_provider_ids_matching /opt/stack/placement/placement/objects/research_context.py:580}}
Nov 03 02:06:11.048142 dv-cinder-815614-3-smb devstack@placement-api.service[113972]: DEBUG placement.objects.allocation_candidate [req-b4fae6d8-bba3-4f95-a19f-e898bcd70810 req-46665670-2045-465e-b5f6-6be655b0f0be service placement] RequestGroup(use_same_provider=False, resources={DISK_GB:1, MEMORY_MB:1024, VCPU:1}, traits=[], aggregates=[]) (suffix '') returned 1 matches {{(pid=113972) _get_by_requests /opt/stack/placement/placement/objects/allocation_candidate.py:145}}
Nov 03 02:06:11.048475 dv-cinder-815614-3-smb devstack@placement-api.service[113972]: DEBUG placement.objects.allocation_candidate [req-b4fae6d8-bba3-4f95-a19f-e898bcd70810 req-46665670-2045-465e-b5f6-6be655b0f0be service placement] Merging candidates yields 1 allocation requests and 1 provider summaries {{(pid=113972) _merge_candidates /opt/stack/placement/placement/objects/allocation_candidate.py:783}}
Nov 03 02:06:11.050035 dv-cinder-815614-3-smb devstack@placement-api.service[113972]: INFO placement.requestlog [req-b4fae6d8-bba3-4f95-a19f-e898bcd70810 req-46665670-2045-465e-b5f6-6be655b0f0be service placement] 10.222.0.11 "GET /placement/allocation_candidates?limit=1000&resources=DISK_GB%3A1%2CMEMORY_MB%3A1024%2CVCPU%3A1&root_required=%21COMPUTE_STATUS_DISABLED" status: 200 len: 767 microversion: 1.36
Nov 03 02:06:11.050261 dv-cinder-815614-3-smb devstack@placement-api.service[113972]: [pid: 113972|app: 0|req: 44/88] 10.222.0.11 () {60 vars in 1506 bytes} [Wed Nov 3 02:06:10 2021] GET /placement/allocation_candidates?limit=1000&resources=DISK_GB%3A1%2CMEMORY_MB%3A1024%2CVCPU%3A1&root_required=%21COMPUTE_STATUS_DISABLED => generated 767 bytes in 60 msecs (HTTP/1.1 200) 8 headers in 296 bytes (1 switches on core 0)
Nov 03 02:06:11.084974 dv-cinder-815614-3-smb devstack@placement-api.service[113973]: DEBUG placement.requestlog [req-b4fae6d8-bba3-4f95-a19f-e898bcd70810 req-ffed61b7-4f20-4e96-9d7e-e6c96fa35634 None None] Starting request: 10.222.0.11 "GET /placement/allocations/e0438149-6ce5-4af6-8654-3dccfbed39a8" {{(pid=113973) __call__ /opt/stack/placement/placement/requestlog.py:55}}
Nov 03 02:06:11.096367 dv-cinder-815614-3-smb devstack@placement-api.service[113973]: INFO placement.requestlog [req-b4fae6d8-bba3-4f95-a19f-e898bcd70810 req-ffed61b7-4f20-4e96-9d7e-e6c96fa35634 service placement] 10.222.0.11 "GET /placement/allocations/e0438149-6ce5-4af6-8654-3dccfbed39a8" status: 200 len: 19 microversion: 1.28
Nov 03 02:06:11.096847 dv-cinder-815614-3-smb devstack@placement-api.service[113973]: [pid: 113973|app: 0|req: 45/89] 10.222.0.11 () {60 vars in 1380 bytes} [Wed Nov 3 02:06:11 2021] GET /placement/allocations/e0438149-6ce5-4af6-8654-3dccfbed39a8 => generated 19 bytes in 12 msecs (HTTP/1.1 200) 8 headers in 295 bytes (1 switches on core 0)
Nov 03 02:06:11.104218 dv-cinder-815614-3-smb devstack@placement-api.service[113972]: DEBUG placement.requestlog [req-b4fae6d8-bba3-4f95-a19f-e898bcd70810 req-da169eee-6f62-4ff7-a443-bbbd18af8fdb None None] Starting request: 10.222.0.11 "PUT /placement/allocations/e0438149-6ce5-4af6-8654-3dccfbed39a8" {{(pid=113972) __call__ /opt/stack/placement/placement/requestlog.py:55}}
Nov 03 02:06:11.151469 dv-cinder-815614-3-smb devstack@placement-api.service[113973]: DEBUG placement.requestlog [req-b5c7bd91-9126-4dc2-9007-ab98e8089639 req-8895e8fe-445d-42d8-b864-56398b7fc446 None None] Starting request: 10.222.0.21 "GET /placement/resource_providers/e7c5ca14-b934-4d79-83af-339a168f710f/allocations" {{(pid=113973) __call__ /opt/stack/placement/placement/requestlog.py:55}}
Nov 03 02:06:11.170455 dv-cinder-815614-3-smb devstack@placement-api.service[113973]: INFO placement.requestlog [req-b5c7bd91-9126-4dc2-9007-ab98e8089639 req-8895e8fe-445d-42d8-b864-56398b7fc446 service placement] 10.222.0.21 "GET /placement/resource_providers/e7c5ca14-b934-4d79-83af-339a168f710f/allocations" status: 200 len: 342 microversion: 1.0
Nov 03 02:06:11.170664 dv-cinder-815614-3-smb devstack@placement-api.service[113973]: [pid: 113973|app: 0|req: 46/90] 10.222.0.21 () {58 vars in 1390 bytes} [Wed Nov 3 02:06:11 2021] GET /placement/resource_providers/e7c5ca14-b934-4d79-83af-339a168f710f/allocations => generated 342 bytes in 19 msecs (HTTP/1.1 200) 6 headers in 224 bytes (2 switches on core 0)
Nov 03 02:06:11.264081 dv-cinder-815614-3-smb devstack@placement-api.service[113972]: DEBUG placement.handlers.allocation [req-b4fae6d8-bba3-4f95-a19f-e898bcd70810 req-da169eee-6f62-4ff7-a443-bbbd18af8fdb service placement] Successfully wrote allocations [, , ] {{(pid=113972) _update_consumers_and_create_allocations /opt/stack/placement/placement/handlers/allocation.py:462}}
Nov 03 02:06:11.352024 dv-cinder-815614-3-smb devstack@placement-api.service[113972]: INFO placement.requestlog [req-b4fae6d8-bba3-4f95-a19f-e898bcd70810 req-da169eee-6f62-4ff7-a443-bbbd18af8fdb service placement] 10.222.0.11 "PUT /placement/allocations/e0438149-6ce5-4af6-8654-3dccfbed39a8" status: 204 len: 0 microversion: 1.36
Nov 03 02:06:11.352382 dv-cinder-815614-3-smb devstack@placement-api.service[113972]: [pid: 113972|app: 0|req: 45/91] 10.222.0.11 () {64 vars in 1433 bytes} [Wed Nov 3 02:06:11 2021] PUT /placement/allocations/e0438149-6ce5-4af6-8654-3dccfbed39a8 => generated 0 bytes in 248 msecs (HTTP/1.1 204) 5 headers in 199 bytes (1 switches on core 0)
Nov 03 02:06:12.323750 dv-cinder-815614-3-smb devstack@placement-api.service[113973]: DEBUG placement.requestlog [req-b4fae6d8-bba3-4f95-a19f-e898bcd70810 req-abbbfcec-5ee5-462f-bd5e-b228758abc94 None None] Starting request: 10.222.0.21 "GET /placement/allocations/e0438149-6ce5-4af6-8654-3dccfbed39a8" {{(pid=113973) __call__ /opt/stack/placement/placement/requestlog.py:55}}
Nov 03 02:06:12.349867 dv-cinder-815614-3-smb devstack@placement-api.service[113973]: INFO placement.requestlog [req-b4fae6d8-bba3-4f95-a19f-e898bcd70810 req-abbbfcec-5ee5-462f-bd5e-b228758abc94 service placement] 10.222.0.21 "GET /placement/allocations/e0438149-6ce5-4af6-8654-3dccfbed39a8" status: 200 len: 259 microversion: 1.28
Nov 03 02:06:12.350111 dv-cinder-815614-3-smb devstack@placement-api.service[113973]: [pid: 113973|app: 0|req: 47/92] 10.222.0.21 () {60 vars in 1377 bytes} [Wed Nov 3 02:06:12 2021] GET /placement/allocations/e0438149-6ce5-4af6-8654-3dccfbed39a8 => generated 259 bytes in 27 msecs (HTTP/1.1 200) 8 headers in 296 bytes (1 switches on core 0)
Nov 03 02:06:13.316858 dv-cinder-815614-3-smb devstack@placement-api.service[113972]: DEBUG placement.requestlog [req-fede603e-f1df-4849-bbb5-19e5ccb24089 req-74e99926-a78c-4717-a8a0-d3d310106152 None None] Starting request: 10.222.0.21 "DELETE /placement/allocations/3c7d6207-cb75-4a6a-815a-1fd795308d3e" {{(pid=113972) __call__ /opt/stack/placement/placement/requestlog.py:55}}
Nov 03 02:06:13.529325 dv-cinder-815614-3-smb devstack@placement-api.service[113972]: DEBUG placement.handlers.allocation [req-fede603e-f1df-4849-bbb5-19e5ccb24089 req-74e99926-a78c-4717-a8a0-d3d310106152 service placement] Successfully deleted allocations [, , ] {{(pid=113972) delete_allocations /opt/stack/placement/placement/handlers/allocation.py:627}}
Nov 03 02:06:13.529825 dv-cinder-815614-3-smb devstack@placement-api.service[113972]: INFO placement.requestlog [req-fede603e-f1df-4849-bbb5-19e5ccb24089 req-74e99926-a78c-4717-a8a0-d3d310106152 service placement] 10.222.0.21 "DELETE /placement/allocations/3c7d6207-cb75-4a6a-815a-1fd795308d3e" status: 204 len: 0 microversion: 1.0
Nov 03 02:06:13.530336 dv-cinder-815614-3-smb devstack@placement-api.service[113972]: [pid: 113972|app: 0|req: 46/93] 10.222.0.21 () {60 vars in 1355 bytes} [Wed Nov 3 02:06:13 2021] DELETE /placement/allocations/3c7d6207-cb75-4a6a-815a-1fd795308d3e => generated 0 bytes in 214 msecs (HTTP/1.1 204) 5 headers in 198 bytes (1 switches on core 0)
Nov 03 02:07:13.945490 dv-cinder-815614-3-smb devstack@placement-api.service[113973]: DEBUG placement.requestlog [req-a12b726e-bd9c-4102-920c-4ce5d550ae40 req-5967bdcc-c511-44de-859d-074d1ff65c6e None None] Starting request: 10.222.0.21 "GET /placement/resource_providers/e7c5ca14-b934-4d79-83af-339a168f710f/allocations" {{(pid=113973) __call__ /opt/stack/placement/placement/requestlog.py:55}}
Nov 03 02:07:13.971063 dv-cinder-815614-3-smb devstack@placement-api.service[113973]: INFO placement.requestlog [req-a12b726e-bd9c-4102-920c-4ce5d550ae40 req-5967bdcc-c511-44de-859d-074d1ff65c6e service placement] 10.222.0.21 "GET /placement/resource_providers/e7c5ca14-b934-4d79-83af-339a168f710f/allocations" status: 200 len: 342 microversion: 1.0
Nov 03 02:07:13.971747 dv-cinder-815614-3-smb devstack@placement-api.service[113973]: [pid: 113973|app: 0|req: 48/94] 10.222.0.21 () {58 vars in 1390 bytes} [Wed Nov 3 02:07:13 2021] GET /placement/resource_providers/e7c5ca14-b934-4d79-83af-339a168f710f/allocations => generated 342 bytes in 26 msecs (HTTP/1.1 200) 6 headers in 224 bytes (1 switches on core 0)
Nov 03 02:07:22.378263 dv-cinder-815614-3-smb devstack@placement-api.service[113972]: DEBUG placement.requestlog [req-67639635-b0b9-45e2-9799-fb134d56419f req-f932f8c9-5fb3-4572-b9ec-1468e30207bf None None] Starting request: 10.222.0.21 "DELETE /placement/allocations/e0438149-6ce5-4af6-8654-3dccfbed39a8" {{(pid=113972) __call__ /opt/stack/placement/placement/requestlog.py:55}}
Nov 03 02:07:22.568576 dv-cinder-815614-3-smb devstack@placement-api.service[113972]: DEBUG placement.handlers.allocation [req-67639635-b0b9-45e2-9799-fb134d56419f req-f932f8c9-5fb3-4572-b9ec-1468e30207bf service placement] Successfully deleted allocations [, , ] {{(pid=113972) delete_allocations /opt/stack/placement/placement/handlers/allocation.py:627}}
Nov 03 02:07:22.569121 dv-cinder-815614-3-smb devstack@placement-api.service[113972]: INFO placement.requestlog [req-67639635-b0b9-45e2-9799-fb134d56419f req-f932f8c9-5fb3-4572-b9ec-1468e30207bf service placement] 10.222.0.21 "DELETE /placement/allocations/e0438149-6ce5-4af6-8654-3dccfbed39a8" status: 204 len: 0 microversion: 1.0
Nov 03 02:07:22.569529 dv-cinder-815614-3-smb devstack@placement-api.service[113972]: [pid: 113972|app: 0|req: 47/95] 10.222.0.21 () {60 vars in 1355 bytes} [Wed Nov 3 02:07:22 2021] DELETE /placement/allocations/e0438149-6ce5-4af6-8654-3dccfbed39a8 => generated 0 bytes in 192 msecs (HTTP/1.1 204) 5 headers in 198 bytes (1 switches on core 0)
Nov 03 02:07:23.500461 dv-cinder-815614-3-smb devstack@placement-api.service[113973]: DEBUG placement.requestlog [req-504bab11-cb55-4714-bac8-dc0aab2b07d6 req-8c3faca5-8c50-4a22-9142-3b4659b33457 None None] Starting request: 10.222.0.21 "DELETE /placement/allocations/a0044d99-2200-4a11-acc1-b0217240d212" {{(pid=113973) __call__ /opt/stack/placement/placement/requestlog.py:55}}
Nov 03 02:07:23.705621 dv-cinder-815614-3-smb devstack@placement-api.service[113973]: DEBUG placement.handlers.allocation [req-504bab11-cb55-4714-bac8-dc0aab2b07d6 req-8c3faca5-8c50-4a22-9142-3b4659b33457 service placement] Successfully deleted allocations [, , ] {{(pid=113973) delete_allocations /opt/stack/placement/placement/handlers/allocation.py:627}}
Nov 03 02:07:23.706249 dv-cinder-815614-3-smb devstack@placement-api.service[113973]: INFO placement.requestlog [req-504bab11-cb55-4714-bac8-dc0aab2b07d6 req-8c3faca5-8c50-4a22-9142-3b4659b33457 service placement] 10.222.0.21 "DELETE /placement/allocations/a0044d99-2200-4a11-acc1-b0217240d212" status: 204 len: 0 microversion: 1.0
Nov 03 02:07:23.706592 dv-cinder-815614-3-smb devstack@placement-api.service[113973]: [pid: 113973|app: 0|req: 49/96] 10.222.0.21 () {60 vars in 1355 bytes} [Wed Nov 3 02:07:23 2021] DELETE /placement/allocations/a0044d99-2200-4a11-acc1-b0217240d212 => generated 0 bytes in 206 msecs (HTTP/1.1 204) 5 headers in 198 bytes (1 switches on core 0)
Nov 03 02:07:27.608285 dv-cinder-815614-3-smb devstack@placement-api.service[113972]: DEBUG placement.requestlog [req-087ebc48-a9e1-432a-b37b-131d95204707 req-6d6a1aa1-99c4-404d-9019-c7eaffbe6bc4 None None] Starting request: 10.222.0.11 "GET /placement/allocation_candidates?limit=1000&resources=DISK_GB%3A1%2CMEMORY_MB%3A1024%2CVCPU%3A1&root_required=%21COMPUTE_STATUS_DISABLED" {{(pid=113972) __call__ /opt/stack/placement/placement/requestlog.py:55}}
Nov 03 02:07:27.740782 dv-cinder-815614-3-smb devstack@placement-api.service[113972]: DEBUG placement.objects.research_context [req-087ebc48-a9e1-432a-b37b-131d95204707 req-6d6a1aa1-99c4-404d-9019-c7eaffbe6bc4 service placement] getting providers with 1 DISK_GB {{(pid=113972) __init__ /opt/stack/placement/placement/objects/research_context.py:126}}
Nov 03 02:07:27.746309 dv-cinder-815614-3-smb devstack@placement-api.service[113972]: DEBUG placement.objects.research_context [req-087ebc48-a9e1-432a-b37b-131d95204707 req-6d6a1aa1-99c4-404d-9019-c7eaffbe6bc4 service placement] getting providers with 1024 MEMORY_MB {{(pid=113972) __init__ /opt/stack/placement/placement/objects/research_context.py:126}}
Nov 03 02:07:27.751166 dv-cinder-815614-3-smb devstack@placement-api.service[113972]: DEBUG placement.objects.research_context [req-087ebc48-a9e1-432a-b37b-131d95204707 req-6d6a1aa1-99c4-404d-9019-c7eaffbe6bc4 service placement] getting providers with 1 VCPU {{(pid=113972) __init__ /opt/stack/placement/placement/objects/research_context.py:126}}
Nov 03 02:07:27.756171 dv-cinder-815614-3-smb devstack@placement-api.service[113972]: DEBUG placement.objects.research_context [req-087ebc48-a9e1-432a-b37b-131d95204707 req-6d6a1aa1-99c4-404d-9019-c7eaffbe6bc4 service placement] found 1 providers with available 1 DISK_GB {{(pid=113972) get_provider_ids_matching /opt/stack/placement/placement/objects/research_context.py:549}}
Nov 03 02:07:27.756436 dv-cinder-815614-3-smb devstack@placement-api.service[113972]: DEBUG placement.objects.research_context [req-087ebc48-a9e1-432a-b37b-131d95204707 req-6d6a1aa1-99c4-404d-9019-c7eaffbe6bc4 service placement] found 1 providers with available 1024 MEMORY_MB {{(pid=113972) get_provider_ids_matching /opt/stack/placement/placement/objects/research_context.py:549}}
Nov 03 02:07:27.756698 dv-cinder-815614-3-smb devstack@placement-api.service[113972]: DEBUG placement.objects.research_context [req-087ebc48-a9e1-432a-b37b-131d95204707 req-6d6a1aa1-99c4-404d-9019-c7eaffbe6bc4 service placement] found 1 providers after filtering by previous result {{(pid=113972) get_provider_ids_matching /opt/stack/placement/placement/objects/research_context.py:580}}
Nov 03 02:07:27.756950 dv-cinder-815614-3-smb devstack@placement-api.service[113972]: DEBUG placement.objects.research_context [req-087ebc48-a9e1-432a-b37b-131d95204707 req-6d6a1aa1-99c4-404d-9019-c7eaffbe6bc4 service placement] found 1 providers with available 1 VCPU {{(pid=113972) get_provider_ids_matching /opt/stack/placement/placement/objects/research_context.py:549}}
Nov 03 02:07:27.757207 dv-cinder-815614-3-smb devstack@placement-api.service[113972]: DEBUG placement.objects.research_context [req-087ebc48-a9e1-432a-b37b-131d95204707 req-6d6a1aa1-99c4-404d-9019-c7eaffbe6bc4 service placement] found 1 providers after filtering by previous result {{(pid=113972) get_provider_ids_matching /opt/stack/placement/placement/objects/research_context.py:580}}
Nov 03 02:07:27.767099 dv-cinder-815614-3-smb devstack@placement-api.service[113972]: DEBUG placement.objects.allocation_candidate [req-087ebc48-a9e1-432a-b37b-131d95204707 req-6d6a1aa1-99c4-404d-9019-c7eaffbe6bc4 service placement] RequestGroup(use_same_provider=False, resources={DISK_GB:1, MEMORY_MB:1024, VCPU:1}, traits=[], aggregates=[]) (suffix '') returned 1 matches {{(pid=113972) _get_by_requests /opt/stack/placement/placement/objects/allocation_candidate.py:145}}
Nov 03 02:07:27.767431 dv-cinder-815614-3-smb devstack@placement-api.service[113972]: DEBUG placement.objects.allocation_candidate [req-087ebc48-a9e1-432a-b37b-131d95204707 req-6d6a1aa1-99c4-404d-9019-c7eaffbe6bc4 service placement] Merging candidates yields 1 allocation requests and 1 provider summaries {{(pid=113972) _merge_candidates /opt/stack/placement/placement/objects/allocation_candidate.py:783}}
Nov 03 02:07:27.768804 dv-cinder-815614-3-smb devstack@placement-api.service[113972]: INFO placement.requestlog [req-087ebc48-a9e1-432a-b37b-131d95204707 req-6d6a1aa1-99c4-404d-9019-c7eaffbe6bc4 service placement] 10.222.0.11 "GET /placement/allocation_candidates?limit=1000&resources=DISK_GB%3A1%2CMEMORY_MB%3A1024%2CVCPU%3A1&root_required=%21COMPUTE_STATUS_DISABLED" status: 200 len: 767 microversion: 1.36
Nov 03 02:07:27.769017 dv-cinder-815614-3-smb devstack@placement-api.service[113972]: [pid: 113972|app: 0|req: 48/97] 10.222.0.11 () {60 vars in 1506 bytes} [Wed Nov 3 02:07:27 2021] GET /placement/allocation_candidates?limit=1000&resources=DISK_GB%3A1%2CMEMORY_MB%3A1024%2CVCPU%3A1&root_required=%21COMPUTE_STATUS_DISABLED => generated 767 bytes in 161 msecs (HTTP/1.1 200) 8 headers in 296 bytes (1 switches on core 0)
Nov 03 02:07:27.803348 dv-cinder-815614-3-smb devstack@placement-api.service[113973]: DEBUG placement.requestlog [req-087ebc48-a9e1-432a-b37b-131d95204707 req-7a49379e-3157-46e0-bc0c-9a9d173700f1 None None] Starting request: 10.222.0.11 "GET /placement/allocations/a0044d99-2200-4a11-acc1-b0217240d212" {{(pid=113973) __call__ /opt/stack/placement/placement/requestlog.py:55}}
Nov 03 02:07:27.813512 dv-cinder-815614-3-smb devstack@placement-api.service[113973]: INFO placement.requestlog [req-087ebc48-a9e1-432a-b37b-131d95204707 req-7a49379e-3157-46e0-bc0c-9a9d173700f1 service placement] 10.222.0.11 "GET /placement/allocations/a0044d99-2200-4a11-acc1-b0217240d212" status: 200 len: 19 microversion: 1.28
Nov 03 02:07:27.813715 dv-cinder-815614-3-smb devstack@placement-api.service[113973]: [pid: 113973|app: 0|req: 50/98] 10.222.0.11 () {60 vars in 1380 bytes} [Wed Nov 3 02:07:27 2021] GET /placement/allocations/a0044d99-2200-4a11-acc1-b0217240d212 => generated 19 bytes in 11 msecs (HTTP/1.1 200) 8 headers in 295 bytes (1 switches on core 0)
Nov 03 02:07:27.819277 dv-cinder-815614-3-smb devstack@placement-api.service[113972]: DEBUG placement.requestlog [req-087ebc48-a9e1-432a-b37b-131d95204707 req-a7be29a3-fa01-4c6a-b61b-2dae8957a1eb None None] Starting request: 10.222.0.11 "PUT /placement/allocations/a0044d99-2200-4a11-acc1-b0217240d212" {{(pid=113972) __call__ /opt/stack/placement/placement/requestlog.py:55}}
Nov 03 02:07:27.963166 dv-cinder-815614-3-smb devstack@placement-api.service[113972]: DEBUG placement.handlers.allocation [req-087ebc48-a9e1-432a-b37b-131d95204707 req-a7be29a3-fa01-4c6a-b61b-2dae8957a1eb service placement] Successfully wrote allocations [, , ] {{(pid=113972) _update_consumers_and_create_allocations /opt/stack/placement/placement/handlers/allocation.py:462}}
Nov 03 02:07:28.020211 dv-cinder-815614-3-smb devstack@placement-api.service[113972]: INFO placement.requestlog [req-087ebc48-a9e1-432a-b37b-131d95204707 req-a7be29a3-fa01-4c6a-b61b-2dae8957a1eb service placement] 10.222.0.11 "PUT /placement/allocations/a0044d99-2200-4a11-acc1-b0217240d212" status: 204 len: 0 microversion: 1.36
Nov 03 02:07:28.020549 dv-cinder-815614-3-smb devstack@placement-api.service[113972]: [pid: 113972|app: 0|req: 49/99] 10.222.0.11 () {64 vars in 1433 bytes} [Wed Nov 3 02:07:27 2021] PUT /placement/allocations/a0044d99-2200-4a11-acc1-b0217240d212 => generated 0 bytes in 201 msecs (HTTP/1.1 204) 5 headers in 199 bytes (2 switches on core 0)
Nov 03 02:07:28.442543 dv-cinder-815614-3-smb devstack@placement-api.service[113973]: DEBUG placement.requestlog [req-087ebc48-a9e1-432a-b37b-131d95204707 req-c7cc760b-8ecb-46ab-af01-6ff7345597c9 None None] Starting request: 10.222.0.21 "GET /placement/allocations/a0044d99-2200-4a11-acc1-b0217240d212" {{(pid=113973) __call__ /opt/stack/placement/placement/requestlog.py:55}}
Nov 03 02:07:28.460073 dv-cinder-815614-3-smb devstack@placement-api.service[113973]: INFO placement.requestlog [req-087ebc48-a9e1-432a-b37b-131d95204707 req-c7cc760b-8ecb-46ab-af01-6ff7345597c9 service placement] 10.222.0.21 "GET /placement/allocations/a0044d99-2200-4a11-acc1-b0217240d212" status: 200 len: 259 microversion: 1.28
Nov 03 02:07:28.460458 dv-cinder-815614-3-smb devstack@placement-api.service[113973]: [pid: 113973|app: 0|req: 51/100] 10.222.0.21 () {60 vars in 1377 bytes} [Wed Nov 3 02:07:28 2021] GET /placement/allocations/a0044d99-2200-4a11-acc1-b0217240d212 => generated 259 bytes in 18 msecs (HTTP/1.1 200) 8 headers in 296 bytes (1 switches on core 0)
