Nov 03 02:01:52.234181 dv-cinder-815614-3-iscsi devstack@n-api.service[123012]: DEBUG oslo_concurrency.lockutils [None req-e180c1d9-8fd8-411b-982a-ba996bde236e tempest-DeleteServersTestJSON-464159370 tempest-DeleteServersTestJSON-464159370-project] Lock "f8df2cde-dfb3-4296-bec6-9291d21b17e1" acquired by "nova.context.set_target_cell..get_or_set_cached_cell_and_set_connections" :: waited 0.000s {{(pid=123012) inner /usr/local/lib/python3.8/dist-packages/oslo_concurrency/lockutils.py:386}}
Nov 03 02:01:52.235936 dv-cinder-815614-3-iscsi devstack@n-api.service[123012]: DEBUG oslo_concurrency.lockutils [None req-e180c1d9-8fd8-411b-982a-ba996bde236e tempest-DeleteServersTestJSON-464159370 tempest-DeleteServersTestJSON-464159370-project] Lock "f8df2cde-dfb3-4296-bec6-9291d21b17e1" "released" by "nova.context.set_target_cell..get_or_set_cached_cell_and_set_connections" :: held 0.001s {{(pid=123012) inner /usr/local/lib/python3.8/dist-packages/oslo_concurrency/lockutils.py:400}}
Nov 03 02:01:52.276950 dv-cinder-815614-3-iscsi devstack@n-api.service[123012]: DEBUG nova.quota [None req-e180c1d9-8fd8-411b-982a-ba996bde236e tempest-DeleteServersTestJSON-464159370 tempest-DeleteServersTestJSON-464159370-project] Getting quotas for project 76031e079d5240599980bd51be51f6e5. Resources: {'instances', 'ram', 'cores'} {{(pid=123012) _get_quotas /opt/stack/nova/nova/quota.py:387}}
Nov 03 02:01:52.284458 dv-cinder-815614-3-iscsi devstack@n-api.service[123012]: DEBUG nova.quota [None req-e180c1d9-8fd8-411b-982a-ba996bde236e tempest-DeleteServersTestJSON-464159370 tempest-DeleteServersTestJSON-464159370-project] Getting quotas for user f9ea14176dbb45ed9d561cd920cf46e4 and project 76031e079d5240599980bd51be51f6e5. Resources: {'instances', 'ram', 'cores'} {{(pid=123012) _get_quotas /opt/stack/nova/nova/quota.py:377}}
Nov 03 02:01:52.296112 dv-cinder-815614-3-iscsi devstack@n-api.service[123012]: DEBUG nova.compute.api [None req-e180c1d9-8fd8-411b-982a-ba996bde236e tempest-DeleteServersTestJSON-464159370 tempest-DeleteServersTestJSON-464159370-project] Going to run 1 instances... {{(pid=123012) _provision_instances /opt/stack/nova/nova/compute/api.py:1350}}
Nov 03 02:01:52.299456 dv-cinder-815614-3-iscsi devstack@n-api.service[123012]: DEBUG nova.compute.api [None req-e180c1d9-8fd8-411b-982a-ba996bde236e tempest-DeleteServersTestJSON-464159370 tempest-DeleteServersTestJSON-464159370-project] [instance: 9213a9f9-14dc-4c34-9539-b7d0802418e0] block_device_mapping [BlockDeviceMapping(attachment_id=,boot_index=0,connection_info=None,created_at=,delete_on_termination=True,deleted=,deleted_at=,destination_type='local',device_name=None,device_type='disk',disk_bus=None,guest_format=None,id=,image_id='1682ec66-71a9-4b18-b0e9-3b7e5bcf32b9',instance=,instance_uuid=,no_device=False,snapshot_id=None,source_type='image',tag=None,updated_at=,uuid=,volume_id=None,volume_size=None,volume_type=None)] {{(pid=123012) _bdm_validate_set_size_and_instance /opt/stack/nova/nova/compute/api.py:1757}}
Nov 03 02:01:52.352772 dv-cinder-815614-3-iscsi devstack@n-api.service[123011]: DEBUG nova.api.openstack.wsgi [None req-00648f4f-5c94-4624-bbb8-0b68ecb8f487 tempest-VolumesGetTestJSON-409437681 tempest-VolumesGetTestJSON-409437681-project] Calling method '.version_select at 0x7f30c5af0ee0>' {{(pid=123011) _process_stack /opt/stack/nova/nova/api/openstack/wsgi.py:513}}
Nov 03 02:01:52.403528 dv-cinder-815614-3-iscsi devstack@n-api.service[123011]: INFO nova.api.openstack.requestlog [None req-00648f4f-5c94-4624-bbb8-0b68ecb8f487 tempest-VolumesGetTestJSON-409437681 tempest-VolumesGetTestJSON-409437681-project] 10.222.0.30 "GET /compute/v2.1/os-volumes/b7859362-d8e2-4f7a-b0b2-b76e2ba5dce9" status: 200 len: 354 microversion: 2.1 time: 0.054516
Nov 03 02:01:52.404103 dv-cinder-815614-3-iscsi devstack@n-api.service[123011]: [pid: 123011|app: 0|req: 4/5] 10.222.0.30 () {58 vars in 1244 bytes} [Wed Nov 3 02:01:52 2021] GET /compute/v2.1/os-volumes/b7859362-d8e2-4f7a-b0b2-b76e2ba5dce9 => generated 354 bytes in 58 msecs (HTTP/1.1 200) 9 headers in 357 bytes (2 switches on core 0)
Nov 03 02:01:52.417474 dv-cinder-815614-3-iscsi devstack@n-api.service[123011]: DEBUG nova.api.openstack.wsgi [None req-a318c931-ef39-409d-ada6-2a8b0a13a591 tempest-VolumesGetTestJSON-409437681 tempest-VolumesGetTestJSON-409437681-project] Calling method '.version_select at 0x7f30c5b08820>' {{(pid=123011) _process_stack /opt/stack/nova/nova/api/openstack/wsgi.py:513}}
Nov 03 02:01:52.468556 dv-cinder-815614-3-iscsi devstack@n-api.service[123011]: INFO nova.api.openstack.requestlog [None req-a318c931-ef39-409d-ada6-2a8b0a13a591 tempest-VolumesGetTestJSON-409437681 tempest-VolumesGetTestJSON-409437681-project] 10.222.0.30 "GET /compute/v2.1/os-volumes/b7859362-d8e2-4f7a-b0b2-b76e2ba5dce9" status: 200 len: 354 microversion: 2.1 time: 0.056916
Nov 03 02:01:52.469118 dv-cinder-815614-3-iscsi devstack@n-api.service[123011]: [pid: 123011|app: 0|req: 5/6] 10.222.0.30 () {58 vars in 1244 bytes} [Wed Nov 3 02:01:52 2021] GET /compute/v2.1/os-volumes/b7859362-d8e2-4f7a-b0b2-b76e2ba5dce9 => generated 354 bytes in 59 msecs (HTTP/1.1 200) 9 headers in 357 bytes (2 switches on core 0)
Nov 03 02:01:52.485445 dv-cinder-815614-3-iscsi devstack@n-api.service[123011]: DEBUG nova.api.openstack.wsgi [None req-f6773974-dc0f-46b7-9a7e-66634acd8c1e tempest-VolumesGetTestJSON-409437681 tempest-VolumesGetTestJSON-409437681-project] Calling method '.version_select at 0x7f30c5b08ee0>' {{(pid=123011) _process_stack /opt/stack/nova/nova/api/openstack/wsgi.py:513}}
Nov 03 02:01:52.644088 dv-cinder-815614-3-iscsi devstack@n-api.service[123012]: INFO nova.api.openstack.requestlog [None req-e180c1d9-8fd8-411b-982a-ba996bde236e tempest-DeleteServersTestJSON-464159370 tempest-DeleteServersTestJSON-464159370-project] 10.222.0.30 "POST /compute/v2.1/servers" status: 202 len: 380 microversion: 2.1 time: 1.644115
Nov 03 02:01:52.645676 dv-cinder-815614-3-iscsi devstack@n-api.service[123012]: [pid: 123012|app: 0|req: 2/7] 10.222.0.30 () {60 vars in 1146 bytes} [Wed Nov 3 02:01:50 2021] POST /compute/v2.1/servers => generated 380 bytes in 1647 msecs (HTTP/1.1 202) 10 headers in 451 bytes (1 switches on core 0)
Nov 03 02:01:52.660317 dv-cinder-815614-3-iscsi devstack@n-api.service[123012]: DEBUG nova.api.openstack.wsgi [None req-52b62f3e-97f4-4e8b-87f4-95a086dc04dc tempest-DeleteServersTestJSON-464159370 tempest-DeleteServersTestJSON-464159370-project] Calling method '>' {{(pid=123012) _process_stack /opt/stack/nova/nova/api/openstack/wsgi.py:513}}
Nov 03 02:01:52.661935 dv-cinder-815614-3-iscsi devstack@n-api.service[123012]: DEBUG nova.compute.api [None req-52b62f3e-97f4-4e8b-87f4-95a086dc04dc tempest-DeleteServersTestJSON-464159370 tempest-DeleteServersTestJSON-464159370-project] [instance: 9213a9f9-14dc-4c34-9539-b7d0802418e0] Fetching instance by UUID {{(pid=123012) get /opt/stack/nova/nova/compute/api.py:2863}}
Nov 03 02:01:52.755711 dv-cinder-815614-3-iscsi devstack@n-api.service[123011]: INFO nova.api.openstack.requestlog [None req-f6773974-dc0f-46b7-9a7e-66634acd8c1e tempest-VolumesGetTestJSON-409437681 tempest-VolumesGetTestJSON-409437681-project] 10.222.0.30 "DELETE /compute/v2.1/os-volumes/b7859362-d8e2-4f7a-b0b2-b76e2ba5dce9" status: 202 len: 0 microversion: 2.1 time: 0.274223
Nov 03 02:01:52.759264 dv-cinder-815614-3-iscsi devstack@n-api.service[123011]: [pid: 123011|app: 0|req: 6/8] 10.222.0.30 () {58 vars in 1247 bytes} [Wed Nov 3 02:01:52 2021] DELETE /compute/v2.1/os-volumes/b7859362-d8e2-4f7a-b0b2-b76e2ba5dce9 => generated 0 bytes in 275 msecs (HTTP/1.1 202) 9 headers in 361 bytes (2 switches on core 0)
Nov 03 02:01:52.764723 dv-cinder-815614-3-iscsi devstack@n-api.service[123011]: DEBUG nova.api.openstack.wsgi [None req-6b4e0627-3b55-434e-9b5c-02c4f9a162d5 tempest-VolumesGetTestJSON-409437681 tempest-VolumesGetTestJSON-409437681-project] Calling method '.version_select at 0x7f30c5b088b0>' {{(pid=123011) _process_stack /opt/stack/nova/nova/api/openstack/wsgi.py:513}}
Nov 03 02:01:52.820941 dv-cinder-815614-3-iscsi devstack@n-api.service[123012]: DEBUG nova.policy [None req-52b62f3e-97f4-4e8b-87f4-95a086dc04dc tempest-DeleteServersTestJSON-464159370 tempest-DeleteServersTestJSON-464159370-project] Policy check for os_compute_api:os-extended-server-attributes failed with credentials {'is_admin': False, 'user_id': 'f9ea14176dbb45ed9d561cd920cf46e4', 'user_domain_id': 'default', 'system_scope': None, 'domain_id': None, 'project_id': '76031e079d5240599980bd51be51f6e5', 'project_domain_id': 'default', 'roles': ['member', 'reader'], 'is_admin_project': True, 'service_user_id': None, 'service_user_domain_id': None, 'service_project_id': None, 'service_project_domain_id': None, 'service_roles': []} {{(pid=123012) authorize /opt/stack/nova/nova/policy.py:199}}
Nov 03 02:01:52.835526 dv-cinder-815614-3-iscsi devstack@n-api.service[123012]: INFO nova.api.openstack.requestlog [None req-52b62f3e-97f4-4e8b-87f4-95a086dc04dc tempest-DeleteServersTestJSON-464159370 tempest-DeleteServersTestJSON-464159370-project] 10.222.0.30 "GET /compute/v2.1/servers/9213a9f9-14dc-4c34-9539-b7d0802418e0" status: 200 len: 1214 microversion: 2.1 time: 0.183229
Nov 03 02:01:52.852733 dv-cinder-815614-3-iscsi devstack@n-api.service[123012]: [pid: 123012|app: 0|req: 3/9] 10.222.0.30 () {58 vars in 1235 bytes} [Wed Nov 3 02:01:52 2021] GET /compute/v2.1/servers/9213a9f9-14dc-4c34-9539-b7d0802418e0 => generated 1214 bytes in 186 msecs (HTTP/1.1 200) 9 headers in 358 bytes (1 switches on core 0)
Nov 03 02:01:52.852905 dv-cinder-815614-3-iscsi devstack@n-api.service[123011]: INFO nova.api.openstack.requestlog [None req-6b4e0627-3b55-434e-9b5c-02c4f9a162d5 tempest-VolumesGetTestJSON-409437681 tempest-VolumesGetTestJSON-409437681-project] 10.222.0.30 "GET /compute/v2.1/os-volumes/b7859362-d8e2-4f7a-b0b2-b76e2ba5dce9" status: 200 len: 353 microversion: 2.1 time: 0.091420
Nov 03 02:01:52.854024 dv-cinder-815614-3-iscsi devstack@n-api.service[123011]: [pid: 123011|app: 0|req: 7/10] 10.222.0.30 () {58 vars in 1244 bytes} [Wed Nov 3 02:01:52 2021] GET /compute/v2.1/os-volumes/b7859362-d8e2-4f7a-b0b2-b76e2ba5dce9 => generated 353 bytes in 93 msecs (HTTP/1.1 200) 9 headers in 357 bytes (1 switches on core 0)
Nov 03 02:01:53.063454 dv-cinder-815614-3-iscsi devstack@n-api.service[123012]: DEBUG nova.api.openstack.wsgi [None req-ff962ce3-5c66-4dca-87c5-5d32c9595fc1 tempest-VolumesSnapshotsTestJSON-846287355 tempest-VolumesSnapshotsTestJSON-846287355-project] Calling method '.version_select at 0x7f30c5a03d30>' {{(pid=123012) _process_stack /opt/stack/nova/nova/api/openstack/wsgi.py:513}}
Nov 03 02:01:53.121290 dv-cinder-815614-3-iscsi devstack@n-api.service[123012]: INFO nova.api.openstack.requestlog [None req-ff962ce3-5c66-4dca-87c5-5d32c9595fc1 tempest-VolumesSnapshotsTestJSON-846287355 tempest-VolumesSnapshotsTestJSON-846287355-project] 10.222.0.30 "GET /compute/v2.1/os-volumes/ba95f760-6675-4359-9eb4-e74004fe6dfd" status: 200 len: 346 microversion: 2.1 time: 0.070385
Nov 03 02:01:53.121821 dv-cinder-815614-3-iscsi devstack@n-api.service[123012]: [pid: 123012|app: 0|req: 4/11] 10.222.0.30 () {58 vars in 1244 bytes} [Wed Nov 3 02:01:53 2021] GET /compute/v2.1/os-volumes/ba95f760-6675-4359-9eb4-e74004fe6dfd => generated 346 bytes in 72 msecs (HTTP/1.1 200) 9 headers in 357 bytes (1 switches on core 0)
Nov 03 02:01:53.133586 dv-cinder-815614-3-iscsi devstack@n-api.service[123011]: DEBUG nova.api.openstack.wsgi [None req-006ea507-b6dd-46f9-806b-0925614da459 tempest-VolumesSnapshotsTestJSON-846287355 tempest-VolumesSnapshotsTestJSON-846287355-project] Action: 'create', calling method: .version_select at 0x7f30c5af0e50>, body: {"snapshot": {"volume_id": "ba95f760-6675-4359-9eb4-e74004fe6dfd", "display_name": "tempest-VolumesSnapshotsTestJSON-Snapshot-1946941807"}} {{(pid=123011) _process_stack /opt/stack/nova/nova/api/openstack/wsgi.py:511}}
Nov 03 02:01:53.854951 dv-cinder-815614-3-iscsi devstack@n-api.service[123012]: DEBUG nova.api.openstack.wsgi [None req-1ae7bc40-068b-4fa6-84b2-3b09057c3052 tempest-DeleteServersTestJSON-464159370 tempest-DeleteServersTestJSON-464159370-project] Calling method '>' {{(pid=123012) _process_stack /opt/stack/nova/nova/api/openstack/wsgi.py:513}}
Nov 03 02:01:53.856123 dv-cinder-815614-3-iscsi devstack@n-api.service[123012]: DEBUG nova.compute.api [None req-1ae7bc40-068b-4fa6-84b2-3b09057c3052 tempest-DeleteServersTestJSON-464159370 tempest-DeleteServersTestJSON-464159370-project] [instance: 9213a9f9-14dc-4c34-9539-b7d0802418e0] Fetching instance by UUID {{(pid=123012) get /opt/stack/nova/nova/compute/api.py:2863}}
Nov 03 02:01:53.950920 dv-cinder-815614-3-iscsi devstack@n-api.service[123012]: DEBUG nova.policy [None req-1ae7bc40-068b-4fa6-84b2-3b09057c3052 tempest-DeleteServersTestJSON-464159370 tempest-DeleteServersTestJSON-464159370-project] Policy check for os_compute_api:os-extended-server-attributes failed with credentials {'is_admin': False, 'user_id': 'f9ea14176dbb45ed9d561cd920cf46e4', 'user_domain_id': 'default', 'system_scope': None, 'domain_id': None, 'project_id': '76031e079d5240599980bd51be51f6e5', 'project_domain_id': 'default', 'roles': ['member', 'reader'], 'is_admin_project': True, 'service_user_id': None, 'service_user_domain_id': None, 'service_project_id': None, 'service_project_domain_id': None, 'service_roles': []} {{(pid=123012) authorize /opt/stack/nova/nova/policy.py:199}}
Nov 03 02:01:53.965447 dv-cinder-815614-3-iscsi devstack@n-api.service[123012]: INFO nova.api.openstack.requestlog [None req-1ae7bc40-068b-4fa6-84b2-3b09057c3052 tempest-DeleteServersTestJSON-464159370 tempest-DeleteServersTestJSON-464159370-project] 10.222.0.30 "GET /compute/v2.1/servers/9213a9f9-14dc-4c34-9539-b7d0802418e0" status: 200 len: 1214 microversion: 2.1 time: 0.115536
Nov 03 02:01:53.966031 dv-cinder-815614-3-iscsi devstack@n-api.service[123012]: [pid: 123012|app: 0|req: 5/12] 10.222.0.30 () {58 vars in 1235 bytes} [Wed Nov 3 02:01:53 2021] GET /compute/v2.1/servers/9213a9f9-14dc-4c34-9539-b7d0802418e0 => generated 1214 bytes in 117 msecs (HTTP/1.1 200) 9 headers in 358 bytes (2 switches on core 0)
Nov 03 02:01:53.986064 dv-cinder-815614-3-iscsi devstack@n-api.service[123012]: DEBUG nova.api.openstack.wsgi [None req-1dc819ec-2361-4f43-aad2-64a4833a7a6b tempest-VolumesGetTestJSON-409437681 tempest-VolumesGetTestJSON-409437681-project] Calling method '.version_select at 0x7f30c49c1f70>' {{(pid=123012) _process_stack /opt/stack/nova/nova/api/openstack/wsgi.py:513}}
Nov 03 02:01:54.061607 dv-cinder-815614-3-iscsi devstack@n-api.service[123011]: INFO nova.api.openstack.requestlog [None req-006ea507-b6dd-46f9-806b-0925614da459 tempest-VolumesSnapshotsTestJSON-846287355 tempest-VolumesSnapshotsTestJSON-846287355-project] 10.222.0.30 "POST /compute/v2.1/os-snapshots" status: 200 len: 287 microversion: 2.1 time: 0.932209
Nov 03 02:01:54.065476 dv-cinder-815614-3-iscsi devstack@n-api.service[123011]: [pid: 123011|app: 0|req: 8/13] 10.222.0.30 () {60 vars in 1161 bytes} [Wed Nov 3 02:01:53 2021] POST /compute/v2.1/os-snapshots => generated 287 bytes in 937 msecs (HTTP/1.1 200) 9 headers in 357 bytes (1 switches on core 0)
Nov 03 02:01:54.076725 dv-cinder-815614-3-iscsi devstack@n-api.service[123011]: DEBUG nova.api.openstack.wsgi [None req-190ca582-bae4-471d-a065-1cb7ec134497 tempest-VolumesSnapshotsTestJSON-846287355 tempest-VolumesSnapshotsTestJSON-846287355-project] Calling method '.version_select at 0x7f30c5af0dc0>' {{(pid=123011) _process_stack /opt/stack/nova/nova/api/openstack/wsgi.py:513}}
Nov 03 02:01:54.281774 dv-cinder-815614-3-iscsi devstack@n-api.service[123012]: INFO nova.api.openstack.wsgi [None req-1dc819ec-2361-4f43-aad2-64a4833a7a6b tempest-VolumesGetTestJSON-409437681 tempest-VolumesGetTestJSON-409437681-project] HTTP exception thrown: Volume b7859362-d8e2-4f7a-b0b2-b76e2ba5dce9 could not be found.
Nov 03 02:01:54.282427 dv-cinder-815614-3-iscsi devstack@n-api.service[123012]: DEBUG nova.api.openstack.wsgi [None req-1dc819ec-2361-4f43-aad2-64a4833a7a6b tempest-VolumesGetTestJSON-409437681 tempest-VolumesGetTestJSON-409437681-project] Returning 404 to user: Volume b7859362-d8e2-4f7a-b0b2-b76e2ba5dce9 could not be found. {{(pid=123012) __call__ /opt/stack/nova/nova/api/openstack/wsgi.py:936}}
Nov 03 02:01:54.288037 dv-cinder-815614-3-iscsi devstack@n-api.service[123012]: INFO nova.api.openstack.requestlog [None req-1dc819ec-2361-4f43-aad2-64a4833a7a6b tempest-VolumesGetTestJSON-409437681 tempest-VolumesGetTestJSON-409437681-project] 10.222.0.30 "GET /compute/v2.1/os-volumes/b7859362-d8e2-4f7a-b0b2-b76e2ba5dce9" status: 404 len: 109 microversion: 2.1 time: 0.310240
Nov 03 02:01:54.288037 dv-cinder-815614-3-iscsi devstack@n-api.service[123012]: [pid: 123012|app: 0|req: 6/14] 10.222.0.30 () {58 vars in 1244 bytes} [Wed Nov 3 02:01:53 2021] GET /compute/v2.1/os-volumes/b7859362-d8e2-4f7a-b0b2-b76e2ba5dce9 => generated 109 bytes in 312 msecs (HTTP/1.1 404) 9 headers in 379 bytes (1 switches on core 0)
Nov 03 02:01:54.352113 dv-cinder-815614-3-iscsi devstack@n-api.service[123011]: INFO nova.api.openstack.requestlog [None req-190ca582-bae4-471d-a065-1cb7ec134497 tempest-VolumesSnapshotsTestJSON-846287355 tempest-VolumesSnapshotsTestJSON-846287355-project] 10.222.0.30 "GET /compute/v2.1/os-snapshots/9ec8e166-00d1-446d-b2d1-7a3645b23ed5" status: 200 len: 287 microversion: 2.1 time: 0.280572
Nov 03 02:01:54.356932 dv-cinder-815614-3-iscsi devstack@n-api.service[123011]: [pid: 123011|app: 0|req: 9/15] 10.222.0.30 () {58 vars in 1250 bytes} [Wed Nov 3 02:01:54 2021] GET /compute/v2.1/os-snapshots/9ec8e166-00d1-446d-b2d1-7a3645b23ed5 => generated 287 bytes in 282 msecs (HTTP/1.1 200) 9 headers in 357 bytes (1 switches on core 0)
Nov 03 02:01:54.366048 dv-cinder-815614-3-iscsi devstack@n-api.service[123012]: DEBUG nova.api.openstack.wsgi [None req-6112ca22-0fcd-48e8-9fb0-f058f52f93d0 tempest-VolumesSnapshotsTestJSON-846287355 tempest-VolumesSnapshotsTestJSON-846287355-project] Calling method '.version_select at 0x7f30c64cfdc0>' {{(pid=123012) _process_stack /opt/stack/nova/nova/api/openstack/wsgi.py:513}}
Nov 03 02:01:54.978969 dv-cinder-815614-3-iscsi devstack@n-api.service[123012]: INFO nova.api.openstack.requestlog [None req-6112ca22-0fcd-48e8-9fb0-f058f52f93d0 tempest-VolumesSnapshotsTestJSON-846287355 tempest-VolumesSnapshotsTestJSON-846287355-project] 10.222.0.30 "GET /compute/v2.1/os-snapshots" status: 200 len: 290 microversion: 2.1 time: 0.617460
Nov 03 02:01:54.979968 dv-cinder-815614-3-iscsi devstack@n-api.service[123012]: [pid: 123012|app: 0|req: 7/16] 10.222.0.30 () {58 vars in 1139 bytes} [Wed Nov 3 02:01:54 2021] GET /compute/v2.1/os-snapshots => generated 290 bytes in 619 msecs (HTTP/1.1 200) 9 headers in 357 bytes (1 switches on core 0)
Nov 03 02:01:54.983765 dv-cinder-815614-3-iscsi devstack@n-api.service[123011]: DEBUG nova.api.openstack.wsgi [None req-3eb62b18-3f83-436a-ba0a-f6ff240e5a2b tempest-DeleteServersTestJSON-464159370 tempest-DeleteServersTestJSON-464159370-project] Calling method '>' {{(pid=123011) _process_stack /opt/stack/nova/nova/api/openstack/wsgi.py:513}}
Nov 03 02:01:54.984561 dv-cinder-815614-3-iscsi devstack@n-api.service[123011]: DEBUG nova.compute.api [None req-3eb62b18-3f83-436a-ba0a-f6ff240e5a2b tempest-DeleteServersTestJSON-464159370 tempest-DeleteServersTestJSON-464159370-project] [instance: 9213a9f9-14dc-4c34-9539-b7d0802418e0] Fetching instance by UUID {{(pid=123011) get /opt/stack/nova/nova/compute/api.py:2863}}
Nov 03 02:01:55.002383 dv-cinder-815614-3-iscsi devstack@n-api.service[123012]: DEBUG nova.api.openstack.wsgi [None req-abe787a9-0b17-4ff3-9184-62a4a28d57f2 tempest-VolumesSnapshotsTestJSON-846287355 tempest-VolumesSnapshotsTestJSON-846287355-project] Calling method '.version_select at 0x7f30c5a113a0>' {{(pid=123012) _process_stack /opt/stack/nova/nova/api/openstack/wsgi.py:513}}
Nov 03 02:01:55.172127 dv-cinder-815614-3-iscsi devstack@n-api.service[123011]: DEBUG nova.policy [None req-3eb62b18-3f83-436a-ba0a-f6ff240e5a2b tempest-DeleteServersTestJSON-464159370 tempest-DeleteServersTestJSON-464159370-project] Policy check for os_compute_api:os-extended-server-attributes failed with credentials {'is_admin': False, 'user_id': 'f9ea14176dbb45ed9d561cd920cf46e4', 'user_domain_id': 'default', 'system_scope': None, 'domain_id': None, 'project_id': '76031e079d5240599980bd51be51f6e5', 'project_domain_id': 'default', 'roles': ['member', 'reader'], 'is_admin_project': True, 'service_user_id': None, 'service_user_domain_id': None, 'service_project_id': None, 'service_project_domain_id': None, 'service_roles': []} {{(pid=123011) authorize /opt/stack/nova/nova/policy.py:199}}
Nov 03 02:01:55.196121 dv-cinder-815614-3-iscsi devstack@n-api.service[123012]: INFO nova.api.openstack.requestlog [None req-abe787a9-0b17-4ff3-9184-62a4a28d57f2 tempest-VolumesSnapshotsTestJSON-846287355 tempest-VolumesSnapshotsTestJSON-846287355-project] 10.222.0.30 "GET /compute/v2.1/os-snapshots/9ec8e166-00d1-446d-b2d1-7a3645b23ed5" status: 200 len: 287 microversion: 2.1 time: 0.206778
Nov 03 02:01:55.196679 dv-cinder-815614-3-iscsi devstack@n-api.service[123012]: [pid: 123012|app: 0|req: 8/17] 10.222.0.30 () {58 vars in 1250 bytes} [Wed Nov 3 02:01:54 2021] GET /compute/v2.1/os-snapshots/9ec8e166-00d1-446d-b2d1-7a3645b23ed5 => generated 287 bytes in 210 msecs (HTTP/1.1 200) 9 headers in 357 bytes (1 switches on core 0)
Nov 03 02:01:55.203499 dv-cinder-815614-3-iscsi devstack@n-api.service[123011]: INFO nova.api.openstack.requestlog [None req-3eb62b18-3f83-436a-ba0a-f6ff240e5a2b tempest-DeleteServersTestJSON-464159370 tempest-DeleteServersTestJSON-464159370-project] 10.222.0.30 "GET /compute/v2.1/servers/9213a9f9-14dc-4c34-9539-b7d0802418e0" status: 200 len: 1214 microversion: 2.1 time: 0.224612
Nov 03 02:01:55.204080 dv-cinder-815614-3-iscsi devstack@n-api.service[123011]: [pid: 123011|app: 0|req: 10/18] 10.222.0.30 () {58 vars in 1235 bytes} [Wed Nov 3 02:01:54 2021] GET /compute/v2.1/servers/9213a9f9-14dc-4c34-9539-b7d0802418e0 => generated 1214 bytes in 226 msecs (HTTP/1.1 200) 9 headers in 358 bytes (2 switches on core 0)
Nov 03 02:01:55.487508 dv-cinder-815614-3-iscsi devstack@n-api.service[123012]: DEBUG nova.api.openstack.wsgi [None req-9124d23e-2730-4009-9b28-c793c4db2fbc tempest-AttachVolumeShelveTestJSON-2060537660 tempest-AttachVolumeShelveTestJSON-2060537660-project] Action: 'create', calling method: .version_select at 0x7f30c49d0e50>, body: {"keypair": {"name": "tempest-keypair-1359087626"}} {{(pid=123012) _process_stack /opt/stack/nova/nova/api/openstack/wsgi.py:511}}
Nov 03 02:01:55.539945 dv-cinder-815614-3-iscsi devstack@n-api.service[123012]: DEBUG nova.quota [None req-9124d23e-2730-4009-9b28-c793c4db2fbc tempest-AttachVolumeShelveTestJSON-2060537660 tempest-AttachVolumeShelveTestJSON-2060537660-project] Getting quotas for project 86777c3ab41c4ea8bbbdf156c7792513. Resources: {'key_pairs'} {{(pid=123012) _get_quotas /opt/stack/nova/nova/quota.py:387}}
Nov 03 02:01:55.548736 dv-cinder-815614-3-iscsi devstack@n-api.service[123012]: DEBUG nova.quota [None req-9124d23e-2730-4009-9b28-c793c4db2fbc tempest-AttachVolumeShelveTestJSON-2060537660 tempest-AttachVolumeShelveTestJSON-2060537660-project] Getting quotas for user c5de27df6f294e9f9c40f6b14315a228 and project 86777c3ab41c4ea8bbbdf156c7792513. Resources: {'key_pairs'} {{(pid=123012) _get_quotas /opt/stack/nova/nova/quota.py:377}}
Nov 03 02:01:56.207884 dv-cinder-815614-3-iscsi devstack@n-api.service[123011]: DEBUG nova.api.openstack.wsgi [None req-00272855-f46a-498c-9e85-7ce1893acacd tempest-VolumesSnapshotsTestJSON-846287355 tempest-VolumesSnapshotsTestJSON-846287355-project] Calling method '.version_select at 0x7f30c5b56550>' {{(pid=123011) _process_stack /opt/stack/nova/nova/api/openstack/wsgi.py:513}}
Nov 03 02:01:56.212625 dv-cinder-815614-3-iscsi devstack@n-api.service[123012]: DEBUG nova.quota [None req-9124d23e-2730-4009-9b28-c793c4db2fbc tempest-AttachVolumeShelveTestJSON-2060537660 tempest-AttachVolumeShelveTestJSON-2060537660-project] Getting quotas for project 86777c3ab41c4ea8bbbdf156c7792513. Resources: {'key_pairs'} {{(pid=123012) _get_quotas /opt/stack/nova/nova/quota.py:387}}
Nov 03 02:01:56.222967 dv-cinder-815614-3-iscsi devstack@n-api.service[123012]: DEBUG nova.quota [None req-9124d23e-2730-4009-9b28-c793c4db2fbc tempest-AttachVolumeShelveTestJSON-2060537660 tempest-AttachVolumeShelveTestJSON-2060537660-project] Getting quotas for user c5de27df6f294e9f9c40f6b14315a228 and project 86777c3ab41c4ea8bbbdf156c7792513. Resources: {'key_pairs'} {{(pid=123012) _get_quotas /opt/stack/nova/nova/quota.py:377}}
Nov 03 02:01:56.245860 dv-cinder-815614-3-iscsi devstack@n-api.service[123012]: INFO nova.api.openstack.requestlog [None req-9124d23e-2730-4009-9b28-c793c4db2fbc tempest-AttachVolumeShelveTestJSON-2060537660 tempest-AttachVolumeShelveTestJSON-2060537660-project] 10.222.0.30 "POST /compute/v2.1/os-keypairs" status: 201 len: 2316 microversion: 2.20 time: 0.948247
Nov 03 02:01:56.247230 dv-cinder-815614-3-iscsi devstack@n-api.service[123012]: [pid: 123012|app: 0|req: 9/19] 10.222.0.30 () {62 vars in 1198 bytes} [Wed Nov 3 02:01:55 2021] POST /compute/v2.1/os-keypairs => generated 2316 bytes in 950 msecs (HTTP/1.1 201) 9 headers in 365 bytes (1 switches on core 0)
Nov 03 02:01:56.260319 dv-cinder-815614-3-iscsi devstack@n-api.service[123011]: INFO nova.api.openstack.requestlog [None req-00272855-f46a-498c-9e85-7ce1893acacd tempest-VolumesSnapshotsTestJSON-846287355 tempest-VolumesSnapshotsTestJSON-846287355-project] 10.222.0.30 "GET /compute/v2.1/os-snapshots/9ec8e166-00d1-446d-b2d1-7a3645b23ed5" status: 200 len: 287 microversion: 2.1 time: 0.056995
Nov 03 02:01:56.261096 dv-cinder-815614-3-iscsi devstack@n-api.service[123011]: [pid: 123011|app: 0|req: 11/20] 10.222.0.30 () {58 vars in 1250 bytes} [Wed Nov 3 02:01:56 2021] GET /compute/v2.1/os-snapshots/9ec8e166-00d1-446d-b2d1-7a3645b23ed5 => generated 287 bytes in 58 msecs (HTTP/1.1 200) 9 headers in 357 bytes (2 switches on core 0)
Nov 03 02:01:56.263098 dv-cinder-815614-3-iscsi devstack@n-api.service[123012]: DEBUG nova.api.openstack.wsgi [None req-f8872eb8-3571-4055-bd21-3e5ea0aad4cf tempest-DeleteServersTestJSON-464159370 tempest-DeleteServersTestJSON-464159370-project] Calling method '>' {{(pid=123012) _process_stack /opt/stack/nova/nova/api/openstack/wsgi.py:513}}
Nov 03 02:01:56.264084 dv-cinder-815614-3-iscsi devstack@n-api.service[123012]: DEBUG nova.compute.api [None req-f8872eb8-3571-4055-bd21-3e5ea0aad4cf tempest-DeleteServersTestJSON-464159370 tempest-DeleteServersTestJSON-464159370-project] [instance: 9213a9f9-14dc-4c34-9539-b7d0802418e0] Fetching instance by UUID {{(pid=123012) get /opt/stack/nova/nova/compute/api.py:2863}}
Nov 03 02:01:56.279476 dv-cinder-815614-3-iscsi devstack@n-api.service[123012]: DEBUG oslo_concurrency.lockutils [None req-f8872eb8-3571-4055-bd21-3e5ea0aad4cf tempest-DeleteServersTestJSON-464159370 tempest-DeleteServersTestJSON-464159370-project] Lock "f8df2cde-dfb3-4296-bec6-9291d21b17e1" acquired by "nova.context.set_target_cell..get_or_set_cached_cell_and_set_connections" :: waited 0.000s {{(pid=123012) inner /usr/local/lib/python3.8/dist-packages/oslo_concurrency/lockutils.py:386}}
Nov 03 02:01:56.280218 dv-cinder-815614-3-iscsi devstack@n-api.service[123012]: DEBUG oslo_concurrency.lockutils [None req-f8872eb8-3571-4055-bd21-3e5ea0aad4cf tempest-DeleteServersTestJSON-464159370 tempest-DeleteServersTestJSON-464159370-project] Lock "f8df2cde-dfb3-4296-bec6-9291d21b17e1" "released" by "nova.context.set_target_cell..get_or_set_cached_cell_and_set_connections" :: held 0.001s {{(pid=123012) inner /usr/local/lib/python3.8/dist-packages/oslo_concurrency/lockutils.py:400}}
Nov 03 02:01:56.281170 dv-cinder-815614-3-iscsi devstack@n-api.service[123012]: DEBUG oslo_concurrency.lockutils [None req-f8872eb8-3571-4055-bd21-3e5ea0aad4cf tempest-DeleteServersTestJSON-464159370 tempest-DeleteServersTestJSON-464159370-project] Lock "f8df2cde-dfb3-4296-bec6-9291d21b17e1" acquired by "nova.context.set_target_cell..get_or_set_cached_cell_and_set_connections" :: waited 0.000s {{(pid=123012) inner /usr/local/lib/python3.8/dist-packages/oslo_concurrency/lockutils.py:386}}
Nov 03 02:01:56.284844 dv-cinder-815614-3-iscsi devstack@n-api.service[123012]: DEBUG oslo_concurrency.lockutils [None req-f8872eb8-3571-4055-bd21-3e5ea0aad4cf tempest-DeleteServersTestJSON-464159370 tempest-DeleteServersTestJSON-464159370-project] Lock "f8df2cde-dfb3-4296-bec6-9291d21b17e1" "released" by "nova.context.set_target_cell..get_or_set_cached_cell_and_set_connections" :: held 0.004s {{(pid=123012) inner /usr/local/lib/python3.8/dist-packages/oslo_concurrency/lockutils.py:400}}
Nov 03 02:01:56.448004 dv-cinder-815614-3-iscsi devstack@n-api.service[123012]: DEBUG nova.policy [None req-f8872eb8-3571-4055-bd21-3e5ea0aad4cf tempest-DeleteServersTestJSON-464159370 tempest-DeleteServersTestJSON-464159370-project] Policy check for os_compute_api:os-extended-server-attributes failed with credentials {'is_admin': False, 'user_id': 'f9ea14176dbb45ed9d561cd920cf46e4', 'user_domain_id': 'default', 'system_scope': None, 'domain_id': None, 'project_id': '76031e079d5240599980bd51be51f6e5', 'project_domain_id': 'default', 'roles': ['member', 'reader'], 'is_admin_project': True, 'service_user_id': None, 'service_user_domain_id': None, 'service_project_id': None, 'service_project_domain_id': None, 'service_roles': []} {{(pid=123012) authorize /opt/stack/nova/nova/policy.py:199}}
Nov 03 02:01:56.461222 dv-cinder-815614-3-iscsi devstack@n-api.service[123012]: INFO nova.api.openstack.requestlog [None req-f8872eb8-3571-4055-bd21-3e5ea0aad4cf tempest-DeleteServersTestJSON-464159370 tempest-DeleteServersTestJSON-464159370-project] 10.222.0.30 "GET /compute/v2.1/servers/9213a9f9-14dc-4c34-9539-b7d0802418e0" status: 200 len: 1218 microversion: 2.1 time: 0.211518
Nov 03 02:01:56.463873 dv-cinder-815614-3-iscsi devstack@n-api.service[123012]: [pid: 123012|app: 0|req: 10/21] 10.222.0.30 () {58 vars in 1235 bytes} [Wed Nov 3 02:01:56 2021] GET /compute/v2.1/servers/9213a9f9-14dc-4c34-9539-b7d0802418e0 => generated 1218 bytes in 214 msecs (HTTP/1.1 200) 9 headers in 358 bytes (1 switches on core 0)
Nov 03 02:01:56.861931 dv-cinder-815614-3-iscsi devstack@n-api.service[123011]: DEBUG nova.api.openstack.wsgi [None req-b0a1afda-757a-4c4e-a3be-4376e9a9682e tempest-ServerRescueNegativeTestJSON-1530572445 tempest-ServerRescueNegativeTestJSON-1530572445-project] Action: 'create', calling method: >, body: {"server": {"name": "tempest-ServerRescueNegativeTestJSON-server-1756088951", "imageRef": "1682ec66-71a9-4b18-b0e9-3b7e5bcf32b9", "flavorRef": "452", "adminPass": "***", "networks": [{"uuid": "736ee5a9-6b0f-40e2-b2ff-a9aa9510814f"}]}} {{(pid=123011) _process_stack /opt/stack/nova/nova/api/openstack/wsgi.py:511}}
Nov 03 02:01:57.022108 dv-cinder-815614-3-iscsi devstack@n-api.service[123011]: DEBUG nova.network.neutron [None req-b0a1afda-757a-4c4e-a3be-4376e9a9682e tempest-ServerRescueNegativeTestJSON-1530572445 tempest-ServerRescueNegativeTestJSON-1530572445-project] validate_networks() for [('736ee5a9-6b0f-40e2-b2ff-a9aa9510814f', None, None, None, None, None)] {{(pid=123011) validate_networks /opt/stack/nova/nova/network/neutron.py:2481}}
Nov 03 02:01:57.272355 dv-cinder-815614-3-iscsi devstack@n-api.service[123012]: DEBUG nova.api.openstack.wsgi [None req-1b13a0a5-cde7-47d6-be44-f4272da297c2 tempest-VolumesSnapshotsTestJSON-846287355 tempest-VolumesSnapshotsTestJSON-846287355-project] Calling method '.version_select at 0x7f30c495adc0>' {{(pid=123012) _process_stack /opt/stack/nova/nova/api/openstack/wsgi.py:513}}
Nov 03 02:01:57.335360 dv-cinder-815614-3-iscsi devstack@n-api.service[123012]: INFO nova.api.openstack.requestlog [None req-1b13a0a5-cde7-47d6-be44-f4272da297c2 tempest-VolumesSnapshotsTestJSON-846287355 tempest-VolumesSnapshotsTestJSON-846287355-project] 10.222.0.30 "GET /compute/v2.1/os-snapshots/9ec8e166-00d1-446d-b2d1-7a3645b23ed5" status: 200 len: 287 microversion: 2.1 time: 0.063334
Nov 03 02:01:57.338667 dv-cinder-815614-3-iscsi devstack@n-api.service[123012]: [pid: 123012|app: 0|req: 11/22] 10.222.0.30 () {58 vars in 1250 bytes} [Wed Nov 3 02:01:57 2021] GET /compute/v2.1/os-snapshots/9ec8e166-00d1-446d-b2d1-7a3645b23ed5 => generated 287 bytes in 71 msecs (HTTP/1.1 200) 9 headers in 357 bytes (2 switches on core 0)
Nov 03 02:01:57.478570 dv-cinder-815614-3-iscsi devstack@n-api.service[123012]: DEBUG nova.api.openstack.wsgi [None req-47dac889-847c-4b6d-8573-a0e0ef2ab111 tempest-DeleteServersTestJSON-464159370 tempest-DeleteServersTestJSON-464159370-project] Calling method '>' {{(pid=123012) _process_stack /opt/stack/nova/nova/api/openstack/wsgi.py:513}}
Nov 03 02:01:57.479652 dv-cinder-815614-3-iscsi devstack@n-api.service[123012]: DEBUG nova.compute.api [None req-47dac889-847c-4b6d-8573-a0e0ef2ab111 tempest-DeleteServersTestJSON-464159370 tempest-DeleteServersTestJSON-464159370-project] [instance: 9213a9f9-14dc-4c34-9539-b7d0802418e0] Fetching instance by UUID {{(pid=123012) get /opt/stack/nova/nova/compute/api.py:2863}}
Nov 03 02:01:57.490335 dv-cinder-815614-3-iscsi devstack@n-api.service[123012]: DEBUG oslo_concurrency.lockutils [None req-47dac889-847c-4b6d-8573-a0e0ef2ab111 tempest-DeleteServersTestJSON-464159370 tempest-DeleteServersTestJSON-464159370-project] Lock "f8df2cde-dfb3-4296-bec6-9291d21b17e1" acquired by "nova.context.set_target_cell..get_or_set_cached_cell_and_set_connections" :: waited 0.000s {{(pid=123012) inner /usr/local/lib/python3.8/dist-packages/oslo_concurrency/lockutils.py:386}}
Nov 03 02:01:57.495481 dv-cinder-815614-3-iscsi devstack@n-api.service[123012]: DEBUG oslo_concurrency.lockutils [None req-47dac889-847c-4b6d-8573-a0e0ef2ab111 tempest-DeleteServersTestJSON-464159370 tempest-DeleteServersTestJSON-464159370-project] Lock "f8df2cde-dfb3-4296-bec6-9291d21b17e1" "released" by "nova.context.set_target_cell..get_or_set_cached_cell_and_set_connections" :: held 0.001s {{(pid=123012) inner /usr/local/lib/python3.8/dist-packages/oslo_concurrency/lockutils.py:400}}
Nov 03 02:01:57.495481 dv-cinder-815614-3-iscsi devstack@n-api.service[123012]: DEBUG oslo_concurrency.lockutils [None req-47dac889-847c-4b6d-8573-a0e0ef2ab111 tempest-DeleteServersTestJSON-464159370 tempest-DeleteServersTestJSON-464159370-project] Lock "f8df2cde-dfb3-4296-bec6-9291d21b17e1" acquired by "nova.context.set_target_cell..get_or_set_cached_cell_and_set_connections" :: waited 0.000s {{(pid=123012) inner /usr/local/lib/python3.8/dist-packages/oslo_concurrency/lockutils.py:386}}
Nov 03 02:01:57.495481 dv-cinder-815614-3-iscsi devstack@n-api.service[123012]: DEBUG oslo_concurrency.lockutils [None req-47dac889-847c-4b6d-8573-a0e0ef2ab111 tempest-DeleteServersTestJSON-464159370 tempest-DeleteServersTestJSON-464159370-project] Lock "f8df2cde-dfb3-4296-bec6-9291d21b17e1" "released" by "nova.context.set_target_cell..get_or_set_cached_cell_and_set_connections" :: held 0.000s {{(pid=123012) inner /usr/local/lib/python3.8/dist-packages/oslo_concurrency/lockutils.py:400}}
Nov 03 02:01:57.654744 dv-cinder-815614-3-iscsi devstack@n-api.service[123012]: DEBUG nova.policy [None req-47dac889-847c-4b6d-8573-a0e0ef2ab111 tempest-DeleteServersTestJSON-464159370 tempest-DeleteServersTestJSON-464159370-project] Policy check for os_compute_api:os-extended-server-attributes failed with credentials {'is_admin': False, 'user_id': 'f9ea14176dbb45ed9d561cd920cf46e4', 'user_domain_id': 'default', 'system_scope': None, 'domain_id': None, 'project_id': '76031e079d5240599980bd51be51f6e5', 'project_domain_id': 'default', 'roles': ['member', 'reader'], 'is_admin_project': True, 'service_user_id': None, 'service_user_domain_id': None, 'service_project_id': None, 'service_project_domain_id': None, 'service_roles': []} {{(pid=123012) authorize /opt/stack/nova/nova/policy.py:199}}
Nov 03 02:01:57.663193 dv-cinder-815614-3-iscsi devstack@n-api.service[123012]: INFO nova.api.openstack.requestlog [None req-47dac889-847c-4b6d-8573-a0e0ef2ab111 tempest-DeleteServersTestJSON-464159370 tempest-DeleteServersTestJSON-464159370-project] 10.222.0.30 "GET /compute/v2.1/servers/9213a9f9-14dc-4c34-9539-b7d0802418e0" status: 200 len: 1218 microversion: 2.1 time: 0.188886
Nov 03 02:01:57.674451 dv-cinder-815614-3-iscsi devstack@n-api.service[123012]: [pid: 123012|app: 0|req: 12/23] 10.222.0.30 () {58 vars in 1235 bytes} [Wed Nov 3 02:01:57 2021] GET /compute/v2.1/servers/9213a9f9-14dc-4c34-9539-b7d0802418e0 => generated 1218 bytes in 200 msecs (HTTP/1.1 200) 9 headers in 358 bytes (2 switches on core 0)
Nov 03 02:01:57.985242 dv-cinder-815614-3-iscsi devstack@n-api.service[123011]: DEBUG nova.virt.hardware [None req-b0a1afda-757a-4c4e-a3be-4376e9a9682e tempest-ServerRescueNegativeTestJSON-1530572445 tempest-ServerRescueNegativeTestJSON-1530572445-project] Flavor limits 0:0:0 {{(pid=123011) get_cpu_topology_constraints /opt/stack/nova/nova/virt/hardware.py:343}}
Nov 03 02:01:57.986032 dv-cinder-815614-3-iscsi devstack@n-api.service[123011]: DEBUG nova.virt.hardware [None req-b0a1afda-757a-4c4e-a3be-4376e9a9682e tempest-ServerRescueNegativeTestJSON-1530572445 tempest-ServerRescueNegativeTestJSON-1530572445-project] Image limits 0:0:0 {{(pid=123011) get_cpu_topology_constraints /opt/stack/nova/nova/virt/hardware.py:347}}
Nov 03 02:01:57.986409 dv-cinder-815614-3-iscsi devstack@n-api.service[123011]: DEBUG nova.virt.hardware [None req-b0a1afda-757a-4c4e-a3be-4376e9a9682e tempest-ServerRescueNegativeTestJSON-1530572445 tempest-ServerRescueNegativeTestJSON-1530572445-project] Flavor pref 0:0:0 {{(pid=123011) get_cpu_topology_constraints /opt/stack/nova/nova/virt/hardware.py:383}}
Nov 03 02:01:57.987344 dv-cinder-815614-3-iscsi devstack@n-api.service[123011]: DEBUG nova.virt.hardware [None req-b0a1afda-757a-4c4e-a3be-4376e9a9682e tempest-ServerRescueNegativeTestJSON-1530572445 tempest-ServerRescueNegativeTestJSON-1530572445-project] Image pref 0:0:0 {{(pid=123011) get_cpu_topology_constraints /opt/stack/nova/nova/virt/hardware.py:387}}
Nov 03 02:01:57.987766 dv-cinder-815614-3-iscsi devstack@n-api.service[123011]: DEBUG nova.virt.hardware [None req-b0a1afda-757a-4c4e-a3be-4376e9a9682e tempest-ServerRescueNegativeTestJSON-1530572445 tempest-ServerRescueNegativeTestJSON-1530572445-project] Chose sockets=0, cores=0, threads=0; limits were sockets=65536, cores=65536, threads=65536 {{(pid=123011) get_cpu_topology_constraints /opt/stack/nova/nova/virt/hardware.py:425}}
Nov 03 02:01:58.012416 dv-cinder-815614-3-iscsi devstack@n-api.service[123011]: DEBUG oslo_concurrency.lockutils [None req-b0a1afda-757a-4c4e-a3be-4376e9a9682e tempest-ServerRescueNegativeTestJSON-1530572445 tempest-ServerRescueNegativeTestJSON-1530572445-project] Lock "00000000-0000-0000-0000-000000000000" acquired by "nova.context.set_target_cell..get_or_set_cached_cell_and_set_connections" :: waited 0.000s {{(pid=123011) inner /usr/local/lib/python3.8/dist-packages/oslo_concurrency/lockutils.py:386}}
Nov 03 02:01:58.012862 dv-cinder-815614-3-iscsi devstack@n-api.service[123011]: DEBUG oslo_concurrency.lockutils [None req-b0a1afda-757a-4c4e-a3be-4376e9a9682e tempest-ServerRescueNegativeTestJSON-1530572445 tempest-ServerRescueNegativeTestJSON-1530572445-project] Lock "00000000-0000-0000-0000-000000000000" "released" by "nova.context.set_target_cell..get_or_set_cached_cell_and_set_connections" :: held 0.001s {{(pid=123011) inner /usr/local/lib/python3.8/dist-packages/oslo_concurrency/lockutils.py:400}}
Nov 03 02:01:58.013869 dv-cinder-815614-3-iscsi devstack@n-api.service[123011]: DEBUG oslo_concurrency.lockutils [None req-b0a1afda-757a-4c4e-a3be-4376e9a9682e tempest-ServerRescueNegativeTestJSON-1530572445 tempest-ServerRescueNegativeTestJSON-1530572445-project] Lock "f8df2cde-dfb3-4296-bec6-9291d21b17e1" acquired by "nova.context.set_target_cell..get_or_set_cached_cell_and_set_connections" :: waited 0.000s {{(pid=123011) inner /usr/local/lib/python3.8/dist-packages/oslo_concurrency/lockutils.py:386}}
Nov 03 02:01:58.014340 dv-cinder-815614-3-iscsi devstack@n-api.service[123011]: DEBUG oslo_concurrency.lockutils [None req-b0a1afda-757a-4c4e-a3be-4376e9a9682e tempest-ServerRescueNegativeTestJSON-1530572445 tempest-ServerRescueNegativeTestJSON-1530572445-project] Lock "f8df2cde-dfb3-4296-bec6-9291d21b17e1" "released" by "nova.context.set_target_cell..get_or_set_cached_cell_and_set_connections" :: held 0.000s {{(pid=123011) inner /usr/local/lib/python3.8/dist-packages/oslo_concurrency/lockutils.py:400}}
Nov 03 02:01:58.063890 dv-cinder-815614-3-iscsi devstack@n-api.service[123011]: DEBUG nova.quota [None req-b0a1afda-757a-4c4e-a3be-4376e9a9682e tempest-ServerRescueNegativeTestJSON-1530572445 tempest-ServerRescueNegativeTestJSON-1530572445-project] Getting quotas for project dcf02d32d2b4466f90bc61e38f1776a8. Resources: {'instances', 'ram', 'cores'} {{(pid=123011) _get_quotas /opt/stack/nova/nova/quota.py:387}}
Nov 03 02:01:58.074282 dv-cinder-815614-3-iscsi devstack@n-api.service[123011]: DEBUG nova.quota [None req-b0a1afda-757a-4c4e-a3be-4376e9a9682e tempest-ServerRescueNegativeTestJSON-1530572445 tempest-ServerRescueNegativeTestJSON-1530572445-project] Getting quotas for user c7a67d6b33834ba6b498e76c41abed93 and project dcf02d32d2b4466f90bc61e38f1776a8. Resources: {'instances', 'ram', 'cores'} {{(pid=123011) _get_quotas /opt/stack/nova/nova/quota.py:377}}
Nov 03 02:01:58.095590 dv-cinder-815614-3-iscsi devstack@n-api.service[123011]: DEBUG nova.compute.api [None req-b0a1afda-757a-4c4e-a3be-4376e9a9682e tempest-ServerRescueNegativeTestJSON-1530572445 tempest-ServerRescueNegativeTestJSON-1530572445-project] Going to run 1 instances... {{(pid=123011) _provision_instances /opt/stack/nova/nova/compute/api.py:1350}}
Nov 03 02:01:58.102816 dv-cinder-815614-3-iscsi devstack@n-api.service[123011]: DEBUG nova.compute.api [None req-b0a1afda-757a-4c4e-a3be-4376e9a9682e tempest-ServerRescueNegativeTestJSON-1530572445 tempest-ServerRescueNegativeTestJSON-1530572445-project] [instance: fe6fe0cb-1e19-4f19-84b4-15e0d56010fe] block_device_mapping [BlockDeviceMapping(attachment_id=,boot_index=0,connection_info=None,created_at=,delete_on_termination=True,deleted=,deleted_at=,destination_type='local',device_name=None,device_type='disk',disk_bus=None,guest_format=None,id=,image_id='1682ec66-71a9-4b18-b0e9-3b7e5bcf32b9',instance=,instance_uuid=,no_device=False,snapshot_id=None,source_type='image',tag=None,updated_at=,uuid=,volume_id=None,volume_size=None,volume_type=None)] {{(pid=123011) _bdm_validate_set_size_and_instance /opt/stack/nova/nova/compute/api.py:1757}}
Nov 03 02:01:58.352396 dv-cinder-815614-3-iscsi devstack@n-api.service[123012]: DEBUG nova.api.openstack.wsgi [None req-00a1ea98-3fc2-4e7b-b26f-8a39596e35ee tempest-VolumesSnapshotsTestJSON-846287355 tempest-VolumesSnapshotsTestJSON-846287355-project] Calling method '.version_select at 0x7f30c495adc0>' {{(pid=123012) _process_stack /opt/stack/nova/nova/api/openstack/wsgi.py:513}}
Nov 03 02:01:58.422830 dv-cinder-815614-3-iscsi devstack@n-api.service[123011]: INFO nova.api.openstack.requestlog [None req-b0a1afda-757a-4c4e-a3be-4376e9a9682e tempest-ServerRescueNegativeTestJSON-1530572445 tempest-ServerRescueNegativeTestJSON-1530572445-project] 10.222.0.30 "POST /compute/v2.1/servers" status: 202 len: 383 microversion: 2.1 time: 1.762824
Nov 03 02:01:58.424269 dv-cinder-815614-3-iscsi devstack@n-api.service[123011]: [pid: 123011|app: 0|req: 12/24] 10.222.0.30 () {60 vars in 1146 bytes} [Wed Nov 3 02:01:56 2021] POST /compute/v2.1/servers => generated 383 bytes in 1765 msecs (HTTP/1.1 202) 10 headers in 451 bytes (1 switches on core 0)
Nov 03 02:01:58.435042 dv-cinder-815614-3-iscsi devstack@n-api.service[123011]: DEBUG nova.api.openstack.wsgi [None req-5f2a9576-a96d-481c-a6b4-797ab88e5801 tempest-ServerRescueNegativeTestJSON-1530572445 tempest-ServerRescueNegativeTestJSON-1530572445-project] Calling method '>' {{(pid=123011) _process_stack /opt/stack/nova/nova/api/openstack/wsgi.py:513}}
Nov 03 02:01:58.436080 dv-cinder-815614-3-iscsi devstack@n-api.service[123011]: DEBUG nova.compute.api [None req-5f2a9576-a96d-481c-a6b4-797ab88e5801 tempest-ServerRescueNegativeTestJSON-1530572445 tempest-ServerRescueNegativeTestJSON-1530572445-project] [instance: fe6fe0cb-1e19-4f19-84b4-15e0d56010fe] Fetching instance by UUID {{(pid=123011) get /opt/stack/nova/nova/compute/api.py:2863}}
Nov 03 02:01:58.584767 dv-cinder-815614-3-iscsi devstack@n-api.service[123011]: DEBUG nova.policy [None req-5f2a9576-a96d-481c-a6b4-797ab88e5801 tempest-ServerRescueNegativeTestJSON-1530572445 tempest-ServerRescueNegativeTestJSON-1530572445-project] Policy check for os_compute_api:os-extended-server-attributes failed with credentials {'is_admin': False, 'user_id': 'c7a67d6b33834ba6b498e76c41abed93', 'user_domain_id': 'default', 'system_scope': None, 'domain_id': None, 'project_id': 'dcf02d32d2b4466f90bc61e38f1776a8', 'project_domain_id': 'default', 'roles': ['member', 'reader'], 'is_admin_project': True, 'service_user_id': None, 'service_user_domain_id': None, 'service_project_id': None, 'service_project_domain_id': None, 'service_roles': []} {{(pid=123011) authorize /opt/stack/nova/nova/policy.py:199}}
Nov 03 02:01:58.597075 dv-cinder-815614-3-iscsi devstack@n-api.service[123011]: INFO nova.api.openstack.requestlog [None req-5f2a9576-a96d-481c-a6b4-797ab88e5801 tempest-ServerRescueNegativeTestJSON-1530572445 tempest-ServerRescueNegativeTestJSON-1530572445-project] 10.222.0.30 "GET /compute/v2.1/servers/fe6fe0cb-1e19-4f19-84b4-15e0d56010fe" status: 200 len: 1222 microversion: 2.1 time: 0.162737
Nov 03 02:01:58.598660 dv-cinder-815614-3-iscsi devstack@n-api.service[123011]: [pid: 123011|app: 0|req: 13/25] 10.222.0.30 () {58 vars in 1235 bytes} [Wed Nov 3 02:01:58 2021] GET /compute/v2.1/servers/fe6fe0cb-1e19-4f19-84b4-15e0d56010fe => generated 1222 bytes in 168 msecs (HTTP/1.1 200) 9 headers in 358 bytes (2 switches on core 0)
Nov 03 02:01:58.685549 dv-cinder-815614-3-iscsi devstack@n-api.service[123011]: DEBUG nova.api.openstack.wsgi [None req-66f05e4d-eed7-4d53-ace6-8a54186a0dca tempest-DeleteServersTestJSON-464159370 tempest-DeleteServersTestJSON-464159370-project] Calling method '>' {{(pid=123011) _process_stack /opt/stack/nova/nova/api/openstack/wsgi.py:513}}
Nov 03 02:01:58.687044 dv-cinder-815614-3-iscsi devstack@n-api.service[123011]: DEBUG nova.compute.api [None req-66f05e4d-eed7-4d53-ace6-8a54186a0dca tempest-DeleteServersTestJSON-464159370 tempest-DeleteServersTestJSON-464159370-project] [instance: 9213a9f9-14dc-4c34-9539-b7d0802418e0] Fetching instance by UUID {{(pid=123011) get /opt/stack/nova/nova/compute/api.py:2863}}
Nov 03 02:01:58.699672 dv-cinder-815614-3-iscsi devstack@n-api.service[123011]: DEBUG oslo_concurrency.lockutils [None req-66f05e4d-eed7-4d53-ace6-8a54186a0dca tempest-DeleteServersTestJSON-464159370 tempest-DeleteServersTestJSON-464159370-project] Lock "f8df2cde-dfb3-4296-bec6-9291d21b17e1" acquired by "nova.context.set_target_cell..get_or_set_cached_cell_and_set_connections" :: waited 0.000s {{(pid=123011) inner /usr/local/lib/python3.8/dist-packages/oslo_concurrency/lockutils.py:386}}
Nov 03 02:01:58.703477 dv-cinder-815614-3-iscsi devstack@n-api.service[123011]: DEBUG oslo_concurrency.lockutils [None req-66f05e4d-eed7-4d53-ace6-8a54186a0dca tempest-DeleteServersTestJSON-464159370 tempest-DeleteServersTestJSON-464159370-project] Lock "f8df2cde-dfb3-4296-bec6-9291d21b17e1" "released" by "nova.context.set_target_cell..get_or_set_cached_cell_and_set_connections" :: held 0.001s {{(pid=123011) inner /usr/local/lib/python3.8/dist-packages/oslo_concurrency/lockutils.py:400}}
Nov 03 02:01:58.706556 dv-cinder-815614-3-iscsi devstack@n-api.service[123011]: DEBUG oslo_concurrency.lockutils [None req-66f05e4d-eed7-4d53-ace6-8a54186a0dca tempest-DeleteServersTestJSON-464159370 tempest-DeleteServersTestJSON-464159370-project] Lock "f8df2cde-dfb3-4296-bec6-9291d21b17e1" acquired by "nova.context.set_target_cell..get_or_set_cached_cell_and_set_connections" :: waited 0.000s {{(pid=123011) inner /usr/local/lib/python3.8/dist-packages/oslo_concurrency/lockutils.py:386}}
Nov 03 02:01:58.707639 dv-cinder-815614-3-iscsi devstack@n-api.service[123011]: DEBUG oslo_concurrency.lockutils [None req-66f05e4d-eed7-4d53-ace6-8a54186a0dca tempest-DeleteServersTestJSON-464159370 tempest-DeleteServersTestJSON-464159370-project] Lock "f8df2cde-dfb3-4296-bec6-9291d21b17e1" "released" by "nova.context.set_target_cell..get_or_set_cached_cell_and_set_connections" :: held 0.002s {{(pid=123011) inner /usr/local/lib/python3.8/dist-packages/oslo_concurrency/lockutils.py:400}}
Nov 03 02:01:58.937740 dv-cinder-815614-3-iscsi devstack@n-api.service[123011]: DEBUG nova.policy [None req-66f05e4d-eed7-4d53-ace6-8a54186a0dca tempest-DeleteServersTestJSON-464159370 tempest-DeleteServersTestJSON-464159370-project] Policy check for os_compute_api:os-extended-server-attributes failed with credentials {'is_admin': False, 'user_id': 'f9ea14176dbb45ed9d561cd920cf46e4', 'user_domain_id': 'default', 'system_scope': None, 'domain_id': None, 'project_id': '76031e079d5240599980bd51be51f6e5', 'project_domain_id': 'default', 'roles': ['member', 'reader'], 'is_admin_project': True, 'service_user_id': None, 'service_user_domain_id': None, 'service_project_id': None, 'service_project_domain_id': None, 'service_roles': []} {{(pid=123011) authorize /opt/stack/nova/nova/policy.py:199}}
Nov 03 02:01:58.964271 dv-cinder-815614-3-iscsi devstack@n-api.service[123011]: INFO nova.api.openstack.requestlog [None req-66f05e4d-eed7-4d53-ace6-8a54186a0dca tempest-DeleteServersTestJSON-464159370 tempest-DeleteServersTestJSON-464159370-project] 10.222.0.30 "GET /compute/v2.1/servers/9213a9f9-14dc-4c34-9539-b7d0802418e0" status: 200 len: 1266 microversion: 2.1 time: 0.284782
