Nov 01 01:06:05.390008 dv-cinder-815614-2-smb devstack@c-api.service[108300]: INFO cinder.api.openstack.wsgi [None req-a110a5b1-bfcc-4c4f-a958-d272f8b31e37 tempest-GroupSnapshotsTest-1741128 tempest-GroupSnapshotsTest-1741128-project] GET http://10.222.0.11/volume/v3/f84053e9b6654e39b191e58c38c76141/volumes/4e52fc9c-c9a7-4402-9f23-fa03d5547993
Nov 01 01:06:05.392415 dv-cinder-815614-2-smb devstack@c-api.service[108300]: DEBUG cinder.api.openstack.wsgi [None req-a110a5b1-bfcc-4c4f-a958-d272f8b31e37 tempest-GroupSnapshotsTest-1741128 tempest-GroupSnapshotsTest-1741128-project] Empty body provided in request {{(pid=108300) get_body /opt/stack/cinder/cinder/api/openstack/wsgi.py:703}}
Nov 01 01:06:05.395416 dv-cinder-815614-2-smb devstack@c-api.service[108300]: /usr/local/lib/python3.8/dist-packages/webob/acceptparse.py:1047: DeprecationWarning: The behavior of AcceptValidHeader.best_match is currently being maintained for backward compatibility, but it will be deprecated in the future, as it does not conform to the RFC.
Nov 01 01:06:05.395416 dv-cinder-815614-2-smb devstack@c-api.service[108300]: warnings.warn(
Nov 01 01:06:05.399712 dv-cinder-815614-2-smb devstack@c-api.service[108300]: DEBUG cinder.api.openstack.wsgi [None req-a110a5b1-bfcc-4c4f-a958-d272f8b31e37 tempest-GroupSnapshotsTest-1741128 tempest-GroupSnapshotsTest-1741128-project] Calling method 'show' {{(pid=108300) _process_stack /opt/stack/cinder/cinder/api/openstack/wsgi.py:856}}
Nov 01 01:06:05.428597 dv-cinder-815614-2-smb devstack@c-api.service[108301]: INFO cinder.volume.api [None req-30c24cc5-2ff6-4366-8d4a-eab05ba21c82 tempest-VolumesDeleteCascade-1867897823 tempest-VolumesDeleteCascade-1867897823-project] Get all volumes completed successfully.
Nov 01 01:06:05.433041 dv-cinder-815614-2-smb devstack@c-api.service[108301]: INFO cinder.api.openstack.wsgi [None req-30c24cc5-2ff6-4366-8d4a-eab05ba21c82 tempest-VolumesDeleteCascade-1867897823 tempest-VolumesDeleteCascade-1867897823-project] http://10.222.0.11/volume/v3/efcf608612354536b2531418b648b204/volumes returned with HTTP 200
Nov 01 01:06:05.437205 dv-cinder-815614-2-smb devstack@c-api.service[108301]: [pid: 108301|app: 0|req: 79/139] 10.222.0.11 () {58 vars in 1213 bytes} [Mon Nov 1 01:06:05 2021] GET /volume/v3/efcf608612354536b2531418b648b204/volumes => generated 15 bytes in 125 msecs (HTTP/1.1 200) 7 headers in 284 bytes (1 switches on core 0)
Nov 01 01:06:05.446260 dv-cinder-815614-2-smb devstack@c-api.service[108301]: INFO cinder.api.openstack.wsgi [None req-28aed51d-7e73-4ee7-9bdb-ac1eb9b8a844 tempest-VolumesDeleteCascade-1867897823 tempest-VolumesDeleteCascade-1867897823-project] GET http://10.222.0.11/volume/v3/efcf608612354536b2531418b648b204/snapshots
Nov 01 01:06:05.449791 dv-cinder-815614-2-smb devstack@c-api.service[108301]: DEBUG cinder.api.openstack.wsgi [None req-28aed51d-7e73-4ee7-9bdb-ac1eb9b8a844 tempest-VolumesDeleteCascade-1867897823 tempest-VolumesDeleteCascade-1867897823-project] Empty body provided in request {{(pid=108301) get_body /opt/stack/cinder/cinder/api/openstack/wsgi.py:703}}
Nov 01 01:06:05.450416 dv-cinder-815614-2-smb devstack@c-api.service[108301]: DEBUG cinder.api.openstack.wsgi [None req-28aed51d-7e73-4ee7-9bdb-ac1eb9b8a844 tempest-VolumesDeleteCascade-1867897823 tempest-VolumesDeleteCascade-1867897823-project] Calling method 'index' {{(pid=108301) _process_stack /opt/stack/cinder/cinder/api/openstack/wsgi.py:856}}
Nov 01 01:06:05.451082 dv-cinder-815614-2-smb devstack@c-api.service[108301]: DEBUG cinder.api.api_utils [None req-28aed51d-7e73-4ee7-9bdb-ac1eb9b8a844 tempest-VolumesDeleteCascade-1867897823 tempest-VolumesDeleteCascade-1867897823-project] Removing options '' from query. {{(pid=108301) remove_invalid_filter_options /opt/stack/cinder/cinder/api/api_utils.py:73}}
Nov 01 01:06:05.453626 dv-cinder-815614-2-smb devstack@c-api.service[108301]: DEBUG cinder.db.sqlalchemy.api [None req-28aed51d-7e73-4ee7-9bdb-ac1eb9b8a844 tempest-VolumesDeleteCascade-1867897823 tempest-VolumesDeleteCascade-1867897823-project] Building query based on filter {{(pid=108301) _process_snaps_filters /opt/stack/cinder/cinder/db/sqlalchemy/api.py:3141}}
Nov 01 01:06:05.457634 dv-cinder-815614-2-smb devstack@c-api.service[108300]: /usr/local/lib/python3.8/dist-packages/oslo_context/context.py:105: DeprecationWarning: Policy enforcement is depending on the value of is_admin. This key is deprecated. Please update your policy file to use the standard policy values.
Nov 01 01:06:05.457634 dv-cinder-815614-2-smb devstack@c-api.service[108300]: warnings.warn('Policy enforcement is depending on the value of '
Nov 01 01:06:05.466437 dv-cinder-815614-2-smb devstack@c-api.service[108301]: INFO cinder.volume.api [None req-28aed51d-7e73-4ee7-9bdb-ac1eb9b8a844 tempest-VolumesDeleteCascade-1867897823 tempest-VolumesDeleteCascade-1867897823-project] Get all snapshots completed successfully.
Nov 01 01:06:05.467037 dv-cinder-815614-2-smb devstack@c-api.service[108301]: INFO cinder.api.openstack.wsgi [None req-28aed51d-7e73-4ee7-9bdb-ac1eb9b8a844 tempest-VolumesDeleteCascade-1867897823 tempest-VolumesDeleteCascade-1867897823-project] http://10.222.0.11/volume/v3/efcf608612354536b2531418b648b204/snapshots returned with HTTP 200
Nov 01 01:06:05.471201 dv-cinder-815614-2-smb devstack@c-api.service[108301]: [pid: 108301|app: 0|req: 80/140] 10.222.0.11 () {58 vars in 1219 bytes} [Mon Nov 1 01:06:05 2021] GET /volume/v3/efcf608612354536b2531418b648b204/snapshots => generated 17 bytes in 30 msecs (HTTP/1.1 200) 7 headers in 284 bytes (1 switches on core 0)
Nov 01 01:06:05.483329 dv-cinder-815614-2-smb devstack@c-api.service[108301]: INFO cinder.api.openstack.wsgi [None req-ce17891b-f33f-4644-bfce-e61bc7c2d746 tempest-VolumesDeleteCascade-1867897823 tempest-VolumesDeleteCascade-1867897823-project] POST http://10.222.0.11/volume/v3/efcf608612354536b2531418b648b204/volumes
Nov 01 01:06:05.484752 dv-cinder-815614-2-smb devstack@c-api.service[108301]: DEBUG cinder.api.openstack.wsgi [None req-ce17891b-f33f-4644-bfce-e61bc7c2d746 tempest-VolumesDeleteCascade-1867897823 tempest-VolumesDeleteCascade-1867897823-project] Action: 'create', calling method: create, body: {"volume": {"size": 1, "name": "tempest-VolumesDeleteCascade-Volume-1954397559"}} {{(pid=108301) _process_stack /opt/stack/cinder/cinder/api/openstack/wsgi.py:854}}
Nov 01 01:06:05.487593 dv-cinder-815614-2-smb devstack@c-api.service[108301]: DEBUG cinder.api.v3.volumes [None req-ce17891b-f33f-4644-bfce-e61bc7c2d746 tempest-VolumesDeleteCascade-1867897823 tempest-VolumesDeleteCascade-1867897823-project] Create volume request body: {'volume': {'size': 1, 'name': 'tempest-VolumesDeleteCascade-Volume-1954397559'}} {{(pid=108301) create /opt/stack/cinder/cinder/api/v3/volumes.py:298}}
Nov 01 01:06:05.488508 dv-cinder-815614-2-smb devstack@c-api.service[108301]: INFO cinder.api.v3.volumes [None req-ce17891b-f33f-4644-bfce-e61bc7c2d746 tempest-VolumesDeleteCascade-1867897823 tempest-VolumesDeleteCascade-1867897823-project] Create volume of 1 GB
Nov 01 01:06:05.489479 dv-cinder-815614-2-smb devstack@c-api.service[108300]: INFO cinder.volume.api [None req-a110a5b1-bfcc-4c4f-a958-d272f8b31e37 tempest-GroupSnapshotsTest-1741128 tempest-GroupSnapshotsTest-1741128-project] Volume info retrieved successfully.
Nov 01 01:06:05.497540 dv-cinder-815614-2-smb devstack@c-api.service[108300]: WARNING stevedore.named [None req-a110a5b1-bfcc-4c4f-a958-d272f8b31e37 tempest-GroupSnapshotsTest-1741128 tempest-GroupSnapshotsTest-1741128-project] Could not load cinder.keymgr.conf_key_mgr.ConfKeyManager
Nov 01 01:06:05.499288 dv-cinder-815614-2-smb devstack@c-api.service[108300]: WARNING castellan.key_manager [None req-a110a5b1-bfcc-4c4f-a958-d272f8b31e37 tempest-GroupSnapshotsTest-1741128 tempest-GroupSnapshotsTest-1741128-project] Deprecation Warning : cinder.keymgr.conf_key_mgr.ConfKeyManager is not a stevedore based driver, trying to load it as a class: stevedore.exception.NoMatches: No 'castellan.drivers' driver found, looking for 'cinder.keymgr.conf_key_mgr.ConfKeyManager'
Nov 01 01:06:05.502024 dv-cinder-815614-2-smb devstack@c-api.service[108301]: INFO cinder.volume.api [None req-ce17891b-f33f-4644-bfce-e61bc7c2d746 tempest-VolumesDeleteCascade-1867897823 tempest-VolumesDeleteCascade-1867897823-project] Availability Zones retrieved successfully.
Nov 01 01:06:05.522059 dv-cinder-815614-2-smb devstack@c-api.service[108301]: DEBUG cinder.volume.api [None req-ce17891b-f33f-4644-bfce-e61bc7c2d746 tempest-VolumesDeleteCascade-1867897823 tempest-VolumesDeleteCascade-1867897823-project] Flow 'volume_create_api' (5780d51d-171e-4cc2-bbfe-9c9665bb8104) transitioned into state 'RUNNING' from state 'PENDING' {{(pid=108301) _flow_receiver /usr/local/lib/python3.8/dist-packages/taskflow/listeners/logging.py:141}}
Nov 01 01:06:05.525874 dv-cinder-815614-2-smb devstack@c-api.service[108301]: DEBUG cinder.volume.api [None req-ce17891b-f33f-4644-bfce-e61bc7c2d746 tempest-VolumesDeleteCascade-1867897823 tempest-VolumesDeleteCascade-1867897823-project] Task 'cinder.volume.flows.api.create_volume.ExtractVolumeRequestTask;volume:create' (bd8c0dcf-643a-4bf3-94d1-cb1b82ce358b) transitioned into state 'RUNNING' from state 'PENDING' {{(pid=108301) _task_receiver /usr/local/lib/python3.8/dist-packages/taskflow/listeners/logging.py:190}}
Nov 01 01:06:05.526817 dv-cinder-815614-2-smb devstack@c-api.service[108300]: DEBUG oslo_db.sqlalchemy.engines [None req-a110a5b1-bfcc-4c4f-a958-d272f8b31e37 tempest-GroupSnapshotsTest-1741128 tempest-GroupSnapshotsTest-1741128-project] MySQL server mode set to STRICT_TRANS_TABLES,STRICT_ALL_TABLES,NO_ZERO_IN_DATE,NO_ZERO_DATE,ERROR_FOR_DIVISION_BY_ZERO,TRADITIONAL,NO_ENGINE_SUBSTITUTION {{(pid=108300) _check_effective_sql_mode /usr/local/lib/python3.8/dist-packages/oslo_db/sqlalchemy/engines.py:314}}
Nov 01 01:06:05.530280 dv-cinder-815614-2-smb devstack@c-api.service[108301]: DEBUG cinder.volume.flows.api.create_volume [None req-ce17891b-f33f-4644-bfce-e61bc7c2d746 tempest-VolumesDeleteCascade-1867897823 tempest-VolumesDeleteCascade-1867897823-project] Validating volume size '1' using validate_int {{(pid=108301) _extract_size /opt/stack/cinder/cinder/volume/flows/api/create_volume.py:225}}
Nov 01 01:06:05.545046 dv-cinder-815614-2-smb devstack@c-api.service[108300]: /usr/local/lib/python3.8/dist-packages/oslo_context/context.py:105: DeprecationWarning: Policy enforcement is depending on the value of is_admin. This key is deprecated. Please update your policy file to use the standard policy values.
Nov 01 01:06:05.545046 dv-cinder-815614-2-smb devstack@c-api.service[108300]: warnings.warn('Policy enforcement is depending on the value of '
Nov 01 01:06:05.595104 dv-cinder-815614-2-smb devstack@c-api.service[108301]: DEBUG cinder.volume.api [None req-ce17891b-f33f-4644-bfce-e61bc7c2d746 tempest-VolumesDeleteCascade-1867897823 tempest-VolumesDeleteCascade-1867897823-project] Task 'cinder.volume.flows.api.create_volume.ExtractVolumeRequestTask;volume:create' (bd8c0dcf-643a-4bf3-94d1-cb1b82ce358b) transitioned into state 'SUCCESS' from state 'RUNNING' with result '{'size': 1, 'snapshot_id': None, 'source_volid': None, 'volume_type': VolumeType(created_at=2021-11-01T00:56:11Z,deleted=False,deleted_at=None,description='Default Volume Type',extra_specs={},id=ea4db879-0d2d-4b92-bd33-08edbcd61029,is_public=True,name='__DEFAULT__',projects=[],qos_specs=,qos_specs_id=None,updated_at=2021-11-01T00:56:11Z), 'volume_type_id': 'ea4db879-0d2d-4b92-bd33-08edbcd61029', 'encryption_key_id': None, 'qos_specs': None, 'consistencygroup_id': None, 'cgsnapshot_id': None, 'group_id': None, 'replication_status': 'disabled', 'refresh_az': False, 'backup_id': None, 'multiattach': False, 'availability_zones': ['nova']}' {{(pid=108301) _task_receiver /usr/local/lib/python3.8/dist-packages/taskflow/listeners/logging.py:178}}
Nov 01 01:06:05.597150 dv-cinder-815614-2-smb devstack@c-api.service[108301]: DEBUG cinder.volume.api [None req-ce17891b-f33f-4644-bfce-e61bc7c2d746 tempest-VolumesDeleteCascade-1867897823 tempest-VolumesDeleteCascade-1867897823-project] Task 'cinder.volume.flows.api.create_volume.QuotaReserveTask;volume:create' (6f23e1c5-05cf-4049-a323-51dc344f8704) transitioned into state 'RUNNING' from state 'PENDING' {{(pid=108301) _task_receiver /usr/local/lib/python3.8/dist-packages/taskflow/listeners/logging.py:190}}
Nov 01 01:06:05.605206 dv-cinder-815614-2-smb devstack@c-api.service[108300]: INFO cinder.api.openstack.wsgi [None req-a110a5b1-bfcc-4c4f-a958-d272f8b31e37 tempest-GroupSnapshotsTest-1741128 tempest-GroupSnapshotsTest-1741128-project] http://10.222.0.11/volume/v3/f84053e9b6654e39b191e58c38c76141/volumes/4e52fc9c-c9a7-4402-9f23-fa03d5547993 returned with HTTP 200
Nov 01 01:06:05.614555 dv-cinder-815614-2-smb devstack@c-api.service[108300]: [pid: 108300|app: 0|req: 61/141] 10.222.0.11 () {60 vars in 1365 bytes} [Mon Nov 1 01:06:05 2021] GET /volume/v3/f84053e9b6654e39b191e58c38c76141/volumes/4e52fc9c-c9a7-4402-9f23-fa03d5547993 => generated 991 bytes in 235 msecs (HTTP/1.1 200) 7 headers in 286 bytes (2 switches on core 0)
Nov 01 01:06:05.701690 dv-cinder-815614-2-smb devstack@c-api.service[108301]: DEBUG cinder.quota [None req-ce17891b-f33f-4644-bfce-e61bc7c2d746 tempest-VolumesDeleteCascade-1867897823 tempest-VolumesDeleteCascade-1867897823-project] Created reservations ['c2874785-d2e9-4638-8d29-a4e39ea4a634', 'e1ee0e18-d5a0-4c3e-b03d-3768413899e5', 'd948c4dd-c6ab-4a8b-a27e-cfb007765874', '0952d2eb-0b37-4a33-8ab1-81e7d5bffb1d'] {{(pid=108301) reserve /opt/stack/cinder/cinder/quota.py:755}}
Nov 01 01:06:05.704694 dv-cinder-815614-2-smb devstack@c-api.service[108301]: DEBUG cinder.volume.api [None req-ce17891b-f33f-4644-bfce-e61bc7c2d746 tempest-VolumesDeleteCascade-1867897823 tempest-VolumesDeleteCascade-1867897823-project] Task 'cinder.volume.flows.api.create_volume.QuotaReserveTask;volume:create' (6f23e1c5-05cf-4049-a323-51dc344f8704) transitioned into state 'SUCCESS' from state 'RUNNING' with result '{'reservations': ['c2874785-d2e9-4638-8d29-a4e39ea4a634', 'e1ee0e18-d5a0-4c3e-b03d-3768413899e5', 'd948c4dd-c6ab-4a8b-a27e-cfb007765874', '0952d2eb-0b37-4a33-8ab1-81e7d5bffb1d']}' {{(pid=108301) _task_receiver /usr/local/lib/python3.8/dist-packages/taskflow/listeners/logging.py:178}}
Nov 01 01:06:05.708135 dv-cinder-815614-2-smb devstack@c-api.service[108301]: DEBUG cinder.volume.api [None req-ce17891b-f33f-4644-bfce-e61bc7c2d746 tempest-VolumesDeleteCascade-1867897823 tempest-VolumesDeleteCascade-1867897823-project] Task 'cinder.volume.flows.api.create_volume.EntryCreateTask;volume:create' (c89f41d4-cec8-4974-9863-42d28218d467) transitioned into state 'RUNNING' from state 'PENDING' {{(pid=108301) _task_receiver /usr/local/lib/python3.8/dist-packages/taskflow/listeners/logging.py:190}}
Nov 01 01:06:05.762513 dv-cinder-815614-2-smb devstack@c-api.service[108301]: DEBUG cinder.volume.api [None req-ce17891b-f33f-4644-bfce-e61bc7c2d746 tempest-VolumesDeleteCascade-1867897823 tempest-VolumesDeleteCascade-1867897823-project] Task 'cinder.volume.flows.api.create_volume.EntryCreateTask;volume:create' (c89f41d4-cec8-4974-9863-42d28218d467) transitioned into state 'SUCCESS' from state 'RUNNING' with result '{'volume_id': 'ff039959-a053-4bfe-b8c1-5c69bdb4d467', 'volume_properties': VolumeProperties(attach_status='detached',availability_zone='nova',cgsnapshot_id=None,consistencygroup_id=None,display_description=None,display_name='tempest-VolumesDeleteCascade-Volume-1954397559',encryption_key_id=None,group_id=None,group_type_id=,metadata={},multiattach=False,project_id='efcf608612354536b2531418b648b204',qos_specs=None,replication_status=,reservations=['c2874785-d2e9-4638-8d29-a4e39ea4a634','e1ee0e18-d5a0-4c3e-b03d-3768413899e5','d948c4dd-c6ab-4a8b-a27e-cfb007765874','0952d2eb-0b37-4a33-8ab1-81e7d5bffb1d'],size=1,snapshot_id=None,source_replicaid=,source_volid=None,status='creating',user_id='3265a9d202574ffaba4944ccf245d047',volume_type_id=ea4db879-0d2d-4b92-bd33-08edbcd61029), 'volume': Volume(_name_id=None,admin_metadata=,attach_status='detached',availability_zone='nova',bootable=False,cluster=,cluster_name=None,consistencygroup=,consistencygroup_id=None,created_at=2021-11-01T01:06:05Z,deleted=False,deleted_at=None,display_description=None,display_name='tempest-VolumesDeleteCascade-Volume-1954397559',ec2_id=None,encryption_key_id=None,glance_metadata=,group=,group_id=None,host=None,id=ff039959-a053-4bfe-b8c1-5c69bdb4d467,launched_at=None,metadata={},migration_status=None,multiattach=False,previous_status=None,project_id='efcf608612354536b2531418b648b204',provider_auth=None,provider_geometry=None,provider_id=None,provider_location=None,replication_driver_data=None,replication_extended_status=None,replication_status=None,scheduled_at=None,service_uuid=None,shared_targets=True,size=1,snapshot_id=None,snapshots=,source_volid=None,status='creating',terminated_at=None,updated_at=None,use_quota=True,user_id='3265a9d202574ffaba4944ccf245d047',volume_attachment=VolumeAttachmentList,volume_type=VolumeType(ea4db879-0d2d-4b92-bd33-08edbcd61029),volume_type_id=ea4db879-0d2d-4b92-bd33-08edbcd61029)}' {{(pid=108301) _task_receiver /usr/local/lib/python3.8/dist-packages/taskflow/listeners/logging.py:178}}
Nov 01 01:06:05.766556 dv-cinder-815614-2-smb devstack@c-api.service[108301]: DEBUG cinder.volume.api [None req-ce17891b-f33f-4644-bfce-e61bc7c2d746 tempest-VolumesDeleteCascade-1867897823 tempest-VolumesDeleteCascade-1867897823-project] Task 'cinder.volume.flows.api.create_volume.QuotaCommitTask;volume:create' (4575b21c-9320-452d-b606-0fe76f222132) transitioned into state 'RUNNING' from state 'PENDING' {{(pid=108301) _task_receiver /usr/local/lib/python3.8/dist-packages/taskflow/listeners/logging.py:190}}
Nov 01 01:06:05.822346 dv-cinder-815614-2-smb devstack@c-api.service[108301]: DEBUG cinder.volume.api [None req-ce17891b-f33f-4644-bfce-e61bc7c2d746 tempest-VolumesDeleteCascade-1867897823 tempest-VolumesDeleteCascade-1867897823-project] Task 'cinder.volume.flows.api.create_volume.QuotaCommitTask;volume:create' (4575b21c-9320-452d-b606-0fe76f222132) transitioned into state 'SUCCESS' from state 'RUNNING' with result '{'volume_properties': VolumeProperties(attach_status='detached',availability_zone='nova',cgsnapshot_id=None,consistencygroup_id=None,display_description=None,display_name='tempest-VolumesDeleteCascade-Volume-1954397559',encryption_key_id=None,group_id=None,group_type_id=,metadata={},multiattach=False,project_id='efcf608612354536b2531418b648b204',qos_specs=None,replication_status=,reservations=['c2874785-d2e9-4638-8d29-a4e39ea4a634','e1ee0e18-d5a0-4c3e-b03d-3768413899e5','d948c4dd-c6ab-4a8b-a27e-cfb007765874','0952d2eb-0b37-4a33-8ab1-81e7d5bffb1d'],size=1,snapshot_id=None,source_replicaid=,source_volid=None,status='creating',user_id='3265a9d202574ffaba4944ccf245d047',volume_type_id=ea4db879-0d2d-4b92-bd33-08edbcd61029)}' {{(pid=108301) _task_receiver /usr/local/lib/python3.8/dist-packages/taskflow/listeners/logging.py:178}}
Nov 01 01:06:05.826112 dv-cinder-815614-2-smb devstack@c-api.service[108301]: DEBUG cinder.volume.api [None req-ce17891b-f33f-4644-bfce-e61bc7c2d746 tempest-VolumesDeleteCascade-1867897823 tempest-VolumesDeleteCascade-1867897823-project] Task 'cinder.volume.flows.api.create_volume.VolumeCastTask;volume:create' (9f326896-b238-4dbd-a661-0184d3ed3597) transitioned into state 'RUNNING' from state 'PENDING' {{(pid=108301) _task_receiver /usr/local/lib/python3.8/dist-packages/taskflow/listeners/logging.py:190}}
Nov 01 01:06:05.857644 dv-cinder-815614-2-smb devstack@c-api.service[108301]: DEBUG cinder.volume.api [None req-ce17891b-f33f-4644-bfce-e61bc7c2d746 tempest-VolumesDeleteCascade-1867897823 tempest-VolumesDeleteCascade-1867897823-project] Task 'cinder.volume.flows.api.create_volume.VolumeCastTask;volume:create' (9f326896-b238-4dbd-a661-0184d3ed3597) transitioned into state 'SUCCESS' from state 'RUNNING' with result 'None' {{(pid=108301) _task_receiver /usr/local/lib/python3.8/dist-packages/taskflow/listeners/logging.py:178}}
Nov 01 01:06:05.861733 dv-cinder-815614-2-smb devstack@c-api.service[108301]: DEBUG cinder.volume.api [None req-ce17891b-f33f-4644-bfce-e61bc7c2d746 tempest-VolumesDeleteCascade-1867897823 tempest-VolumesDeleteCascade-1867897823-project] Flow 'volume_create_api' (5780d51d-171e-4cc2-bbfe-9c9665bb8104) transitioned into state 'SUCCESS' from state 'RUNNING' {{(pid=108301) _flow_receiver /usr/local/lib/python3.8/dist-packages/taskflow/listeners/logging.py:141}}
Nov 01 01:06:05.863338 dv-cinder-815614-2-smb devstack@c-api.service[108301]: INFO cinder.volume.api [None req-ce17891b-f33f-4644-bfce-e61bc7c2d746 tempest-VolumesDeleteCascade-1867897823 tempest-VolumesDeleteCascade-1867897823-project] Create volume request issued successfully.
Nov 01 01:06:05.865670 dv-cinder-815614-2-smb devstack@c-api.service[108301]: INFO cinder.api.openstack.wsgi [None req-ce17891b-f33f-4644-bfce-e61bc7c2d746 tempest-VolumesDeleteCascade-1867897823 tempest-VolumesDeleteCascade-1867897823-project] http://10.222.0.11/volume/v3/efcf608612354536b2531418b648b204/volumes returned with HTTP 202
Nov 01 01:06:05.871233 dv-cinder-815614-2-smb devstack@c-api.service[108301]: [pid: 108301|app: 0|req: 81/142] 10.222.0.11 () {60 vars in 1234 bytes} [Mon Nov 1 01:06:05 2021] POST /volume/v3/efcf608612354536b2531418b648b204/volumes => generated 820 bytes in 393 msecs (HTTP/1.1 202) 7 headers in 291 bytes (2 switches on core 0)
Nov 01 01:06:05.883609 dv-cinder-815614-2-smb devstack@c-api.service[108300]: INFO cinder.api.openstack.wsgi [None req-1cea32f9-097c-429e-a3ab-bb7d8605467b tempest-VolumesDeleteCascade-1867897823 tempest-VolumesDeleteCascade-1867897823-project] GET http://10.222.0.11/volume/v3/efcf608612354536b2531418b648b204/volumes/ff039959-a053-4bfe-b8c1-5c69bdb4d467
Nov 01 01:06:05.884448 dv-cinder-815614-2-smb devstack@c-api.service[108300]: DEBUG cinder.api.openstack.wsgi [None req-1cea32f9-097c-429e-a3ab-bb7d8605467b tempest-VolumesDeleteCascade-1867897823 tempest-VolumesDeleteCascade-1867897823-project] Empty body provided in request {{(pid=108300) get_body /opt/stack/cinder/cinder/api/openstack/wsgi.py:703}}
Nov 01 01:06:05.884679 dv-cinder-815614-2-smb devstack@c-api.service[108300]: /usr/local/lib/python3.8/dist-packages/webob/acceptparse.py:1047: DeprecationWarning: The behavior of AcceptValidHeader.best_match is currently being maintained for backward compatibility, but it will be deprecated in the future, as it does not conform to the RFC.
Nov 01 01:06:05.884679 dv-cinder-815614-2-smb devstack@c-api.service[108300]: warnings.warn(
Nov 01 01:06:05.885533 dv-cinder-815614-2-smb devstack@c-api.service[108300]: DEBUG cinder.api.openstack.wsgi [None req-1cea32f9-097c-429e-a3ab-bb7d8605467b tempest-VolumesDeleteCascade-1867897823 tempest-VolumesDeleteCascade-1867897823-project] Calling method 'show' {{(pid=108300) _process_stack /opt/stack/cinder/cinder/api/openstack/wsgi.py:856}}
Nov 01 01:06:05.940467 dv-cinder-815614-2-smb devstack@c-api.service[108300]: /usr/local/lib/python3.8/dist-packages/oslo_context/context.py:105: DeprecationWarning: Policy enforcement is depending on the value of is_admin. This key is deprecated. Please update your policy file to use the standard policy values.
Nov 01 01:06:05.940467 dv-cinder-815614-2-smb devstack@c-api.service[108300]: warnings.warn('Policy enforcement is depending on the value of '
Nov 01 01:06:05.967411 dv-cinder-815614-2-smb devstack@c-api.service[108300]: INFO cinder.volume.api [None req-1cea32f9-097c-429e-a3ab-bb7d8605467b tempest-VolumesDeleteCascade-1867897823 tempest-VolumesDeleteCascade-1867897823-project] Volume info retrieved successfully.
Nov 01 01:06:06.007212 dv-cinder-815614-2-smb devstack@c-api.service[108300]: INFO cinder.api.openstack.wsgi [None req-1cea32f9-097c-429e-a3ab-bb7d8605467b tempest-VolumesDeleteCascade-1867897823 tempest-VolumesDeleteCascade-1867897823-project] http://10.222.0.11/volume/v3/efcf608612354536b2531418b648b204/volumes/ff039959-a053-4bfe-b8c1-5c69bdb4d467 returned with HTTP 200
Nov 01 01:06:06.008725 dv-cinder-815614-2-smb devstack@c-api.service[108300]: [pid: 108300|app: 0|req: 62/143] 10.222.0.11 () {58 vars in 1324 bytes} [Mon Nov 1 01:06:05 2021] GET /volume/v3/efcf608612354536b2531418b648b204/volumes/ff039959-a053-4bfe-b8c1-5c69bdb4d467 => generated 888 bytes in 132 msecs (HTTP/1.1 200) 7 headers in 285 bytes (2 switches on core 0)
Nov 01 01:06:06.325228 dv-cinder-815614-2-smb devstack@c-api.service[108301]: INFO cinder.api.openstack.wsgi [None req-a86b04e7-345d-421e-80d2-2df00f35b927 tempest-SnapshotsActionsTest-1797966734 tempest-SnapshotsActionsTest-1797966734-project] GET http://10.222.0.11/volume/v3/5a11d96a2e184201a1a8ce7a31714164/snapshots/92c6de20-6fb0-4b11-a8ff-f8b8e4266947
Nov 01 01:06:06.326844 dv-cinder-815614-2-smb devstack@c-api.service[108301]: DEBUG cinder.api.openstack.wsgi [None req-a86b04e7-345d-421e-80d2-2df00f35b927 tempest-SnapshotsActionsTest-1797966734 tempest-SnapshotsActionsTest-1797966734-project] Empty body provided in request {{(pid=108301) get_body /opt/stack/cinder/cinder/api/openstack/wsgi.py:703}}
Nov 01 01:06:06.327316 dv-cinder-815614-2-smb devstack@c-api.service[108301]: /usr/local/lib/python3.8/dist-packages/webob/acceptparse.py:1047: DeprecationWarning: The behavior of AcceptValidHeader.best_match is currently being maintained for backward compatibility, but it will be deprecated in the future, as it does not conform to the RFC.
Nov 01 01:06:06.327316 dv-cinder-815614-2-smb devstack@c-api.service[108301]: warnings.warn(
Nov 01 01:06:06.328079 dv-cinder-815614-2-smb devstack@c-api.service[108301]: DEBUG cinder.api.openstack.wsgi [None req-a86b04e7-345d-421e-80d2-2df00f35b927 tempest-SnapshotsActionsTest-1797966734 tempest-SnapshotsActionsTest-1797966734-project] Calling method 'show' {{(pid=108301) _process_stack /opt/stack/cinder/cinder/api/openstack/wsgi.py:856}}
Nov 01 01:06:06.358017 dv-cinder-815614-2-smb devstack@c-api.service[108301]: INFO cinder.api.openstack.wsgi [None req-a86b04e7-345d-421e-80d2-2df00f35b927 tempest-SnapshotsActionsTest-1797966734 tempest-SnapshotsActionsTest-1797966734-project] http://10.222.0.11/volume/v3/5a11d96a2e184201a1a8ce7a31714164/snapshots/92c6de20-6fb0-4b11-a8ff-f8b8e4266947 returned with HTTP 404
Nov 01 01:06:06.361388 dv-cinder-815614-2-smb devstack@c-api.service[108301]: [pid: 108301|app: 0|req: 82/144] 10.222.0.11 () {58 vars in 1330 bytes} [Mon Nov 1 01:06:06 2021] GET /volume/v3/5a11d96a2e184201a1a8ce7a31714164/snapshots/92c6de20-6fb0-4b11-a8ff-f8b8e4266947 => generated 111 bytes in 42 msecs (HTTP/1.1 404) 7 headers in 292 bytes (1 switches on core 0)
Nov 01 01:06:06.370464 dv-cinder-815614-2-smb devstack@c-api.service[108300]: INFO cinder.api.openstack.wsgi [None req-a666685a-08b8-4aec-a99e-3d98ee912a1b tempest-SnapshotsActionsTest-1979333459 tempest-SnapshotsActionsTest-1979333459-project-admin] POST http://10.222.0.11/volume/v3/6eb9ab277c3242cd9a632cf07c9eb595/snapshots/82557be2-c6fe-4901-8639-3f19bff349c2/action
Nov 01 01:06:06.370871 dv-cinder-815614-2-smb devstack@c-api.service[108300]: /usr/local/lib/python3.8/dist-packages/webob/acceptparse.py:1047: DeprecationWarning: The behavior of AcceptValidHeader.best_match is currently being maintained for backward compatibility, but it will be deprecated in the future, as it does not conform to the RFC.
Nov 01 01:06:06.370871 dv-cinder-815614-2-smb devstack@c-api.service[108300]: warnings.warn(
Nov 01 01:06:06.371256 dv-cinder-815614-2-smb devstack@c-api.service[108300]: DEBUG cinder.api.openstack.wsgi [None req-a666685a-08b8-4aec-a99e-3d98ee912a1b tempest-SnapshotsActionsTest-1979333459 tempest-SnapshotsActionsTest-1979333459-project-admin] Action body: b'{"os-reset_status": {"status": "available"}}' {{(pid=108300) get_method /opt/stack/cinder/cinder/api/openstack/wsgi.py:971}}
Nov 01 01:06:06.371584 dv-cinder-815614-2-smb devstack@c-api.service[108300]: DEBUG cinder.api.openstack.wsgi [None req-a666685a-08b8-4aec-a99e-3d98ee912a1b tempest-SnapshotsActionsTest-1979333459 tempest-SnapshotsActionsTest-1979333459-project-admin] Action: 'action', calling method: _reset_status, body: {"os-reset_status": {"status": "available"}} {{(pid=108300) _process_stack /opt/stack/cinder/cinder/api/openstack/wsgi.py:854}}
Nov 01 01:06:06.372393 dv-cinder-815614-2-smb devstack@c-api.service[108300]: DEBUG cinder.api.contrib.admin_actions [None req-a666685a-08b8-4aec-a99e-3d98ee912a1b tempest-SnapshotsActionsTest-1979333459 tempest-SnapshotsActionsTest-1979333459-project-admin] Updating snapshot '82557be2-c6fe-4901-8639-3f19bff349c2' with '{'status': 'available'}' {{(pid=108300) _reset_status /opt/stack/cinder/cinder/api/contrib/admin_actions.py:100}}
Nov 01 01:06:06.418999 dv-cinder-815614-2-smb devstack@c-api.service[108300]: /usr/local/lib/python3.8/dist-packages/oslo_context/context.py:105: DeprecationWarning: Policy enforcement is depending on the value of is_admin. This key is deprecated. Please update your policy file to use the standard policy values.
Nov 01 01:06:06.418999 dv-cinder-815614-2-smb devstack@c-api.service[108300]: warnings.warn('Policy enforcement is depending on the value of '
Nov 01 01:06:06.468438 dv-cinder-815614-2-smb devstack@c-api.service[108300]: INFO cinder.api.openstack.wsgi [None req-a666685a-08b8-4aec-a99e-3d98ee912a1b tempest-SnapshotsActionsTest-1979333459 tempest-SnapshotsActionsTest-1979333459-project-admin] http://10.222.0.11/volume/v3/6eb9ab277c3242cd9a632cf07c9eb595/snapshots/82557be2-c6fe-4901-8639-3f19bff349c2/action returned with HTTP 202
Nov 01 01:06:06.469766 dv-cinder-815614-2-smb devstack@c-api.service[108300]: [pid: 108300|app: 0|req: 63/145] 10.222.0.11 () {60 vars in 1372 bytes} [Mon Nov 1 01:06:06 2021] POST /volume/v3/6eb9ab277c3242cd9a632cf07c9eb595/snapshots/82557be2-c6fe-4901-8639-3f19bff349c2/action => generated 0 bytes in 106 msecs (HTTP/1.1 202) 7 headers in 289 bytes (1 switches on core 0)
Nov 01 01:06:06.478443 dv-cinder-815614-2-smb devstack@c-api.service[108301]: INFO cinder.api.openstack.wsgi [None req-0247b11a-3bc3-46dd-a19c-40aaf6c11313 tempest-SnapshotsActionsTest-1797966734 tempest-SnapshotsActionsTest-1797966734-project] GET http://10.222.0.11/volume/v3/5a11d96a2e184201a1a8ce7a31714164/snapshots/82557be2-c6fe-4901-8639-3f19bff349c2
Nov 01 01:06:06.479608 dv-cinder-815614-2-smb devstack@c-api.service[108301]: DEBUG cinder.api.openstack.wsgi [None req-0247b11a-3bc3-46dd-a19c-40aaf6c11313 tempest-SnapshotsActionsTest-1797966734 tempest-SnapshotsActionsTest-1797966734-project] Empty body provided in request {{(pid=108301) get_body /opt/stack/cinder/cinder/api/openstack/wsgi.py:703}}
Nov 01 01:06:06.480253 dv-cinder-815614-2-smb devstack@c-api.service[108301]: DEBUG cinder.api.openstack.wsgi [None req-0247b11a-3bc3-46dd-a19c-40aaf6c11313 tempest-SnapshotsActionsTest-1797966734 tempest-SnapshotsActionsTest-1797966734-project] Calling method 'show' {{(pid=108301) _process_stack /opt/stack/cinder/cinder/api/openstack/wsgi.py:856}}
Nov 01 01:06:06.502329 dv-cinder-815614-2-smb devstack@c-api.service[108301]: /usr/local/lib/python3.8/dist-packages/oslo_context/context.py:105: DeprecationWarning: Policy enforcement is depending on the value of is_admin. This key is deprecated. Please update your policy file to use the standard policy values.
Nov 01 01:06:06.502329 dv-cinder-815614-2-smb devstack@c-api.service[108301]: warnings.warn('Policy enforcement is depending on the value of '
Nov 01 01:06:06.508007 dv-cinder-815614-2-smb devstack@c-api.service[108301]: INFO cinder.volume.api [None req-0247b11a-3bc3-46dd-a19c-40aaf6c11313 tempest-SnapshotsActionsTest-1797966734 tempest-SnapshotsActionsTest-1797966734-project] Snapshot retrieved successfully.
Nov 01 01:06:06.510450 dv-cinder-815614-2-smb devstack@c-api.service[108301]: INFO cinder.api.openstack.wsgi [None req-0247b11a-3bc3-46dd-a19c-40aaf6c11313 tempest-SnapshotsActionsTest-1797966734 tempest-SnapshotsActionsTest-1797966734-project] http://10.222.0.11/volume/v3/5a11d96a2e184201a1a8ce7a31714164/snapshots/82557be2-c6fe-4901-8639-3f19bff349c2 returned with HTTP 200
Nov 01 01:06:06.512066 dv-cinder-815614-2-smb devstack@c-api.service[108301]: [pid: 108301|app: 0|req: 83/146] 10.222.0.11 () {58 vars in 1330 bytes} [Mon Nov 1 01:06:06 2021] GET /volume/v3/5a11d96a2e184201a1a8ce7a31714164/snapshots/82557be2-c6fe-4901-8639-3f19bff349c2 => generated 530 bytes in 39 msecs (HTTP/1.1 200) 7 headers in 285 bytes (1 switches on core 0)
Nov 01 01:06:06.524362 dv-cinder-815614-2-smb devstack@c-api.service[108300]: INFO cinder.api.openstack.wsgi [None req-0633a0cb-b820-4f78-a3de-45bbe2c52ff9 tempest-SnapshotsActionsTest-1797966734 tempest-SnapshotsActionsTest-1797966734-project] POST http://10.222.0.11/volume/v3/5a11d96a2e184201a1a8ce7a31714164/snapshots
Nov 01 01:06:06.525028 dv-cinder-815614-2-smb devstack@c-api.service[108300]: /usr/local/lib/python3.8/dist-packages/webob/acceptparse.py:1047: DeprecationWarning: The behavior of AcceptValidHeader.best_match is currently being maintained for backward compatibility, but it will be deprecated in the future, as it does not conform to the RFC.
Nov 01 01:06:06.525028 dv-cinder-815614-2-smb devstack@c-api.service[108300]: warnings.warn(
Nov 01 01:06:06.525638 dv-cinder-815614-2-smb devstack@c-api.service[108300]: DEBUG cinder.api.openstack.wsgi [None req-0633a0cb-b820-4f78-a3de-45bbe2c52ff9 tempest-SnapshotsActionsTest-1797966734 tempest-SnapshotsActionsTest-1797966734-project] Action: 'create', calling method: create, body: {"snapshot": {"volume_id": "b9d5ad1d-3a1d-424f-ac8b-a94b2b119800", "name": "tempest-SnapshotsActionsTest-Snapshot-1850731902"}} {{(pid=108300) _process_stack /opt/stack/cinder/cinder/api/openstack/wsgi.py:854}}
Nov 01 01:06:06.550243 dv-cinder-815614-2-smb devstack@c-api.service[108300]: /usr/local/lib/python3.8/dist-packages/oslo_context/context.py:105: DeprecationWarning: Policy enforcement is depending on the value of is_admin. This key is deprecated. Please update your policy file to use the standard policy values.
Nov 01 01:06:06.550243 dv-cinder-815614-2-smb devstack@c-api.service[108300]: warnings.warn('Policy enforcement is depending on the value of '
Nov 01 01:06:06.563395 dv-cinder-815614-2-smb devstack@c-api.service[108300]: INFO cinder.volume.api [None req-0633a0cb-b820-4f78-a3de-45bbe2c52ff9 tempest-SnapshotsActionsTest-1797966734 tempest-SnapshotsActionsTest-1797966734-project] Volume info retrieved successfully.
Nov 01 01:06:06.564015 dv-cinder-815614-2-smb devstack@c-api.service[108300]: INFO cinder.api.v3.snapshots [None req-0633a0cb-b820-4f78-a3de-45bbe2c52ff9 tempest-SnapshotsActionsTest-1797966734 tempest-SnapshotsActionsTest-1797966734-project] Create snapshot from volume b9d5ad1d-3a1d-424f-ac8b-a94b2b119800
Nov 01 01:06:06.621731 dv-cinder-815614-2-smb devstack@c-api.service[108301]: INFO cinder.api.openstack.wsgi [None req-002d3ecd-6227-4a6c-8f8f-8e837b1833bd tempest-GroupSnapshotsTest-1741128 tempest-GroupSnapshotsTest-1741128-project] GET http://10.222.0.11/volume/v3/f84053e9b6654e39b191e58c38c76141/volumes/4e52fc9c-c9a7-4402-9f23-fa03d5547993
Nov 01 01:06:06.622355 dv-cinder-815614-2-smb devstack@c-api.service[108301]: DEBUG cinder.api.openstack.wsgi [None req-002d3ecd-6227-4a6c-8f8f-8e837b1833bd tempest-GroupSnapshotsTest-1741128 tempest-GroupSnapshotsTest-1741128-project] Empty body provided in request {{(pid=108301) get_body /opt/stack/cinder/cinder/api/openstack/wsgi.py:703}}
Nov 01 01:06:06.622510 dv-cinder-815614-2-smb devstack@c-api.service[108301]: /usr/local/lib/python3.8/dist-packages/webob/acceptparse.py:1047: DeprecationWarning: The behavior of AcceptValidHeader.best_match is currently being maintained for backward compatibility, but it will be deprecated in the future, as it does not conform to the RFC.
Nov 01 01:06:06.622510 dv-cinder-815614-2-smb devstack@c-api.service[108301]: warnings.warn(
Nov 01 01:06:06.622934 dv-cinder-815614-2-smb devstack@c-api.service[108301]: DEBUG cinder.api.openstack.wsgi [None req-002d3ecd-6227-4a6c-8f8f-8e837b1833bd tempest-GroupSnapshotsTest-1741128 tempest-GroupSnapshotsTest-1741128-project] Calling method 'show' {{(pid=108301) _process_stack /opt/stack/cinder/cinder/api/openstack/wsgi.py:856}}
Nov 01 01:06:06.646339 dv-cinder-815614-2-smb devstack@c-api.service[108301]: INFO cinder.api.openstack.wsgi [None req-002d3ecd-6227-4a6c-8f8f-8e837b1833bd tempest-GroupSnapshotsTest-1741128 tempest-GroupSnapshotsTest-1741128-project] http://10.222.0.11/volume/v3/f84053e9b6654e39b191e58c38c76141/volumes/4e52fc9c-c9a7-4402-9f23-fa03d5547993 returned with HTTP 404
Nov 01 01:06:06.650588 dv-cinder-815614-2-smb devstack@c-api.service[108301]: [pid: 108301|app: 0|req: 84/147] 10.222.0.11 () {60 vars in 1365 bytes} [Mon Nov 1 01:06:06 2021] GET /volume/v3/f84053e9b6654e39b191e58c38c76141/volumes/4e52fc9c-c9a7-4402-9f23-fa03d5547993 => generated 109 bytes in 32 msecs (HTTP/1.1 404) 7 headers in 293 bytes (1 switches on core 0)
Nov 01 01:06:06.666242 dv-cinder-815614-2-smb devstack@c-api.service[108301]: INFO cinder.api.openstack.wsgi [None req-bc2448d2-ba9a-4633-aa28-32bc7c530648 tempest-GroupSnapshotsTest-1741128 tempest-GroupSnapshotsTest-1741128-project] GET http://10.222.0.11/volume/v3/f84053e9b6654e39b191e58c38c76141/groups/28fa2f29-0810-4acd-be44-bfcd8fa4fdec
Nov 01 01:06:06.672215 dv-cinder-815614-2-smb devstack@c-api.service[108301]: DEBUG cinder.api.openstack.wsgi [None req-bc2448d2-ba9a-4633-aa28-32bc7c530648 tempest-GroupSnapshotsTest-1741128 tempest-GroupSnapshotsTest-1741128-project] Empty body provided in request {{(pid=108301) get_body /opt/stack/cinder/cinder/api/openstack/wsgi.py:703}}
Nov 01 01:06:06.672806 dv-cinder-815614-2-smb devstack@c-api.service[108301]: DEBUG cinder.api.openstack.wsgi [None req-bc2448d2-ba9a-4633-aa28-32bc7c530648 tempest-GroupSnapshotsTest-1741128 tempest-GroupSnapshotsTest-1741128-project] Calling method 'version_select' {{(pid=108301) _process_stack /opt/stack/cinder/cinder/api/openstack/wsgi.py:856}}
Nov 01 01:06:06.673676 dv-cinder-815614-2-smb devstack@c-api.service[108301]: DEBUG cinder.api.v3.groups [None req-bc2448d2-ba9a-4633-aa28-32bc7c530648 tempest-GroupSnapshotsTest-1741128 tempest-GroupSnapshotsTest-1741128-project] show called for member 28fa2f29-0810-4acd-be44-bfcd8fa4fdec {{(pid=108301) show /opt/stack/cinder/cinder/api/v3/groups.py:58}}
Nov 01 01:06:06.680950 dv-cinder-815614-2-smb devstack@c-api.service[108300]: DEBUG cinder.quota [None req-0633a0cb-b820-4f78-a3de-45bbe2c52ff9 tempest-SnapshotsActionsTest-1797966734 tempest-SnapshotsActionsTest-1797966734-project] Created reservations ['64c108a3-9c09-4d53-b0ca-dc15cddb325c', '0c49b6c7-2c27-4147-a181-d5d5dc7cd458', '9e6ee467-5d45-4c89-8dfc-bb230eb49373', '213b3126-7ac4-4b83-9f7c-54264cbb2ed9'] {{(pid=108300) reserve /opt/stack/cinder/cinder/quota.py:755}}
Nov 01 01:06:06.687592 dv-cinder-815614-2-smb devstack@c-api.service[108301]: INFO cinder.api.openstack.wsgi [None req-bc2448d2-ba9a-4633-aa28-32bc7c530648 tempest-GroupSnapshotsTest-1741128 tempest-GroupSnapshotsTest-1741128-project] http://10.222.0.11/volume/v3/f84053e9b6654e39b191e58c38c76141/groups/28fa2f29-0810-4acd-be44-bfcd8fa4fdec returned with HTTP 404
Nov 01 01:06:06.688588 dv-cinder-815614-2-smb devstack@c-api.service[108301]: [pid: 108301|app: 0|req: 85/148] 10.222.0.11 () {60 vars in 1362 bytes} [Mon Nov 1 01:06:06 2021] GET /volume/v3/f84053e9b6654e39b191e58c38c76141/groups/28fa2f29-0810-4acd-be44-bfcd8fa4fdec => generated 108 bytes in 30 msecs (HTTP/1.1 404) 7 headers in 293 bytes (1 switches on core 0)
Nov 01 01:06:06.714169 dv-cinder-815614-2-smb devstack@c-api.service[108301]: INFO cinder.api.openstack.wsgi [None req-1b00222e-ca79-4bf4-97ab-dfd631d009ed tempest-GroupSnapshotsTest-1741128 tempest-GroupSnapshotsTest-1741128-project] DELETE http://10.222.0.11/volume/v3/f84053e9b6654e39b191e58c38c76141/group_snapshots/7e9e8b18-2351-4a0a-8cc3-d0bb586ca2a4
Nov 01 01:06:06.714710 dv-cinder-815614-2-smb devstack@c-api.service[108301]: DEBUG cinder.api.openstack.wsgi [None req-1b00222e-ca79-4bf4-97ab-dfd631d009ed tempest-GroupSnapshotsTest-1741128 tempest-GroupSnapshotsTest-1741128-project] Empty body provided in request {{(pid=108301) get_body /opt/stack/cinder/cinder/api/openstack/wsgi.py:703}}
Nov 01 01:06:06.715139 dv-cinder-815614-2-smb devstack@c-api.service[108301]: DEBUG cinder.api.openstack.wsgi [None req-1b00222e-ca79-4bf4-97ab-dfd631d009ed tempest-GroupSnapshotsTest-1741128 tempest-GroupSnapshotsTest-1741128-project] Calling method 'version_select' {{(pid=108301) _process_stack /opt/stack/cinder/cinder/api/openstack/wsgi.py:856}}
Nov 01 01:06:06.716165 dv-cinder-815614-2-smb devstack@c-api.service[108301]: DEBUG cinder.api.v3.group_snapshots [None req-1b00222e-ca79-4bf4-97ab-dfd631d009ed tempest-GroupSnapshotsTest-1741128 tempest-GroupSnapshotsTest-1741128-project] delete called for member 7e9e8b18-2351-4a0a-8cc3-d0bb586ca2a4 {{(pid=108301) delete /opt/stack/cinder/cinder/api/v3/group_snapshots.py:72}}
Nov 01 01:06:06.716477 dv-cinder-815614-2-smb devstack@c-api.service[108301]: INFO cinder.api.v3.group_snapshots [None req-1b00222e-ca79-4bf4-97ab-dfd631d009ed tempest-GroupSnapshotsTest-1741128 tempest-GroupSnapshotsTest-1741128-project] Delete group_snapshot with id: 7e9e8b18-2351-4a0a-8cc3-d0bb586ca2a4
Nov 01 01:06:06.727931 dv-cinder-815614-2-smb devstack@c-api.service[108301]: /usr/local/lib/python3.8/dist-packages/oslo_context/context.py:105: DeprecationWarning: Policy enforcement is depending on the value of is_admin. This key is deprecated. Please update your policy file to use the standard policy values.
Nov 01 01:06:06.727931 dv-cinder-815614-2-smb devstack@c-api.service[108301]: warnings.warn('Policy enforcement is depending on the value of '
Nov 01 01:06:06.809891 dv-cinder-815614-2-smb devstack@c-api.service[108300]: INFO cinder.volume.api [None req-0633a0cb-b820-4f78-a3de-45bbe2c52ff9 tempest-SnapshotsActionsTest-1797966734 tempest-SnapshotsActionsTest-1797966734-project] Snapshot create request issued successfully.
Nov 01 01:06:06.810666 dv-cinder-815614-2-smb devstack@c-api.service[108300]: INFO cinder.api.openstack.wsgi [None req-0633a0cb-b820-4f78-a3de-45bbe2c52ff9 tempest-SnapshotsActionsTest-1797966734 tempest-SnapshotsActionsTest-1797966734-project] http://10.222.0.11/volume/v3/5a11d96a2e184201a1a8ce7a31714164/snapshots returned with HTTP 202
Nov 01 01:06:06.811482 dv-cinder-815614-2-smb devstack@c-api.service[108300]: [pid: 108300|app: 0|req: 64/149] 10.222.0.11 () {60 vars in 1241 bytes} [Mon Nov 1 01:06:06 2021] POST /volume/v3/5a11d96a2e184201a1a8ce7a31714164/snapshots => generated 307 bytes in 292 msecs (HTTP/1.1 202) 7 headers in 291 bytes (1 switches on core 0)
Nov 01 01:06:06.849070 dv-cinder-815614-2-smb devstack@c-api.service[108300]: INFO cinder.api.openstack.wsgi [None req-60b13c35-b62c-4367-a145-012dbdd961e1 tempest-SnapshotsActionsTest-1797966734 tempest-SnapshotsActionsTest-1797966734-project] GET http://10.222.0.11/volume/v3/5a11d96a2e184201a1a8ce7a31714164/snapshots/c77b7c65-b8dc-4eb1-b7b6-1bd7ff4c9ca7
Nov 01 01:06:06.855159 dv-cinder-815614-2-smb devstack@c-api.service[108300]: DEBUG cinder.api.openstack.wsgi [None req-60b13c35-b62c-4367-a145-012dbdd961e1 tempest-SnapshotsActionsTest-1797966734 tempest-SnapshotsActionsTest-1797966734-project] Empty body provided in request {{(pid=108300) get_body /opt/stack/cinder/cinder/api/openstack/wsgi.py:703}}
Nov 01 01:06:06.857299 dv-cinder-815614-2-smb devstack@c-api.service[108300]: /usr/local/lib/python3.8/dist-packages/webob/acceptparse.py:1047: DeprecationWarning: The behavior of AcceptValidHeader.best_match is currently being maintained for backward compatibility, but it will be deprecated in the future, as it does not conform to the RFC.
Nov 01 01:06:06.857299 dv-cinder-815614-2-smb devstack@c-api.service[108300]: warnings.warn(
Nov 01 01:06:06.857969 dv-cinder-815614-2-smb devstack@c-api.service[108300]: DEBUG cinder.api.openstack.wsgi [None req-60b13c35-b62c-4367-a145-012dbdd961e1 tempest-SnapshotsActionsTest-1797966734 tempest-SnapshotsActionsTest-1797966734-project] Calling method 'show' {{(pid=108300) _process_stack /opt/stack/cinder/cinder/api/openstack/wsgi.py:856}}
Nov 01 01:06:06.875519 dv-cinder-815614-2-smb devstack@c-api.service[108300]: /usr/local/lib/python3.8/dist-packages/oslo_context/context.py:105: DeprecationWarning: Policy enforcement is depending on the value of is_admin. This key is deprecated. Please update your policy file to use the standard policy values.
Nov 01 01:06:06.875519 dv-cinder-815614-2-smb devstack@c-api.service[108300]: warnings.warn('Policy enforcement is depending on the value of '
Nov 01 01:06:06.878136 dv-cinder-815614-2-smb devstack@c-api.service[108300]: INFO cinder.volume.api [None req-60b13c35-b62c-4367-a145-012dbdd961e1 tempest-SnapshotsActionsTest-1797966734 tempest-SnapshotsActionsTest-1797966734-project] Snapshot retrieved successfully.
Nov 01 01:06:06.878409 dv-cinder-815614-2-smb devstack@c-api.service[108301]: INFO cinder.api.openstack.wsgi [None req-1b00222e-ca79-4bf4-97ab-dfd631d009ed tempest-GroupSnapshotsTest-1741128 tempest-GroupSnapshotsTest-1741128-project] http://10.222.0.11/volume/v3/f84053e9b6654e39b191e58c38c76141/group_snapshots/7e9e8b18-2351-4a0a-8cc3-d0bb586ca2a4 returned with HTTP 202
Nov 01 01:06:06.880049 dv-cinder-815614-2-smb devstack@c-api.service[108301]: [pid: 108301|app: 0|req: 86/150] 10.222.0.11 () {60 vars in 1392 bytes} [Mon Nov 1 01:06:06 2021] DELETE /volume/v3/f84053e9b6654e39b191e58c38c76141/group_snapshots/7e9e8b18-2351-4a0a-8cc3-d0bb586ca2a4 => generated 0 bytes in 183 msecs (HTTP/1.1 202) 6 headers in 234 bytes (1 switches on core 0)
Nov 01 01:06:06.882390 dv-cinder-815614-2-smb devstack@c-api.service[108300]: INFO cinder.api.openstack.wsgi [None req-60b13c35-b62c-4367-a145-012dbdd961e1 tempest-SnapshotsActionsTest-1797966734 tempest-SnapshotsActionsTest-1797966734-project] http://10.222.0.11/volume/v3/5a11d96a2e184201a1a8ce7a31714164/snapshots/c77b7c65-b8dc-4eb1-b7b6-1bd7ff4c9ca7 returned with HTTP 200
Nov 01 01:06:06.889590 dv-cinder-815614-2-smb devstack@c-api.service[108300]: [pid: 108300|app: 0|req: 65/151] 10.222.0.11 () {58 vars in 1330 bytes} [Mon Nov 1 01:06:06 2021] GET /volume/v3/5a11d96a2e184201a1a8ce7a31714164/snapshots/c77b7c65-b8dc-4eb1-b7b6-1bd7ff4c9ca7 => generated 439 bytes in 59 msecs (HTTP/1.1 200) 7 headers in 285 bytes (1 switches on core 0)
Nov 01 01:06:06.891190 dv-cinder-815614-2-smb devstack@c-api.service[108301]: INFO cinder.api.openstack.wsgi [None req-cc161d03-259a-4931-8386-fc13e2f09bc4 tempest-GroupSnapshotsTest-1741128 tempest-GroupSnapshotsTest-1741128-project] GET http://10.222.0.11/volume/v3/f84053e9b6654e39b191e58c38c76141/volumes/detail
Nov 01 01:06:06.892905 dv-cinder-815614-2-smb devstack@c-api.service[108301]: DEBUG cinder.api.openstack.wsgi [None req-cc161d03-259a-4931-8386-fc13e2f09bc4 tempest-GroupSnapshotsTest-1741128 tempest-GroupSnapshotsTest-1741128-project] Empty body provided in request {{(pid=108301) get_body /opt/stack/cinder/cinder/api/openstack/wsgi.py:703}}
Nov 01 01:06:06.893301 dv-cinder-815614-2-smb devstack@c-api.service[108301]: /usr/local/lib/python3.8/dist-packages/webob/acceptparse.py:1047: DeprecationWarning: The behavior of AcceptValidHeader.best_match is currently being maintained for backward compatibility, but it will be deprecated in the future, as it does not conform to the RFC.
Nov 01 01:06:06.893301 dv-cinder-815614-2-smb devstack@c-api.service[108301]: warnings.warn(
Nov 01 01:06:06.896954 dv-cinder-815614-2-smb devstack@c-api.service[108301]: DEBUG cinder.api.openstack.wsgi [None req-cc161d03-259a-4931-8386-fc13e2f09bc4 tempest-GroupSnapshotsTest-1741128 tempest-GroupSnapshotsTest-1741128-project] Calling method 'detail' {{(pid=108301) _process_stack /opt/stack/cinder/cinder/api/openstack/wsgi.py:856}}
Nov 01 01:06:06.898601 dv-cinder-815614-2-smb devstack@c-api.service[108301]: DEBUG cinder.api.api_utils [None req-cc161d03-259a-4931-8386-fc13e2f09bc4 tempest-GroupSnapshotsTest-1741128 tempest-GroupSnapshotsTest-1741128-project] Removing options '' from query. {{(pid=108301) remove_invalid_filter_options /opt/stack/cinder/cinder/api/api_utils.py:73}}
Nov 01 01:06:06.902520 dv-cinder-815614-2-smb devstack@c-api.service[108301]: /usr/local/lib/python3.8/dist-packages/oslo_context/context.py:105: DeprecationWarning: Policy enforcement is depending on the value of is_admin. This key is deprecated. Please update your policy file to use the standard policy values.
Nov 01 01:06:06.902520 dv-cinder-815614-2-smb devstack@c-api.service[108301]: warnings.warn('Policy enforcement is depending on the value of '
Nov 01 01:06:06.907471 dv-cinder-815614-2-smb devstack@c-api.service[108301]: DEBUG cinder.volume.api [None req-cc161d03-259a-4931-8386-fc13e2f09bc4 tempest-GroupSnapshotsTest-1741128 tempest-GroupSnapshotsTest-1741128-project] Searching by: MultiDict([('no_migration_targets', True)]). {{(pid=108301) get_all /opt/stack/cinder/cinder/volume/api.py:619}}
Nov 01 01:06:06.995296 dv-cinder-815614-2-smb devstack@c-api.service[108301]: INFO cinder.volume.api [None req-cc161d03-259a-4931-8386-fc13e2f09bc4 tempest-GroupSnapshotsTest-1741128 tempest-GroupSnapshotsTest-1741128-project] Get all volumes completed successfully.
Nov 01 01:06:06.996827 dv-cinder-815614-2-smb devstack@c-api.service[108301]: WARNING stevedore.named [None req-cc161d03-259a-4931-8386-fc13e2f09bc4 tempest-GroupSnapshotsTest-1741128 tempest-GroupSnapshotsTest-1741128-project] Could not load cinder.keymgr.conf_key_mgr.ConfKeyManager
