Jan 21 08:52:57.142619 dv-cinder-815582-8-iscsi neutron-server[102838]: INFO neutron.wsgi [req-626ba25b-108e-4e9c-ab05-27fb09a23697 req-3c026393-0021-4bbd-9341-ffbdcd6c6168 tempest-AttachVolumeTestJSON-1477399368 tempest-AttachVolumeTestJSON-1477399368-project] 10.222.0.87 "GET /v2.0/ports?device_id=6111233e-731a-4308-b6c7-df84d07288fb HTTP/1.1" status: 200 len: 931 time: 0.1799803
Jan 21 08:52:57.151263 dv-cinder-815582-8-iscsi neutron-server[102838]: DEBUG neutron.pecan_wsgi.hooks.policy_enforcement [req-9debe3bb-db66-4fdd-af06-bff2a6b0c13f req-fd7e8da1-a283-4ac7-b962-295177c7e08a tempest-ServerRescueNegativeTestJSON-1332069489 tempest-ServerRescueNegativeTestJSON-1332069489-project] Attributes excluded by policy engine: ['standard_attr_id', 'vlan_transparent', 'provider:network_type', 'provider:physical_network', 'provider:segmentation_id'] {{(pid=102838) _exclude_attributes_by_policy /opt/stack/neutron/neutron/pecan_wsgi/hooks/policy_enforcement.py:255}}
Jan 21 08:52:57.152635 dv-cinder-815582-8-iscsi neutron-server[102838]: INFO neutron.wsgi [req-9debe3bb-db66-4fdd-af06-bff2a6b0c13f req-fd7e8da1-a283-4ac7-b962-295177c7e08a tempest-ServerRescueNegativeTestJSON-1332069489 tempest-ServerRescueNegativeTestJSON-1332069489-project] 10.222.0.64 "GET /v2.0/networks?id=0d9a53e1-5335-4310-8b38-f410fcc5ba81 HTTP/1.1" status: 200 len: 819 time: 0.2217000
Jan 21 08:52:57.179887 dv-cinder-815582-8-iscsi neutron-server[102838]: DEBUG neutron.api.v2.base [req-9debe3bb-db66-4fdd-af06-bff2a6b0c13f req-82778595-72d6-4f0d-8c61-9368c304cd1c tempest-ServerRescueNegativeTestJSON-1332069489 tempest-ServerRescueNegativeTestJSON-1332069489-project] Request body: {'port': {'device_id': 'd2591490-29f3-40c5-8aea-a7285da88ac6', 'network_id': '0d9a53e1-5335-4310-8b38-f410fcc5ba81', 'admin_state_up': True, 'tenant_id': '5ef98e6bc9ef4f6184b26f97c18eab38'}} {{(pid=102838) prepare_request_body /opt/stack/neutron/neutron/api/v2/base.py:729}}
Jan 21 08:52:57.185465 dv-cinder-815582-8-iscsi neutron-server[102839]: DEBUG neutron_lib.callbacks.manager [None req-3b354545-db26-4fac-b88e-64ec1ffa5420 admin admin] Publish callbacks [] for security_group (c71b22c6-8c2e-44f6-9082-f1319d9c8b84), precommit_create {{(pid=102839) _notify_loop /usr/local/lib/python3.8/dist-packages/neutron_lib/callbacks/manager.py:176}}
Jan 21 08:52:57.194561 dv-cinder-815582-8-iscsi neutron-server[102839]: DEBUG neutron.pecan_wsgi.hooks.policy_enforcement [req-1486d983-8632-46ca-842c-4776434541ac req-8079f23a-f159-478c-979c-fa2b8b6b0268 tempest-DeleteServersTestJSON-1708823812 tempest-DeleteServersTestJSON-1708823812-project] Attributes excluded by policy engine: ['standard_attr_id', 'binding:profile', 'binding:host_id', 'binding:vif_type', 'binding:vif_details'] {{(pid=102839) _exclude_attributes_by_policy /opt/stack/neutron/neutron/pecan_wsgi/hooks/policy_enforcement.py:255}}
Jan 21 08:52:57.196036 dv-cinder-815582-8-iscsi neutron-server[102839]: INFO neutron.wsgi [req-1486d983-8632-46ca-842c-4776434541ac req-8079f23a-f159-478c-979c-fa2b8b6b0268 tempest-DeleteServersTestJSON-1708823812 tempest-DeleteServersTestJSON-1708823812-project] 10.222.0.87 "GET /v2.0/ports?device_id=61898658-b968-4f5e-a4b5-2d4909da5893 HTTP/1.1" status: 200 len: 944 time: 0.1111605
Jan 21 08:52:57.203476 dv-cinder-815582-8-iscsi neutron-server[102839]: DEBUG neutron_lib.callbacks.manager [None req-3b354545-db26-4fac-b88e-64ec1ffa5420 admin admin] Publish callbacks ['neutron.plugins.ml2.ovo_rpc._ObjectChangeHandler.handle_event-445754'] for security_group (c71b22c6-8c2e-44f6-9082-f1319d9c8b84), after_create {{(pid=102839) _notify_loop /usr/local/lib/python3.8/dist-packages/neutron_lib/callbacks/manager.py:176}}
Jan 21 08:52:57.273049 dv-cinder-815582-8-iscsi neutron-server[102839]: DEBUG neutron.api.rpc.handlers.resources_rpc [None req-3b354545-db26-4fac-b88e-64ec1ffa5420 admin admin] Pushing event updated for resources: {'SecurityGroup': ['ID=c71b22c6-8c2e-44f6-9082-f1319d9c8b84,revision_number=1']} {{(pid=102839) push /opt/stack/neutron/neutron/api/rpc/handlers/resources_rpc.py:237}}
Jan 21 08:52:57.281724 dv-cinder-815582-8-iscsi neutron-server[102838]: INFO neutron.wsgi [req-626ba25b-108e-4e9c-ab05-27fb09a23697 req-618a21d6-c2f6-4231-b636-13d194176a8b tempest-AttachVolumeTestJSON-1477399368 tempest-AttachVolumeTestJSON-1477399368-project] 10.222.0.87 "GET /v2.0/security-groups?id=a3e7b90e-73a9-4c48-aaa3-b571481c3316&fields=id&fields=name HTTP/1.1" status: 200 len: 312 time: 0.1281259
Jan 21 08:52:57.293787 dv-cinder-815582-8-iscsi neutron-server[102839]: INFO neutron.wsgi [None req-3b354545-db26-4fac-b88e-64ec1ffa5420 admin admin] 10.222.0.87 "GET /v2.0/security-groups?tenant_id=c54d95e875c44568b36f702520fa2bdf&name=default HTTP/1.1" status: 200 len: 2996 time: 0.5856650
Jan 21 08:52:57.294816 dv-cinder-815582-8-iscsi neutron-server[102838]: DEBUG neutron.wsgi [-] (102838) accepted ('10.222.0.87', 41706) {{(pid=102838) server /usr/local/lib/python3.8/dist-packages/eventlet/wsgi.py:1004}}
Jan 21 08:52:57.330760 dv-cinder-815582-8-iscsi neutron-server[102839]: INFO neutron.wsgi [req-1486d983-8632-46ca-842c-4776434541ac req-4d764a0d-05bc-47a0-8686-b36667aa029f tempest-DeleteServersTestJSON-1708823812 tempest-DeleteServersTestJSON-1708823812-project] 10.222.0.87 "GET /v2.0/security-groups?id=f4683952-80c9-497a-852f-b34b44eded4d&fields=id&fields=name HTTP/1.1" status: 200 len: 286 time: 0.1281464
Jan 21 08:52:57.341034 dv-cinder-815582-8-iscsi neutron-server[102839]: DEBUG neutron.notifiers.nova [req-b498f7e2-0648-4a78-87cc-965bcce111d9 req-8000cf53-9242-4b7d-acf8-148e04cb58eb service neutron] Ignoring state change previous_port_status: DOWN current_port_status: DOWN port_id a688020b-0945-4bd2-b237-0440f664b397 {{(pid=102839) record_port_status_changed /opt/stack/neutron/neutron/notifiers/nova.py:224}}
Jan 21 08:52:57.350828 dv-cinder-815582-8-iscsi neutron-server[102839]: DEBUG neutron_lib.callbacks.manager [req-b498f7e2-0648-4a78-87cc-965bcce111d9 req-8000cf53-9242-4b7d-acf8-148e04cb58eb service neutron] Publish callbacks [] for port (a688020b-0945-4bd2-b237-0440f664b397), precommit_update {{(pid=102839) _notify_loop /usr/local/lib/python3.8/dist-packages/neutron_lib/callbacks/manager.py:176}}
Jan 21 08:52:57.371022 dv-cinder-815582-8-iscsi neutron-server[102839]: DEBUG neutron.db.provisioning_blocks [req-b498f7e2-0648-4a78-87cc-965bcce111d9 req-8000cf53-9242-4b7d-acf8-148e04cb58eb service neutron] Transition to ACTIVE for port object a688020b-0945-4bd2-b237-0440f664b397 will not be triggered until provisioned by entity L2. {{(pid=102839) add_provisioning_component /opt/stack/neutron/neutron/db/provisioning_blocks.py:73}}
Jan 21 08:52:57.375112 dv-cinder-815582-8-iscsi neutron-server[102839]: DEBUG neutron_lib.callbacks.manager [req-b498f7e2-0648-4a78-87cc-965bcce111d9 req-8000cf53-9242-4b7d-acf8-148e04cb58eb service neutron] Publish callbacks ['neutron.plugins.ml2.plugin.SecurityGroupServerNotifierRpcMixin._notify_sg_on_port_change-1484084', 'neutron.plugins.ml2.ovo_rpc._ObjectChangeHandler.handle_event-93083', 'neutron.api.rpc.agentnotifiers.dhcp_rpc_agent_api.DhcpAgentNotifyAPI._native_event_send_dhcp_notification-608383', 'neutron.db.l3_db.L3RpcNotifierMixin._notify_gateway_port_ip_changed-8752661571741', 'neutron.db.l3_dvrscheduler_db._notify_l3_agent_port_update-8752661055636', 'neutron.db.l3_hascheduler_db._notify_l3_agent_ha_port_update-8752661055654', 'neutron.services.segments.plugin.NovaSegmentNotifier._notify_port_updated-6047905'] for port (a688020b-0945-4bd2-b237-0440f664b397), after_update {{(pid=102839) _notify_loop /usr/local/lib/python3.8/dist-packages/neutron_lib/callbacks/manager.py:176}}
Jan 21 08:52:57.383644 dv-cinder-815582-8-iscsi neutron-server[102838]: DEBUG neutron.notifiers.nova [req-3b832da2-3f38-40f9-be94-08fa627e181e req-85daef03-c471-4b8f-962b-118c6a37a60f service neutron] Ignoring state change previous_port_status: DOWN current_port_status: DOWN port_id 207d60ad-52a6-46f8-b69f-11d4cd8fee24 {{(pid=102838) record_port_status_changed /opt/stack/neutron/neutron/notifiers/nova.py:224}}
Jan 21 08:52:57.395661 dv-cinder-815582-8-iscsi neutron-server[102838]: DEBUG neutron_lib.callbacks.manager [req-3b832da2-3f38-40f9-be94-08fa627e181e req-85daef03-c471-4b8f-962b-118c6a37a60f service neutron] Publish callbacks [] for port (207d60ad-52a6-46f8-b69f-11d4cd8fee24), precommit_update {{(pid=102838) _notify_loop /usr/local/lib/python3.8/dist-packages/neutron_lib/callbacks/manager.py:176}}
Jan 21 08:52:57.420440 dv-cinder-815582-8-iscsi neutron-server[102838]: DEBUG neutron.db.provisioning_blocks [req-3b832da2-3f38-40f9-be94-08fa627e181e req-85daef03-c471-4b8f-962b-118c6a37a60f service neutron] Transition to ACTIVE for port object 207d60ad-52a6-46f8-b69f-11d4cd8fee24 will not be triggered until provisioned by entity L2. {{(pid=102838) add_provisioning_component /opt/stack/neutron/neutron/db/provisioning_blocks.py:73}}
Jan 21 08:52:57.426150 dv-cinder-815582-8-iscsi neutron-server[102839]: DEBUG neutron.api.rpc.handlers.resources_rpc [None req-8000cf53-9242-4b7d-acf8-148e04cb58eb service neutron] Pushing event updated for resources: {'Port': ['ID=a688020b-0945-4bd2-b237-0440f664b397,revision_number=2']} {{(pid=102839) push /opt/stack/neutron/neutron/api/rpc/handlers/resources_rpc.py:237}}
Jan 21 08:52:57.429605 dv-cinder-815582-8-iscsi neutron-server[102838]: DEBUG neutron_lib.callbacks.manager [None req-342cb2b2-17cd-4ab1-9604-2da1333da142 admin admin] Publish callbacks [] for security_group (c71b22c6-8c2e-44f6-9082-f1319d9c8b84), before_delete {{(pid=102838) _notify_loop /usr/local/lib/python3.8/dist-packages/neutron_lib/callbacks/manager.py:176}}
Jan 21 08:52:57.432363 dv-cinder-815582-8-iscsi neutron-server[102838]: DEBUG neutron_lib.callbacks.manager [req-3b832da2-3f38-40f9-be94-08fa627e181e req-85daef03-c471-4b8f-962b-118c6a37a60f service neutron] Publish callbacks ['neutron.plugins.ml2.plugin.SecurityGroupServerNotifierRpcMixin._notify_sg_on_port_change-1484084', 'neutron.plugins.ml2.ovo_rpc._ObjectChangeHandler.handle_event-93083', 'neutron.api.rpc.agentnotifiers.dhcp_rpc_agent_api.DhcpAgentNotifyAPI._native_event_send_dhcp_notification-608383', 'neutron.db.l3_db.L3RpcNotifierMixin._notify_gateway_port_ip_changed-8752661571741', 'neutron.db.l3_dvrscheduler_db._notify_l3_agent_port_update-8752661055636', 'neutron.db.l3_hascheduler_db._notify_l3_agent_ha_port_update-8752661055654'] for port (207d60ad-52a6-46f8-b69f-11d4cd8fee24), after_update {{(pid=102838) _notify_loop /usr/local/lib/python3.8/dist-packages/neutron_lib/callbacks/manager.py:176}}
Jan 21 08:52:57.480608 dv-cinder-815582-8-iscsi neutron-server[102838]: DEBUG neutron.pecan_wsgi.hooks.quota_enforcement [req-9debe3bb-db66-4fdd-af06-bff2a6b0c13f req-82778595-72d6-4f0d-8c61-9368c304cd1c tempest-ServerRescueNegativeTestJSON-1332069489 tempest-ServerRescueNegativeTestJSON-1332069489-project] Made reservation on behalf of 5ef98e6bc9ef4f6184b26f97c18eab38 for: {'port': 1} {{(pid=102838) before /opt/stack/neutron/neutron/pecan_wsgi/hooks/quota_enforcement.py:53}}
Jan 21 08:52:57.484895 dv-cinder-815582-8-iscsi neutron-server[102838]: DEBUG neutron_lib.callbacks.manager [req-9debe3bb-db66-4fdd-af06-bff2a6b0c13f req-82778595-72d6-4f0d-8c61-9368c304cd1c tempest-ServerRescueNegativeTestJSON-1332069489 tempest-ServerRescueNegativeTestJSON-1332069489-project] Publish callbacks ['neutron.plugins.ml2.plugin.SecurityGroupDbMixin._ensure_default_security_group_handler-1483847'] for port (None), before_create {{(pid=102838) _notify_loop /usr/local/lib/python3.8/dist-packages/neutron_lib/callbacks/manager.py:176}}
Jan 21 08:52:57.517179 dv-cinder-815582-8-iscsi neutron-server[102839]: DEBUG neutron.plugins.ml2.managers [req-b498f7e2-0648-4a78-87cc-965bcce111d9 req-8000cf53-9242-4b7d-acf8-148e04cb58eb service neutron] Attempting to bind port a688020b-0945-4bd2-b237-0440f664b397 on host hv-cinder-81558 for vnic_type normal with profile {{(pid=102839) bind_port /opt/stack/neutron/neutron/plugins/ml2/managers.py:795}}
Jan 21 08:52:57.518490 dv-cinder-815582-8-iscsi neutron-server[102839]: DEBUG neutron.plugins.ml2.managers [req-b498f7e2-0648-4a78-87cc-965bcce111d9 req-8000cf53-9242-4b7d-acf8-148e04cb58eb service neutron] Attempting to bind port a688020b-0945-4bd2-b237-0440f664b397 by drivers openvswitch,hyperv on host hv-cinder-81558 at level 0 using segments [{'id': 'fc9db689-0f75-4769-b5d6-743385ec310a', 'network_type': 'vlan', 'physical_network': 'physnet1', 'segmentation_id': 95, 'network_id': '1c4c5a40-745d-485e-a841-c30ea03f13cd'}] {{(pid=102839) _bind_port_level /opt/stack/neutron/neutron/plugins/ml2/managers.py:820}}
Jan 21 08:52:57.519812 dv-cinder-815582-8-iscsi neutron-server[102839]: DEBUG neutron.plugins.ml2.drivers.mech_agent [req-b498f7e2-0648-4a78-87cc-965bcce111d9 req-8000cf53-9242-4b7d-acf8-148e04cb58eb service neutron] Attempting to bind port a688020b-0945-4bd2-b237-0440f664b397 on network 1c4c5a40-745d-485e-a841-c30ea03f13cd {{(pid=102839) bind_port /opt/stack/neutron/neutron/plugins/ml2/drivers/mech_agent.py:91}}
Jan 21 08:52:57.527140 dv-cinder-815582-8-iscsi neutron-server[102838]: DEBUG neutron_lib.callbacks.manager [None req-342cb2b2-17cd-4ab1-9604-2da1333da142 admin admin] Publish callbacks [] for security_group (c71b22c6-8c2e-44f6-9082-f1319d9c8b84), precommit_delete {{(pid=102838) _notify_loop /usr/local/lib/python3.8/dist-packages/neutron_lib/callbacks/manager.py:176}}
Jan 21 08:52:57.528990 dv-cinder-815582-8-iscsi neutron-server[102839]: DEBUG neutron.plugins.ml2.drivers.mech_agent [req-b498f7e2-0648-4a78-87cc-965bcce111d9 req-8000cf53-9242-4b7d-acf8-148e04cb58eb service neutron] Port a688020b-0945-4bd2-b237-0440f664b397 on network 1c4c5a40-745d-485e-a841-c30ea03f13cd not bound, no agent of type Open vSwitch agent registered on host hv-cinder-81558 {{(pid=102839) bind_port /opt/stack/neutron/neutron/plugins/ml2/drivers/mech_agent.py:103}}
Jan 21 08:52:57.531895 dv-cinder-815582-8-iscsi neutron-server[102839]: DEBUG neutron.plugins.ml2.drivers.mech_agent [req-b498f7e2-0648-4a78-87cc-965bcce111d9 req-8000cf53-9242-4b7d-acf8-148e04cb58eb service neutron] Attempting to bind port a688020b-0945-4bd2-b237-0440f664b397 on network 1c4c5a40-745d-485e-a841-c30ea03f13cd {{(pid=102839) bind_port /opt/stack/neutron/neutron/plugins/ml2/drivers/mech_agent.py:91}}
Jan 21 08:52:57.545258 dv-cinder-815582-8-iscsi neutron-server[102839]: DEBUG neutron.plugins.ml2.drivers.mech_agent [req-b498f7e2-0648-4a78-87cc-965bcce111d9 req-8000cf53-9242-4b7d-acf8-148e04cb58eb service neutron] Checking agent: {'id': 'e01c1c23-371b-4121-8d2b-c181605cad53', 'agent_type': 'HyperV agent', 'binary': 'neutron-hyperv-agent', 'topic': 'N/A', 'host': 'hv-cinder-81558', 'admin_state_up': True, 'created_at': datetime.datetime(2022, 1, 21, 8, 50, 25), 'started_at': datetime.datetime(2022, 1, 21, 8, 50, 25), 'heartbeat_timestamp': datetime.datetime(2022, 1, 21, 8, 52, 55), 'description': None, 'resources_synced': None, 'availability_zone': None, 'alive': True, 'configurations': {'vswitch_mappings': {'physnet1$': 'br-data'}}, 'resource_versions': {}} {{(pid=102839) bind_port /opt/stack/neutron/neutron/plugins/ml2/drivers/mech_agent.py:110}}
Jan 21 08:52:57.545766 dv-cinder-815582-8-iscsi neutron-server[102839]: DEBUG neutron.plugins.ml2.drivers.mech_agent [req-b498f7e2-0648-4a78-87cc-965bcce111d9 req-8000cf53-9242-4b7d-acf8-148e04cb58eb service neutron] Checking segment: {'id': 'fc9db689-0f75-4769-b5d6-743385ec310a', 'network_type': 'vlan', 'physical_network': 'physnet1', 'segmentation_id': 95, 'network_id': '1c4c5a40-745d-485e-a841-c30ea03f13cd'} for mappings: {'physnet1$': 'br-data'} with network types: ['local', 'flat', 'vlan'] {{(pid=102839) check_segment_for_agent /opt/stack/neutron/neutron/plugins/ml2/drivers/mech_agent.py:371}}
Jan 21 08:52:57.546345 dv-cinder-815582-8-iscsi neutron-server[102839]: DEBUG neutron.plugins.ml2.drivers.mech_agent [req-b498f7e2-0648-4a78-87cc-965bcce111d9 req-8000cf53-9242-4b7d-acf8-148e04cb58eb service neutron] Bound using segment: {'id': 'fc9db689-0f75-4769-b5d6-743385ec310a', 'network_type': 'vlan', 'physical_network': 'physnet1', 'segmentation_id': 95, 'network_id': '1c4c5a40-745d-485e-a841-c30ea03f13cd'} {{(pid=102839) bind_port /opt/stack/neutron/neutron/plugins/ml2/drivers/mech_agent.py:120}}
Jan 21 08:52:57.548999 dv-cinder-815582-8-iscsi neutron-server[102839]: DEBUG neutron.plugins.ml2.managers [req-b498f7e2-0648-4a78-87cc-965bcce111d9 req-8000cf53-9242-4b7d-acf8-148e04cb58eb service neutron] Bound port: a688020b-0945-4bd2-b237-0440f664b397, host: hv-cinder-81558, vif_type: hyperv, vif_details: {"connectivity": "legacy", "port_filter": false}, binding_levels: [{'bound_driver': 'hyperv', 'bound_segment': {'id': 'fc9db689-0f75-4769-b5d6-743385ec310a', 'network_type': 'vlan', 'physical_network': 'physnet1', 'segmentation_id': 95, 'network_id': '1c4c5a40-745d-485e-a841-c30ea03f13cd'}}] {{(pid=102839) _bind_port_level /opt/stack/neutron/neutron/plugins/ml2/managers.py:932}}
Jan 21 08:52:57.549372 dv-cinder-815582-8-iscsi neutron-server[102839]: DEBUG neutron_lib.callbacks.manager [req-b498f7e2-0648-4a78-87cc-965bcce111d9 req-8000cf53-9242-4b7d-acf8-148e04cb58eb service neutron] Publish callbacks ['neutron.plugins.ml2.plugin.SecurityGroupDbMixin._ensure_default_security_group_handler-1483847'] for port (a688020b-0945-4bd2-b237-0440f664b397), before_update {{(pid=102839) _notify_loop /usr/local/lib/python3.8/dist-packages/neutron_lib/callbacks/manager.py:176}}
Jan 21 08:52:57.579665 dv-cinder-815582-8-iscsi neutron-server[102838]: DEBUG neutron.api.rpc.handlers.resources_rpc [None req-85daef03-c471-4b8f-962b-118c6a37a60f service neutron] Pushing event updated for resources: {'Port': ['ID=207d60ad-52a6-46f8-b69f-11d4cd8fee24,revision_number=2']} {{(pid=102838) push /opt/stack/neutron/neutron/api/rpc/handlers/resources_rpc.py:237}}
Jan 21 08:52:57.643195 dv-cinder-815582-8-iscsi neutron-server[102839]: INFO neutron.wsgi [req-8478321a-ac7e-4721-ae43-1323029ffabb req-6ffbd060-c483-4b97-8449-38ffeb5ecc0c tempest-ServerRescueNegativeTestJSON-1332069489 tempest-ServerRescueNegativeTestJSON-1332069489-project] 10.222.0.87 "GET /v2.0/ports?device_id=d2591490-29f3-40c5-8aea-a7285da88ac6 HTTP/1.1" status: 200 len: 210 time: 0.0660310
Jan 21 08:52:57.685172 dv-cinder-815582-8-iscsi neutron-server[102839]: DEBUG neutron.plugins.ml2.db [req-b498f7e2-0648-4a78-87cc-965bcce111d9 req-8000cf53-9242-4b7d-acf8-148e04cb58eb service neutron] For port a688020b-0945-4bd2-b237-0440f664b397, host hv-cinder-81558, cleared binding levels {{(pid=102839) clear_binding_levels /opt/stack/neutron/neutron/plugins/ml2/db.py:87}}
Jan 21 08:52:57.689384 dv-cinder-815582-8-iscsi neutron-server[102839]: DEBUG neutron.plugins.ml2.db [req-b498f7e2-0648-4a78-87cc-965bcce111d9 req-8000cf53-9242-4b7d-acf8-148e04cb58eb service neutron] For port a688020b-0945-4bd2-b237-0440f664b397, host hv-cinder-81558, set binding levels [PortBindingLevel(driver='hyperv',host='hv-cinder-81558',level=0,port_id=a688020b-0945-4bd2-b237-0440f664b397,segment=NetworkSegment(fc9db689-0f75-4769-b5d6-743385ec310a),segment_id=fc9db689-0f75-4769-b5d6-743385ec310a)] {{(pid=102839) set_binding_levels /opt/stack/neutron/neutron/plugins/ml2/db.py:59}}
Jan 21 08:52:57.697789 dv-cinder-815582-8-iscsi neutron-server[102839]: DEBUG neutron_lib.callbacks.manager [req-b498f7e2-0648-4a78-87cc-965bcce111d9 req-8000cf53-9242-4b7d-acf8-148e04cb58eb service neutron] Publish callbacks ['neutron.plugins.ml2.plugin.SecurityGroupServerNotifierRpcMixin._notify_sg_on_port_change-1484084', 'neutron.plugins.ml2.ovo_rpc._ObjectChangeHandler.handle_event-93083', 'neutron.api.rpc.agentnotifiers.dhcp_rpc_agent_api.DhcpAgentNotifyAPI._native_event_send_dhcp_notification-608383', 'neutron.db.l3_db.L3RpcNotifierMixin._notify_gateway_port_ip_changed-8752661571741', 'neutron.db.l3_dvrscheduler_db._notify_l3_agent_port_update-8752661055636', 'neutron.db.l3_hascheduler_db._notify_l3_agent_ha_port_update-8752661055654', 'neutron.services.segments.plugin.NovaSegmentNotifier._notify_port_updated-6047905'] for port (a688020b-0945-4bd2-b237-0440f664b397), after_update {{(pid=102839) _notify_loop /usr/local/lib/python3.8/dist-packages/neutron_lib/callbacks/manager.py:176}}
Jan 21 08:52:57.698079 dv-cinder-815582-8-iscsi neutron-server[102838]: DEBUG neutron.plugins.ml2.managers [req-3b832da2-3f38-40f9-be94-08fa627e181e req-85daef03-c471-4b8f-962b-118c6a37a60f service neutron] Attempting to bind port 207d60ad-52a6-46f8-b69f-11d4cd8fee24 on host hv-cinder-81558 for vnic_type normal with profile {{(pid=102838) bind_port /opt/stack/neutron/neutron/plugins/ml2/managers.py:795}}
Jan 21 08:52:57.698228 dv-cinder-815582-8-iscsi neutron-server[102838]: DEBUG neutron.plugins.ml2.managers [req-3b832da2-3f38-40f9-be94-08fa627e181e req-85daef03-c471-4b8f-962b-118c6a37a60f service neutron] Attempting to bind port 207d60ad-52a6-46f8-b69f-11d4cd8fee24 by drivers openvswitch,hyperv on host hv-cinder-81558 at level 0 using segments [{'id': '9daec1f7-1212-4fb7-8708-7ae4e8238864', 'network_type': 'vlan', 'physical_network': 'physnet1', 'segmentation_id': 58, 'network_id': '0d9a53e1-5335-4310-8b38-f410fcc5ba81'}] {{(pid=102838) _bind_port_level /opt/stack/neutron/neutron/plugins/ml2/managers.py:820}}
Jan 21 08:52:57.698530 dv-cinder-815582-8-iscsi neutron-server[102838]: DEBUG neutron.plugins.ml2.drivers.mech_agent [req-3b832da2-3f38-40f9-be94-08fa627e181e req-85daef03-c471-4b8f-962b-118c6a37a60f service neutron] Attempting to bind port 207d60ad-52a6-46f8-b69f-11d4cd8fee24 on network 0d9a53e1-5335-4310-8b38-f410fcc5ba81 {{(pid=102838) bind_port /opt/stack/neutron/neutron/plugins/ml2/drivers/mech_agent.py:91}}
Jan 21 08:52:57.713046 dv-cinder-815582-8-iscsi neutron-server[102838]: /usr/lib/python3/dist-packages/secretstorage/dhcrypto.py:15: CryptographyDeprecationWarning: int_from_bytes is deprecated, use int.from_bytes instead
Jan 21 08:52:57.713046 dv-cinder-815582-8-iscsi neutron-server[102838]: from cryptography.utils import int_from_bytes
Jan 21 08:52:57.713046 dv-cinder-815582-8-iscsi neutron-server[102838]: /usr/lib/python3/dist-packages/secretstorage/util.py:19: CryptographyDeprecationWarning: int_from_bytes is deprecated, use int.from_bytes instead
Jan 21 08:52:57.713046 dv-cinder-815582-8-iscsi neutron-server[102838]: from cryptography.utils import int_from_bytes
Jan 21 08:52:57.713046 dv-cinder-815582-8-iscsi neutron-server[102838]: /usr/local/lib/python3.8/dist-packages/oslo_policy/policy.py:1119: UserWarning: Policy rule:get_network:provider:network_type failed scope check. The token used to make the request was project scoped but the policy requires ['system'] scope. This behavior may change in the future where using the intended scope is required
Jan 21 08:52:57.713046 dv-cinder-815582-8-iscsi neutron-server[102838]: warnings.warn(msg)
Jan 21 08:52:57.713046 dv-cinder-815582-8-iscsi neutron-server[102838]: /usr/local/lib/python3.8/dist-packages/oslo_policy/policy.py:1119: UserWarning: Policy rule:get_network:provider:physical_network failed scope check. The token used to make the request was project scoped but the policy requires ['system'] scope. This behavior may change in the future where using the intended scope is required
Jan 21 08:52:57.713046 dv-cinder-815582-8-iscsi neutron-server[102838]: warnings.warn(msg)
Jan 21 08:52:57.713046 dv-cinder-815582-8-iscsi neutron-server[102838]: /usr/local/lib/python3.8/dist-packages/oslo_policy/policy.py:1119: UserWarning: Policy rule:get_network:provider:segmentation_id failed scope check. The token used to make the request was project scoped but the policy requires ['system'] scope. This behavior may change in the future where using the intended scope is required
Jan 21 08:52:57.713046 dv-cinder-815582-8-iscsi neutron-server[102838]: warnings.warn(msg)
Jan 21 08:52:57.713046 dv-cinder-815582-8-iscsi neutron-server[102838]: /usr/local/lib/python3.8/dist-packages/oslo_policy/policy.py:1119: UserWarning: Policy rule:get_port:binding:profile failed scope check. The token used to make the request was project scoped but the policy requires ['system'] scope. This behavior may change in the future where using the intended scope is required
Jan 21 08:52:57.713046 dv-cinder-815582-8-iscsi neutron-server[102838]: warnings.warn(msg)
Jan 21 08:52:57.713046 dv-cinder-815582-8-iscsi neutron-server[102838]: /usr/local/lib/python3.8/dist-packages/oslo_policy/policy.py:1119: UserWarning: Policy rule:get_port:binding:host_id failed scope check. The token used to make the request was project scoped but the policy requires ['system'] scope. This behavior may change in the future where using the intended scope is required
Jan 21 08:52:57.713046 dv-cinder-815582-8-iscsi neutron-server[102838]: warnings.warn(msg)
Jan 21 08:52:57.713046 dv-cinder-815582-8-iscsi neutron-server[102838]: /usr/local/lib/python3.8/dist-packages/oslo_policy/policy.py:1119: UserWarning: Policy rule:get_port:binding:vif_type failed scope check. The token used to make the request was project scoped but the policy requires ['system'] scope. This behavior may change in the future where using the intended scope is required
Jan 21 08:52:57.713046 dv-cinder-815582-8-iscsi neutron-server[102838]: warnings.warn(msg)
Jan 21 08:52:57.713046 dv-cinder-815582-8-iscsi neutron-server[102838]: /usr/local/lib/python3.8/dist-packages/oslo_policy/policy.py:1119: UserWarning: Policy rule:get_port:binding:vif_details failed scope check. The token used to make the request was project scoped but the policy requires ['system'] scope. This behavior may change in the future where using the intended scope is required
Jan 21 08:52:57.713046 dv-cinder-815582-8-iscsi neutron-server[102838]: warnings.warn(msg)
Jan 21 08:52:57.713046 dv-cinder-815582-8-iscsi neutron-server[102838]: /usr/local/lib/python3.8/dist-packages/oslo_policy/policy.py:1119: UserWarning: Policy rule:get_port:binding:profile failed scope check. The token used to make the request was project scoped but the policy requires ['system'] scope. This behavior may change in the future where using the intended scope is required
Jan 21 08:52:57.713046 dv-cinder-815582-8-iscsi neutron-server[102838]: warnings.warn(msg)
Jan 21 08:52:57.713046 dv-cinder-815582-8-iscsi neutron-server[102838]: /usr/local/lib/python3.8/dist-packages/oslo_policy/policy.py:1119: UserWarning: Policy rule:get_port:binding:host_id failed scope check. The token used to make the request was project scoped but the policy requires ['system'] scope. This behavior may change in the future where using the intended scope is required
Jan 21 08:52:57.713046 dv-cinder-815582-8-iscsi neutron-server[102838]: warnings.warn(msg)
Jan 21 08:52:57.713046 dv-cinder-815582-8-iscsi neutron-server[102838]: /usr/local/lib/python3.8/dist-packages/oslo_policy/policy.py:1119: UserWarning: Policy rule:get_port:binding:vif_type failed scope check. The token used to make the request was project scoped but the policy requires ['system'] scope. This behavior may change in the future where using the intended scope is required
Jan 21 08:52:57.713046 dv-cinder-815582-8-iscsi neutron-server[102838]: warnings.warn(msg)
Jan 21 08:52:57.713046 dv-cinder-815582-8-iscsi neutron-server[102838]: /usr/local/lib/python3.8/dist-packages/oslo_policy/policy.py:1119: UserWarning: Policy rule:get_port:binding:vif_details failed scope check. The token used to make the request was project scoped but the policy requires ['system'] scope. This behavior may change in the future where using the intended scope is required
Jan 21 08:52:57.713046 dv-cinder-815582-8-iscsi neutron-server[102838]: warnings.warn(msg)
Jan 21 08:52:57.713046 dv-cinder-815582-8-iscsi neutron-server[102838]: /usr/local/lib/python3.8/dist-packages/oslo_policy/policy.py:1119: UserWarning: Policy rule:get_network:provider:network_type failed scope check. The token used to make the request was project scoped but the policy requires ['system'] scope. This behavior may change in the future where using the intended scope is required
Jan 21 08:52:57.713046 dv-cinder-815582-8-iscsi neutron-server[102838]: warnings.warn(msg)
Jan 21 08:52:57.713046 dv-cinder-815582-8-iscsi neutron-server[102838]: /usr/local/lib/python3.8/dist-packages/oslo_policy/policy.py:1119: UserWarning: Policy rule:get_network:provider:physical_network failed scope check. The token used to make the request was project scoped but the policy requires ['system'] scope. This behavior may change in the future where using the intended scope is required
Jan 21 08:52:57.713046 dv-cinder-815582-8-iscsi neutron-server[102838]: warnings.warn(msg)
Jan 21 08:52:57.713046 dv-cinder-815582-8-iscsi neutron-server[102838]: /usr/local/lib/python3.8/dist-packages/oslo_policy/policy.py:1119: UserWarning: Policy rule:get_network:provider:segmentation_id failed scope check. The token used to make the request was project scoped but the policy requires ['system'] scope. This behavior may change in the future where using the intended scope is required
Jan 21 08:52:57.713046 dv-cinder-815582-8-iscsi neutron-server[102838]: warnings.warn(msg)
Jan 21 08:52:57.713046 dv-cinder-815582-8-iscsi neutron-server[102838]: /usr/local/lib/python3.8/dist-packages/oslo_policy/policy.py:1119: UserWarning: Policy rule:get_port:binding:profile failed scope check. The token used to make the request was project scoped but the policy requires ['system'] scope. This behavior may change in the future where using the intended scope is required
Jan 21 08:52:57.713046 dv-cinder-815582-8-iscsi neutron-server[102838]: warnings.warn(msg)
Jan 21 08:52:57.713046 dv-cinder-815582-8-iscsi neutron-server[102838]: /usr/local/lib/python3.8/dist-packages/oslo_policy/policy.py:1119: UserWarning: Policy rule:get_port:binding:host_id failed scope check. The token used to make the request was project scoped but the policy requires ['system'] scope. This behavior may change in the future where using the intended scope is required
Jan 21 08:52:57.713046 dv-cinder-815582-8-iscsi neutron-server[102838]: warnings.warn(msg)
Jan 21 08:52:57.713046 dv-cinder-815582-8-iscsi neutron-server[102838]: /usr/local/lib/python3.8/dist-packages/oslo_policy/policy.py:1119: UserWarning: Policy rule:get_port:binding:vif_type failed scope check. The token used to make the request was project scoped but the policy requires ['system'] scope. This behavior may change in the future where using the intended scope is required
Jan 21 08:52:57.715681 dv-cinder-815582-8-iscsi neutron-server[102838]: warnings.warn(msg)
Jan 21 08:52:57.715681 dv-cinder-815582-8-iscsi neutron-server[102838]: /usr/local/lib/python3.8/dist-packages/oslo_policy/policy.py:1119: UserWarning: Policy rule:get_port:binding:vif_details failed scope check. The token used to make the request was project scoped but the policy requires ['system'] scope. This behavior may change in the future where using the intended scope is required
Jan 21 08:52:57.715681 dv-cinder-815582-8-iscsi neutron-server[102838]: warnings.warn(msg)
Jan 21 08:52:57.715681 dv-cinder-815582-8-iscsi neutron-server[102838]: /usr/local/lib/python3.8/dist-packages/oslo_policy/policy.py:1119: UserWarning: Policy rule:get_network:provider:network_type failed scope check. The token used to make the request was project scoped but the policy requires ['system'] scope. This behavior may change in the future where using the intended scope is required
Jan 21 08:52:57.715681 dv-cinder-815582-8-iscsi neutron-server[102838]: warnings.warn(msg)
Jan 21 08:52:57.715681 dv-cinder-815582-8-iscsi neutron-server[102838]: /usr/local/lib/python3.8/dist-packages/oslo_policy/policy.py:1119: UserWarning: Policy rule:get_network:provider:physical_network failed scope check. The token used to make the request was project scoped but the policy requires ['system'] scope. This behavior may change in the future where using the intended scope is required
Jan 21 08:52:57.715681 dv-cinder-815582-8-iscsi neutron-server[102838]: warnings.warn(msg)
Jan 21 08:52:57.715681 dv-cinder-815582-8-iscsi neutron-server[102838]: /usr/local/lib/python3.8/dist-packages/oslo_policy/policy.py:1119: UserWarning: Policy rule:get_network:provider:segmentation_id failed scope check. The token used to make the request was project scoped but the policy requires ['system'] scope. This behavior may change in the future where using the intended scope is required
Jan 21 08:52:57.715681 dv-cinder-815582-8-iscsi neutron-server[102838]: warnings.warn(msg)
Jan 21 08:52:57.715681 dv-cinder-815582-8-iscsi neutron-server[102838]: /usr/local/lib/python3.8/dist-packages/oslo_policy/policy.py:1119: UserWarning: Policy rule:get_port:binding:profile failed scope check. The token used to make the request was project scoped but the policy requires ['system'] scope. This behavior may change in the future where using the intended scope is required
Jan 21 08:52:57.715681 dv-cinder-815582-8-iscsi neutron-server[102838]: warnings.warn(msg)
Jan 21 08:52:57.716533 dv-cinder-815582-8-iscsi neutron-server[102838]: DEBUG neutron.pecan_wsgi.hooks.policy_enforcement [req-a4047cb9-4889-4301-8771-b552f69dfcd6 req-c9df6af3-81a6-4351-aaac-1f8f3d109bdd tempest-AttachVolumeNegativeTest-1659980203 tempest-AttachVolumeNegativeTest-1659980203-project] Attributes excluded by policy engine: ['standard_attr_id', 'binding:profile', 'binding:host_id', 'binding:vif_type', 'binding:vif_details'] {{(pid=102838) _exclude_attributes_by_policy /opt/stack/neutron/neutron/pecan_wsgi/hooks/policy_enforcement.py:255}}
Jan 21 08:52:57.718804 dv-cinder-815582-8-iscsi neutron-server[102838]: INFO neutron.wsgi [req-a4047cb9-4889-4301-8771-b552f69dfcd6 req-c9df6af3-81a6-4351-aaac-1f8f3d109bdd tempest-AttachVolumeNegativeTest-1659980203 tempest-AttachVolumeNegativeTest-1659980203-project] 10.222.0.87 "GET /v2.0/ports?device_id=39f36c8c-8e2c-4cf6-b946-dec27368cf00 HTTP/1.1" status: 200 len: 944 time: 0.2051668
Jan 21 08:52:57.722940 dv-cinder-815582-8-iscsi neutron-server[102838]: DEBUG neutron.plugins.ml2.drivers.mech_agent [req-3b832da2-3f38-40f9-be94-08fa627e181e req-85daef03-c471-4b8f-962b-118c6a37a60f service neutron] Port 207d60ad-52a6-46f8-b69f-11d4cd8fee24 on network 0d9a53e1-5335-4310-8b38-f410fcc5ba81 not bound, no agent of type Open vSwitch agent registered on host hv-cinder-81558 {{(pid=102838) bind_port /opt/stack/neutron/neutron/plugins/ml2/drivers/mech_agent.py:103}}
Jan 21 08:52:57.722940 dv-cinder-815582-8-iscsi neutron-server[102838]: DEBUG neutron.plugins.ml2.drivers.mech_agent [req-3b832da2-3f38-40f9-be94-08fa627e181e req-85daef03-c471-4b8f-962b-118c6a37a60f service neutron] Attempting to bind port 207d60ad-52a6-46f8-b69f-11d4cd8fee24 on network 0d9a53e1-5335-4310-8b38-f410fcc5ba81 {{(pid=102838) bind_port /opt/stack/neutron/neutron/plugins/ml2/drivers/mech_agent.py:91}}
Jan 21 08:52:57.743370 dv-cinder-815582-8-iscsi neutron-server[102839]: DEBUG neutron.pecan_wsgi.hooks.policy_enforcement [req-b498f7e2-0648-4a78-87cc-965bcce111d9 req-8000cf53-9242-4b7d-acf8-148e04cb58eb service neutron] Attributes excluded by policy engine: ['standard_attr_id'] {{(pid=102839) _exclude_attributes_by_policy /opt/stack/neutron/neutron/pecan_wsgi/hooks/policy_enforcement.py:255}}
Jan 21 08:52:57.743991 dv-cinder-815582-8-iscsi neutron-server[102839]: DEBUG neutron_lib.callbacks.manager [req-b498f7e2-0648-4a78-87cc-965bcce111d9 req-8000cf53-9242-4b7d-acf8-148e04cb58eb service neutron] Publish callbacks ['neutron.notifiers.nova.Notifier._send_nova_notification-967433', 'neutron.api.rpc.agentnotifiers.dhcp_rpc_agent_api.DhcpAgentNotifyAPI._send_dhcp_notification-608273'] for port (None), before_response {{(pid=102839) _notify_loop /usr/local/lib/python3.8/dist-packages/neutron_lib/callbacks/manager.py:176}}
Jan 21 08:52:57.745903 dv-cinder-815582-8-iscsi neutron-server[102839]: INFO neutron.wsgi [req-b498f7e2-0648-4a78-87cc-965bcce111d9 req-8000cf53-9242-4b7d-acf8-148e04cb58eb service neutron] 10.222.0.64 "PUT /v2.0/ports/a688020b-0945-4bd2-b237-0440f664b397 HTTP/1.1" status: 200 len: 1093 time: 1.0055680
Jan 21 08:52:57.746377 dv-cinder-815582-8-iscsi neutron-server[102839]: DEBUG neutron.notifiers.nova [-] Sending events: [{'name': 'network-changed', 'server_uuid': '6111233e-731a-4308-b6c7-df84d07288fb', 'tag': 'a688020b-0945-4bd2-b237-0440f664b397'}] {{(pid=102839) send_events /opt/stack/neutron/neutron/notifiers/nova.py:262}}
Jan 21 08:52:57.748819 dv-cinder-815582-8-iscsi neutron-server[102839]: DEBUG novaclient.v2.client [-] REQ: curl -g -i --cacert "/opt/stack/data/ca-bundle.pem" -X POST http://10.222.0.87/compute/v2.1/os-server-external-events -H "Accept: application/json" -H "Content-Type: application/json" -H "User-Agent: python-novaclient" -H "X-Auth-Token: {SHA256}283a3197a5d321719c041d1a0a9b188a1bc08cb51ee7b1917d9e7f569122ff13" -H "X-OpenStack-Nova-API-Version: 2.1" -H "X-OpenStack-Request-ID: req-8cb0b61d-f431-4423-91b9-a419df576caf" -d '{"events": [{"name": "network-changed", "server_uuid": "6111233e-731a-4308-b6c7-df84d07288fb", "tag": "a688020b-0945-4bd2-b237-0440f664b397"}]}' {{(pid=102839) _http_log_request /usr/local/lib/python3.8/dist-packages/keystoneauth1/session.py:519}}
Jan 21 08:52:57.777611 dv-cinder-815582-8-iscsi neutron-server[102838]: DEBUG neutron.plugins.ml2.drivers.mech_agent [req-3b832da2-3f38-40f9-be94-08fa627e181e req-85daef03-c471-4b8f-962b-118c6a37a60f service neutron] Checking agent: {'id': 'e01c1c23-371b-4121-8d2b-c181605cad53', 'agent_type': 'HyperV agent', 'binary': 'neutron-hyperv-agent', 'topic': 'N/A', 'host': 'hv-cinder-81558', 'admin_state_up': True, 'created_at': datetime.datetime(2022, 1, 21, 8, 50, 25), 'started_at': datetime.datetime(2022, 1, 21, 8, 50, 25), 'heartbeat_timestamp': datetime.datetime(2022, 1, 21, 8, 52, 55), 'description': None, 'resources_synced': None, 'availability_zone': None, 'alive': True, 'configurations': {'vswitch_mappings': {'physnet1$': 'br-data'}}, 'resource_versions': {}} {{(pid=102838) bind_port /opt/stack/neutron/neutron/plugins/ml2/drivers/mech_agent.py:110}}
Jan 21 08:52:57.777989 dv-cinder-815582-8-iscsi neutron-server[102838]: DEBUG neutron.plugins.ml2.drivers.mech_agent [req-3b832da2-3f38-40f9-be94-08fa627e181e req-85daef03-c471-4b8f-962b-118c6a37a60f service neutron] Checking segment: {'id': '9daec1f7-1212-4fb7-8708-7ae4e8238864', 'network_type': 'vlan', 'physical_network': 'physnet1', 'segmentation_id': 58, 'network_id': '0d9a53e1-5335-4310-8b38-f410fcc5ba81'} for mappings: {'physnet1$': 'br-data'} with network types: ['local', 'flat', 'vlan'] {{(pid=102838) check_segment_for_agent /opt/stack/neutron/neutron/plugins/ml2/drivers/mech_agent.py:371}}
Jan 21 08:52:57.778384 dv-cinder-815582-8-iscsi neutron-server[102838]: DEBUG neutron.plugins.ml2.drivers.mech_agent [req-3b832da2-3f38-40f9-be94-08fa627e181e req-85daef03-c471-4b8f-962b-118c6a37a60f service neutron] Bound using segment: {'id': '9daec1f7-1212-4fb7-8708-7ae4e8238864', 'network_type': 'vlan', 'physical_network': 'physnet1', 'segmentation_id': 58, 'network_id': '0d9a53e1-5335-4310-8b38-f410fcc5ba81'} {{(pid=102838) bind_port /opt/stack/neutron/neutron/plugins/ml2/drivers/mech_agent.py:120}}
Jan 21 08:52:57.778857 dv-cinder-815582-8-iscsi neutron-server[102838]: DEBUG neutron.plugins.ml2.managers [req-3b832da2-3f38-40f9-be94-08fa627e181e req-85daef03-c471-4b8f-962b-118c6a37a60f service neutron] Bound port: 207d60ad-52a6-46f8-b69f-11d4cd8fee24, host: hv-cinder-81558, vif_type: hyperv, vif_details: {"connectivity": "legacy", "port_filter": false}, binding_levels: [{'bound_driver': 'hyperv', 'bound_segment': {'id': '9daec1f7-1212-4fb7-8708-7ae4e8238864', 'network_type': 'vlan', 'physical_network': 'physnet1', 'segmentation_id': 58, 'network_id': '0d9a53e1-5335-4310-8b38-f410fcc5ba81'}}] {{(pid=102838) _bind_port_level /opt/stack/neutron/neutron/plugins/ml2/managers.py:932}}
Jan 21 08:52:57.779222 dv-cinder-815582-8-iscsi neutron-server[102838]: DEBUG neutron_lib.callbacks.manager [req-3b832da2-3f38-40f9-be94-08fa627e181e req-85daef03-c471-4b8f-962b-118c6a37a60f service neutron] Publish callbacks ['neutron.plugins.ml2.plugin.SecurityGroupDbMixin._ensure_default_security_group_handler-1483847'] for port (207d60ad-52a6-46f8-b69f-11d4cd8fee24), before_update {{(pid=102838) _notify_loop /usr/local/lib/python3.8/dist-packages/neutron_lib/callbacks/manager.py:176}}
Jan 21 08:52:57.808257 dv-cinder-815582-8-iscsi neutron-server[102838]: DEBUG neutron_lib.callbacks.manager [None req-342cb2b2-17cd-4ab1-9604-2da1333da142 admin admin] Publish callbacks ['neutron.plugins.ml2.ovo_rpc._ObjectChangeHandler.handle_event-445754'] for security_group (c71b22c6-8c2e-44f6-9082-f1319d9c8b84), after_delete {{(pid=102838) _notify_loop /usr/local/lib/python3.8/dist-packages/neutron_lib/callbacks/manager.py:176}}
Jan 21 08:52:57.811708 dv-cinder-815582-8-iscsi neutron-server[102838]: DEBUG neutron_lib.callbacks.manager [None req-342cb2b2-17cd-4ab1-9604-2da1333da142 admin admin] Publish callbacks [] for security_group (None), before_response {{(pid=102838) _notify_loop /usr/local/lib/python3.8/dist-packages/neutron_lib/callbacks/manager.py:176}}
Jan 21 08:52:57.813040 dv-cinder-815582-8-iscsi neutron-server[102838]: INFO neutron.wsgi [None req-342cb2b2-17cd-4ab1-9604-2da1333da142 admin admin] 10.222.0.87 "DELETE /v2.0/security-groups/c71b22c6-8c2e-44f6-9082-f1319d9c8b84 HTTP/1.1" status: 204 len: 168 time: 0.5153575
Jan 21 08:52:57.821982 dv-cinder-815582-8-iscsi neutron-server[102839]: DEBUG novaclient.v2.client [-] RESP: [200] Connection: close Content-Length: 179 Content-Type: application/json Date: Fri, 21 Jan 2022 08:52:57 GMT OpenStack-API-Version: compute 2.1 Server: Apache/2.4.41 (Ubuntu) Vary: OpenStack-API-Version,X-OpenStack-Nova-API-Version X-OpenStack-Nova-API-Version: 2.1 x-compute-request-id: req-b0e6682a-5ad6-4b4c-8cb7-58abe1aba531 x-openstack-request-id: req-b0e6682a-5ad6-4b4c-8cb7-58abe1aba531 {{(pid=102839) _http_log_response /usr/local/lib/python3.8/dist-packages/keystoneauth1/session.py:550}}
Jan 21 08:52:57.822197 dv-cinder-815582-8-iscsi neutron-server[102839]: DEBUG novaclient.v2.client [-] RESP BODY: {"events": [{"name": "network-changed", "server_uuid": "6111233e-731a-4308-b6c7-df84d07288fb", "tag": "a688020b-0945-4bd2-b237-0440f664b397", "status": "completed", "code": 200}]} {{(pid=102839) _http_log_response /usr/local/lib/python3.8/dist-packages/keystoneauth1/session.py:582}}
Jan 21 08:52:57.822984 dv-cinder-815582-8-iscsi neutron-server[102839]: DEBUG novaclient.v2.client [-] POST call to compute for http://10.222.0.87/compute/v2.1/os-server-external-events used request id req-b0e6682a-5ad6-4b4c-8cb7-58abe1aba531 {{(pid=102839) request /usr/local/lib/python3.8/dist-packages/keystoneauth1/session.py:954}}
Jan 21 08:52:57.822984 dv-cinder-815582-8-iscsi neutron-server[102839]: INFO neutron.notifiers.nova [-] Nova event response: {'name': 'network-changed', 'server_uuid': '6111233e-731a-4308-b6c7-df84d07288fb', 'tag': 'a688020b-0945-4bd2-b237-0440f664b397', 'status': 'completed', 'code': 200}
Jan 21 08:52:57.854227 dv-cinder-815582-8-iscsi neutron-server[102838]: DEBUG neutron.api.rpc.handlers.resources_rpc [None req-342cb2b2-17cd-4ab1-9604-2da1333da142 admin admin] Pushing event deleted for resources: {'SecurityGroup': ['ID=c71b22c6-8c2e-44f6-9082-f1319d9c8b84,revision_number=None']} {{(pid=102838) push /opt/stack/neutron/neutron/api/rpc/handlers/resources_rpc.py:237}}
Jan 21 08:52:57.858940 dv-cinder-815582-8-iscsi neutron-server[102840]: DEBUG neutron.plugins.ml2.db [None req-738276c6-9365-42ec-9e3e-679857bd3497 None None] get_ports_and_sgs() called for port_ids ['f4626d73-f26b-41c9-9f5d-9cf33676fed8'] {{(pid=102840) get_ports_and_sgs /opt/stack/neutron/neutron/plugins/ml2/db.py:156}}
Jan 21 08:52:57.864589 dv-cinder-815582-8-iscsi neutron-server[102839]: DEBUG neutron.api.rpc.handlers.resources_rpc [None req-8000cf53-9242-4b7d-acf8-148e04cb58eb service neutron] Pushing event updated for resources: {'Port': ['ID=a688020b-0945-4bd2-b237-0440f664b397,revision_number=3']} {{(pid=102839) push /opt/stack/neutron/neutron/api/rpc/handlers/resources_rpc.py:237}}
Jan 21 08:52:57.870969 dv-cinder-815582-8-iscsi neutron-server[102838]: DEBUG neutron.db.db_base_plugin_common [req-9debe3bb-db66-4fdd-af06-bff2a6b0c13f req-82778595-72d6-4f0d-8c61-9368c304cd1c tempest-ServerRescueNegativeTestJSON-1332069489 tempest-ServerRescueNegativeTestJSON-1332069489-project] Allocated IP 172.20.0.12 (0d9a53e1-5335-4310-8b38-f410fcc5ba81/c80e1819-9c24-4846-b706-3fef95dc8da8/b6473d54-e155-418f-85fe-b3e6c921c5f5) {{(pid=102838) _store_ip_allocation /opt/stack/neutron/neutron/db/db_base_plugin_common.py:131}}
Jan 21 08:52:57.902664 dv-cinder-815582-8-iscsi neutron-server[102839]: DEBUG neutron.pecan_wsgi.hooks.policy_enforcement [req-b498f7e2-0648-4a78-87cc-965bcce111d9 req-df71519c-77ee-4042-8709-3309c31fe6a2 service neutron] Attributes excluded by policy engine: ['standard_attr_id'] {{(pid=102839) _exclude_attributes_by_policy /opt/stack/neutron/neutron/pecan_wsgi/hooks/policy_enforcement.py:255}}
Jan 21 08:52:57.904171 dv-cinder-815582-8-iscsi neutron-server[102839]: INFO neutron.wsgi [req-b498f7e2-0648-4a78-87cc-965bcce111d9 req-df71519c-77ee-4042-8709-3309c31fe6a2 service neutron] 10.222.0.64 "GET /v2.0/ports?tenant_id=e08851ded7404728af2abcbaa2bec0bb&device_id=6111233e-731a-4308-b6c7-df84d07288fb HTTP/1.1" status: 200 len: 1096 time: 0.1052713
Jan 21 08:52:57.954089 dv-cinder-815582-8-iscsi neutron-server[102838]: INFO neutron.wsgi [req-a4047cb9-4889-4301-8771-b552f69dfcd6 req-afcbe94b-18a5-4de7-94f1-58be865feea5 tempest-AttachVolumeNegativeTest-1659980203 tempest-AttachVolumeNegativeTest-1659980203-project] 10.222.0.87 "GET /v2.0/security-groups?id=c883872c-79b4-4a9e-948f-c43e000dc8ea&fields=id&fields=name HTTP/1.1" status: 200 len: 286 time: 0.2198997
Jan 21 08:52:58.006448 dv-cinder-815582-8-iscsi neutron-server[102838]: DEBUG neutron.plugins.ml2.db [req-3b832da2-3f38-40f9-be94-08fa627e181e req-85daef03-c471-4b8f-962b-118c6a37a60f service neutron] For port 207d60ad-52a6-46f8-b69f-11d4cd8fee24, host hv-cinder-81558, cleared binding levels {{(pid=102838) clear_binding_levels /opt/stack/neutron/neutron/plugins/ml2/db.py:87}}
Jan 21 08:52:58.037090 dv-cinder-815582-8-iscsi neutron-server[102839]: INFO neutron.wsgi [req-b498f7e2-0648-4a78-87cc-965bcce111d9 req-8a135da3-2190-4882-96b5-1181986782b5 service neutron] 10.222.0.64 "GET /v2.0/floatingips?fixed_ip_address=172.20.0.3&port_id=a688020b-0945-4bd2-b237-0440f664b397 HTTP/1.1" status: 200 len: 217 time: 0.0738940
Jan 21 08:52:58.068640 dv-cinder-815582-8-iscsi neutron-server[102838]: DEBUG neutron.plugins.ml2.db [req-3b832da2-3f38-40f9-be94-08fa627e181e req-85daef03-c471-4b8f-962b-118c6a37a60f service neutron] For port 207d60ad-52a6-46f8-b69f-11d4cd8fee24, host hv-cinder-81558, set binding levels [PortBindingLevel(driver='hyperv',host='hv-cinder-81558',level=0,port_id=207d60ad-52a6-46f8-b69f-11d4cd8fee24,segment=NetworkSegment(9daec1f7-1212-4fb7-8708-7ae4e8238864),segment_id=9daec1f7-1212-4fb7-8708-7ae4e8238864)] {{(pid=102838) set_binding_levels /opt/stack/neutron/neutron/plugins/ml2/db.py:59}}
Jan 21 08:52:58.084152 dv-cinder-815582-8-iscsi neutron-server[102838]: DEBUG neutron_lib.callbacks.manager [req-3b832da2-3f38-40f9-be94-08fa627e181e req-85daef03-c471-4b8f-962b-118c6a37a60f service neutron] Publish callbacks ['neutron.plugins.ml2.plugin.SecurityGroupServerNotifierRpcMixin._notify_sg_on_port_change-1484084', 'neutron.plugins.ml2.ovo_rpc._ObjectChangeHandler.handle_event-93083', 'neutron.api.rpc.agentnotifiers.dhcp_rpc_agent_api.DhcpAgentNotifyAPI._native_event_send_dhcp_notification-608383', 'neutron.db.l3_db.L3RpcNotifierMixin._notify_gateway_port_ip_changed-8752661571741', 'neutron.db.l3_dvrscheduler_db._notify_l3_agent_port_update-8752661055636', 'neutron.db.l3_hascheduler_db._notify_l3_agent_ha_port_update-8752661055654'] for port (207d60ad-52a6-46f8-b69f-11d4cd8fee24), after_update {{(pid=102838) _notify_loop /usr/local/lib/python3.8/dist-packages/neutron_lib/callbacks/manager.py:176}}
Jan 21 08:52:58.116684 dv-cinder-815582-8-iscsi neutron-server[102839]: DEBUG neutron.pecan_wsgi.hooks.policy_enforcement [req-b498f7e2-0648-4a78-87cc-965bcce111d9 req-5fb6bef1-462f-49af-b96c-9757e7311ed4 service neutron] Attributes excluded by policy engine: ['standard_attr_id', 'shared', 'segment_id'] {{(pid=102839) _exclude_attributes_by_policy /opt/stack/neutron/neutron/pecan_wsgi/hooks/policy_enforcement.py:255}}
Jan 21 08:52:58.121493 dv-cinder-815582-8-iscsi neutron-server[102839]: INFO neutron.wsgi [req-b498f7e2-0648-4a78-87cc-965bcce111d9 req-5fb6bef1-462f-49af-b96c-9757e7311ed4 service neutron] 10.222.0.64 "GET /v2.0/subnets?id=a8fa769d-f9dd-4bbb-96a2-29bf1a1a12b5 HTTP/1.1" status: 200 len: 850 time: 0.0765142
Jan 21 08:52:58.195039 dv-cinder-815582-8-iscsi neutron-server[102839]: DEBUG neutron.pecan_wsgi.hooks.policy_enforcement [req-b498f7e2-0648-4a78-87cc-965bcce111d9 req-76253a38-00ae-4daa-bf87-4184bb12155c service neutron] Attributes excluded by policy engine: ['standard_attr_id'] {{(pid=102839) _exclude_attributes_by_policy /opt/stack/neutron/neutron/pecan_wsgi/hooks/policy_enforcement.py:255}}
Jan 21 08:52:58.199687 dv-cinder-815582-8-iscsi neutron-server[102839]: INFO neutron.wsgi [req-b498f7e2-0648-4a78-87cc-965bcce111d9 req-76253a38-00ae-4daa-bf87-4184bb12155c service neutron] 10.222.0.64 "GET /v2.0/ports?network_id=1c4c5a40-745d-485e-a841-c30ea03f13cd&device_owner=network%3Adhcp HTTP/1.1" status: 200 len: 1175 time: 0.0701978
Jan 21 08:52:58.199889 dv-cinder-815582-8-iscsi neutron-server[102838]: DEBUG neutron.pecan_wsgi.hooks.policy_enforcement [req-3b832da2-3f38-40f9-be94-08fa627e181e req-85daef03-c471-4b8f-962b-118c6a37a60f service neutron] Attributes excluded by policy engine: ['standard_attr_id'] {{(pid=102838) _exclude_attributes_by_policy /opt/stack/neutron/neutron/pecan_wsgi/hooks/policy_enforcement.py:255}}
