Jan 21 08:52:51.126290 dv-cinder-815582-8-iscsi neutron-server[102838]: DEBUG neutron.db.db_base_plugin_common [req-3b832da2-3f38-40f9-be94-08fa627e181e req-220b62a2-b4de-401e-996d-e106be6798af tempest-ServerRescueNegativeTestJSON-1332069489 tempest-ServerRescueNegativeTestJSON-1332069489-project] Allocated IP 172.20.0.14 (0d9a53e1-5335-4310-8b38-f410fcc5ba81/c80e1819-9c24-4846-b706-3fef95dc8da8/207d60ad-52a6-46f8-b69f-11d4cd8fee24) {{(pid=102838) _store_ip_allocation /opt/stack/neutron/neutron/db/db_base_plugin_common.py:131}}
Jan 21 08:52:51.183813 dv-cinder-815582-8-iscsi neutron-server[102838]: INFO neutron.wsgi [req-b92abcfd-eb7d-4af4-a82a-349a35cf915d req-ea3c2090-bbe5-420c-a2a2-b227723979f6 tempest-AttachVolumeTestJSON-1477399368 tempest-AttachVolumeTestJSON-1477399368-project] 10.222.0.87 "GET /v2.0/ports?device_id=6111233e-731a-4308-b6c7-df84d07288fb HTTP/1.1" status: 200 len: 210 time: 0.0486279
Jan 21 08:52:51.236382 dv-cinder-815582-8-iscsi neutron-server[102839]: DEBUG neutron.pecan_wsgi.hooks.policy_enforcement [req-0c894f4b-e37d-4553-927d-93de318e5057 req-7522579b-3a17-46f0-9d92-72f999a5720f tempest-DeleteServersTestJSON-1708823812 tempest-DeleteServersTestJSON-1708823812-project] Attributes excluded by policy engine: ['standard_attr_id', 'binding:profile', 'binding:host_id', 'binding:vif_type', 'binding:vif_details'] {{(pid=102839) _exclude_attributes_by_policy /opt/stack/neutron/neutron/pecan_wsgi/hooks/policy_enforcement.py:255}}
Jan 21 08:52:51.243467 dv-cinder-815582-8-iscsi neutron-server[102839]: INFO neutron.wsgi [req-0c894f4b-e37d-4553-927d-93de318e5057 req-7522579b-3a17-46f0-9d92-72f999a5720f tempest-DeleteServersTestJSON-1708823812 tempest-DeleteServersTestJSON-1708823812-project] 10.222.0.87 "GET /v2.0/ports?device_id=61898658-b968-4f5e-a4b5-2d4909da5893 HTTP/1.1" status: 200 len: 943 time: 0.1234670
Jan 21 08:52:51.312111 dv-cinder-815582-8-iscsi neutron-server[102839]: INFO neutron.wsgi [req-0c894f4b-e37d-4553-927d-93de318e5057 req-aa73eb1d-4f9c-4f0d-a495-e16855202132 tempest-DeleteServersTestJSON-1708823812 tempest-DeleteServersTestJSON-1708823812-project] 10.222.0.87 "GET /v2.0/security-groups?id=f4683952-80c9-497a-852f-b34b44eded4d&fields=id&fields=name HTTP/1.1" status: 200 len: 286 time: 0.0648441
Jan 21 08:52:51.347298 dv-cinder-815582-8-iscsi neutron-server[102839]: DEBUG neutron.pecan_wsgi.hooks.quota_enforcement [req-b498f7e2-0648-4a78-87cc-965bcce111d9 req-adc27bea-f476-48ab-aa95-7dcd364da2ff tempest-AttachVolumeTestJSON-1477399368 tempest-AttachVolumeTestJSON-1477399368-project] Made reservation on behalf of e08851ded7404728af2abcbaa2bec0bb for: {'port': 1} {{(pid=102839) before /opt/stack/neutron/neutron/pecan_wsgi/hooks/quota_enforcement.py:53}}
Jan 21 08:52:51.351530 dv-cinder-815582-8-iscsi neutron-server[102839]: DEBUG neutron_lib.callbacks.manager [req-b498f7e2-0648-4a78-87cc-965bcce111d9 req-adc27bea-f476-48ab-aa95-7dcd364da2ff tempest-AttachVolumeTestJSON-1477399368 tempest-AttachVolumeTestJSON-1477399368-project] Publish callbacks ['neutron.plugins.ml2.plugin.SecurityGroupDbMixin._ensure_default_security_group_handler-1483847'] for port (None), before_create {{(pid=102839) _notify_loop /usr/local/lib/python3.8/dist-packages/neutron_lib/callbacks/manager.py:176}}
Jan 21 08:52:51.419160 dv-cinder-815582-8-iscsi neutron-server[102840]: DEBUG neutron.plugins.ml2.rpc [None req-1870d8e3-62c8-40b0-bcce-7d259fd050b8 None None] Device 9ff6b12e-829b-4a67-ba6b-aaf01106395e up at agent ovs-agent-dv-cinder-815582-8-iscsi {{(pid=102840) update_device_up /opt/stack/neutron/neutron/plugins/ml2/rpc.py:296}}
Jan 21 08:52:51.464579 dv-cinder-815582-8-iscsi neutron-server[102838]: DEBUG neutron_lib.callbacks.manager [req-3b832da2-3f38-40f9-be94-08fa627e181e req-220b62a2-b4de-401e-996d-e106be6798af tempest-ServerRescueNegativeTestJSON-1332069489 tempest-ServerRescueNegativeTestJSON-1332069489-project] Publish callbacks [] for port (207d60ad-52a6-46f8-b69f-11d4cd8fee24), precommit_create {{(pid=102838) _notify_loop /usr/local/lib/python3.8/dist-packages/neutron_lib/callbacks/manager.py:176}}
Jan 21 08:52:51.493930 dv-cinder-815582-8-iscsi neutron-server[102840]: DEBUG neutron.db.provisioning_blocks [None req-1870d8e3-62c8-40b0-bcce-7d259fd050b8 None None] Provisioning complete for port 9ff6b12e-829b-4a67-ba6b-aaf01106395e triggered by entity L2. {{(pid=102840) provisioning_complete /opt/stack/neutron/neutron/db/provisioning_blocks.py:139}}
Jan 21 08:52:51.494675 dv-cinder-815582-8-iscsi neutron-server[102840]: DEBUG neutron_lib.callbacks.manager [None req-1870d8e3-62c8-40b0-bcce-7d259fd050b8 None None] Publish callbacks ['neutron.plugins.ml2.plugin.Ml2Plugin._port_provisioned-1542647'] for port (9ff6b12e-829b-4a67-ba6b-aaf01106395e), provisioning_complete {{(pid=102840) _notify_loop /usr/local/lib/python3.8/dist-packages/neutron_lib/callbacks/manager.py:176}}
Jan 21 08:52:51.565963 dv-cinder-815582-8-iscsi neutron-server[102838]: DEBUG neutron_lib.callbacks.manager [req-3b832da2-3f38-40f9-be94-08fa627e181e req-220b62a2-b4de-401e-996d-e106be6798af tempest-ServerRescueNegativeTestJSON-1332069489 tempest-ServerRescueNegativeTestJSON-1332069489-project] Publish callbacks ['neutron.plugins.ml2.plugin.SecurityGroupServerNotifierRpcMixin._notify_sg_on_port_change-1484084', 'neutron.plugins.ml2.ovo_rpc._ObjectChangeHandler.handle_event-93083', 'neutron.api.rpc.agentnotifiers.dhcp_rpc_agent_api.DhcpAgentNotifyAPI._native_event_send_dhcp_notification-608383', 'neutron.db.l3_dvrscheduler_db._notify_l3_agent_new_port-8752661055618'] for port (207d60ad-52a6-46f8-b69f-11d4cd8fee24), after_create {{(pid=102838) _notify_loop /usr/local/lib/python3.8/dist-packages/neutron_lib/callbacks/manager.py:176}}
Jan 21 08:52:51.577129 dv-cinder-815582-8-iscsi neutron-server[102839]: DEBUG neutron.db.db_base_plugin_common [req-b498f7e2-0648-4a78-87cc-965bcce111d9 req-adc27bea-f476-48ab-aa95-7dcd364da2ff tempest-AttachVolumeTestJSON-1477399368 tempest-AttachVolumeTestJSON-1477399368-project] Allocated IP 172.20.0.3 (1c4c5a40-745d-485e-a841-c30ea03f13cd/a8fa769d-f9dd-4bbb-96a2-29bf1a1a12b5/a688020b-0945-4bd2-b237-0440f664b397) {{(pid=102839) _store_ip_allocation /opt/stack/neutron/neutron/db/db_base_plugin_common.py:131}}
Jan 21 08:52:51.620870 dv-cinder-815582-8-iscsi neutron-server[102840]: DEBUG neutron.plugins.ml2.plugin [None req-1870d8e3-62c8-40b0-bcce-7d259fd050b8 None None] Current status of the port 9ff6b12e-829b-4a67-ba6b-aaf01106395e is: ACTIVE; New status is: ACTIVE {{(pid=102840) _update_individual_port_db_status /opt/stack/neutron/neutron/plugins/ml2/plugin.py:2213}}
Jan 21 08:52:51.643362 dv-cinder-815582-8-iscsi neutron-server[102838]: DEBUG neutron.pecan_wsgi.hooks.policy_enforcement [req-d5b144b4-753d-4abd-ae9f-54dd3c71b96e req-47981e37-76bd-4f09-b798-b637ead4ce57 tempest-AttachVolumeNegativeTest-1659980203 tempest-AttachVolumeNegativeTest-1659980203-project] Attributes excluded by policy engine: ['standard_attr_id', 'binding:profile', 'binding:host_id', 'binding:vif_type', 'binding:vif_details'] {{(pid=102838) _exclude_attributes_by_policy /opt/stack/neutron/neutron/pecan_wsgi/hooks/policy_enforcement.py:255}}
Jan 21 08:52:51.650804 dv-cinder-815582-8-iscsi neutron-server[102838]: INFO neutron.wsgi [req-d5b144b4-753d-4abd-ae9f-54dd3c71b96e req-47981e37-76bd-4f09-b798-b637ead4ce57 tempest-AttachVolumeNegativeTest-1659980203 tempest-AttachVolumeNegativeTest-1659980203-project] 10.222.0.87 "GET /v2.0/ports?device_id=39f36c8c-8e2c-4cf6-b946-dec27368cf00 HTTP/1.1" status: 200 len: 943 time: 0.2510765
Jan 21 08:52:51.687637 dv-cinder-815582-8-iscsi neutron-server[102838]: DEBUG neutron.scheduler.dhcp_agent_scheduler [req-3b832da2-3f38-40f9-be94-08fa627e181e req-220b62a2-b4de-401e-996d-e106be6798af tempest-ServerRescueNegativeTestJSON-1332069489 tempest-ServerRescueNegativeTestJSON-1332069489-project] Network 0d9a53e1-5335-4310-8b38-f410fcc5ba81 is already hosted by enough agents. {{(pid=102838) _get_dhcp_agents_hosting_network /opt/stack/neutron/neutron/scheduler/dhcp_agent_scheduler.py:275}}
Jan 21 08:52:51.692908 dv-cinder-815582-8-iscsi neutron-server[102838]: DEBUG neutron.scheduler.base_scheduler [req-3b832da2-3f38-40f9-be94-08fa627e181e req-220b62a2-b4de-401e-996d-e106be6798af tempest-ServerRescueNegativeTestJSON-1332069489 tempest-ServerRescueNegativeTestJSON-1332069489-project] Resources bound (agent type, host, resource id): {{(pid=102838) schedule /opt/stack/neutron/neutron/scheduler/base_scheduler.py:57}}
Jan 21 08:52:51.694711 dv-cinder-815582-8-iscsi neutron-server[102838]: DEBUG neutron.api.rpc.handlers.resources_rpc [None req-220b62a2-b4de-401e-996d-e106be6798af tempest-ServerRescueNegativeTestJSON-1332069489 tempest-ServerRescueNegativeTestJSON-1332069489-project] Pushing event updated for resources: {'Port': ['ID=207d60ad-52a6-46f8-b69f-11d4cd8fee24,revision_number=1']} {{(pid=102838) push /opt/stack/neutron/neutron/api/rpc/handlers/resources_rpc.py:237}}
Jan 21 08:52:51.697119 dv-cinder-815582-8-iscsi neutron-server[102838]: DEBUG neutron.db.l3_dvrscheduler_db [req-3b832da2-3f38-40f9-be94-08fa627e181e req-220b62a2-b4de-401e-996d-e106be6798af tempest-ServerRescueNegativeTestJSON-1332069489 tempest-ServerRescueNegativeTestJSON-1332069489-project] Received port after_create {{(pid=102838) _notify_l3_agent_new_port /opt/stack/neutron/neutron/db/l3_dvrscheduler_db.py:536}}
Jan 21 08:52:51.706024 dv-cinder-815582-8-iscsi neutron-server[102838]: DEBUG neutron.pecan_wsgi.hooks.policy_enforcement [req-3b832da2-3f38-40f9-be94-08fa627e181e req-220b62a2-b4de-401e-996d-e106be6798af tempest-ServerRescueNegativeTestJSON-1332069489 tempest-ServerRescueNegativeTestJSON-1332069489-project] Attributes excluded by policy engine: ['standard_attr_id', 'binding:profile', 'binding:host_id', 'binding:vif_type', 'binding:vif_details', 'network'] {{(pid=102838) _exclude_attributes_by_policy /opt/stack/neutron/neutron/pecan_wsgi/hooks/policy_enforcement.py:255}}
Jan 21 08:52:51.706024 dv-cinder-815582-8-iscsi neutron-server[102838]: DEBUG neutron_lib.callbacks.manager [req-3b832da2-3f38-40f9-be94-08fa627e181e req-220b62a2-b4de-401e-996d-e106be6798af tempest-ServerRescueNegativeTestJSON-1332069489 tempest-ServerRescueNegativeTestJSON-1332069489-project] Publish callbacks ['neutron.notifiers.nova.Notifier._send_nova_notification-967433', 'neutron.api.rpc.agentnotifiers.dhcp_rpc_agent_api.DhcpAgentNotifyAPI._send_dhcp_notification-608273'] for port (None), before_response {{(pid=102838) _notify_loop /usr/local/lib/python3.8/dist-packages/neutron_lib/callbacks/manager.py:176}}
Jan 21 08:52:51.739286 dv-cinder-815582-8-iscsi neutron-server[102838]: INFO neutron.wsgi [req-3b832da2-3f38-40f9-be94-08fa627e181e req-220b62a2-b4de-401e-996d-e106be6798af tempest-ServerRescueNegativeTestJSON-1332069489 tempest-ServerRescueNegativeTestJSON-1332069489-project] 10.222.0.64 "POST /v2.0/ports HTTP/1.1" status: 201 len: 934 time: 1.4188533
Jan 21 08:52:51.742619 dv-cinder-815582-8-iscsi neutron-server[102838]: INFO neutron.wsgi [req-d5b144b4-753d-4abd-ae9f-54dd3c71b96e req-febc948c-d3af-4be8-a161-698bc823392c tempest-AttachVolumeNegativeTest-1659980203 tempest-AttachVolumeNegativeTest-1659980203-project] 10.222.0.87 "GET /v2.0/security-groups?id=c883872c-79b4-4a9e-948f-c43e000dc8ea&fields=id&fields=name HTTP/1.1" status: 200 len: 286 time: 0.0910544
Jan 21 08:52:51.767046 dv-cinder-815582-8-iscsi neutron-server[102839]: DEBUG neutron_lib.callbacks.manager [req-b498f7e2-0648-4a78-87cc-965bcce111d9 req-adc27bea-f476-48ab-aa95-7dcd364da2ff tempest-AttachVolumeTestJSON-1477399368 tempest-AttachVolumeTestJSON-1477399368-project] Publish callbacks [] for port (a688020b-0945-4bd2-b237-0440f664b397), precommit_create {{(pid=102839) _notify_loop /usr/local/lib/python3.8/dist-packages/neutron_lib/callbacks/manager.py:176}}
Jan 21 08:52:51.805242 dv-cinder-815582-8-iscsi neutron-server[102839]: DEBUG neutron_lib.callbacks.manager [req-b498f7e2-0648-4a78-87cc-965bcce111d9 req-adc27bea-f476-48ab-aa95-7dcd364da2ff tempest-AttachVolumeTestJSON-1477399368 tempest-AttachVolumeTestJSON-1477399368-project] Publish callbacks ['neutron.plugins.ml2.plugin.SecurityGroupServerNotifierRpcMixin._notify_sg_on_port_change-1484084', 'neutron.plugins.ml2.ovo_rpc._ObjectChangeHandler.handle_event-93083', 'neutron.api.rpc.agentnotifiers.dhcp_rpc_agent_api.DhcpAgentNotifyAPI._native_event_send_dhcp_notification-608383', 'neutron.db.l3_dvrscheduler_db._notify_l3_agent_new_port-8752661055618', 'neutron.services.segments.plugin.NovaSegmentNotifier._notify_port_created_or_deleted-6047960'] for port (a688020b-0945-4bd2-b237-0440f664b397), after_create {{(pid=102839) _notify_loop /usr/local/lib/python3.8/dist-packages/neutron_lib/callbacks/manager.py:176}}
Jan 21 08:52:51.855173 dv-cinder-815582-8-iscsi neutron-server[102839]: DEBUG neutron.scheduler.dhcp_agent_scheduler [req-b498f7e2-0648-4a78-87cc-965bcce111d9 req-adc27bea-f476-48ab-aa95-7dcd364da2ff tempest-AttachVolumeTestJSON-1477399368 tempest-AttachVolumeTestJSON-1477399368-project] Network 1c4c5a40-745d-485e-a841-c30ea03f13cd is already hosted by enough agents. {{(pid=102839) _get_dhcp_agents_hosting_network /opt/stack/neutron/neutron/scheduler/dhcp_agent_scheduler.py:275}}
Jan 21 08:52:51.858670 dv-cinder-815582-8-iscsi neutron-server[102839]: DEBUG neutron.scheduler.base_scheduler [req-b498f7e2-0648-4a78-87cc-965bcce111d9 req-adc27bea-f476-48ab-aa95-7dcd364da2ff tempest-AttachVolumeTestJSON-1477399368 tempest-AttachVolumeTestJSON-1477399368-project] Resources bound (agent type, host, resource id): {{(pid=102839) schedule /opt/stack/neutron/neutron/scheduler/base_scheduler.py:57}}
Jan 21 08:52:51.862293 dv-cinder-815582-8-iscsi neutron-server[102839]: DEBUG neutron.db.l3_dvrscheduler_db [req-b498f7e2-0648-4a78-87cc-965bcce111d9 req-adc27bea-f476-48ab-aa95-7dcd364da2ff tempest-AttachVolumeTestJSON-1477399368 tempest-AttachVolumeTestJSON-1477399368-project] Received port after_create {{(pid=102839) _notify_l3_agent_new_port /opt/stack/neutron/neutron/db/l3_dvrscheduler_db.py:536}}
Jan 21 08:52:51.868521 dv-cinder-815582-8-iscsi neutron-server[102839]: DEBUG neutron.api.rpc.handlers.resources_rpc [None req-adc27bea-f476-48ab-aa95-7dcd364da2ff tempest-AttachVolumeTestJSON-1477399368 tempest-AttachVolumeTestJSON-1477399368-project] Pushing event updated for resources: {'Port': ['ID=a688020b-0945-4bd2-b237-0440f664b397,revision_number=1']} {{(pid=102839) push /opt/stack/neutron/neutron/api/rpc/handlers/resources_rpc.py:237}}
Jan 21 08:52:51.916493 dv-cinder-815582-8-iscsi neutron-server[102839]: DEBUG neutron.pecan_wsgi.hooks.policy_enforcement [req-b498f7e2-0648-4a78-87cc-965bcce111d9 req-adc27bea-f476-48ab-aa95-7dcd364da2ff tempest-AttachVolumeTestJSON-1477399368 tempest-AttachVolumeTestJSON-1477399368-project] Attributes excluded by policy engine: ['standard_attr_id', 'binding:profile', 'binding:host_id', 'binding:vif_type', 'binding:vif_details', 'network'] {{(pid=102839) _exclude_attributes_by_policy /opt/stack/neutron/neutron/pecan_wsgi/hooks/policy_enforcement.py:255}}
Jan 21 08:52:51.917296 dv-cinder-815582-8-iscsi neutron-server[102839]: DEBUG neutron_lib.callbacks.manager [req-b498f7e2-0648-4a78-87cc-965bcce111d9 req-adc27bea-f476-48ab-aa95-7dcd364da2ff tempest-AttachVolumeTestJSON-1477399368 tempest-AttachVolumeTestJSON-1477399368-project] Publish callbacks ['neutron.notifiers.nova.Notifier._send_nova_notification-967433', 'neutron.api.rpc.agentnotifiers.dhcp_rpc_agent_api.DhcpAgentNotifyAPI._send_dhcp_notification-608273'] for port (None), before_response {{(pid=102839) _notify_loop /usr/local/lib/python3.8/dist-packages/neutron_lib/callbacks/manager.py:176}}
Jan 21 08:52:51.934976 dv-cinder-815582-8-iscsi neutron-server[102839]: INFO neutron.wsgi [req-b498f7e2-0648-4a78-87cc-965bcce111d9 req-adc27bea-f476-48ab-aa95-7dcd364da2ff tempest-AttachVolumeTestJSON-1477399368 tempest-AttachVolumeTestJSON-1477399368-project] 10.222.0.64 "POST /v2.0/ports HTTP/1.1" status: 201 len: 933 time: 1.4187355
Jan 21 08:52:52.066867 dv-cinder-815582-8-iscsi neutron-server[102839]: INFO neutron.wsgi [req-bc3730d8-eadb-43ea-a7c8-6ba7b4a82de9 req-ed9d96a7-d2fd-407a-afe4-49046f0cf83c tempest-ServerRescueNegativeTestJSON-1332069489 tempest-ServerRescueNegativeTestJSON-1332069489-project] 10.222.0.87 "GET /v2.0/ports?device_id=d2591490-29f3-40c5-8aea-a7285da88ac6 HTTP/1.1" status: 200 len: 210 time: 0.0291092
Jan 21 08:52:52.141749 dv-cinder-815582-8-iscsi neutron-server[102840]: DEBUG neutron.db.provisioning_blocks [None req-a47c122d-6ca6-4b45-bc2f-78dd64ab2090 None None] Provisioning complete for port a688020b-0945-4bd2-b237-0440f664b397 triggered by entity DHCP. {{(pid=102840) provisioning_complete /opt/stack/neutron/neutron/db/provisioning_blocks.py:139}}
Jan 21 08:52:52.142685 dv-cinder-815582-8-iscsi neutron-server[102840]: DEBUG neutron_lib.callbacks.manager [None req-a47c122d-6ca6-4b45-bc2f-78dd64ab2090 None None] Publish callbacks ['neutron.plugins.ml2.plugin.Ml2Plugin._port_provisioned-1542647'] for port (a688020b-0945-4bd2-b237-0440f664b397), provisioning_complete {{(pid=102840) _notify_loop /usr/local/lib/python3.8/dist-packages/neutron_lib/callbacks/manager.py:176}}
Jan 21 08:52:52.178336 dv-cinder-815582-8-iscsi neutron-server[102840]: DEBUG neutron.plugins.ml2.plugin [None req-a47c122d-6ca6-4b45-bc2f-78dd64ab2090 None None] Port a688020b-0945-4bd2-b237-0440f664b397 cannot update to ACTIVE because it is not bound. {{(pid=102840) _port_provisioned /opt/stack/neutron/neutron/plugins/ml2/plugin.py:342}}
Jan 21 08:52:52.331224 dv-cinder-815582-8-iscsi neutron-server[102838]: DEBUG neutron.pecan_wsgi.hooks.policy_enforcement [req-add13e76-802e-4846-9200-796d2baf8aed req-83d7aec4-9150-41ad-8299-6bb29f3a6ec3 tempest-AttachVolumeTestJSON-1477399368 tempest-AttachVolumeTestJSON-1477399368-project] Attributes excluded by policy engine: ['standard_attr_id', 'binding:profile', 'binding:host_id', 'binding:vif_type', 'binding:vif_details'] {{(pid=102838) _exclude_attributes_by_policy /opt/stack/neutron/neutron/pecan_wsgi/hooks/policy_enforcement.py:255}}
Jan 21 08:52:52.332951 dv-cinder-815582-8-iscsi neutron-server[102838]: INFO neutron.wsgi [req-add13e76-802e-4846-9200-796d2baf8aed req-83d7aec4-9150-41ad-8299-6bb29f3a6ec3 tempest-AttachVolumeTestJSON-1477399368 tempest-AttachVolumeTestJSON-1477399368-project] 10.222.0.87 "GET /v2.0/ports?device_id=6111233e-731a-4308-b6c7-df84d07288fb HTTP/1.1" status: 200 len: 931 time: 0.0503421
Jan 21 08:52:52.387091 dv-cinder-815582-8-iscsi neutron-server[102838]: INFO neutron.wsgi [req-add13e76-802e-4846-9200-796d2baf8aed req-374fb530-5c6a-472b-b8c6-eb88a353ad77 tempest-AttachVolumeTestJSON-1477399368 tempest-AttachVolumeTestJSON-1477399368-project] 10.222.0.87 "GET /v2.0/security-groups?id=a3e7b90e-73a9-4c48-aaa3-b571481c3316&fields=id&fields=name HTTP/1.1" status: 200 len: 312 time: 0.0476344
Jan 21 08:52:52.431473 dv-cinder-815582-8-iscsi neutron-server[102839]: DEBUG neutron.pecan_wsgi.hooks.policy_enforcement [req-8b775660-36b6-452f-9c6e-3b430ff73339 req-c6e7db9a-b51a-4f9f-9769-2c08aa67cf94 tempest-DeleteServersTestJSON-1708823812 tempest-DeleteServersTestJSON-1708823812-project] Attributes excluded by policy engine: ['standard_attr_id', 'binding:profile', 'binding:host_id', 'binding:vif_type', 'binding:vif_details'] {{(pid=102839) _exclude_attributes_by_policy /opt/stack/neutron/neutron/pecan_wsgi/hooks/policy_enforcement.py:255}}
Jan 21 08:52:52.432955 dv-cinder-815582-8-iscsi neutron-server[102839]: INFO neutron.wsgi [req-8b775660-36b6-452f-9c6e-3b430ff73339 req-c6e7db9a-b51a-4f9f-9769-2c08aa67cf94 tempest-DeleteServersTestJSON-1708823812 tempest-DeleteServersTestJSON-1708823812-project] 10.222.0.87 "GET /v2.0/ports?device_id=61898658-b968-4f5e-a4b5-2d4909da5893 HTTP/1.1" status: 200 len: 943 time: 0.0485802
Jan 21 08:52:52.483277 dv-cinder-815582-8-iscsi neutron-server[102839]: INFO neutron.wsgi [req-8b775660-36b6-452f-9c6e-3b430ff73339 req-784e30ab-5412-4048-abef-5f19bd66ffa5 tempest-DeleteServersTestJSON-1708823812 tempest-DeleteServersTestJSON-1708823812-project] 10.222.0.87 "GET /v2.0/security-groups?id=f4683952-80c9-497a-852f-b34b44eded4d&fields=id&fields=name HTTP/1.1" status: 200 len: 286 time: 0.0443127
Jan 21 08:52:52.680202 dv-cinder-815582-8-iscsi neutron-server[102840]: DEBUG neutron_lib.callbacks.manager [None req-efeded88-3a0a-4bd4-a9a2-7407f7701486 None None] Publish callbacks ['neutron.services.segments.db._update_segment_host_mapping_for_agent-8752661610509', 'neutron.plugins.ml2.plugin.Ml2Plugin._retry_binding_revived_agents-1542552'] for agent (d88aaa01-9c4c-4bee-97a7-113dc2510c35), after_update {{(pid=102840) _notify_loop /usr/local/lib/python3.8/dist-packages/neutron_lib/callbacks/manager.py:176}}
Jan 21 08:52:52.862517 dv-cinder-815582-8-iscsi neutron-server[102838]: DEBUG neutron.pecan_wsgi.hooks.policy_enforcement [req-5a4bdef8-0ec9-4bb2-8805-4ad63f1d71c0 req-5ca779b7-b52c-4a89-860d-19bbc28e7c8e tempest-AttachVolumeNegativeTest-1659980203 tempest-AttachVolumeNegativeTest-1659980203-project] Attributes excluded by policy engine: ['standard_attr_id', 'binding:profile', 'binding:host_id', 'binding:vif_type', 'binding:vif_details'] {{(pid=102838) _exclude_attributes_by_policy /opt/stack/neutron/neutron/pecan_wsgi/hooks/policy_enforcement.py:255}}
Jan 21 08:52:52.864028 dv-cinder-815582-8-iscsi neutron-server[102838]: INFO neutron.wsgi [req-5a4bdef8-0ec9-4bb2-8805-4ad63f1d71c0 req-5ca779b7-b52c-4a89-860d-19bbc28e7c8e tempest-AttachVolumeNegativeTest-1659980203 tempest-AttachVolumeNegativeTest-1659980203-project] 10.222.0.87 "GET /v2.0/ports?device_id=39f36c8c-8e2c-4cf6-b946-dec27368cf00 HTTP/1.1" status: 200 len: 943 time: 0.0538321
Jan 21 08:52:52.915259 dv-cinder-815582-8-iscsi neutron-server[102838]: INFO neutron.wsgi [req-5a4bdef8-0ec9-4bb2-8805-4ad63f1d71c0 req-149ee60b-6e47-4b4f-9e68-ec090309dec3 tempest-AttachVolumeNegativeTest-1659980203 tempest-AttachVolumeNegativeTest-1659980203-project] 10.222.0.87 "GET /v2.0/security-groups?id=c883872c-79b4-4a9e-948f-c43e000dc8ea&fields=id&fields=name HTTP/1.1" status: 200 len: 286 time: 0.0453010
Jan 21 08:52:53.162984 dv-cinder-815582-8-iscsi neutron-server[102839]: INFO neutron.wsgi [req-a8ccfc56-2c2b-415e-928f-5a1b9f47d763 req-0dfd53b2-2606-4538-8ad6-a46febc481c9 tempest-ServerRescueNegativeTestJSON-1332069489 tempest-ServerRescueNegativeTestJSON-1332069489-project] 10.222.0.87 "GET /v2.0/ports?device_id=d2591490-29f3-40c5-8aea-a7285da88ac6 HTTP/1.1" status: 200 len: 210 time: 0.0258982
Jan 21 08:52:53.499395 dv-cinder-815582-8-iscsi neutron-server[102838]: DEBUG neutron.pecan_wsgi.hooks.policy_enforcement [req-b93539fa-1fab-402b-ad8b-402a4fc4e470 req-e7b76ec8-a4c2-4aad-943e-a4e6b503ba54 tempest-AttachVolumeTestJSON-1477399368 tempest-AttachVolumeTestJSON-1477399368-project] Attributes excluded by policy engine: ['standard_attr_id', 'binding:profile', 'binding:host_id', 'binding:vif_type', 'binding:vif_details'] {{(pid=102838) _exclude_attributes_by_policy /opt/stack/neutron/neutron/pecan_wsgi/hooks/policy_enforcement.py:255}}
Jan 21 08:52:53.500837 dv-cinder-815582-8-iscsi neutron-server[102838]: INFO neutron.wsgi [req-b93539fa-1fab-402b-ad8b-402a4fc4e470 req-e7b76ec8-a4c2-4aad-943e-a4e6b503ba54 tempest-AttachVolumeTestJSON-1477399368 tempest-AttachVolumeTestJSON-1477399368-project] 10.222.0.87 "GET /v2.0/ports?device_id=6111233e-731a-4308-b6c7-df84d07288fb HTTP/1.1" status: 200 len: 931 time: 0.0470765
Jan 21 08:52:53.550948 dv-cinder-815582-8-iscsi neutron-server[102838]: INFO neutron.wsgi [req-b93539fa-1fab-402b-ad8b-402a4fc4e470 req-9a46f13b-9f16-44ca-a7b6-169eb766ab11 tempest-AttachVolumeTestJSON-1477399368 tempest-AttachVolumeTestJSON-1477399368-project] 10.222.0.87 "GET /v2.0/security-groups?id=a3e7b90e-73a9-4c48-aaa3-b571481c3316&fields=id&fields=name HTTP/1.1" status: 200 len: 312 time: 0.0444112
Jan 21 08:52:53.600617 dv-cinder-815582-8-iscsi neutron-server[102839]: DEBUG neutron.pecan_wsgi.hooks.policy_enforcement [req-94d0cf2a-7d61-43ca-ae0f-bdf8acd1f572 req-11908506-ca53-4c26-93dc-7b0614147e1a tempest-DeleteServersTestJSON-1708823812 tempest-DeleteServersTestJSON-1708823812-project] Attributes excluded by policy engine: ['standard_attr_id', 'binding:profile', 'binding:host_id', 'binding:vif_type', 'binding:vif_details'] {{(pid=102839) _exclude_attributes_by_policy /opt/stack/neutron/neutron/pecan_wsgi/hooks/policy_enforcement.py:255}}
Jan 21 08:52:53.602094 dv-cinder-815582-8-iscsi neutron-server[102839]: INFO neutron.wsgi [req-94d0cf2a-7d61-43ca-ae0f-bdf8acd1f572 req-11908506-ca53-4c26-93dc-7b0614147e1a tempest-DeleteServersTestJSON-1708823812 tempest-DeleteServersTestJSON-1708823812-project] 10.222.0.87 "GET /v2.0/ports?device_id=61898658-b968-4f5e-a4b5-2d4909da5893 HTTP/1.1" status: 200 len: 943 time: 0.0514314
Jan 21 08:52:53.647595 dv-cinder-815582-8-iscsi neutron-server[102839]: INFO neutron.wsgi [req-94d0cf2a-7d61-43ca-ae0f-bdf8acd1f572 req-a0451c61-8524-4f23-89a5-b15ed3f998f9 tempest-DeleteServersTestJSON-1708823812 tempest-DeleteServersTestJSON-1708823812-project] 10.222.0.87 "GET /v2.0/security-groups?id=f4683952-80c9-497a-852f-b34b44eded4d&fields=id&fields=name HTTP/1.1" status: 200 len: 286 time: 0.0395181
Jan 21 08:52:53.915478 dv-cinder-815582-8-iscsi neutron-server[102841]: DEBUG neutron.db.agents_db [None req-7e10be2f-2365-4dd1-9eb4-71b58d3a8195 None None] Agent healthcheck: found 6 active agents {{(pid=102841) agent_health_check /opt/stack/neutron/neutron/db/agents_db.py:317}}
Jan 21 08:52:54.029801 dv-cinder-815582-8-iscsi neutron-server[102838]: DEBUG neutron.pecan_wsgi.hooks.policy_enforcement [req-ddf3a03d-4ddb-4d26-b436-c39292214f17 req-18cfcc97-61aa-436c-9a3e-e87ce5276561 tempest-AttachVolumeNegativeTest-1659980203 tempest-AttachVolumeNegativeTest-1659980203-project] Attributes excluded by policy engine: ['standard_attr_id', 'binding:profile', 'binding:host_id', 'binding:vif_type', 'binding:vif_details'] {{(pid=102838) _exclude_attributes_by_policy /opt/stack/neutron/neutron/pecan_wsgi/hooks/policy_enforcement.py:255}}
Jan 21 08:52:54.032082 dv-cinder-815582-8-iscsi neutron-server[102838]: INFO neutron.wsgi [req-ddf3a03d-4ddb-4d26-b436-c39292214f17 req-18cfcc97-61aa-436c-9a3e-e87ce5276561 tempest-AttachVolumeNegativeTest-1659980203 tempest-AttachVolumeNegativeTest-1659980203-project] 10.222.0.87 "GET /v2.0/ports?device_id=39f36c8c-8e2c-4cf6-b946-dec27368cf00 HTTP/1.1" status: 200 len: 943 time: 0.0497212
Jan 21 08:52:54.052733 dv-cinder-815582-8-iscsi neutron-server[102840]: DEBUG neutron_lib.callbacks.manager [None req-1870d8e3-62c8-40b0-bcce-7d259fd050b8 None None] Publish callbacks ['neutron.services.segments.db._update_segment_host_mapping_for_agent-8752661610509', 'neutron.plugins.ml2.plugin.Ml2Plugin._retry_binding_revived_agents-1542552'] for agent (01c0494e-61e7-4ddc-8b87-05d4b46c6721), after_update {{(pid=102840) _notify_loop /usr/local/lib/python3.8/dist-packages/neutron_lib/callbacks/manager.py:176}}
Jan 21 08:52:54.085316 dv-cinder-815582-8-iscsi neutron-server[102838]: INFO neutron.wsgi [req-ddf3a03d-4ddb-4d26-b436-c39292214f17 req-91199b88-fb18-40cd-b939-a3703edb1bf2 tempest-AttachVolumeNegativeTest-1659980203 tempest-AttachVolumeNegativeTest-1659980203-project] 10.222.0.87 "GET /v2.0/security-groups?id=c883872c-79b4-4a9e-948f-c43e000dc8ea&fields=id&fields=name HTTP/1.1" status: 200 len: 286 time: 0.0461905
Jan 21 08:52:54.255136 dv-cinder-815582-8-iscsi neutron-server[102839]: INFO neutron.wsgi [req-af5fb38c-551d-423b-9c36-b06374f257d6 req-c33163ad-6c9f-4c9f-8870-7cf011563c25 tempest-ServerRescueNegativeTestJSON-1332069489 tempest-ServerRescueNegativeTestJSON-1332069489-project] 10.222.0.87 "GET /v2.0/ports?device_id=d2591490-29f3-40c5-8aea-a7285da88ac6 HTTP/1.1" status: 200 len: 210 time: 0.0257819
Jan 21 08:52:54.664739 dv-cinder-815582-8-iscsi neutron-server[102838]: DEBUG neutron.pecan_wsgi.hooks.policy_enforcement [req-4905db97-f01e-4097-b6e9-d3908f39b587 req-9ceb48a7-4699-4251-8aa2-29e21d5a60d1 tempest-AttachVolumeTestJSON-1477399368 tempest-AttachVolumeTestJSON-1477399368-project] Attributes excluded by policy engine: ['standard_attr_id', 'binding:profile', 'binding:host_id', 'binding:vif_type', 'binding:vif_details'] {{(pid=102838) _exclude_attributes_by_policy /opt/stack/neutron/neutron/pecan_wsgi/hooks/policy_enforcement.py:255}}
Jan 21 08:52:54.666259 dv-cinder-815582-8-iscsi neutron-server[102838]: INFO neutron.wsgi [req-4905db97-f01e-4097-b6e9-d3908f39b587 req-9ceb48a7-4699-4251-8aa2-29e21d5a60d1 tempest-AttachVolumeTestJSON-1477399368 tempest-AttachVolumeTestJSON-1477399368-project] 10.222.0.87 "GET /v2.0/ports?device_id=6111233e-731a-4308-b6c7-df84d07288fb HTTP/1.1" status: 200 len: 931 time: 0.0492837
Jan 21 08:52:54.713610 dv-cinder-815582-8-iscsi neutron-server[102838]: INFO neutron.wsgi [req-4905db97-f01e-4097-b6e9-d3908f39b587 req-7b1f2b4a-da4f-48d8-80cf-4d7591be83cd tempest-AttachVolumeTestJSON-1477399368 tempest-AttachVolumeTestJSON-1477399368-project] 10.222.0.87 "GET /v2.0/security-groups?id=a3e7b90e-73a9-4c48-aaa3-b571481c3316&fields=id&fields=name HTTP/1.1" status: 200 len: 312 time: 0.0414765
Jan 21 08:52:54.765011 dv-cinder-815582-8-iscsi neutron-server[102839]: DEBUG neutron.pecan_wsgi.hooks.policy_enforcement [req-6c5b0e5c-4685-494e-9b03-c654c27f5dbf req-05fdeedb-7b3b-425e-91f3-a062b16faa6d tempest-DeleteServersTestJSON-1708823812 tempest-DeleteServersTestJSON-1708823812-project] Attributes excluded by policy engine: ['standard_attr_id', 'binding:profile', 'binding:host_id', 'binding:vif_type', 'binding:vif_details'] {{(pid=102839) _exclude_attributes_by_policy /opt/stack/neutron/neutron/pecan_wsgi/hooks/policy_enforcement.py:255}}
Jan 21 08:52:54.766522 dv-cinder-815582-8-iscsi neutron-server[102839]: INFO neutron.wsgi [req-6c5b0e5c-4685-494e-9b03-c654c27f5dbf req-05fdeedb-7b3b-425e-91f3-a062b16faa6d tempest-DeleteServersTestJSON-1708823812 tempest-DeleteServersTestJSON-1708823812-project] 10.222.0.87 "GET /v2.0/ports?device_id=61898658-b968-4f5e-a4b5-2d4909da5893 HTTP/1.1" status: 200 len: 943 time: 0.0523500
Jan 21 08:52:54.812727 dv-cinder-815582-8-iscsi neutron-server[102839]: INFO neutron.wsgi [req-6c5b0e5c-4685-494e-9b03-c654c27f5dbf req-0efe0148-fdd1-40e5-bb08-131b705eb375 tempest-DeleteServersTestJSON-1708823812 tempest-DeleteServersTestJSON-1708823812-project] 10.222.0.87 "GET /v2.0/security-groups?id=f4683952-80c9-497a-852f-b34b44eded4d&fields=id&fields=name HTTP/1.1" status: 200 len: 286 time: 0.0407600
Jan 21 08:52:55.107409 dv-cinder-815582-8-iscsi neutron-server[102840]: DEBUG neutron_lib.callbacks.manager [None req-738276c6-9365-42ec-9e3e-679857bd3497 None None] Publish callbacks ['neutron.services.segments.db._update_segment_host_mapping_for_agent-8752661610509', 'neutron.plugins.ml2.plugin.Ml2Plugin._retry_binding_revived_agents-1542552'] for agent (e01c1c23-371b-4121-8d2b-c181605cad53), after_update {{(pid=102840) _notify_loop /usr/local/lib/python3.8/dist-packages/neutron_lib/callbacks/manager.py:176}}
Jan 21 08:52:55.196423 dv-cinder-815582-8-iscsi neutron-server[102838]: DEBUG neutron.pecan_wsgi.hooks.policy_enforcement [req-f5b90ac8-6500-4916-ae02-5e32bdd2266d req-c1117bbd-aeef-4717-8cdd-2bdf59f46d91 tempest-AttachVolumeNegativeTest-1659980203 tempest-AttachVolumeNegativeTest-1659980203-project] Attributes excluded by policy engine: ['standard_attr_id', 'binding:profile', 'binding:host_id', 'binding:vif_type', 'binding:vif_details'] {{(pid=102838) _exclude_attributes_by_policy /opt/stack/neutron/neutron/pecan_wsgi/hooks/policy_enforcement.py:255}}
Jan 21 08:52:55.197893 dv-cinder-815582-8-iscsi neutron-server[102838]: INFO neutron.wsgi [req-f5b90ac8-6500-4916-ae02-5e32bdd2266d req-c1117bbd-aeef-4717-8cdd-2bdf59f46d91 tempest-AttachVolumeNegativeTest-1659980203 tempest-AttachVolumeNegativeTest-1659980203-project] 10.222.0.87 "GET /v2.0/ports?device_id=39f36c8c-8e2c-4cf6-b946-dec27368cf00 HTTP/1.1" status: 200 len: 943 time: 0.0470145
Jan 21 08:52:55.243386 dv-cinder-815582-8-iscsi neutron-server[102838]: INFO neutron.wsgi [req-f5b90ac8-6500-4916-ae02-5e32bdd2266d req-e386d13a-3a51-4462-8f78-5cb20ed70246 tempest-AttachVolumeNegativeTest-1659980203 tempest-AttachVolumeNegativeTest-1659980203-project] 10.222.0.87 "GET /v2.0/security-groups?id=c883872c-79b4-4a9e-948f-c43e000dc8ea&fields=id&fields=name HTTP/1.1" status: 200 len: 286 time: 0.0393133
Jan 21 08:52:55.356393 dv-cinder-815582-8-iscsi neutron-server[102839]: INFO neutron.wsgi [req-df3934b4-86a9-493b-85ad-1a0691729cb7 req-25a03ad2-4665-41c2-956d-0a593c8e8430 tempest-ServerRescueNegativeTestJSON-1332069489 tempest-ServerRescueNegativeTestJSON-1332069489-project] 10.222.0.87 "GET /v2.0/ports?device_id=d2591490-29f3-40c5-8aea-a7285da88ac6 HTTP/1.1" status: 200 len: 210 time: 0.0298948
Jan 21 08:52:55.830690 dv-cinder-815582-8-iscsi neutron-server[102838]: DEBUG neutron.pecan_wsgi.hooks.policy_enforcement [req-39e3114d-9b2f-4e19-a4f3-7b911e9872d8 req-6ee0e0ad-685a-4e5b-8840-7986b0875833 tempest-AttachVolumeTestJSON-1477399368 tempest-AttachVolumeTestJSON-1477399368-project] Attributes excluded by policy engine: ['standard_attr_id', 'binding:profile', 'binding:host_id', 'binding:vif_type', 'binding:vif_details'] {{(pid=102838) _exclude_attributes_by_policy /opt/stack/neutron/neutron/pecan_wsgi/hooks/policy_enforcement.py:255}}
Jan 21 08:52:55.832155 dv-cinder-815582-8-iscsi neutron-server[102838]: INFO neutron.wsgi [req-39e3114d-9b2f-4e19-a4f3-7b911e9872d8 req-6ee0e0ad-685a-4e5b-8840-7986b0875833 tempest-AttachVolumeTestJSON-1477399368 tempest-AttachVolumeTestJSON-1477399368-project] 10.222.0.87 "GET /v2.0/ports?device_id=6111233e-731a-4308-b6c7-df84d07288fb HTTP/1.1" status: 200 len: 931 time: 0.0511615
Jan 21 08:52:55.879676 dv-cinder-815582-8-iscsi neutron-server[102838]: INFO neutron.wsgi [req-39e3114d-9b2f-4e19-a4f3-7b911e9872d8 req-63b12496-6e3a-426c-8e35-ff64a52cb91c tempest-AttachVolumeTestJSON-1477399368 tempest-AttachVolumeTestJSON-1477399368-project] 10.222.0.87 "GET /v2.0/security-groups?id=a3e7b90e-73a9-4c48-aaa3-b571481c3316&fields=id&fields=name HTTP/1.1" status: 200 len: 312 time: 0.0418489
Jan 21 08:52:55.925405 dv-cinder-815582-8-iscsi neutron-server[102839]: DEBUG neutron.pecan_wsgi.hooks.policy_enforcement [req-e87395d5-1853-4733-8506-a4a340505e6c req-c36f8685-6378-40ff-b6aa-bacbd0bf1e05 tempest-DeleteServersTestJSON-1708823812 tempest-DeleteServersTestJSON-1708823812-project] Attributes excluded by policy engine: ['standard_attr_id', 'binding:profile', 'binding:host_id', 'binding:vif_type', 'binding:vif_details'] {{(pid=102839) _exclude_attributes_by_policy /opt/stack/neutron/neutron/pecan_wsgi/hooks/policy_enforcement.py:255}}
Jan 21 08:52:55.926900 dv-cinder-815582-8-iscsi neutron-server[102839]: INFO neutron.wsgi [req-e87395d5-1853-4733-8506-a4a340505e6c req-c36f8685-6378-40ff-b6aa-bacbd0bf1e05 tempest-DeleteServersTestJSON-1708823812 tempest-DeleteServersTestJSON-1708823812-project] 10.222.0.87 "GET /v2.0/ports?device_id=61898658-b968-4f5e-a4b5-2d4909da5893 HTTP/1.1" status: 200 len: 943 time: 0.0491922
Jan 21 08:52:55.971971 dv-cinder-815582-8-iscsi neutron-server[102839]: INFO neutron.wsgi [req-e87395d5-1853-4733-8506-a4a340505e6c req-8be10a72-836a-4f54-b122-3062dd725dec tempest-DeleteServersTestJSON-1708823812 tempest-DeleteServersTestJSON-1708823812-project] 10.222.0.87 "GET /v2.0/security-groups?id=f4683952-80c9-497a-852f-b34b44eded4d&fields=id&fields=name HTTP/1.1" status: 200 len: 286 time: 0.0396202
Jan 21 08:52:56.302264 dv-cinder-815582-8-iscsi neutron-server[102840]: DEBUG neutron.plugins.ml2.rpc [None req-738276c6-9365-42ec-9e3e-679857bd3497 None None] Device f4626d73-f26b-41c9-9f5d-9cf33676fed8 details requested by agent hyperv_hv-cinder-81558 with host hv-cinder-81558 {{(pid=102840) get_device_details /opt/stack/neutron/neutron/plugins/ml2/rpc.py:102}}
Jan 21 08:52:56.361577 dv-cinder-815582-8-iscsi neutron-server[102838]: DEBUG neutron.pecan_wsgi.hooks.policy_enforcement [req-54dbc93b-34b0-4c12-a75d-5266abefb3da req-a3412f46-88ae-4b2a-8cb6-86270afa99f5 tempest-AttachVolumeNegativeTest-1659980203 tempest-AttachVolumeNegativeTest-1659980203-project] Attributes excluded by policy engine: ['standard_attr_id', 'binding:profile', 'binding:host_id', 'binding:vif_type', 'binding:vif_details'] {{(pid=102838) _exclude_attributes_by_policy /opt/stack/neutron/neutron/pecan_wsgi/hooks/policy_enforcement.py:255}}
Jan 21 08:52:56.363096 dv-cinder-815582-8-iscsi neutron-server[102838]: INFO neutron.wsgi [req-54dbc93b-34b0-4c12-a75d-5266abefb3da req-a3412f46-88ae-4b2a-8cb6-86270afa99f5 tempest-AttachVolumeNegativeTest-1659980203 tempest-AttachVolumeNegativeTest-1659980203-project] 10.222.0.87 "GET /v2.0/ports?device_id=39f36c8c-8e2c-4cf6-b946-dec27368cf00 HTTP/1.1" status: 200 len: 943 time: 0.0501807
Jan 21 08:52:56.418411 dv-cinder-815582-8-iscsi neutron-server[102838]: INFO neutron.wsgi [req-54dbc93b-34b0-4c12-a75d-5266abefb3da req-05ab4240-c4b6-45d2-9995-7c4dff646202 tempest-AttachVolumeNegativeTest-1659980203 tempest-AttachVolumeNegativeTest-1659980203-project] 10.222.0.87 "GET /v2.0/security-groups?id=c883872c-79b4-4a9e-948f-c43e000dc8ea&fields=id&fields=name HTTP/1.1" status: 200 len: 286 time: 0.0498121
Jan 21 08:52:56.440990 dv-cinder-815582-8-iscsi neutron-server[102840]: DEBUG neutron.plugins.ml2.db [None req-738276c6-9365-42ec-9e3e-679857bd3497 None None] For port f4626d73-f26b-41c9-9f5d-9cf33676fed8, host hv-cinder-81558, got binding levels [PortBindingLevel(driver='hyperv',host='hv-cinder-81558',level=0,port_id=f4626d73-f26b-41c9-9f5d-9cf33676fed8,segment=NetworkSegment(2f50abc5-0569-4460-8346-84d54ee7f897),segment_id=2f50abc5-0569-4460-8346-84d54ee7f897)] {{(pid=102840) get_binding_level_objs /opt/stack/neutron/neutron/plugins/ml2/db.py:74}}
Jan 21 08:52:56.456088 dv-cinder-815582-8-iscsi neutron-server[102840]: DEBUG neutron.plugins.ml2.rpc [None req-738276c6-9365-42ec-9e3e-679857bd3497 None None] Returning: {'device': 'f4626d73-f26b-41c9-9f5d-9cf33676fed8', 'network_id': '69a54eb3-3bf7-448e-acb5-26c5ae86f3b7', 'port_id': 'f4626d73-f26b-41c9-9f5d-9cf33676fed8', 'mac_address': 'fa:16:3e:01:3c:dd', 'admin_state_up': True, 'network_type': 'vlan', 'segmentation_id': 79, 'physical_network': 'physnet1', 'mtu': 1500, 'fixed_ips': [{'subnet_id': '15e44c79-3005-47b3-bc89-4d5274f144ad', 'ip_address': '172.20.0.2'}], 'device_owner': 'compute:nova', 'allowed_address_pairs': [], 'port_security_enabled': True, 'qos_policy_id': None, 'network_qos_policy_id': None, 'profile': {}, 'propagate_uplink_status': False} {{(pid=102840) _get_device_details /opt/stack/neutron/neutron/plugins/ml2/rpc.py:184}}
Jan 21 08:52:56.487326 dv-cinder-815582-8-iscsi neutron-server[102839]: INFO neutron.wsgi [req-0f2906b1-f3da-405f-bdff-cb1cc15723ed req-53a61f24-bddd-4cb3-9336-aa7798c96031 tempest-ServerRescueNegativeTestJSON-1332069489 tempest-ServerRescueNegativeTestJSON-1332069489-project] 10.222.0.87 "GET /v2.0/ports?device_id=d2591490-29f3-40c5-8aea-a7285da88ac6 HTTP/1.1" status: 200 len: 210 time: 0.0374496
Jan 21 08:52:56.501132 dv-cinder-815582-8-iscsi neutron-server[102840]: DEBUG neutron.plugins.ml2.plugin [None req-738276c6-9365-42ec-9e3e-679857bd3497 None None] Current status of the port f4626d73-f26b-41c9-9f5d-9cf33676fed8 is: DOWN; New status is: BUILD {{(pid=102840) _update_individual_port_db_status /opt/stack/neutron/neutron/plugins/ml2/plugin.py:2213}}
Jan 21 08:52:56.501528 dv-cinder-815582-8-iscsi neutron-server[102840]: DEBUG neutron_lib.callbacks.manager [None req-738276c6-9365-42ec-9e3e-679857bd3497 None None] Publish callbacks ['neutron.plugins.ml2.plugin.SecurityGroupDbMixin._ensure_default_security_group_handler-1483847'] for port (f4626d73-f26b-41c9-9f5d-9cf33676fed8), before_update {{(pid=102840) _notify_loop /usr/local/lib/python3.8/dist-packages/neutron_lib/callbacks/manager.py:176}}
Jan 21 08:52:56.515825 dv-cinder-815582-8-iscsi neutron-server[102840]: DEBUG neutron.notifiers.nova [None req-738276c6-9365-42ec-9e3e-679857bd3497 None None] Ignoring state change previous_port_status: DOWN current_port_status: BUILD port_id f4626d73-f26b-41c9-9f5d-9cf33676fed8 {{(pid=102840) record_port_status_changed /opt/stack/neutron/neutron/notifiers/nova.py:224}}
Jan 21 08:52:56.538677 dv-cinder-815582-8-iscsi neutron-server[102840]: DEBUG neutron.plugins.ml2.db [None req-738276c6-9365-42ec-9e3e-679857bd3497 None None] For port f4626d73-f26b-41c9-9f5d-9cf33676fed8, host hv-cinder-81558, got binding levels [PortBindingLevel(driver='hyperv',host='hv-cinder-81558',level=0,port_id=f4626d73-f26b-41c9-9f5d-9cf33676fed8,segment=NetworkSegment(2f50abc5-0569-4460-8346-84d54ee7f897),segment_id=2f50abc5-0569-4460-8346-84d54ee7f897)] {{(pid=102840) get_binding_level_objs /opt/stack/neutron/neutron/plugins/ml2/db.py:74}}
Jan 21 08:52:56.542917 dv-cinder-815582-8-iscsi neutron-server[102840]: DEBUG neutron_lib.callbacks.manager [None req-738276c6-9365-42ec-9e3e-679857bd3497 None None] Publish callbacks ['neutron.plugins.ml2.plugin.SecurityGroupServerNotifierRpcMixin._notify_sg_on_port_change-1484084', 'neutron.plugins.ml2.ovo_rpc._ObjectChangeHandler.handle_event-93083', 'neutron.api.rpc.agentnotifiers.dhcp_rpc_agent_api.DhcpAgentNotifyAPI._native_event_send_dhcp_notification-608383', 'neutron.db.l3_db.L3RpcNotifierMixin._notify_gateway_port_ip_changed-8752661571741', 'neutron.db.l3_dvrscheduler_db._notify_l3_agent_port_update-8752661055636', 'neutron.db.l3_hascheduler_db._notify_l3_agent_ha_port_update-8752661055654'] for port (f4626d73-f26b-41c9-9f5d-9cf33676fed8), after_update {{(pid=102840) _notify_loop /usr/local/lib/python3.8/dist-packages/neutron_lib/callbacks/manager.py:176}}
Jan 21 08:52:56.543736 dv-cinder-815582-8-iscsi neutron-server[102840]: DEBUG neutron.plugins.ml2.rpc [None req-738276c6-9365-42ec-9e3e-679857bd3497 None None] Device 6a3c5af9-2b28-4d8c-bfe6-84fd21b54cb2 details requested by agent hyperv_hv-cinder-81558 with host hv-cinder-81558 {{(pid=102840) get_device_details /opt/stack/neutron/neutron/plugins/ml2/rpc.py:102}}
Jan 21 08:52:56.623270 dv-cinder-815582-8-iscsi neutron-server[102840]: DEBUG neutron.api.rpc.handlers.resources_rpc [None req-738276c6-9365-42ec-9e3e-679857bd3497 None None] Pushing event updated for resources: {'Port': ['ID=f4626d73-f26b-41c9-9f5d-9cf33676fed8,revision_number=4']} {{(pid=102840) push /opt/stack/neutron/neutron/api/rpc/handlers/resources_rpc.py:237}}
Jan 21 08:52:56.685624 dv-cinder-815582-8-iscsi neutron-server[102840]: DEBUG neutron.plugins.ml2.db [None req-738276c6-9365-42ec-9e3e-679857bd3497 None None] For port 6a3c5af9-2b28-4d8c-bfe6-84fd21b54cb2, host hv-cinder-81558, got binding levels [PortBindingLevel(driver='hyperv',host='hv-cinder-81558',level=0,port_id=6a3c5af9-2b28-4d8c-bfe6-84fd21b54cb2,segment=NetworkSegment(5e8c3595-b574-4910-b5d9-3c2e74ff48a1),segment_id=5e8c3595-b574-4910-b5d9-3c2e74ff48a1)] {{(pid=102840) get_binding_level_objs /opt/stack/neutron/neutron/plugins/ml2/db.py:74}}
Jan 21 08:52:56.697691 dv-cinder-815582-8-iscsi neutron-server[102840]: DEBUG neutron.plugins.ml2.rpc [None req-738276c6-9365-42ec-9e3e-679857bd3497 None None] Returning: {'device': '6a3c5af9-2b28-4d8c-bfe6-84fd21b54cb2', 'network_id': 'ba602e0f-8b57-4659-8fdc-a5cff639e462', 'port_id': '6a3c5af9-2b28-4d8c-bfe6-84fd21b54cb2', 'mac_address': 'fa:16:3e:25:db:0e', 'admin_state_up': True, 'network_type': 'vlan', 'segmentation_id': 54, 'physical_network': 'physnet1', 'mtu': 1500, 'fixed_ips': [{'subnet_id': '2aadf808-82ae-40c4-8285-af76012d91ff', 'ip_address': '172.20.0.4'}], 'device_owner': 'compute:nova', 'allowed_address_pairs': [], 'port_security_enabled': True, 'qos_policy_id': None, 'network_qos_policy_id': None, 'profile': {}, 'propagate_uplink_status': False} {{(pid=102840) _get_device_details /opt/stack/neutron/neutron/plugins/ml2/rpc.py:184}}
Jan 21 08:52:56.704681 dv-cinder-815582-8-iscsi neutron-server[102839]: DEBUG neutron.wsgi [-] (102839) accepted ('10.222.0.87', 41694) {{(pid=102839) server /usr/local/lib/python3.8/dist-packages/eventlet/wsgi.py:1004}}
Jan 21 08:52:56.737492 dv-cinder-815582-8-iscsi neutron-server[102840]: DEBUG neutron.plugins.ml2.plugin [None req-738276c6-9365-42ec-9e3e-679857bd3497 None None] Current status of the port 6a3c5af9-2b28-4d8c-bfe6-84fd21b54cb2 is: DOWN; New status is: BUILD {{(pid=102840) _update_individual_port_db_status /opt/stack/neutron/neutron/plugins/ml2/plugin.py:2213}}
Jan 21 08:52:56.737911 dv-cinder-815582-8-iscsi neutron-server[102840]: DEBUG neutron_lib.callbacks.manager [None req-738276c6-9365-42ec-9e3e-679857bd3497 None None] Publish callbacks ['neutron.plugins.ml2.plugin.SecurityGroupDbMixin._ensure_default_security_group_handler-1483847'] for port (6a3c5af9-2b28-4d8c-bfe6-84fd21b54cb2), before_update {{(pid=102840) _notify_loop /usr/local/lib/python3.8/dist-packages/neutron_lib/callbacks/manager.py:176}}
Jan 21 08:52:56.745187 dv-cinder-815582-8-iscsi neutron-server[102839]: DEBUG neutron.api.v2.base [req-b498f7e2-0648-4a78-87cc-965bcce111d9 req-8000cf53-9242-4b7d-acf8-148e04cb58eb service neutron] Request body: {'port': {'device_id': '6111233e-731a-4308-b6c7-df84d07288fb', 'device_owner': 'compute:nova', 'binding:host_id': 'hv-cinder-81558'}} {{(pid=102839) prepare_request_body /opt/stack/neutron/neutron/api/v2/base.py:729}}
Jan 21 08:52:56.746001 dv-cinder-815582-8-iscsi neutron-server[102838]: DEBUG neutron.api.v2.base [req-3b832da2-3f38-40f9-be94-08fa627e181e req-85daef03-c471-4b8f-962b-118c6a37a60f service neutron] Request body: {'port': {'device_id': '3fdfde4a-8d64-4ddd-af7f-69ab4224070d', 'device_owner': 'compute:nova', 'binding:host_id': 'hv-cinder-81558'}} {{(pid=102838) prepare_request_body /opt/stack/neutron/neutron/api/v2/base.py:729}}
Jan 21 08:52:56.753913 dv-cinder-815582-8-iscsi neutron-server[102840]: DEBUG neutron.notifiers.nova [None req-738276c6-9365-42ec-9e3e-679857bd3497 None None] Ignoring state change previous_port_status: DOWN current_port_status: BUILD port_id 6a3c5af9-2b28-4d8c-bfe6-84fd21b54cb2 {{(pid=102840) record_port_status_changed /opt/stack/neutron/neutron/notifiers/nova.py:224}}
Jan 21 08:52:56.775805 dv-cinder-815582-8-iscsi neutron-server[102840]: DEBUG neutron.plugins.ml2.db [None req-738276c6-9365-42ec-9e3e-679857bd3497 None None] For port 6a3c5af9-2b28-4d8c-bfe6-84fd21b54cb2, host hv-cinder-81558, got binding levels [PortBindingLevel(driver='hyperv',host='hv-cinder-81558',level=0,port_id=6a3c5af9-2b28-4d8c-bfe6-84fd21b54cb2,segment=NetworkSegment(5e8c3595-b574-4910-b5d9-3c2e74ff48a1),segment_id=5e8c3595-b574-4910-b5d9-3c2e74ff48a1)] {{(pid=102840) get_binding_level_objs /opt/stack/neutron/neutron/plugins/ml2/db.py:74}}
Jan 21 08:52:56.783191 dv-cinder-815582-8-iscsi neutron-server[102840]: DEBUG neutron_lib.callbacks.manager [None req-738276c6-9365-42ec-9e3e-679857bd3497 None None] Publish callbacks ['neutron.plugins.ml2.plugin.SecurityGroupServerNotifierRpcMixin._notify_sg_on_port_change-1484084', 'neutron.plugins.ml2.ovo_rpc._ObjectChangeHandler.handle_event-93083', 'neutron.api.rpc.agentnotifiers.dhcp_rpc_agent_api.DhcpAgentNotifyAPI._native_event_send_dhcp_notification-608383', 'neutron.db.l3_db.L3RpcNotifierMixin._notify_gateway_port_ip_changed-8752661571741', 'neutron.db.l3_dvrscheduler_db._notify_l3_agent_port_update-8752661055636', 'neutron.db.l3_hascheduler_db._notify_l3_agent_ha_port_update-8752661055654'] for port (6a3c5af9-2b28-4d8c-bfe6-84fd21b54cb2), after_update {{(pid=102840) _notify_loop /usr/local/lib/python3.8/dist-packages/neutron_lib/callbacks/manager.py:176}}
Jan 21 08:52:56.815752 dv-cinder-815582-8-iscsi neutron-server[102839]: DEBUG neutron_lib.callbacks.manager [req-b498f7e2-0648-4a78-87cc-965bcce111d9 req-8000cf53-9242-4b7d-acf8-148e04cb58eb service neutron] Publish callbacks ['neutron.plugins.ml2.plugin.SecurityGroupDbMixin._ensure_default_security_group_handler-1483847'] for port (a688020b-0945-4bd2-b237-0440f664b397), before_update {{(pid=102839) _notify_loop /usr/local/lib/python3.8/dist-packages/neutron_lib/callbacks/manager.py:176}}
Jan 21 08:52:56.817471 dv-cinder-815582-8-iscsi neutron-server[102838]: DEBUG neutron_lib.callbacks.manager [req-3b832da2-3f38-40f9-be94-08fa627e181e req-85daef03-c471-4b8f-962b-118c6a37a60f service neutron] Publish callbacks ['neutron.plugins.ml2.plugin.SecurityGroupDbMixin._ensure_default_security_group_handler-1483847'] for port (207d60ad-52a6-46f8-b69f-11d4cd8fee24), before_update {{(pid=102838) _notify_loop /usr/local/lib/python3.8/dist-packages/neutron_lib/callbacks/manager.py:176}}
Jan 21 08:52:56.846984 dv-cinder-815582-8-iscsi neutron-server[102839]: DEBUG neutron_lib.callbacks.manager [None req-3b354545-db26-4fac-b88e-64ec1ffa5420 admin admin] Publish callbacks [] for security_group (None), before_create {{(pid=102839) _notify_loop /usr/local/lib/python3.8/dist-packages/neutron_lib/callbacks/manager.py:176}}
Jan 21 08:52:56.862314 dv-cinder-815582-8-iscsi neutron-server[102840]: DEBUG neutron.api.rpc.handlers.resources_rpc [None req-738276c6-9365-42ec-9e3e-679857bd3497 None None] Pushing event updated for resources: {'Port': ['ID=6a3c5af9-2b28-4d8c-bfe6-84fd21b54cb2,revision_number=4']} {{(pid=102840) push /opt/stack/neutron/neutron/api/rpc/handlers/resources_rpc.py:237}}
Jan 21 08:52:56.929997 dv-cinder-815582-8-iscsi neutron-server[102838]: DEBUG neutron.wsgi [-] (102838) accepted ('10.222.0.64', 63951) {{(pid=102838) server /usr/local/lib/python3.8/dist-packages/eventlet/wsgi.py:1004}}
Jan 21 08:52:57.141419 dv-cinder-815582-8-iscsi neutron-server[102838]: DEBUG neutron.pecan_wsgi.hooks.policy_enforcement [req-626ba25b-108e-4e9c-ab05-27fb09a23697 req-3c026393-0021-4bbd-9341-ffbdcd6c6168 tempest-AttachVolumeTestJSON-1477399368 tempest-AttachVolumeTestJSON-1477399368-project] Attributes excluded by policy engine: ['standard_attr_id', 'binding:profile', 'binding:host_id', 'binding:vif_type', 'binding:vif_details'] {{(pid=102838) _exclude_attributes_by_policy /opt/stack/neutron/neutron/pecan_wsgi/hooks/policy_enforcement.py:255}}
