Jan 21 08:54:06.217294 dv-cinder-815582-8-iscsi devstack@n-api.service[116550]: DEBUG nova.compute.api [None req-1bb59076-3adc-4393-bdba-6d6d12b38f11 tempest-DeleteServersTestJSON-1708823812 tempest-DeleteServersTestJSON-1708823812-project] [instance: 61898658-b968-4f5e-a4b5-2d4909da5893] Fetching instance by UUID {{(pid=116550) get /opt/stack/nova/nova/compute/api.py:2865}}
Jan 21 08:54:06.219694 dv-cinder-815582-8-iscsi devstack@n-api.service[116550]: DEBUG oslo_concurrency.lockutils [None req-1bb59076-3adc-4393-bdba-6d6d12b38f11 tempest-DeleteServersTestJSON-1708823812 tempest-DeleteServersTestJSON-1708823812-project] Lock "dcb5ed6d-bb41-4e95-b762-8aa2e7a00fde" acquired by "nova.context.set_target_cell..get_or_set_cached_cell_and_set_connections" :: waited 0.000s {{(pid=116550) inner /usr/local/lib/python3.8/dist-packages/oslo_concurrency/lockutils.py:386}}
Jan 21 08:54:06.220147 dv-cinder-815582-8-iscsi devstack@n-api.service[116550]: DEBUG oslo_concurrency.lockutils [None req-1bb59076-3adc-4393-bdba-6d6d12b38f11 tempest-DeleteServersTestJSON-1708823812 tempest-DeleteServersTestJSON-1708823812-project] Lock "dcb5ed6d-bb41-4e95-b762-8aa2e7a00fde" "released" by "nova.context.set_target_cell..get_or_set_cached_cell_and_set_connections" :: held 0.001s {{(pid=116550) inner /usr/local/lib/python3.8/dist-packages/oslo_concurrency/lockutils.py:400}}
Jan 21 08:54:06.220938 dv-cinder-815582-8-iscsi devstack@n-api.service[116550]: DEBUG oslo_concurrency.lockutils [None req-1bb59076-3adc-4393-bdba-6d6d12b38f11 tempest-DeleteServersTestJSON-1708823812 tempest-DeleteServersTestJSON-1708823812-project] Lock "dcb5ed6d-bb41-4e95-b762-8aa2e7a00fde" acquired by "nova.context.set_target_cell..get_or_set_cached_cell_and_set_connections" :: waited 0.000s {{(pid=116550) inner /usr/local/lib/python3.8/dist-packages/oslo_concurrency/lockutils.py:386}}
Jan 21 08:54:06.221376 dv-cinder-815582-8-iscsi devstack@n-api.service[116550]: DEBUG oslo_concurrency.lockutils [None req-1bb59076-3adc-4393-bdba-6d6d12b38f11 tempest-DeleteServersTestJSON-1708823812 tempest-DeleteServersTestJSON-1708823812-project] Lock "dcb5ed6d-bb41-4e95-b762-8aa2e7a00fde" "released" by "nova.context.set_target_cell..get_or_set_cached_cell_and_set_connections" :: held 0.000s {{(pid=116550) inner /usr/local/lib/python3.8/dist-packages/oslo_concurrency/lockutils.py:400}}
Jan 21 08:54:06.430940 dv-cinder-815582-8-iscsi devstack@n-api.service[116551]: DEBUG nova.virt.hardware [None req-59e545ae-5f9e-450e-8774-9107f7ad2550 tempest-VolumesActionsTest-340823748 tempest-VolumesActionsTest-340823748-project] Flavor limits 0:0:0 {{(pid=116551) get_cpu_topology_constraints /opt/stack/nova/nova/virt/hardware.py:343}}
Jan 21 08:54:06.432057 dv-cinder-815582-8-iscsi devstack@n-api.service[116551]: DEBUG nova.virt.hardware [None req-59e545ae-5f9e-450e-8774-9107f7ad2550 tempest-VolumesActionsTest-340823748 tempest-VolumesActionsTest-340823748-project] Image limits 0:0:0 {{(pid=116551) get_cpu_topology_constraints /opt/stack/nova/nova/virt/hardware.py:347}}
Jan 21 08:54:06.432570 dv-cinder-815582-8-iscsi devstack@n-api.service[116551]: DEBUG nova.virt.hardware [None req-59e545ae-5f9e-450e-8774-9107f7ad2550 tempest-VolumesActionsTest-340823748 tempest-VolumesActionsTest-340823748-project] Flavor pref 0:0:0 {{(pid=116551) get_cpu_topology_constraints /opt/stack/nova/nova/virt/hardware.py:383}}
Jan 21 08:54:06.433823 dv-cinder-815582-8-iscsi devstack@n-api.service[116551]: DEBUG nova.virt.hardware [None req-59e545ae-5f9e-450e-8774-9107f7ad2550 tempest-VolumesActionsTest-340823748 tempest-VolumesActionsTest-340823748-project] Image pref 0:0:0 {{(pid=116551) get_cpu_topology_constraints /opt/stack/nova/nova/virt/hardware.py:387}}
Jan 21 08:54:06.434530 dv-cinder-815582-8-iscsi devstack@n-api.service[116551]: DEBUG nova.virt.hardware [None req-59e545ae-5f9e-450e-8774-9107f7ad2550 tempest-VolumesActionsTest-340823748 tempest-VolumesActionsTest-340823748-project] Chose sockets=0, cores=0, threads=0; limits were sockets=65536, cores=65536, threads=65536 {{(pid=116551) get_cpu_topology_constraints /opt/stack/nova/nova/virt/hardware.py:425}}
Jan 21 08:54:06.443526 dv-cinder-815582-8-iscsi devstack@n-api.service[116551]: DEBUG oslo_concurrency.lockutils [None req-59e545ae-5f9e-450e-8774-9107f7ad2550 tempest-VolumesActionsTest-340823748 tempest-VolumesActionsTest-340823748-project] Lock "00000000-0000-0000-0000-000000000000" acquired by "nova.context.set_target_cell..get_or_set_cached_cell_and_set_connections" :: waited 0.000s {{(pid=116551) inner /usr/local/lib/python3.8/dist-packages/oslo_concurrency/lockutils.py:386}}
Jan 21 08:54:06.443981 dv-cinder-815582-8-iscsi devstack@n-api.service[116551]: DEBUG oslo_concurrency.lockutils [None req-59e545ae-5f9e-450e-8774-9107f7ad2550 tempest-VolumesActionsTest-340823748 tempest-VolumesActionsTest-340823748-project] Lock "00000000-0000-0000-0000-000000000000" "released" by "nova.context.set_target_cell..get_or_set_cached_cell_and_set_connections" :: held 0.001s {{(pid=116551) inner /usr/local/lib/python3.8/dist-packages/oslo_concurrency/lockutils.py:400}}
Jan 21 08:54:06.444925 dv-cinder-815582-8-iscsi devstack@n-api.service[116551]: DEBUG oslo_concurrency.lockutils [None req-59e545ae-5f9e-450e-8774-9107f7ad2550 tempest-VolumesActionsTest-340823748 tempest-VolumesActionsTest-340823748-project] Lock "dcb5ed6d-bb41-4e95-b762-8aa2e7a00fde" acquired by "nova.context.set_target_cell..get_or_set_cached_cell_and_set_connections" :: waited 0.000s {{(pid=116551) inner /usr/local/lib/python3.8/dist-packages/oslo_concurrency/lockutils.py:386}}
Jan 21 08:54:06.445521 dv-cinder-815582-8-iscsi devstack@n-api.service[116551]: DEBUG oslo_concurrency.lockutils [None req-59e545ae-5f9e-450e-8774-9107f7ad2550 tempest-VolumesActionsTest-340823748 tempest-VolumesActionsTest-340823748-project] Lock "dcb5ed6d-bb41-4e95-b762-8aa2e7a00fde" "released" by "nova.context.set_target_cell..get_or_set_cached_cell_and_set_connections" :: held 0.001s {{(pid=116551) inner /usr/local/lib/python3.8/dist-packages/oslo_concurrency/lockutils.py:400}}
Jan 21 08:54:06.463709 dv-cinder-815582-8-iscsi devstack@n-api.service[116551]: DEBUG nova.quota [None req-59e545ae-5f9e-450e-8774-9107f7ad2550 tempest-VolumesActionsTest-340823748 tempest-VolumesActionsTest-340823748-project] Getting quotas for project d68c7abf0d8a42128b06e69f56f5a2c2. Resources: {'instances', 'cores', 'ram'} {{(pid=116551) _get_quotas /opt/stack/nova/nova/quota.py:387}}
Jan 21 08:54:06.469924 dv-cinder-815582-8-iscsi devstack@n-api.service[116551]: DEBUG nova.quota [None req-59e545ae-5f9e-450e-8774-9107f7ad2550 tempest-VolumesActionsTest-340823748 tempest-VolumesActionsTest-340823748-project] Getting quotas for user fe5e0deab01f457287af9750a340c76a and project d68c7abf0d8a42128b06e69f56f5a2c2. Resources: {'instances', 'cores', 'ram'} {{(pid=116551) _get_quotas /opt/stack/nova/nova/quota.py:377}}
Jan 21 08:54:06.485383 dv-cinder-815582-8-iscsi devstack@n-api.service[116551]: DEBUG nova.compute.api [None req-59e545ae-5f9e-450e-8774-9107f7ad2550 tempest-VolumesActionsTest-340823748 tempest-VolumesActionsTest-340823748-project] Going to run 1 instances... {{(pid=116551) _provision_instances /opt/stack/nova/nova/compute/api.py:1350}}
Jan 21 08:54:06.489377 dv-cinder-815582-8-iscsi devstack@n-api.service[116550]: DEBUG nova.policy [None req-1bb59076-3adc-4393-bdba-6d6d12b38f11 tempest-DeleteServersTestJSON-1708823812 tempest-DeleteServersTestJSON-1708823812-project] Policy check for os_compute_api:os-extended-server-attributes failed with credentials {'is_admin': False, 'user_id': '4286a86eff394b7f8dbce188bd7bf95c', 'user_domain_id': 'default', 'system_scope': None, 'domain_id': None, 'project_id': '548e38c04bfd49239d0b6528ffcbf909', 'project_domain_id': 'default', 'roles': ['member', 'reader'], 'is_admin_project': True, 'service_user_id': None, 'service_user_domain_id': None, 'service_project_id': None, 'service_project_domain_id': None, 'service_roles': []} {{(pid=116550) authorize /opt/stack/nova/nova/policy.py:199}}
Jan 21 08:54:06.489884 dv-cinder-815582-8-iscsi devstack@n-api.service[116551]: DEBUG nova.compute.api [None req-59e545ae-5f9e-450e-8774-9107f7ad2550 tempest-VolumesActionsTest-340823748 tempest-VolumesActionsTest-340823748-project] [instance: 07dc12e7-c4ad-4dea-aaa2-197e3205c862] block_device_mapping [BlockDeviceMapping(attachment_id=,boot_index=0,connection_info=None,created_at=,delete_on_termination=True,deleted=,deleted_at=,destination_type='local',device_name=None,device_type='disk',disk_bus=None,guest_format=None,id=,image_id='32e9dca2-37c2-451d-a65d-b80b5d4f28ce',instance=,instance_uuid=,no_device=False,snapshot_id=None,source_type='image',tag=None,updated_at=,uuid=,volume_id=None,volume_size=None,volume_type=None)] {{(pid=116551) _bdm_validate_set_size_and_instance /opt/stack/nova/nova/compute/api.py:1757}}
Jan 21 08:54:06.507541 dv-cinder-815582-8-iscsi devstack@n-api.service[116550]: INFO nova.api.openstack.requestlog [None req-1bb59076-3adc-4393-bdba-6d6d12b38f11 tempest-DeleteServersTestJSON-1708823812 tempest-DeleteServersTestJSON-1708823812-project] 10.222.0.87 "GET /compute/v2.1/servers/61898658-b968-4f5e-a4b5-2d4909da5893" status: 200 len: 1552 microversion: 2.1 time: 0.297476
Jan 21 08:54:06.508766 dv-cinder-815582-8-iscsi devstack@n-api.service[116550]: [pid: 116550|app: 0|req: 146/264] 10.222.0.87 () {58 vars in 1235 bytes} [Fri Jan 21 08:54:06 2022] GET /compute/v2.1/servers/61898658-b968-4f5e-a4b5-2d4909da5893 => generated 1552 bytes in 300 msecs (HTTP/1.1 200) 9 headers in 358 bytes (1 switches on core 0)
Jan 21 08:54:06.513797 dv-cinder-815582-8-iscsi devstack@n-api.service[116550]: DEBUG nova.api.openstack.wsgi [None req-45b82728-a895-4c01-b39a-7ec4415b522f tempest-ServerRescueNegativeTestJSON-1332069489 tempest-ServerRescueNegativeTestJSON-1332069489-project] Calling method '>' {{(pid=116550) _process_stack /opt/stack/nova/nova/api/openstack/wsgi.py:513}}
Jan 21 08:54:06.514713 dv-cinder-815582-8-iscsi devstack@n-api.service[116550]: DEBUG nova.compute.api [None req-45b82728-a895-4c01-b39a-7ec4415b522f tempest-ServerRescueNegativeTestJSON-1332069489 tempest-ServerRescueNegativeTestJSON-1332069489-project] [instance: d2591490-29f3-40c5-8aea-a7285da88ac6] Fetching instance by UUID {{(pid=116550) get /opt/stack/nova/nova/compute/api.py:2865}}
Jan 21 08:54:06.523627 dv-cinder-815582-8-iscsi devstack@n-api.service[116550]: DEBUG oslo_concurrency.lockutils [None req-45b82728-a895-4c01-b39a-7ec4415b522f tempest-ServerRescueNegativeTestJSON-1332069489 tempest-ServerRescueNegativeTestJSON-1332069489-project] Lock "dcb5ed6d-bb41-4e95-b762-8aa2e7a00fde" acquired by "nova.context.set_target_cell..get_or_set_cached_cell_and_set_connections" :: waited 0.000s {{(pid=116550) inner /usr/local/lib/python3.8/dist-packages/oslo_concurrency/lockutils.py:386}}
Jan 21 08:54:06.524493 dv-cinder-815582-8-iscsi devstack@n-api.service[116550]: DEBUG oslo_concurrency.lockutils [None req-45b82728-a895-4c01-b39a-7ec4415b522f tempest-ServerRescueNegativeTestJSON-1332069489 tempest-ServerRescueNegativeTestJSON-1332069489-project] Lock "dcb5ed6d-bb41-4e95-b762-8aa2e7a00fde" "released" by "nova.context.set_target_cell..get_or_set_cached_cell_and_set_connections" :: held 0.001s {{(pid=116550) inner /usr/local/lib/python3.8/dist-packages/oslo_concurrency/lockutils.py:400}}
Jan 21 08:54:06.525506 dv-cinder-815582-8-iscsi devstack@n-api.service[116550]: DEBUG oslo_concurrency.lockutils [None req-45b82728-a895-4c01-b39a-7ec4415b522f tempest-ServerRescueNegativeTestJSON-1332069489 tempest-ServerRescueNegativeTestJSON-1332069489-project] Lock "dcb5ed6d-bb41-4e95-b762-8aa2e7a00fde" acquired by "nova.context.set_target_cell..get_or_set_cached_cell_and_set_connections" :: waited 0.000s {{(pid=116550) inner /usr/local/lib/python3.8/dist-packages/oslo_concurrency/lockutils.py:386}}
Jan 21 08:54:06.526217 dv-cinder-815582-8-iscsi devstack@n-api.service[116550]: DEBUG oslo_concurrency.lockutils [None req-45b82728-a895-4c01-b39a-7ec4415b522f tempest-ServerRescueNegativeTestJSON-1332069489 tempest-ServerRescueNegativeTestJSON-1332069489-project] Lock "dcb5ed6d-bb41-4e95-b762-8aa2e7a00fde" "released" by "nova.context.set_target_cell..get_or_set_cached_cell_and_set_connections" :: held 0.001s {{(pid=116550) inner /usr/local/lib/python3.8/dist-packages/oslo_concurrency/lockutils.py:400}}
Jan 21 08:54:06.572543 dv-cinder-815582-8-iscsi devstack@n-api.service[116551]: INFO nova.api.openstack.requestlog [None req-59e545ae-5f9e-450e-8774-9107f7ad2550 tempest-VolumesActionsTest-340823748 tempest-VolumesActionsTest-340823748-project] 10.222.0.87 "POST /compute/v2.1/servers" status: 202 len: 380 microversion: 2.1 time: 0.601027
Jan 21 08:54:06.577124 dv-cinder-815582-8-iscsi devstack@n-api.service[116551]: [pid: 116551|app: 0|req: 119/265] 10.222.0.87 () {60 vars in 1146 bytes} [Fri Jan 21 08:54:05 2022] POST /compute/v2.1/servers => generated 380 bytes in 607 msecs (HTTP/1.1 202) 10 headers in 451 bytes (2 switches on core 0)
Jan 21 08:54:06.592659 dv-cinder-815582-8-iscsi devstack@n-api.service[116551]: DEBUG nova.api.openstack.wsgi [None req-615cb9ce-fa28-4f01-b979-c424b3492c02 tempest-VolumesActionsTest-340823748 tempest-VolumesActionsTest-340823748-project] Calling method '>' {{(pid=116551) _process_stack /opt/stack/nova/nova/api/openstack/wsgi.py:513}}
Jan 21 08:54:06.599184 dv-cinder-815582-8-iscsi devstack@n-api.service[116551]: DEBUG nova.compute.api [None req-615cb9ce-fa28-4f01-b979-c424b3492c02 tempest-VolumesActionsTest-340823748 tempest-VolumesActionsTest-340823748-project] [instance: 07dc12e7-c4ad-4dea-aaa2-197e3205c862] Fetching instance by UUID {{(pid=116551) get /opt/stack/nova/nova/compute/api.py:2865}}
Jan 21 08:54:06.672192 dv-cinder-815582-8-iscsi devstack@n-api.service[116551]: DEBUG nova.policy [None req-615cb9ce-fa28-4f01-b979-c424b3492c02 tempest-VolumesActionsTest-340823748 tempest-VolumesActionsTest-340823748-project] Policy check for os_compute_api:os-extended-server-attributes failed with credentials {'is_admin': False, 'user_id': 'fe5e0deab01f457287af9750a340c76a', 'user_domain_id': 'default', 'system_scope': None, 'domain_id': None, 'project_id': 'd68c7abf0d8a42128b06e69f56f5a2c2', 'project_domain_id': 'default', 'roles': ['member', 'reader'], 'is_admin_project': True, 'service_user_id': None, 'service_user_domain_id': None, 'service_project_id': None, 'service_project_domain_id': None, 'service_roles': []} {{(pid=116551) authorize /opt/stack/nova/nova/policy.py:199}}
Jan 21 08:54:06.682251 dv-cinder-815582-8-iscsi devstack@n-api.service[116551]: INFO nova.api.openstack.requestlog [None req-615cb9ce-fa28-4f01-b979-c424b3492c02 tempest-VolumesActionsTest-340823748 tempest-VolumesActionsTest-340823748-project] 10.222.0.87 "GET /compute/v2.1/servers/07dc12e7-c4ad-4dea-aaa2-197e3205c862" status: 200 len: 1214 microversion: 2.1 time: 0.094651
Jan 21 08:54:06.683660 dv-cinder-815582-8-iscsi devstack@n-api.service[116551]: [pid: 116551|app: 0|req: 120/266] 10.222.0.87 () {58 vars in 1235 bytes} [Fri Jan 21 08:54:06 2022] GET /compute/v2.1/servers/07dc12e7-c4ad-4dea-aaa2-197e3205c862 => generated 1214 bytes in 96 msecs (HTTP/1.1 200) 9 headers in 358 bytes (1 switches on core 0)
Jan 21 08:54:06.701818 dv-cinder-815582-8-iscsi devstack@n-api.service[116551]: DEBUG nova.api.openstack.wsgi [None req-5be61353-4206-479a-8842-dce86bdc574d tempest-AttachVolumeTestJSON-1477399368 tempest-AttachVolumeTestJSON-1477399368-project] Action: 'action', calling method: >, body: {"os-getConsoleOutput": {}} {{(pid=116551) _process_stack /opt/stack/nova/nova/api/openstack/wsgi.py:511}}
Jan 21 08:54:06.703008 dv-cinder-815582-8-iscsi devstack@n-api.service[116551]: DEBUG nova.compute.api [None req-5be61353-4206-479a-8842-dce86bdc574d tempest-AttachVolumeTestJSON-1477399368 tempest-AttachVolumeTestJSON-1477399368-project] [instance: 6111233e-731a-4308-b6c7-df84d07288fb] Fetching instance by UUID {{(pid=116551) get /opt/stack/nova/nova/compute/api.py:2865}}
Jan 21 08:54:06.709937 dv-cinder-815582-8-iscsi devstack@n-api.service[116551]: DEBUG oslo_concurrency.lockutils [None req-5be61353-4206-479a-8842-dce86bdc574d tempest-AttachVolumeTestJSON-1477399368 tempest-AttachVolumeTestJSON-1477399368-project] Lock "dcb5ed6d-bb41-4e95-b762-8aa2e7a00fde" acquired by "nova.context.set_target_cell..get_or_set_cached_cell_and_set_connections" :: waited 0.000s {{(pid=116551) inner /usr/local/lib/python3.8/dist-packages/oslo_concurrency/lockutils.py:386}}
Jan 21 08:54:06.710400 dv-cinder-815582-8-iscsi devstack@n-api.service[116551]: DEBUG oslo_concurrency.lockutils [None req-5be61353-4206-479a-8842-dce86bdc574d tempest-AttachVolumeTestJSON-1477399368 tempest-AttachVolumeTestJSON-1477399368-project] Lock "dcb5ed6d-bb41-4e95-b762-8aa2e7a00fde" "released" by "nova.context.set_target_cell..get_or_set_cached_cell_and_set_connections" :: held 0.001s {{(pid=116551) inner /usr/local/lib/python3.8/dist-packages/oslo_concurrency/lockutils.py:400}}
Jan 21 08:54:06.712332 dv-cinder-815582-8-iscsi devstack@n-api.service[116551]: DEBUG oslo_concurrency.lockutils [None req-5be61353-4206-479a-8842-dce86bdc574d tempest-AttachVolumeTestJSON-1477399368 tempest-AttachVolumeTestJSON-1477399368-project] Lock "dcb5ed6d-bb41-4e95-b762-8aa2e7a00fde" acquired by "nova.context.set_target_cell..get_or_set_cached_cell_and_set_connections" :: waited 0.000s {{(pid=116551) inner /usr/local/lib/python3.8/dist-packages/oslo_concurrency/lockutils.py:386}}
Jan 21 08:54:06.713373 dv-cinder-815582-8-iscsi devstack@n-api.service[116551]: DEBUG oslo_concurrency.lockutils [None req-5be61353-4206-479a-8842-dce86bdc574d tempest-AttachVolumeTestJSON-1477399368 tempest-AttachVolumeTestJSON-1477399368-project] Lock "dcb5ed6d-bb41-4e95-b762-8aa2e7a00fde" "released" by "nova.context.set_target_cell..get_or_set_cached_cell_and_set_connections" :: held 0.001s {{(pid=116551) inner /usr/local/lib/python3.8/dist-packages/oslo_concurrency/lockutils.py:400}}
Jan 21 08:54:06.821103 dv-cinder-815582-8-iscsi devstack@n-api.service[116551]: INFO nova.api.openstack.requestlog [None req-5be61353-4206-479a-8842-dce86bdc574d tempest-AttachVolumeTestJSON-1477399368 tempest-AttachVolumeTestJSON-1477399368-project] 10.222.0.87 "POST /compute/v2.1/servers/6111233e-731a-4308-b6c7-df84d07288fb/action" status: 200 len: 23906 microversion: 2.1 time: 0.134747
Jan 21 08:54:06.821550 dv-cinder-815582-8-iscsi devstack@n-api.service[116551]: [pid: 116551|app: 0|req: 121/267] 10.222.0.87 () {60 vars in 1277 bytes} [Fri Jan 21 08:54:06 2022] POST /compute/v2.1/servers/6111233e-731a-4308-b6c7-df84d07288fb/action => generated 23906 bytes in 137 msecs (HTTP/1.1 200) 9 headers in 359 bytes (1 switches on core 0)
Jan 21 08:54:06.829019 dv-cinder-815582-8-iscsi devstack@n-api.service[116551]: DEBUG nova.api.openstack.wsgi [req-4ef69dc6-cb32-4535-8d3f-5a8d0a721bce req-27e632bc-4b29-4086-af2f-acc0318ab18b service nova] Action: 'create', calling method: >, body: {"events": [{"server_uuid": "61898658-b968-4f5e-a4b5-2d4909da5893", "name": "network-vif-deleted", "tag": "f4626d73-f26b-41c9-9f5d-9cf33676fed8"}]} {{(pid=116551) _process_stack /opt/stack/nova/nova/api/openstack/wsgi.py:511}}
Jan 21 08:54:06.835342 dv-cinder-815582-8-iscsi devstack@n-api.service[116551]: /usr/local/lib/python3.8/dist-packages/oslo_policy/policy.py:1119: UserWarning: Policy "os_compute_api:os-server-external-events:create": "rule:system_admin_api" failed scope check. The token used to make the request was project scoped but the policy requires ['system'] scope. This behavior may change in the future where using the intended scope is required
Jan 21 08:54:06.835342 dv-cinder-815582-8-iscsi devstack@n-api.service[116551]: warnings.warn(msg)
Jan 21 08:54:06.836952 dv-cinder-815582-8-iscsi devstack@n-api.service[116550]: DEBUG nova.policy [None req-45b82728-a895-4c01-b39a-7ec4415b522f tempest-ServerRescueNegativeTestJSON-1332069489 tempest-ServerRescueNegativeTestJSON-1332069489-project] Policy check for os_compute_api:os-extended-server-attributes failed with credentials {'is_admin': False, 'user_id': '4f406bd629384ae88c517ef9932d70bf', 'user_domain_id': 'default', 'system_scope': None, 'domain_id': None, 'project_id': '5ef98e6bc9ef4f6184b26f97c18eab38', 'project_domain_id': 'default', 'roles': ['member', 'reader'], 'is_admin_project': True, 'service_user_id': None, 'service_user_domain_id': None, 'service_project_id': None, 'service_project_domain_id': None, 'service_roles': []} {{(pid=116550) authorize /opt/stack/nova/nova/policy.py:199}}
Jan 21 08:54:06.852649 dv-cinder-815582-8-iscsi devstack@n-api.service[116550]: INFO nova.api.openstack.requestlog [None req-45b82728-a895-4c01-b39a-7ec4415b522f tempest-ServerRescueNegativeTestJSON-1332069489 tempest-ServerRescueNegativeTestJSON-1332069489-project] 10.222.0.87 "GET /compute/v2.1/servers/d2591490-29f3-40c5-8aea-a7285da88ac6" status: 200 len: 1523 microversion: 2.1 time: 0.342621
Jan 21 08:54:06.852961 dv-cinder-815582-8-iscsi devstack@n-api.service[116551]: DEBUG oslo_concurrency.lockutils [req-4ef69dc6-cb32-4535-8d3f-5a8d0a721bce req-27e632bc-4b29-4086-af2f-acc0318ab18b service nova] Lock "dcb5ed6d-bb41-4e95-b762-8aa2e7a00fde" acquired by "nova.context.set_target_cell..get_or_set_cached_cell_and_set_connections" :: waited 0.000s {{(pid=116551) inner /usr/local/lib/python3.8/dist-packages/oslo_concurrency/lockutils.py:386}}
Jan 21 08:54:06.853421 dv-cinder-815582-8-iscsi devstack@n-api.service[116551]: DEBUG oslo_concurrency.lockutils [req-4ef69dc6-cb32-4535-8d3f-5a8d0a721bce req-27e632bc-4b29-4086-af2f-acc0318ab18b service nova] Lock "dcb5ed6d-bb41-4e95-b762-8aa2e7a00fde" "released" by "nova.context.set_target_cell..get_or_set_cached_cell_and_set_connections" :: held 0.001s {{(pid=116551) inner /usr/local/lib/python3.8/dist-packages/oslo_concurrency/lockutils.py:400}}
Jan 21 08:54:06.863999 dv-cinder-815582-8-iscsi devstack@n-api.service[116550]: [pid: 116550|app: 0|req: 147/268] 10.222.0.87 () {58 vars in 1235 bytes} [Fri Jan 21 08:54:06 2022] GET /compute/v2.1/servers/d2591490-29f3-40c5-8aea-a7285da88ac6 => generated 1523 bytes in 353 msecs (HTTP/1.1 200) 9 headers in 358 bytes (1 switches on core 0)
Jan 21 08:54:06.880525 dv-cinder-815582-8-iscsi devstack@n-api.service[116551]: INFO nova.api.openstack.compute.server_external_events [req-4ef69dc6-cb32-4535-8d3f-5a8d0a721bce req-27e632bc-4b29-4086-af2f-acc0318ab18b service nova] Creating event network-vif-deleted:f4626d73-f26b-41c9-9f5d-9cf33676fed8 for instance 61898658-b968-4f5e-a4b5-2d4909da5893 on hv-cinder-81558
Jan 21 08:54:06.885766 dv-cinder-815582-8-iscsi devstack@n-api.service[116551]: INFO nova.api.openstack.requestlog [req-4ef69dc6-cb32-4535-8d3f-5a8d0a721bce req-27e632bc-4b29-4086-af2f-acc0318ab18b service nova] 10.222.0.87 "POST /compute/v2.1/os-server-external-events" status: 200 len: 183 microversion: 2.1 time: 0.062258
Jan 21 08:54:06.887296 dv-cinder-815582-8-iscsi devstack@n-api.service[116551]: [pid: 116551|app: 0|req: 122/269] 10.222.0.87 () {64 vars in 1317 bytes} [Fri Jan 21 08:54:06 2022] POST /compute/v2.1/os-server-external-events => generated 183 bytes in 65 msecs (HTTP/1.1 200) 9 headers in 357 bytes (1 switches on core 0)
Jan 21 08:54:07.224522 dv-cinder-815582-8-iscsi devstack@n-api.service[116550]: DEBUG nova.api.openstack.wsgi [None req-15b4f822-6a8f-4097-bcbe-cac5a67d620f tempest-AttachVolumeNegativeTest-1659980203 tempest-AttachVolumeNegativeTest-1659980203-project] Calling method '>' {{(pid=116550) _process_stack /opt/stack/nova/nova/api/openstack/wsgi.py:513}}
Jan 21 08:54:07.225313 dv-cinder-815582-8-iscsi devstack@n-api.service[116550]: DEBUG nova.compute.api [None req-15b4f822-6a8f-4097-bcbe-cac5a67d620f tempest-AttachVolumeNegativeTest-1659980203 tempest-AttachVolumeNegativeTest-1659980203-project] [instance: 264a9628-cd84-4ac9-bba2-3ce7d7bcb6d7] Fetching instance by UUID {{(pid=116550) get /opt/stack/nova/nova/compute/api.py:2865}}
Jan 21 08:54:07.233358 dv-cinder-815582-8-iscsi devstack@n-api.service[116550]: DEBUG oslo_concurrency.lockutils [None req-15b4f822-6a8f-4097-bcbe-cac5a67d620f tempest-AttachVolumeNegativeTest-1659980203 tempest-AttachVolumeNegativeTest-1659980203-project] Lock "dcb5ed6d-bb41-4e95-b762-8aa2e7a00fde" acquired by "nova.context.set_target_cell..get_or_set_cached_cell_and_set_connections" :: waited 0.000s {{(pid=116550) inner /usr/local/lib/python3.8/dist-packages/oslo_concurrency/lockutils.py:386}}
Jan 21 08:54:07.233869 dv-cinder-815582-8-iscsi devstack@n-api.service[116550]: DEBUG oslo_concurrency.lockutils [None req-15b4f822-6a8f-4097-bcbe-cac5a67d620f tempest-AttachVolumeNegativeTest-1659980203 tempest-AttachVolumeNegativeTest-1659980203-project] Lock "dcb5ed6d-bb41-4e95-b762-8aa2e7a00fde" "released" by "nova.context.set_target_cell..get_or_set_cached_cell_and_set_connections" :: held 0.001s {{(pid=116550) inner /usr/local/lib/python3.8/dist-packages/oslo_concurrency/lockutils.py:400}}
Jan 21 08:54:07.234731 dv-cinder-815582-8-iscsi devstack@n-api.service[116550]: DEBUG oslo_concurrency.lockutils [None req-15b4f822-6a8f-4097-bcbe-cac5a67d620f tempest-AttachVolumeNegativeTest-1659980203 tempest-AttachVolumeNegativeTest-1659980203-project] Lock "dcb5ed6d-bb41-4e95-b762-8aa2e7a00fde" acquired by "nova.context.set_target_cell..get_or_set_cached_cell_and_set_connections" :: waited 0.000s {{(pid=116550) inner /usr/local/lib/python3.8/dist-packages/oslo_concurrency/lockutils.py:386}}
Jan 21 08:54:07.235089 dv-cinder-815582-8-iscsi devstack@n-api.service[116550]: DEBUG oslo_concurrency.lockutils [None req-15b4f822-6a8f-4097-bcbe-cac5a67d620f tempest-AttachVolumeNegativeTest-1659980203 tempest-AttachVolumeNegativeTest-1659980203-project] Lock "dcb5ed6d-bb41-4e95-b762-8aa2e7a00fde" "released" by "nova.context.set_target_cell..get_or_set_cached_cell_and_set_connections" :: held 0.000s {{(pid=116550) inner /usr/local/lib/python3.8/dist-packages/oslo_concurrency/lockutils.py:400}}
Jan 21 08:54:07.460488 dv-cinder-815582-8-iscsi devstack@n-api.service[116550]: DEBUG nova.policy [None req-15b4f822-6a8f-4097-bcbe-cac5a67d620f tempest-AttachVolumeNegativeTest-1659980203 tempest-AttachVolumeNegativeTest-1659980203-project] Policy check for os_compute_api:os-extended-server-attributes failed with credentials {'is_admin': False, 'user_id': 'fe0e4484748a41f3af16bc84ce797ae7', 'user_domain_id': 'default', 'system_scope': None, 'domain_id': None, 'project_id': 'f9242e3db1074b13af0af48bf7d5773e', 'project_domain_id': 'default', 'roles': ['member', 'reader'], 'is_admin_project': True, 'service_user_id': None, 'service_user_domain_id': None, 'service_project_id': None, 'service_project_domain_id': None, 'service_roles': []} {{(pid=116550) authorize /opt/stack/nova/nova/policy.py:199}}
Jan 21 08:54:07.473880 dv-cinder-815582-8-iscsi devstack@n-api.service[116550]: INFO nova.api.openstack.requestlog [None req-15b4f822-6a8f-4097-bcbe-cac5a67d620f tempest-AttachVolumeNegativeTest-1659980203 tempest-AttachVolumeNegativeTest-1659980203-project] 10.222.0.87 "GET /compute/v2.1/servers/264a9628-cd84-4ac9-bba2-3ce7d7bcb6d7" status: 200 len: 1318 microversion: 2.1 time: 0.252940
Jan 21 08:54:07.474861 dv-cinder-815582-8-iscsi devstack@n-api.service[116550]: [pid: 116550|app: 0|req: 148/270] 10.222.0.87 () {58 vars in 1235 bytes} [Fri Jan 21 08:54:07 2022] GET /compute/v2.1/servers/264a9628-cd84-4ac9-bba2-3ce7d7bcb6d7 => generated 1318 bytes in 255 msecs (HTTP/1.1 200) 9 headers in 358 bytes (1 switches on core 0)
Jan 21 08:54:07.525136 dv-cinder-815582-8-iscsi devstack@n-api.service[116551]: DEBUG nova.api.openstack.wsgi [None req-afbc4083-5a47-4ce5-b5d2-60749fc2ff64 tempest-DeleteServersTestJSON-1708823812 tempest-DeleteServersTestJSON-1708823812-project] Calling method '>' {{(pid=116551) _process_stack /opt/stack/nova/nova/api/openstack/wsgi.py:513}}
Jan 21 08:54:07.525990 dv-cinder-815582-8-iscsi devstack@n-api.service[116551]: DEBUG nova.compute.api [None req-afbc4083-5a47-4ce5-b5d2-60749fc2ff64 tempest-DeleteServersTestJSON-1708823812 tempest-DeleteServersTestJSON-1708823812-project] [instance: 61898658-b968-4f5e-a4b5-2d4909da5893] Fetching instance by UUID {{(pid=116551) get /opt/stack/nova/nova/compute/api.py:2865}}
Jan 21 08:54:07.534364 dv-cinder-815582-8-iscsi devstack@n-api.service[116551]: DEBUG oslo_concurrency.lockutils [None req-afbc4083-5a47-4ce5-b5d2-60749fc2ff64 tempest-DeleteServersTestJSON-1708823812 tempest-DeleteServersTestJSON-1708823812-project] Lock "dcb5ed6d-bb41-4e95-b762-8aa2e7a00fde" acquired by "nova.context.set_target_cell..get_or_set_cached_cell_and_set_connections" :: waited 0.000s {{(pid=116551) inner /usr/local/lib/python3.8/dist-packages/oslo_concurrency/lockutils.py:386}}
Jan 21 08:54:07.534710 dv-cinder-815582-8-iscsi devstack@n-api.service[116551]: DEBUG oslo_concurrency.lockutils [None req-afbc4083-5a47-4ce5-b5d2-60749fc2ff64 tempest-DeleteServersTestJSON-1708823812 tempest-DeleteServersTestJSON-1708823812-project] Lock "dcb5ed6d-bb41-4e95-b762-8aa2e7a00fde" "released" by "nova.context.set_target_cell..get_or_set_cached_cell_and_set_connections" :: held 0.001s {{(pid=116551) inner /usr/local/lib/python3.8/dist-packages/oslo_concurrency/lockutils.py:400}}
Jan 21 08:54:07.535546 dv-cinder-815582-8-iscsi devstack@n-api.service[116551]: DEBUG oslo_concurrency.lockutils [None req-afbc4083-5a47-4ce5-b5d2-60749fc2ff64 tempest-DeleteServersTestJSON-1708823812 tempest-DeleteServersTestJSON-1708823812-project] Lock "dcb5ed6d-bb41-4e95-b762-8aa2e7a00fde" acquired by "nova.context.set_target_cell..get_or_set_cached_cell_and_set_connections" :: waited 0.000s {{(pid=116551) inner /usr/local/lib/python3.8/dist-packages/oslo_concurrency/lockutils.py:386}}
Jan 21 08:54:07.535985 dv-cinder-815582-8-iscsi devstack@n-api.service[116551]: DEBUG oslo_concurrency.lockutils [None req-afbc4083-5a47-4ce5-b5d2-60749fc2ff64 tempest-DeleteServersTestJSON-1708823812 tempest-DeleteServersTestJSON-1708823812-project] Lock "dcb5ed6d-bb41-4e95-b762-8aa2e7a00fde" "released" by "nova.context.set_target_cell..get_or_set_cached_cell_and_set_connections" :: held 0.000s {{(pid=116551) inner /usr/local/lib/python3.8/dist-packages/oslo_concurrency/lockutils.py:400}}
Jan 21 08:54:07.543673 dv-cinder-815582-8-iscsi devstack@n-api.service[116550]: DEBUG nova.api.openstack.wsgi [req-58b61bcb-917e-4c0e-903a-39fcceca35cb req-012346b6-c279-472a-98d9-d8571dc9e2fa service nova] Action: 'create', calling method: >, body: {"events": [{"server_uuid": "264a9628-cd84-4ac9-bba2-3ce7d7bcb6d7", "name": "network-vif-plugged", "status": "completed", "tag": "9c5f4ade-c84a-42d6-a83e-dbdb3d4174d0"}]} {{(pid=116550) _process_stack /opt/stack/nova/nova/api/openstack/wsgi.py:511}}
Jan 21 08:54:07.545587 dv-cinder-815582-8-iscsi devstack@n-api.service[116550]: /usr/local/lib/python3.8/dist-packages/oslo_policy/policy.py:1119: UserWarning: Policy "os_compute_api:os-server-external-events:create": "rule:system_admin_api" failed scope check. The token used to make the request was project scoped but the policy requires ['system'] scope. This behavior may change in the future where using the intended scope is required
Jan 21 08:54:07.545587 dv-cinder-815582-8-iscsi devstack@n-api.service[116550]: warnings.warn(msg)
Jan 21 08:54:07.553164 dv-cinder-815582-8-iscsi devstack@n-api.service[116550]: DEBUG oslo_concurrency.lockutils [req-58b61bcb-917e-4c0e-903a-39fcceca35cb req-012346b6-c279-472a-98d9-d8571dc9e2fa service nova] Lock "dcb5ed6d-bb41-4e95-b762-8aa2e7a00fde" acquired by "nova.context.set_target_cell..get_or_set_cached_cell_and_set_connections" :: waited 0.000s {{(pid=116550) inner /usr/local/lib/python3.8/dist-packages/oslo_concurrency/lockutils.py:386}}
Jan 21 08:54:07.553973 dv-cinder-815582-8-iscsi devstack@n-api.service[116550]: DEBUG oslo_concurrency.lockutils [req-58b61bcb-917e-4c0e-903a-39fcceca35cb req-012346b6-c279-472a-98d9-d8571dc9e2fa service nova] Lock "dcb5ed6d-bb41-4e95-b762-8aa2e7a00fde" "released" by "nova.context.set_target_cell..get_or_set_cached_cell_and_set_connections" :: held 0.001s {{(pid=116550) inner /usr/local/lib/python3.8/dist-packages/oslo_concurrency/lockutils.py:400}}
Jan 21 08:54:07.567729 dv-cinder-815582-8-iscsi devstack@n-api.service[116550]: INFO nova.api.openstack.compute.server_external_events [req-58b61bcb-917e-4c0e-903a-39fcceca35cb req-012346b6-c279-472a-98d9-d8571dc9e2fa service nova] Creating event network-vif-plugged:9c5f4ade-c84a-42d6-a83e-dbdb3d4174d0 for instance 264a9628-cd84-4ac9-bba2-3ce7d7bcb6d7 on hv-cinder-81558
Jan 21 08:54:07.573570 dv-cinder-815582-8-iscsi devstack@n-api.service[116550]: INFO nova.api.openstack.requestlog [req-58b61bcb-917e-4c0e-903a-39fcceca35cb req-012346b6-c279-472a-98d9-d8571dc9e2fa service nova] 10.222.0.87 "POST /compute/v2.1/os-server-external-events" status: 200 len: 183 microversion: 2.1 time: 0.034505
Jan 21 08:54:07.575334 dv-cinder-815582-8-iscsi devstack@n-api.service[116550]: [pid: 116550|app: 0|req: 149/271] 10.222.0.87 () {64 vars in 1317 bytes} [Fri Jan 21 08:54:07 2022] POST /compute/v2.1/os-server-external-events => generated 183 bytes in 38 msecs (HTTP/1.1 200) 9 headers in 357 bytes (2 switches on core 0)
Jan 21 08:54:07.577854 dv-cinder-815582-8-iscsi devstack@n-api.service[116551]: DEBUG oslo_concurrency.lockutils [None req-afbc4083-5a47-4ce5-b5d2-60749fc2ff64 tempest-DeleteServersTestJSON-1708823812 tempest-DeleteServersTestJSON-1708823812-project] Lock "dcb5ed6d-bb41-4e95-b762-8aa2e7a00fde" acquired by "nova.context.set_target_cell..get_or_set_cached_cell_and_set_connections" :: waited 0.000s {{(pid=116551) inner /usr/local/lib/python3.8/dist-packages/oslo_concurrency/lockutils.py:386}}
Jan 21 08:54:07.578509 dv-cinder-815582-8-iscsi devstack@n-api.service[116551]: DEBUG oslo_concurrency.lockutils [None req-afbc4083-5a47-4ce5-b5d2-60749fc2ff64 tempest-DeleteServersTestJSON-1708823812 tempest-DeleteServersTestJSON-1708823812-project] Lock "dcb5ed6d-bb41-4e95-b762-8aa2e7a00fde" "released" by "nova.context.set_target_cell..get_or_set_cached_cell_and_set_connections" :: held 0.001s {{(pid=116551) inner /usr/local/lib/python3.8/dist-packages/oslo_concurrency/lockutils.py:400}}
Jan 21 08:54:07.578934 dv-cinder-815582-8-iscsi devstack@n-api.service[116551]: DEBUG nova.objects.instance [None req-afbc4083-5a47-4ce5-b5d2-60749fc2ff64 tempest-DeleteServersTestJSON-1708823812 tempest-DeleteServersTestJSON-1708823812-project] Lazy-loading 'fault' on Instance uuid 61898658-b968-4f5e-a4b5-2d4909da5893 {{(pid=116551) obj_load_attr /opt/stack/nova/nova/objects/instance.py:1099}}
Jan 21 08:54:07.638698 dv-cinder-815582-8-iscsi devstack@n-api.service[116551]: DEBUG nova.policy [None req-afbc4083-5a47-4ce5-b5d2-60749fc2ff64 tempest-DeleteServersTestJSON-1708823812 tempest-DeleteServersTestJSON-1708823812-project] Policy check for os_compute_api:os-extended-server-attributes failed with credentials {'is_admin': False, 'user_id': '4286a86eff394b7f8dbce188bd7bf95c', 'user_domain_id': 'default', 'system_scope': None, 'domain_id': None, 'project_id': '548e38c04bfd49239d0b6528ffcbf909', 'project_domain_id': 'default', 'roles': ['member', 'reader'], 'is_admin_project': True, 'service_user_id': None, 'service_user_domain_id': None, 'service_project_id': None, 'service_project_domain_id': None, 'service_roles': []} {{(pid=116551) authorize /opt/stack/nova/nova/policy.py:199}}
Jan 21 08:54:07.647184 dv-cinder-815582-8-iscsi devstack@n-api.service[116551]: INFO nova.api.openstack.requestlog [None req-afbc4083-5a47-4ce5-b5d2-60749fc2ff64 tempest-DeleteServersTestJSON-1708823812 tempest-DeleteServersTestJSON-1708823812-project] 10.222.0.87 "GET /compute/v2.1/servers/61898658-b968-4f5e-a4b5-2d4909da5893" status: 200 len: 1350 microversion: 2.1 time: 0.125672
Jan 21 08:54:07.647846 dv-cinder-815582-8-iscsi devstack@n-api.service[116551]: [pid: 116551|app: 0|req: 123/272] 10.222.0.87 () {58 vars in 1235 bytes} [Fri Jan 21 08:54:07 2022] GET /compute/v2.1/servers/61898658-b968-4f5e-a4b5-2d4909da5893 => generated 1350 bytes in 127 msecs (HTTP/1.1 200) 9 headers in 358 bytes (1 switches on core 0)
Jan 21 08:54:07.702151 dv-cinder-815582-8-iscsi devstack@n-api.service[116550]: DEBUG nova.api.openstack.wsgi [None req-f2cceb4d-5690-4f43-bc15-19cc8c21decf tempest-VolumesActionsTest-340823748 tempest-VolumesActionsTest-340823748-project] Calling method '>' {{(pid=116550) _process_stack /opt/stack/nova/nova/api/openstack/wsgi.py:513}}
Jan 21 08:54:07.702877 dv-cinder-815582-8-iscsi devstack@n-api.service[116550]: DEBUG nova.compute.api [None req-f2cceb4d-5690-4f43-bc15-19cc8c21decf tempest-VolumesActionsTest-340823748 tempest-VolumesActionsTest-340823748-project] [instance: 07dc12e7-c4ad-4dea-aaa2-197e3205c862] Fetching instance by UUID {{(pid=116550) get /opt/stack/nova/nova/compute/api.py:2865}}
Jan 21 08:54:07.712773 dv-cinder-815582-8-iscsi devstack@n-api.service[116550]: DEBUG oslo_concurrency.lockutils [None req-f2cceb4d-5690-4f43-bc15-19cc8c21decf tempest-VolumesActionsTest-340823748 tempest-VolumesActionsTest-340823748-project] Lock "dcb5ed6d-bb41-4e95-b762-8aa2e7a00fde" acquired by "nova.context.set_target_cell..get_or_set_cached_cell_and_set_connections" :: waited 0.000s {{(pid=116550) inner /usr/local/lib/python3.8/dist-packages/oslo_concurrency/lockutils.py:386}}
Jan 21 08:54:07.713329 dv-cinder-815582-8-iscsi devstack@n-api.service[116550]: DEBUG oslo_concurrency.lockutils [None req-f2cceb4d-5690-4f43-bc15-19cc8c21decf tempest-VolumesActionsTest-340823748 tempest-VolumesActionsTest-340823748-project] Lock "dcb5ed6d-bb41-4e95-b762-8aa2e7a00fde" "released" by "nova.context.set_target_cell..get_or_set_cached_cell_and_set_connections" :: held 0.001s {{(pid=116550) inner /usr/local/lib/python3.8/dist-packages/oslo_concurrency/lockutils.py:400}}
Jan 21 08:54:07.716741 dv-cinder-815582-8-iscsi devstack@n-api.service[116550]: DEBUG oslo_concurrency.lockutils [None req-f2cceb4d-5690-4f43-bc15-19cc8c21decf tempest-VolumesActionsTest-340823748 tempest-VolumesActionsTest-340823748-project] Lock "dcb5ed6d-bb41-4e95-b762-8aa2e7a00fde" acquired by "nova.context.set_target_cell..get_or_set_cached_cell_and_set_connections" :: waited 0.000s {{(pid=116550) inner /usr/local/lib/python3.8/dist-packages/oslo_concurrency/lockutils.py:386}}
Jan 21 08:54:07.717281 dv-cinder-815582-8-iscsi devstack@n-api.service[116550]: DEBUG oslo_concurrency.lockutils [None req-f2cceb4d-5690-4f43-bc15-19cc8c21decf tempest-VolumesActionsTest-340823748 tempest-VolumesActionsTest-340823748-project] Lock "dcb5ed6d-bb41-4e95-b762-8aa2e7a00fde" "released" by "nova.context.set_target_cell..get_or_set_cached_cell_and_set_connections" :: held 0.003s {{(pid=116550) inner /usr/local/lib/python3.8/dist-packages/oslo_concurrency/lockutils.py:400}}
Jan 21 08:54:07.820510 dv-cinder-815582-8-iscsi devstack@n-api.service[116550]: DEBUG nova.policy [None req-f2cceb4d-5690-4f43-bc15-19cc8c21decf tempest-VolumesActionsTest-340823748 tempest-VolumesActionsTest-340823748-project] Policy check for os_compute_api:os-extended-server-attributes failed with credentials {'is_admin': False, 'user_id': 'fe5e0deab01f457287af9750a340c76a', 'user_domain_id': 'default', 'system_scope': None, 'domain_id': None, 'project_id': 'd68c7abf0d8a42128b06e69f56f5a2c2', 'project_domain_id': 'default', 'roles': ['member', 'reader'], 'is_admin_project': True, 'service_user_id': None, 'service_user_domain_id': None, 'service_project_id': None, 'service_project_domain_id': None, 'service_roles': []} {{(pid=116550) authorize /opt/stack/nova/nova/policy.py:199}}
Jan 21 08:54:07.829066 dv-cinder-815582-8-iscsi devstack@n-api.service[116550]: INFO nova.api.openstack.requestlog [None req-f2cceb4d-5690-4f43-bc15-19cc8c21decf tempest-VolumesActionsTest-340823748 tempest-VolumesActionsTest-340823748-project] 10.222.0.87 "GET /compute/v2.1/servers/07dc12e7-c4ad-4dea-aaa2-197e3205c862" status: 200 len: 1266 microversion: 2.1 time: 0.133808
Jan 21 08:54:07.834951 dv-cinder-815582-8-iscsi devstack@n-api.service[116551]: DEBUG nova.api.openstack.wsgi [None req-31c51807-828c-41b1-aa0b-0a1efb73e1fc tempest-AttachVolumeTestJSON-1477399368 tempest-AttachVolumeTestJSON-1477399368-project] Action: 'action', calling method: >, body: {"os-getConsoleOutput": {}} {{(pid=116551) _process_stack /opt/stack/nova/nova/api/openstack/wsgi.py:511}}
Jan 21 08:54:07.835912 dv-cinder-815582-8-iscsi devstack@n-api.service[116551]: DEBUG nova.compute.api [None req-31c51807-828c-41b1-aa0b-0a1efb73e1fc tempest-AttachVolumeTestJSON-1477399368 tempest-AttachVolumeTestJSON-1477399368-project] [instance: 6111233e-731a-4308-b6c7-df84d07288fb] Fetching instance by UUID {{(pid=116551) get /opt/stack/nova/nova/compute/api.py:2865}}
Jan 21 08:54:07.837779 dv-cinder-815582-8-iscsi devstack@n-api.service[116550]: [pid: 116550|app: 0|req: 150/273] 10.222.0.87 () {58 vars in 1235 bytes} [Fri Jan 21 08:54:07 2022] GET /compute/v2.1/servers/07dc12e7-c4ad-4dea-aaa2-197e3205c862 => generated 1266 bytes in 144 msecs (HTTP/1.1 200) 9 headers in 358 bytes (1 switches on core 0)
Jan 21 08:54:07.844074 dv-cinder-815582-8-iscsi devstack@n-api.service[116551]: DEBUG oslo_concurrency.lockutils [None req-31c51807-828c-41b1-aa0b-0a1efb73e1fc tempest-AttachVolumeTestJSON-1477399368 tempest-AttachVolumeTestJSON-1477399368-project] Lock "dcb5ed6d-bb41-4e95-b762-8aa2e7a00fde" acquired by "nova.context.set_target_cell..get_or_set_cached_cell_and_set_connections" :: waited 0.000s {{(pid=116551) inner /usr/local/lib/python3.8/dist-packages/oslo_concurrency/lockutils.py:386}}
Jan 21 08:54:07.844525 dv-cinder-815582-8-iscsi devstack@n-api.service[116551]: DEBUG oslo_concurrency.lockutils [None req-31c51807-828c-41b1-aa0b-0a1efb73e1fc tempest-AttachVolumeTestJSON-1477399368 tempest-AttachVolumeTestJSON-1477399368-project] Lock "dcb5ed6d-bb41-4e95-b762-8aa2e7a00fde" "released" by "nova.context.set_target_cell..get_or_set_cached_cell_and_set_connections" :: held 0.001s {{(pid=116551) inner /usr/local/lib/python3.8/dist-packages/oslo_concurrency/lockutils.py:400}}
Jan 21 08:54:07.845302 dv-cinder-815582-8-iscsi devstack@n-api.service[116551]: DEBUG oslo_concurrency.lockutils [None req-31c51807-828c-41b1-aa0b-0a1efb73e1fc tempest-AttachVolumeTestJSON-1477399368 tempest-AttachVolumeTestJSON-1477399368-project] Lock "dcb5ed6d-bb41-4e95-b762-8aa2e7a00fde" acquired by "nova.context.set_target_cell..get_or_set_cached_cell_and_set_connections" :: waited 0.000s {{(pid=116551) inner /usr/local/lib/python3.8/dist-packages/oslo_concurrency/lockutils.py:386}}
Jan 21 08:54:07.845763 dv-cinder-815582-8-iscsi devstack@n-api.service[116551]: DEBUG oslo_concurrency.lockutils [None req-31c51807-828c-41b1-aa0b-0a1efb73e1fc tempest-AttachVolumeTestJSON-1477399368 tempest-AttachVolumeTestJSON-1477399368-project] Lock "dcb5ed6d-bb41-4e95-b762-8aa2e7a00fde" "released" by "nova.context.set_target_cell..get_or_set_cached_cell_and_set_connections" :: held 0.000s {{(pid=116551) inner /usr/local/lib/python3.8/dist-packages/oslo_concurrency/lockutils.py:400}}
Jan 21 08:54:07.871459 dv-cinder-815582-8-iscsi devstack@n-api.service[116550]: DEBUG nova.api.openstack.wsgi [None req-a9873e63-30fb-439f-a5b3-1bae90498929 tempest-ServerRescueNegativeTestJSON-1332069489 tempest-ServerRescueNegativeTestJSON-1332069489-project] Calling method '>' {{(pid=116550) _process_stack /opt/stack/nova/nova/api/openstack/wsgi.py:513}}
Jan 21 08:54:07.872238 dv-cinder-815582-8-iscsi devstack@n-api.service[116550]: DEBUG nova.compute.api [None req-a9873e63-30fb-439f-a5b3-1bae90498929 tempest-ServerRescueNegativeTestJSON-1332069489 tempest-ServerRescueNegativeTestJSON-1332069489-project] [instance: d2591490-29f3-40c5-8aea-a7285da88ac6] Fetching instance by UUID {{(pid=116550) get /opt/stack/nova/nova/compute/api.py:2865}}
Jan 21 08:54:07.884873 dv-cinder-815582-8-iscsi devstack@n-api.service[116550]: DEBUG oslo_concurrency.lockutils [None req-a9873e63-30fb-439f-a5b3-1bae90498929 tempest-ServerRescueNegativeTestJSON-1332069489 tempest-ServerRescueNegativeTestJSON-1332069489-project] Lock "dcb5ed6d-bb41-4e95-b762-8aa2e7a00fde" acquired by "nova.context.set_target_cell..get_or_set_cached_cell_and_set_connections" :: waited 0.000s {{(pid=116550) inner /usr/local/lib/python3.8/dist-packages/oslo_concurrency/lockutils.py:386}}
Jan 21 08:54:07.887036 dv-cinder-815582-8-iscsi devstack@n-api.service[116550]: DEBUG oslo_concurrency.lockutils [None req-a9873e63-30fb-439f-a5b3-1bae90498929 tempest-ServerRescueNegativeTestJSON-1332069489 tempest-ServerRescueNegativeTestJSON-1332069489-project] Lock "dcb5ed6d-bb41-4e95-b762-8aa2e7a00fde" "released" by "nova.context.set_target_cell..get_or_set_cached_cell_and_set_connections" :: held 0.002s {{(pid=116550) inner /usr/local/lib/python3.8/dist-packages/oslo_concurrency/lockutils.py:400}}
Jan 21 08:54:07.896972 dv-cinder-815582-8-iscsi devstack@n-api.service[116550]: DEBUG oslo_concurrency.lockutils [None req-a9873e63-30fb-439f-a5b3-1bae90498929 tempest-ServerRescueNegativeTestJSON-1332069489 tempest-ServerRescueNegativeTestJSON-1332069489-project] Lock "dcb5ed6d-bb41-4e95-b762-8aa2e7a00fde" acquired by "nova.context.set_target_cell..get_or_set_cached_cell_and_set_connections" :: waited 0.000s {{(pid=116550) inner /usr/local/lib/python3.8/dist-packages/oslo_concurrency/lockutils.py:386}}
Jan 21 08:54:07.897705 dv-cinder-815582-8-iscsi devstack@n-api.service[116550]: DEBUG oslo_concurrency.lockutils [None req-a9873e63-30fb-439f-a5b3-1bae90498929 tempest-ServerRescueNegativeTestJSON-1332069489 tempest-ServerRescueNegativeTestJSON-1332069489-project] Lock "dcb5ed6d-bb41-4e95-b762-8aa2e7a00fde" "released" by "nova.context.set_target_cell..get_or_set_cached_cell_and_set_connections" :: held 0.003s {{(pid=116550) inner /usr/local/lib/python3.8/dist-packages/oslo_concurrency/lockutils.py:400}}
Jan 21 08:54:07.962110 dv-cinder-815582-8-iscsi devstack@n-api.service[116551]: INFO nova.api.openstack.requestlog [None req-31c51807-828c-41b1-aa0b-0a1efb73e1fc tempest-AttachVolumeTestJSON-1477399368 tempest-AttachVolumeTestJSON-1477399368-project] 10.222.0.87 "POST /compute/v2.1/servers/6111233e-731a-4308-b6c7-df84d07288fb/action" status: 200 len: 25039 microversion: 2.1 time: 0.132739
Jan 21 08:54:07.963413 dv-cinder-815582-8-iscsi devstack@n-api.service[116551]: [pid: 116551|app: 0|req: 124/274] 10.222.0.87 () {60 vars in 1277 bytes} [Fri Jan 21 08:54:07 2022] POST /compute/v2.1/servers/6111233e-731a-4308-b6c7-df84d07288fb/action => generated 25039 bytes in 135 msecs (HTTP/1.1 200) 9 headers in 359 bytes (2 switches on core 0)
Jan 21 08:54:08.051701 dv-cinder-815582-8-iscsi devstack@n-api.service[116550]: DEBUG nova.policy [None req-a9873e63-30fb-439f-a5b3-1bae90498929 tempest-ServerRescueNegativeTestJSON-1332069489 tempest-ServerRescueNegativeTestJSON-1332069489-project] Policy check for os_compute_api:os-extended-server-attributes failed with credentials {'is_admin': False, 'user_id': '4f406bd629384ae88c517ef9932d70bf', 'user_domain_id': 'default', 'system_scope': None, 'domain_id': None, 'project_id': '5ef98e6bc9ef4f6184b26f97c18eab38', 'project_domain_id': 'default', 'roles': ['member', 'reader'], 'is_admin_project': True, 'service_user_id': None, 'service_user_domain_id': None, 'service_project_id': None, 'service_project_domain_id': None, 'service_roles': []} {{(pid=116550) authorize /opt/stack/nova/nova/policy.py:199}}
Jan 21 08:54:08.060318 dv-cinder-815582-8-iscsi devstack@n-api.service[116550]: INFO nova.api.openstack.requestlog [None req-a9873e63-30fb-439f-a5b3-1bae90498929 tempest-ServerRescueNegativeTestJSON-1332069489 tempest-ServerRescueNegativeTestJSON-1332069489-project] 10.222.0.87 "GET /compute/v2.1/servers/d2591490-29f3-40c5-8aea-a7285da88ac6" status: 200 len: 1523 microversion: 2.1 time: 0.194810
Jan 21 08:54:08.069177 dv-cinder-815582-8-iscsi devstack@n-api.service[116550]: [pid: 116550|app: 0|req: 151/275] 10.222.0.87 () {58 vars in 1235 bytes} [Fri Jan 21 08:54:07 2022] GET /compute/v2.1/servers/d2591490-29f3-40c5-8aea-a7285da88ac6 => generated 1523 bytes in 204 msecs (HTTP/1.1 200) 9 headers in 358 bytes (2 switches on core 0)
Jan 21 08:54:08.492097 dv-cinder-815582-8-iscsi devstack@n-api.service[116551]: DEBUG nova.api.openstack.wsgi [None req-e82d5e04-f4bd-46bb-bccb-380d7587882c tempest-AttachVolumeNegativeTest-1659980203 tempest-AttachVolumeNegativeTest-1659980203-project] Calling method '>' {{(pid=116551) _process_stack /opt/stack/nova/nova/api/openstack/wsgi.py:513}}
Jan 21 08:54:08.492794 dv-cinder-815582-8-iscsi devstack@n-api.service[116551]: DEBUG nova.compute.api [None req-e82d5e04-f4bd-46bb-bccb-380d7587882c tempest-AttachVolumeNegativeTest-1659980203 tempest-AttachVolumeNegativeTest-1659980203-project] [instance: 264a9628-cd84-4ac9-bba2-3ce7d7bcb6d7] Fetching instance by UUID {{(pid=116551) get /opt/stack/nova/nova/compute/api.py:2865}}
Jan 21 08:54:08.500890 dv-cinder-815582-8-iscsi devstack@n-api.service[116551]: DEBUG oslo_concurrency.lockutils [None req-e82d5e04-f4bd-46bb-bccb-380d7587882c tempest-AttachVolumeNegativeTest-1659980203 tempest-AttachVolumeNegativeTest-1659980203-project] Lock "dcb5ed6d-bb41-4e95-b762-8aa2e7a00fde" acquired by "nova.context.set_target_cell..get_or_set_cached_cell_and_set_connections" :: waited 0.000s {{(pid=116551) inner /usr/local/lib/python3.8/dist-packages/oslo_concurrency/lockutils.py:386}}
Jan 21 08:54:08.501358 dv-cinder-815582-8-iscsi devstack@n-api.service[116551]: DEBUG oslo_concurrency.lockutils [None req-e82d5e04-f4bd-46bb-bccb-380d7587882c tempest-AttachVolumeNegativeTest-1659980203 tempest-AttachVolumeNegativeTest-1659980203-project] Lock "dcb5ed6d-bb41-4e95-b762-8aa2e7a00fde" "released" by "nova.context.set_target_cell..get_or_set_cached_cell_and_set_connections" :: held 0.001s {{(pid=116551) inner /usr/local/lib/python3.8/dist-packages/oslo_concurrency/lockutils.py:400}}
