Oct 29 01:30:31.429747 dv-cinder-815582-5-smb devstack@placement-api.service[102431]: [pid: 102431|app: 0|req: 12/22] 10.222.0.77 () {60 vars in 1380 bytes} [Fri Oct 29 01:30:31 2021] GET /placement/allocations/a1837d45-290e-434f-a86c-f731b2a027b6 => generated 19 bytes in 27 msecs (HTTP/1.1 200) 8 headers in 295 bytes (2 switches on core 0)
Oct 29 01:30:31.429747 dv-cinder-815582-5-smb devstack@placement-api.service[102431]: DEBUG placement.requestlog [req-cb7126d2-c39d-4b00-9a9d-72d42511b0f2 req-428aaa87-ec55-4b6e-9d0b-8dc9fbf46e9d None None] Starting request: 10.222.0.77 "PUT /placement/allocations/a1837d45-290e-434f-a86c-f731b2a027b6" {{(pid=102431) __call__ /opt/stack/placement/placement/requestlog.py:55}}
Oct 29 01:30:31.431503 dv-cinder-815582-5-smb devstack@placement-api.service[102430]: INFO placement.requestlog [req-ff8ea8e6-b22f-4b81-98aa-aeb69b125137 req-95ead3a8-b879-4c78-b1d4-9112e032a2f0 service placement] 10.222.0.89 "GET /placement/allocations/01b7e88b-c3bf-41d4-8277-2b23592cfda0" status: 200 len: 258 microversion: 1.28
Oct 29 01:30:31.431503 dv-cinder-815582-5-smb devstack@placement-api.service[102430]: [pid: 102430|app: 0|req: 11/23] 10.222.0.89 () {60 vars in 1377 bytes} [Fri Oct 29 01:30:31 2021] GET /placement/allocations/01b7e88b-c3bf-41d4-8277-2b23592cfda0 => generated 258 bytes in 83 msecs (HTTP/1.1 200) 8 headers in 296 bytes (1 switches on core 0)
Oct 29 01:30:31.862419 dv-cinder-815582-5-smb devstack@placement-api.service[102431]: DEBUG placement.handlers.allocation [req-cb7126d2-c39d-4b00-9a9d-72d42511b0f2 req-428aaa87-ec55-4b6e-9d0b-8dc9fbf46e9d service placement] Successfully wrote allocations [, , ] {{(pid=102431) _update_consumers_and_create_allocations /opt/stack/placement/placement/handlers/allocation.py:462}}
Oct 29 01:30:32.058219 dv-cinder-815582-5-smb devstack@placement-api.service[102431]: INFO placement.requestlog [req-cb7126d2-c39d-4b00-9a9d-72d42511b0f2 req-428aaa87-ec55-4b6e-9d0b-8dc9fbf46e9d service placement] 10.222.0.77 "PUT /placement/allocations/a1837d45-290e-434f-a86c-f731b2a027b6" status: 204 len: 0 microversion: 1.36
Oct 29 01:30:32.060901 dv-cinder-815582-5-smb devstack@placement-api.service[102431]: [pid: 102431|app: 0|req: 13/24] 10.222.0.77 () {64 vars in 1433 bytes} [Fri Oct 29 01:30:31 2021] PUT /placement/allocations/a1837d45-290e-434f-a86c-f731b2a027b6 => generated 0 bytes in 859 msecs (HTTP/1.1 204) 5 headers in 199 bytes (1 switches on core 0)
Oct 29 01:30:33.971348 dv-cinder-815582-5-smb devstack@placement-api.service[102430]: DEBUG placement.requestlog [req-e8980939-477f-45da-a85c-7ed22a2a00a2 req-b05e77dc-fc0b-4cf1-9da7-bd02375c1f7e None None] Starting request: 10.222.0.77 "GET /placement/allocation_candidates?limit=1000&resources=DISK_GB%3A1%2CMEMORY_MB%3A1024%2CVCPU%3A1&root_required=%21COMPUTE_STATUS_DISABLED" {{(pid=102430) __call__ /opt/stack/placement/placement/requestlog.py:55}}
Oct 29 01:30:34.016940 dv-cinder-815582-5-smb devstack@placement-api.service[102430]: DEBUG placement.objects.research_context [req-e8980939-477f-45da-a85c-7ed22a2a00a2 req-b05e77dc-fc0b-4cf1-9da7-bd02375c1f7e service placement] getting providers with 1 DISK_GB {{(pid=102430) __init__ /opt/stack/placement/placement/objects/research_context.py:126}}
Oct 29 01:30:34.036998 dv-cinder-815582-5-smb devstack@placement-api.service[102430]: DEBUG placement.objects.research_context [req-e8980939-477f-45da-a85c-7ed22a2a00a2 req-b05e77dc-fc0b-4cf1-9da7-bd02375c1f7e service placement] getting providers with 1024 MEMORY_MB {{(pid=102430) __init__ /opt/stack/placement/placement/objects/research_context.py:126}}
Oct 29 01:30:34.049555 dv-cinder-815582-5-smb devstack@placement-api.service[102430]: DEBUG placement.objects.research_context [req-e8980939-477f-45da-a85c-7ed22a2a00a2 req-b05e77dc-fc0b-4cf1-9da7-bd02375c1f7e service placement] getting providers with 1 VCPU {{(pid=102430) __init__ /opt/stack/placement/placement/objects/research_context.py:126}}
Oct 29 01:30:34.060506 dv-cinder-815582-5-smb devstack@placement-api.service[102430]: DEBUG placement.objects.research_context [req-e8980939-477f-45da-a85c-7ed22a2a00a2 req-b05e77dc-fc0b-4cf1-9da7-bd02375c1f7e service placement] found 1 providers with available 1 DISK_GB {{(pid=102430) get_provider_ids_matching /opt/stack/placement/placement/objects/research_context.py:549}}
Oct 29 01:30:34.063348 dv-cinder-815582-5-smb devstack@placement-api.service[102430]: DEBUG placement.objects.research_context [req-e8980939-477f-45da-a85c-7ed22a2a00a2 req-b05e77dc-fc0b-4cf1-9da7-bd02375c1f7e service placement] found 1 providers with available 1024 MEMORY_MB {{(pid=102430) get_provider_ids_matching /opt/stack/placement/placement/objects/research_context.py:549}}
Oct 29 01:30:34.063946 dv-cinder-815582-5-smb devstack@placement-api.service[102430]: DEBUG placement.objects.research_context [req-e8980939-477f-45da-a85c-7ed22a2a00a2 req-b05e77dc-fc0b-4cf1-9da7-bd02375c1f7e service placement] found 1 providers after filtering by previous result {{(pid=102430) get_provider_ids_matching /opt/stack/placement/placement/objects/research_context.py:580}}
Oct 29 01:30:34.064227 dv-cinder-815582-5-smb devstack@placement-api.service[102430]: DEBUG placement.objects.research_context [req-e8980939-477f-45da-a85c-7ed22a2a00a2 req-b05e77dc-fc0b-4cf1-9da7-bd02375c1f7e service placement] found 1 providers with available 1 VCPU {{(pid=102430) get_provider_ids_matching /opt/stack/placement/placement/objects/research_context.py:549}}
Oct 29 01:30:34.066226 dv-cinder-815582-5-smb devstack@placement-api.service[102430]: DEBUG placement.objects.research_context [req-e8980939-477f-45da-a85c-7ed22a2a00a2 req-b05e77dc-fc0b-4cf1-9da7-bd02375c1f7e service placement] found 1 providers after filtering by previous result {{(pid=102430) get_provider_ids_matching /opt/stack/placement/placement/objects/research_context.py:580}}
Oct 29 01:30:34.082015 dv-cinder-815582-5-smb devstack@placement-api.service[102430]: DEBUG placement.objects.allocation_candidate [req-e8980939-477f-45da-a85c-7ed22a2a00a2 req-b05e77dc-fc0b-4cf1-9da7-bd02375c1f7e service placement] RequestGroup(use_same_provider=False, resources={DISK_GB:1, MEMORY_MB:1024, VCPU:1}, traits=[], aggregates=[]) (suffix '') returned 1 matches {{(pid=102430) _get_by_requests /opt/stack/placement/placement/objects/allocation_candidate.py:145}}
Oct 29 01:30:34.082015 dv-cinder-815582-5-smb devstack@placement-api.service[102430]: DEBUG placement.objects.allocation_candidate [req-e8980939-477f-45da-a85c-7ed22a2a00a2 req-b05e77dc-fc0b-4cf1-9da7-bd02375c1f7e service placement] Merging candidates yields 1 allocation requests and 1 provider summaries {{(pid=102430) _merge_candidates /opt/stack/placement/placement/objects/allocation_candidate.py:783}}
Oct 29 01:30:34.083709 dv-cinder-815582-5-smb devstack@placement-api.service[102430]: INFO placement.requestlog [req-e8980939-477f-45da-a85c-7ed22a2a00a2 req-b05e77dc-fc0b-4cf1-9da7-bd02375c1f7e service placement] 10.222.0.77 "GET /placement/allocation_candidates?limit=1000&resources=DISK_GB%3A1%2CMEMORY_MB%3A1024%2CVCPU%3A1&root_required=%21COMPUTE_STATUS_DISABLED" status: 200 len: 767 microversion: 1.36
Oct 29 01:30:34.089162 dv-cinder-815582-5-smb devstack@placement-api.service[102430]: [pid: 102430|app: 0|req: 12/25] 10.222.0.77 () {60 vars in 1506 bytes} [Fri Oct 29 01:30:33 2021] GET /placement/allocation_candidates?limit=1000&resources=DISK_GB%3A1%2CMEMORY_MB%3A1024%2CVCPU%3A1&root_required=%21COMPUTE_STATUS_DISABLED => generated 767 bytes in 125 msecs (HTTP/1.1 200) 8 headers in 296 bytes (1 switches on core 0)
Oct 29 01:30:34.149567 dv-cinder-815582-5-smb devstack@placement-api.service[102431]: DEBUG placement.requestlog [req-e8980939-477f-45da-a85c-7ed22a2a00a2 req-8ceeb1ac-5571-4c91-a107-f6afa2050d8c None None] Starting request: 10.222.0.77 "GET /placement/allocations/4476c4a6-38cf-4992-94a4-88cf94b95af6" {{(pid=102431) __call__ /opt/stack/placement/placement/requestlog.py:55}}
Oct 29 01:30:34.174657 dv-cinder-815582-5-smb devstack@placement-api.service[102431]: INFO placement.requestlog [req-e8980939-477f-45da-a85c-7ed22a2a00a2 req-8ceeb1ac-5571-4c91-a107-f6afa2050d8c service placement] 10.222.0.77 "GET /placement/allocations/4476c4a6-38cf-4992-94a4-88cf94b95af6" status: 200 len: 19 microversion: 1.28
Oct 29 01:30:34.176365 dv-cinder-815582-5-smb devstack@placement-api.service[102431]: [pid: 102431|app: 0|req: 14/26] 10.222.0.77 () {60 vars in 1380 bytes} [Fri Oct 29 01:30:34 2021] GET /placement/allocations/4476c4a6-38cf-4992-94a4-88cf94b95af6 => generated 19 bytes in 27 msecs (HTTP/1.1 200) 8 headers in 295 bytes (1 switches on core 0)
Oct 29 01:30:34.181613 dv-cinder-815582-5-smb devstack@placement-api.service[102430]: DEBUG placement.requestlog [req-e8980939-477f-45da-a85c-7ed22a2a00a2 req-bca41dd2-9dc5-4d7a-9dca-86279652fd70 None None] Starting request: 10.222.0.77 "PUT /placement/allocations/4476c4a6-38cf-4992-94a4-88cf94b95af6" {{(pid=102430) __call__ /opt/stack/placement/placement/requestlog.py:55}}
Oct 29 01:30:34.191263 dv-cinder-815582-5-smb devstack@placement-api.service[102431]: DEBUG placement.requestlog [req-cb7126d2-c39d-4b00-9a9d-72d42511b0f2 req-a4c97424-1307-49b2-bc37-bf90ac8bd77f None None] Starting request: 10.222.0.89 "GET /placement/allocations/a1837d45-290e-434f-a86c-f731b2a027b6" {{(pid=102431) __call__ /opt/stack/placement/placement/requestlog.py:55}}
Oct 29 01:30:34.224018 dv-cinder-815582-5-smb devstack@placement-api.service[102431]: INFO placement.requestlog [req-cb7126d2-c39d-4b00-9a9d-72d42511b0f2 req-a4c97424-1307-49b2-bc37-bf90ac8bd77f service placement] 10.222.0.89 "GET /placement/allocations/a1837d45-290e-434f-a86c-f731b2a027b6" status: 200 len: 258 microversion: 1.28
Oct 29 01:30:34.224952 dv-cinder-815582-5-smb devstack@placement-api.service[102431]: [pid: 102431|app: 0|req: 15/27] 10.222.0.89 () {60 vars in 1377 bytes} [Fri Oct 29 01:30:34 2021] GET /placement/allocations/a1837d45-290e-434f-a86c-f731b2a027b6 => generated 258 bytes in 35 msecs (HTTP/1.1 200) 8 headers in 296 bytes (2 switches on core 0)
Oct 29 01:30:35.220959 dv-cinder-815582-5-smb devstack@placement-api.service[102430]: DEBUG placement.handlers.allocation [req-e8980939-477f-45da-a85c-7ed22a2a00a2 req-bca41dd2-9dc5-4d7a-9dca-86279652fd70 service placement] Successfully wrote allocations [, , ] {{(pid=102430) _update_consumers_and_create_allocations /opt/stack/placement/placement/handlers/allocation.py:462}}
Oct 29 01:30:35.445547 dv-cinder-815582-5-smb devstack@placement-api.service[102430]: INFO placement.requestlog [req-e8980939-477f-45da-a85c-7ed22a2a00a2 req-bca41dd2-9dc5-4d7a-9dca-86279652fd70 service placement] 10.222.0.77 "PUT /placement/allocations/4476c4a6-38cf-4992-94a4-88cf94b95af6" status: 204 len: 0 microversion: 1.36
Oct 29 01:30:35.446587 dv-cinder-815582-5-smb devstack@placement-api.service[102430]: [pid: 102430|app: 0|req: 13/28] 10.222.0.77 () {64 vars in 1433 bytes} [Fri Oct 29 01:30:34 2021] PUT /placement/allocations/4476c4a6-38cf-4992-94a4-88cf94b95af6 => generated 0 bytes in 1265 msecs (HTTP/1.1 204) 5 headers in 199 bytes (3 switches on core 0)
Oct 29 01:30:36.466262 dv-cinder-815582-5-smb devstack@placement-api.service[102431]: DEBUG placement.requestlog [req-5ee5cf9d-18f4-47e9-b4b8-bd84ced730fa req-f061b472-7b7f-4e55-8f09-f124f25f0ea7 None None] Starting request: 10.222.0.77 "GET /placement/allocation_candidates?limit=1000&resources=DISK_GB%3A1%2CMEMORY_MB%3A1024%2CVCPU%3A1&root_required=%21COMPUTE_STATUS_DISABLED" {{(pid=102431) __call__ /opt/stack/placement/placement/requestlog.py:55}}
Oct 29 01:30:36.526510 dv-cinder-815582-5-smb devstack@placement-api.service[102431]: DEBUG placement.objects.research_context [req-5ee5cf9d-18f4-47e9-b4b8-bd84ced730fa req-f061b472-7b7f-4e55-8f09-f124f25f0ea7 service placement] getting providers with 1 DISK_GB {{(pid=102431) __init__ /opt/stack/placement/placement/objects/research_context.py:126}}
Oct 29 01:30:36.534997 dv-cinder-815582-5-smb devstack@placement-api.service[102431]: DEBUG placement.objects.research_context [req-5ee5cf9d-18f4-47e9-b4b8-bd84ced730fa req-f061b472-7b7f-4e55-8f09-f124f25f0ea7 service placement] getting providers with 1024 MEMORY_MB {{(pid=102431) __init__ /opt/stack/placement/placement/objects/research_context.py:126}}
Oct 29 01:30:36.543965 dv-cinder-815582-5-smb devstack@placement-api.service[102431]: DEBUG placement.objects.research_context [req-5ee5cf9d-18f4-47e9-b4b8-bd84ced730fa req-f061b472-7b7f-4e55-8f09-f124f25f0ea7 service placement] getting providers with 1 VCPU {{(pid=102431) __init__ /opt/stack/placement/placement/objects/research_context.py:126}}
Oct 29 01:30:36.552205 dv-cinder-815582-5-smb devstack@placement-api.service[102431]: DEBUG placement.objects.research_context [req-5ee5cf9d-18f4-47e9-b4b8-bd84ced730fa req-f061b472-7b7f-4e55-8f09-f124f25f0ea7 service placement] found 1 providers with available 1 DISK_GB {{(pid=102431) get_provider_ids_matching /opt/stack/placement/placement/objects/research_context.py:549}}
Oct 29 01:30:36.552205 dv-cinder-815582-5-smb devstack@placement-api.service[102431]: DEBUG placement.objects.research_context [req-5ee5cf9d-18f4-47e9-b4b8-bd84ced730fa req-f061b472-7b7f-4e55-8f09-f124f25f0ea7 service placement] found 1 providers with available 1024 MEMORY_MB {{(pid=102431) get_provider_ids_matching /opt/stack/placement/placement/objects/research_context.py:549}}
Oct 29 01:30:36.552205 dv-cinder-815582-5-smb devstack@placement-api.service[102431]: DEBUG placement.objects.research_context [req-5ee5cf9d-18f4-47e9-b4b8-bd84ced730fa req-f061b472-7b7f-4e55-8f09-f124f25f0ea7 service placement] found 1 providers after filtering by previous result {{(pid=102431) get_provider_ids_matching /opt/stack/placement/placement/objects/research_context.py:580}}
Oct 29 01:30:36.552631 dv-cinder-815582-5-smb devstack@placement-api.service[102431]: DEBUG placement.objects.research_context [req-5ee5cf9d-18f4-47e9-b4b8-bd84ced730fa req-f061b472-7b7f-4e55-8f09-f124f25f0ea7 service placement] found 1 providers with available 1 VCPU {{(pid=102431) get_provider_ids_matching /opt/stack/placement/placement/objects/research_context.py:549}}
Oct 29 01:30:36.553364 dv-cinder-815582-5-smb devstack@placement-api.service[102431]: DEBUG placement.objects.research_context [req-5ee5cf9d-18f4-47e9-b4b8-bd84ced730fa req-f061b472-7b7f-4e55-8f09-f124f25f0ea7 service placement] found 1 providers after filtering by previous result {{(pid=102431) get_provider_ids_matching /opt/stack/placement/placement/objects/research_context.py:580}}
Oct 29 01:30:36.569180 dv-cinder-815582-5-smb devstack@placement-api.service[102431]: DEBUG placement.objects.allocation_candidate [req-5ee5cf9d-18f4-47e9-b4b8-bd84ced730fa req-f061b472-7b7f-4e55-8f09-f124f25f0ea7 service placement] RequestGroup(use_same_provider=False, resources={DISK_GB:1, MEMORY_MB:1024, VCPU:1}, traits=[], aggregates=[]) (suffix '') returned 1 matches {{(pid=102431) _get_by_requests /opt/stack/placement/placement/objects/allocation_candidate.py:145}}
Oct 29 01:30:36.569987 dv-cinder-815582-5-smb devstack@placement-api.service[102431]: DEBUG placement.objects.allocation_candidate [req-5ee5cf9d-18f4-47e9-b4b8-bd84ced730fa req-f061b472-7b7f-4e55-8f09-f124f25f0ea7 service placement] Merging candidates yields 1 allocation requests and 1 provider summaries {{(pid=102431) _merge_candidates /opt/stack/placement/placement/objects/allocation_candidate.py:783}}
Oct 29 01:30:36.580675 dv-cinder-815582-5-smb devstack@placement-api.service[102431]: INFO placement.requestlog [req-5ee5cf9d-18f4-47e9-b4b8-bd84ced730fa req-f061b472-7b7f-4e55-8f09-f124f25f0ea7 service placement] 10.222.0.77 "GET /placement/allocation_candidates?limit=1000&resources=DISK_GB%3A1%2CMEMORY_MB%3A1024%2CVCPU%3A1&root_required=%21COMPUTE_STATUS_DISABLED" status: 200 len: 767 microversion: 1.36
Oct 29 01:30:36.588859 dv-cinder-815582-5-smb devstack@placement-api.service[102431]: [pid: 102431|app: 0|req: 16/29] 10.222.0.77 () {60 vars in 1506 bytes} [Fri Oct 29 01:30:36 2021] GET /placement/allocation_candidates?limit=1000&resources=DISK_GB%3A1%2CMEMORY_MB%3A1024%2CVCPU%3A1&root_required=%21COMPUTE_STATUS_DISABLED => generated 767 bytes in 120 msecs (HTTP/1.1 200) 8 headers in 296 bytes (1 switches on core 0)
Oct 29 01:30:36.653336 dv-cinder-815582-5-smb devstack@placement-api.service[102430]: DEBUG placement.requestlog [req-5ee5cf9d-18f4-47e9-b4b8-bd84ced730fa req-7ee8813e-d991-46c4-9b7b-559e6ca24fed None None] Starting request: 10.222.0.77 "GET /placement/allocations/7535694c-3eeb-4d9a-bb4c-be3aac760b74" {{(pid=102430) __call__ /opt/stack/placement/placement/requestlog.py:55}}
Oct 29 01:30:36.666717 dv-cinder-815582-5-smb devstack@placement-api.service[102430]: INFO placement.requestlog [req-5ee5cf9d-18f4-47e9-b4b8-bd84ced730fa req-7ee8813e-d991-46c4-9b7b-559e6ca24fed service placement] 10.222.0.77 "GET /placement/allocations/7535694c-3eeb-4d9a-bb4c-be3aac760b74" status: 200 len: 19 microversion: 1.28
Oct 29 01:30:36.667144 dv-cinder-815582-5-smb devstack@placement-api.service[102430]: [pid: 102430|app: 0|req: 14/30] 10.222.0.77 () {60 vars in 1380 bytes} [Fri Oct 29 01:30:36 2021] GET /placement/allocations/7535694c-3eeb-4d9a-bb4c-be3aac760b74 => generated 19 bytes in 14 msecs (HTTP/1.1 200) 8 headers in 295 bytes (1 switches on core 0)
Oct 29 01:30:36.674397 dv-cinder-815582-5-smb devstack@placement-api.service[102431]: DEBUG placement.requestlog [req-5ee5cf9d-18f4-47e9-b4b8-bd84ced730fa req-8aa38bd1-6ba8-4f6c-90b5-693e5e2a7f2d None None] Starting request: 10.222.0.77 "PUT /placement/allocations/7535694c-3eeb-4d9a-bb4c-be3aac760b74" {{(pid=102431) __call__ /opt/stack/placement/placement/requestlog.py:55}}
Oct 29 01:30:37.075690 dv-cinder-815582-5-smb devstack@placement-api.service[102431]: DEBUG placement.handlers.allocation [req-5ee5cf9d-18f4-47e9-b4b8-bd84ced730fa req-8aa38bd1-6ba8-4f6c-90b5-693e5e2a7f2d service placement] Successfully wrote allocations [, , ] {{(pid=102431) _update_consumers_and_create_allocations /opt/stack/placement/placement/handlers/allocation.py:462}}
Oct 29 01:30:37.263157 dv-cinder-815582-5-smb devstack@placement-api.service[102431]: INFO placement.requestlog [req-5ee5cf9d-18f4-47e9-b4b8-bd84ced730fa req-8aa38bd1-6ba8-4f6c-90b5-693e5e2a7f2d service placement] 10.222.0.77 "PUT /placement/allocations/7535694c-3eeb-4d9a-bb4c-be3aac760b74" status: 204 len: 0 microversion: 1.36
Oct 29 01:30:37.263582 dv-cinder-815582-5-smb devstack@placement-api.service[102431]: [pid: 102431|app: 0|req: 17/31] 10.222.0.77 () {64 vars in 1433 bytes} [Fri Oct 29 01:30:36 2021] PUT /placement/allocations/7535694c-3eeb-4d9a-bb4c-be3aac760b74 => generated 0 bytes in 590 msecs (HTTP/1.1 204) 5 headers in 199 bytes (1 switches on core 0)
Oct 29 01:30:37.952564 dv-cinder-815582-5-smb devstack@placement-api.service[102430]: DEBUG placement.requestlog [req-e8980939-477f-45da-a85c-7ed22a2a00a2 req-58ee4854-9495-4734-958b-8a03dedaccde None None] Starting request: 10.222.0.89 "GET /placement/allocations/4476c4a6-38cf-4992-94a4-88cf94b95af6" {{(pid=102430) __call__ /opt/stack/placement/placement/requestlog.py:55}}
Oct 29 01:30:37.968533 dv-cinder-815582-5-smb devstack@placement-api.service[102430]: INFO placement.requestlog [req-e8980939-477f-45da-a85c-7ed22a2a00a2 req-58ee4854-9495-4734-958b-8a03dedaccde service placement] 10.222.0.89 "GET /placement/allocations/4476c4a6-38cf-4992-94a4-88cf94b95af6" status: 200 len: 258 microversion: 1.28
Oct 29 01:30:37.968756 dv-cinder-815582-5-smb devstack@placement-api.service[102430]: [pid: 102430|app: 0|req: 15/32] 10.222.0.89 () {60 vars in 1377 bytes} [Fri Oct 29 01:30:37 2021] GET /placement/allocations/4476c4a6-38cf-4992-94a4-88cf94b95af6 => generated 258 bytes in 17 msecs (HTTP/1.1 200) 8 headers in 296 bytes (2 switches on core 0)
Oct 29 01:30:38.860804 dv-cinder-815582-5-smb devstack@placement-api.service[102431]: DEBUG placement.requestlog [req-5ee5cf9d-18f4-47e9-b4b8-bd84ced730fa req-45b99610-278f-4c53-aaf9-08545f8a1615 None None] Starting request: 10.222.0.89 "GET /placement/allocations/7535694c-3eeb-4d9a-bb4c-be3aac760b74" {{(pid=102431) __call__ /opt/stack/placement/placement/requestlog.py:55}}
Oct 29 01:30:38.896575 dv-cinder-815582-5-smb devstack@placement-api.service[102431]: INFO placement.requestlog [req-5ee5cf9d-18f4-47e9-b4b8-bd84ced730fa req-45b99610-278f-4c53-aaf9-08545f8a1615 service placement] 10.222.0.89 "GET /placement/allocations/7535694c-3eeb-4d9a-bb4c-be3aac760b74" status: 200 len: 258 microversion: 1.28
Oct 29 01:30:38.897868 dv-cinder-815582-5-smb devstack@placement-api.service[102431]: [pid: 102431|app: 0|req: 18/33] 10.222.0.89 () {60 vars in 1377 bytes} [Fri Oct 29 01:30:38 2021] GET /placement/allocations/7535694c-3eeb-4d9a-bb4c-be3aac760b74 => generated 258 bytes in 38 msecs (HTTP/1.1 200) 8 headers in 296 bytes (1 switches on core 0)
Oct 29 01:31:02.378578 dv-cinder-815582-5-smb devstack@placement-api.service[102430]: DEBUG placement.requestlog [req-98aa35d6-dd47-4b98-a494-8968437eed20 req-97804438-cade-4538-a6b4-dfaaee445bc3 None None] Starting request: 10.222.0.89 "DELETE /placement/allocations/26967298-2d04-4407-aa3c-23ca9cc59fbf" {{(pid=102430) __call__ /opt/stack/placement/placement/requestlog.py:55}}
Oct 29 01:31:02.677750 dv-cinder-815582-5-smb devstack@placement-api.service[102430]: DEBUG placement.handlers.allocation [req-98aa35d6-dd47-4b98-a494-8968437eed20 req-97804438-cade-4538-a6b4-dfaaee445bc3 service placement] Successfully deleted allocations [, , ] {{(pid=102430) delete_allocations /opt/stack/placement/placement/handlers/allocation.py:627}}
Oct 29 01:31:02.678288 dv-cinder-815582-5-smb devstack@placement-api.service[102430]: INFO placement.requestlog [req-98aa35d6-dd47-4b98-a494-8968437eed20 req-97804438-cade-4538-a6b4-dfaaee445bc3 service placement] 10.222.0.89 "DELETE /placement/allocations/26967298-2d04-4407-aa3c-23ca9cc59fbf" status: 204 len: 0 microversion: 1.0
Oct 29 01:31:02.678523 dv-cinder-815582-5-smb devstack@placement-api.service[102430]: [pid: 102430|app: 0|req: 16/34] 10.222.0.89 () {60 vars in 1355 bytes} [Fri Oct 29 01:31:02 2021] DELETE /placement/allocations/26967298-2d04-4407-aa3c-23ca9cc59fbf => generated 0 bytes in 300 msecs (HTTP/1.1 204) 5 headers in 198 bytes (1 switches on core 0)
Oct 29 01:31:06.759004 dv-cinder-815582-5-smb devstack@placement-api.service[102431]: DEBUG placement.requestlog [req-b415dd8c-0a60-48a2-989f-b074c3b4d784 req-632994c3-af1d-4bf2-a261-c9ad07eea4f4 None None] Starting request: 10.222.0.89 "GET /placement/resource_providers/a1c4f0fc-c8f4-4cc6-abd0-ce2a4de55b77/allocations" {{(pid=102431) __call__ /opt/stack/placement/placement/requestlog.py:55}}
Oct 29 01:31:06.936105 dv-cinder-815582-5-smb devstack@placement-api.service[102431]: INFO placement.requestlog [req-b415dd8c-0a60-48a2-989f-b074c3b4d784 req-632994c3-af1d-4bf2-a261-c9ad07eea4f4 service placement] 10.222.0.89 "GET /placement/resource_providers/a1c4f0fc-c8f4-4cc6-abd0-ce2a4de55b77/allocations" status: 200 len: 456 microversion: 1.0
Oct 29 01:31:06.936105 dv-cinder-815582-5-smb devstack@placement-api.service[102431]: [pid: 102431|app: 0|req: 19/35] 10.222.0.89 () {58 vars in 1390 bytes} [Fri Oct 29 01:31:06 2021] GET /placement/resource_providers/a1c4f0fc-c8f4-4cc6-abd0-ce2a4de55b77/allocations => generated 456 bytes in 32 msecs (HTTP/1.1 200) 6 headers in 224 bytes (1 switches on core 0)
Oct 29 01:31:37.133597 dv-cinder-815582-5-smb devstack@placement-api.service[102430]: DEBUG placement.requestlog [req-97299003-bd40-4875-9800-cfeb12767bba req-54e909d8-7c58-49f4-9241-298eada28786 None None] Starting request: 10.222.0.77 "GET /placement/allocation_candidates?limit=1000&resources=DISK_GB%3A1%2CMEMORY_MB%3A1024%2CVCPU%3A1&root_required=%21COMPUTE_STATUS_DISABLED" {{(pid=102430) __call__ /opt/stack/placement/placement/requestlog.py:55}}
Oct 29 01:31:37.173564 dv-cinder-815582-5-smb devstack@placement-api.service[102430]: DEBUG placement.objects.research_context [req-97299003-bd40-4875-9800-cfeb12767bba req-54e909d8-7c58-49f4-9241-298eada28786 service placement] getting providers with 1 DISK_GB {{(pid=102430) __init__ /opt/stack/placement/placement/objects/research_context.py:126}}
Oct 29 01:31:37.179813 dv-cinder-815582-5-smb devstack@placement-api.service[102430]: DEBUG placement.objects.research_context [req-97299003-bd40-4875-9800-cfeb12767bba req-54e909d8-7c58-49f4-9241-298eada28786 service placement] getting providers with 1024 MEMORY_MB {{(pid=102430) __init__ /opt/stack/placement/placement/objects/research_context.py:126}}
Oct 29 01:31:37.188702 dv-cinder-815582-5-smb devstack@placement-api.service[102430]: DEBUG placement.objects.research_context [req-97299003-bd40-4875-9800-cfeb12767bba req-54e909d8-7c58-49f4-9241-298eada28786 service placement] getting providers with 1 VCPU {{(pid=102430) __init__ /opt/stack/placement/placement/objects/research_context.py:126}}
Oct 29 01:31:37.195107 dv-cinder-815582-5-smb devstack@placement-api.service[102430]: DEBUG placement.objects.research_context [req-97299003-bd40-4875-9800-cfeb12767bba req-54e909d8-7c58-49f4-9241-298eada28786 service placement] found 1 providers with available 1 DISK_GB {{(pid=102430) get_provider_ids_matching /opt/stack/placement/placement/objects/research_context.py:549}}
Oct 29 01:31:37.195393 dv-cinder-815582-5-smb devstack@placement-api.service[102430]: DEBUG placement.objects.research_context [req-97299003-bd40-4875-9800-cfeb12767bba req-54e909d8-7c58-49f4-9241-298eada28786 service placement] found 1 providers with available 1024 MEMORY_MB {{(pid=102430) get_provider_ids_matching /opt/stack/placement/placement/objects/research_context.py:549}}
Oct 29 01:31:37.195671 dv-cinder-815582-5-smb devstack@placement-api.service[102430]: DEBUG placement.objects.research_context [req-97299003-bd40-4875-9800-cfeb12767bba req-54e909d8-7c58-49f4-9241-298eada28786 service placement] found 1 providers after filtering by previous result {{(pid=102430) get_provider_ids_matching /opt/stack/placement/placement/objects/research_context.py:580}}
Oct 29 01:31:37.195933 dv-cinder-815582-5-smb devstack@placement-api.service[102430]: DEBUG placement.objects.research_context [req-97299003-bd40-4875-9800-cfeb12767bba req-54e909d8-7c58-49f4-9241-298eada28786 service placement] found 1 providers with available 1 VCPU {{(pid=102430) get_provider_ids_matching /opt/stack/placement/placement/objects/research_context.py:549}}
Oct 29 01:31:37.196289 dv-cinder-815582-5-smb devstack@placement-api.service[102430]: DEBUG placement.objects.research_context [req-97299003-bd40-4875-9800-cfeb12767bba req-54e909d8-7c58-49f4-9241-298eada28786 service placement] found 1 providers after filtering by previous result {{(pid=102430) get_provider_ids_matching /opt/stack/placement/placement/objects/research_context.py:580}}
Oct 29 01:31:37.216924 dv-cinder-815582-5-smb devstack@placement-api.service[102430]: DEBUG placement.objects.allocation_candidate [req-97299003-bd40-4875-9800-cfeb12767bba req-54e909d8-7c58-49f4-9241-298eada28786 service placement] RequestGroup(use_same_provider=False, resources={DISK_GB:1, MEMORY_MB:1024, VCPU:1}, traits=[], aggregates=[]) (suffix '') returned 1 matches {{(pid=102430) _get_by_requests /opt/stack/placement/placement/objects/allocation_candidate.py:145}}
Oct 29 01:31:37.217265 dv-cinder-815582-5-smb devstack@placement-api.service[102430]: DEBUG placement.objects.allocation_candidate [req-97299003-bd40-4875-9800-cfeb12767bba req-54e909d8-7c58-49f4-9241-298eada28786 service placement] Merging candidates yields 1 allocation requests and 1 provider summaries {{(pid=102430) _merge_candidates /opt/stack/placement/placement/objects/allocation_candidate.py:783}}
Oct 29 01:31:37.219991 dv-cinder-815582-5-smb devstack@placement-api.service[102430]: INFO placement.requestlog [req-97299003-bd40-4875-9800-cfeb12767bba req-54e909d8-7c58-49f4-9241-298eada28786 service placement] 10.222.0.77 "GET /placement/allocation_candidates?limit=1000&resources=DISK_GB%3A1%2CMEMORY_MB%3A1024%2CVCPU%3A1&root_required=%21COMPUTE_STATUS_DISABLED" status: 200 len: 767 microversion: 1.36
Oct 29 01:31:37.219991 dv-cinder-815582-5-smb devstack@placement-api.service[102430]: [pid: 102430|app: 0|req: 17/36] 10.222.0.77 () {60 vars in 1506 bytes} [Fri Oct 29 01:31:37 2021] GET /placement/allocation_candidates?limit=1000&resources=DISK_GB%3A1%2CMEMORY_MB%3A1024%2CVCPU%3A1&root_required=%21COMPUTE_STATUS_DISABLED => generated 767 bytes in 86 msecs (HTTP/1.1 200) 8 headers in 296 bytes (1 switches on core 0)
Oct 29 01:31:37.258015 dv-cinder-815582-5-smb devstack@placement-api.service[102431]: DEBUG placement.requestlog [req-97299003-bd40-4875-9800-cfeb12767bba req-5ff83a5c-5640-470b-ada7-a8e46e080573 None None] Starting request: 10.222.0.77 "GET /placement/allocations/bf3aa50a-b738-4d2a-9055-f59b57a4f0a4" {{(pid=102431) __call__ /opt/stack/placement/placement/requestlog.py:55}}
Oct 29 01:31:37.270436 dv-cinder-815582-5-smb devstack@placement-api.service[102431]: INFO placement.requestlog [req-97299003-bd40-4875-9800-cfeb12767bba req-5ff83a5c-5640-470b-ada7-a8e46e080573 service placement] 10.222.0.77 "GET /placement/allocations/bf3aa50a-b738-4d2a-9055-f59b57a4f0a4" status: 200 len: 19 microversion: 1.28
Oct 29 01:31:37.270937 dv-cinder-815582-5-smb devstack@placement-api.service[102431]: [pid: 102431|app: 0|req: 20/37] 10.222.0.77 () {60 vars in 1380 bytes} [Fri Oct 29 01:31:37 2021] GET /placement/allocations/bf3aa50a-b738-4d2a-9055-f59b57a4f0a4 => generated 19 bytes in 13 msecs (HTTP/1.1 200) 8 headers in 295 bytes (1 switches on core 0)
Oct 29 01:31:37.277814 dv-cinder-815582-5-smb devstack@placement-api.service[102430]: DEBUG placement.requestlog [req-97299003-bd40-4875-9800-cfeb12767bba req-46185f22-c4bd-4e99-88a4-e9d5536b6861 None None] Starting request: 10.222.0.77 "PUT /placement/allocations/bf3aa50a-b738-4d2a-9055-f59b57a4f0a4" {{(pid=102430) __call__ /opt/stack/placement/placement/requestlog.py:55}}
Oct 29 01:31:37.682552 dv-cinder-815582-5-smb devstack@placement-api.service[102430]: DEBUG placement.handlers.allocation [req-97299003-bd40-4875-9800-cfeb12767bba req-46185f22-c4bd-4e99-88a4-e9d5536b6861 service placement] Successfully wrote allocations [, , ] {{(pid=102430) _update_consumers_and_create_allocations /opt/stack/placement/placement/handlers/allocation.py:462}}
Oct 29 01:31:37.782493 dv-cinder-815582-5-smb devstack@placement-api.service[102430]: INFO placement.requestlog [req-97299003-bd40-4875-9800-cfeb12767bba req-46185f22-c4bd-4e99-88a4-e9d5536b6861 service placement] 10.222.0.77 "PUT /placement/allocations/bf3aa50a-b738-4d2a-9055-f59b57a4f0a4" status: 204 len: 0 microversion: 1.36
Oct 29 01:31:37.783071 dv-cinder-815582-5-smb devstack@placement-api.service[102430]: [pid: 102430|app: 0|req: 18/38] 10.222.0.77 () {64 vars in 1433 bytes} [Fri Oct 29 01:31:37 2021] PUT /placement/allocations/bf3aa50a-b738-4d2a-9055-f59b57a4f0a4 => generated 0 bytes in 506 msecs (HTTP/1.1 204) 5 headers in 199 bytes (1 switches on core 0)
Oct 29 01:31:39.712052 dv-cinder-815582-5-smb devstack@placement-api.service[102431]: DEBUG placement.requestlog [req-97299003-bd40-4875-9800-cfeb12767bba req-0327508c-6b90-483e-afdc-9fd472c886d2 None None] Starting request: 10.222.0.89 "GET /placement/allocations/bf3aa50a-b738-4d2a-9055-f59b57a4f0a4" {{(pid=102431) __call__ /opt/stack/placement/placement/requestlog.py:55}}
Oct 29 01:31:39.736751 dv-cinder-815582-5-smb devstack@placement-api.service[102431]: INFO placement.requestlog [req-97299003-bd40-4875-9800-cfeb12767bba req-0327508c-6b90-483e-afdc-9fd472c886d2 service placement] 10.222.0.89 "GET /placement/allocations/bf3aa50a-b738-4d2a-9055-f59b57a4f0a4" status: 200 len: 258 microversion: 1.28
Oct 29 01:31:39.737690 dv-cinder-815582-5-smb devstack@placement-api.service[102431]: [pid: 102431|app: 0|req: 21/39] 10.222.0.89 () {60 vars in 1377 bytes} [Fri Oct 29 01:31:39 2021] GET /placement/allocations/bf3aa50a-b738-4d2a-9055-f59b57a4f0a4 => generated 258 bytes in 26 msecs (HTTP/1.1 200) 8 headers in 296 bytes (1 switches on core 0)
Oct 29 01:32:07.962278 dv-cinder-815582-5-smb devstack@placement-api.service[102430]: DEBUG placement.requestlog [req-80cf0e6a-94ba-4419-8bf8-e638dec7c776 req-5377041a-ece6-4571-83cc-3e5b447ff717 None None] Starting request: 10.222.0.89 "GET /placement/resource_providers/a1c4f0fc-c8f4-4cc6-abd0-ce2a4de55b77/allocations" {{(pid=102430) __call__ /opt/stack/placement/placement/requestlog.py:55}}
Oct 29 01:32:07.986465 dv-cinder-815582-5-smb devstack@placement-api.service[102430]: INFO placement.requestlog [req-80cf0e6a-94ba-4419-8bf8-e638dec7c776 req-5377041a-ece6-4571-83cc-3e5b447ff717 service placement] 10.222.0.89 "GET /placement/resource_providers/a1c4f0fc-c8f4-4cc6-abd0-ce2a4de55b77/allocations" status: 200 len: 557 microversion: 1.0
Oct 29 01:32:07.986746 dv-cinder-815582-5-smb devstack@placement-api.service[102430]: [pid: 102430|app: 0|req: 19/40] 10.222.0.89 () {58 vars in 1390 bytes} [Fri Oct 29 01:32:07 2021] GET /placement/resource_providers/a1c4f0fc-c8f4-4cc6-abd0-ce2a4de55b77/allocations => generated 557 bytes in 25 msecs (HTTP/1.1 200) 6 headers in 224 bytes (1 switches on core 0)
Oct 29 01:32:29.125558 dv-cinder-815582-5-smb devstack@placement-api.service[102431]: DEBUG placement.requestlog [req-bbf48d68-7a4d-4de6-8d05-fbfe6ef4b4df req-92929788-a4aa-4c18-bca7-d6a72fbc53f2 None None] Starting request: 10.222.0.89 "DELETE /placement/allocations/7535694c-3eeb-4d9a-bb4c-be3aac760b74" {{(pid=102431) __call__ /opt/stack/placement/placement/requestlog.py:55}}
Oct 29 01:32:29.341056 dv-cinder-815582-5-smb devstack@placement-api.service[102431]: DEBUG placement.handlers.allocation [req-bbf48d68-7a4d-4de6-8d05-fbfe6ef4b4df req-92929788-a4aa-4c18-bca7-d6a72fbc53f2 service placement] Successfully deleted allocations [, , ] {{(pid=102431) delete_allocations /opt/stack/placement/placement/handlers/allocation.py:627}}
Oct 29 01:32:29.342434 dv-cinder-815582-5-smb devstack@placement-api.service[102431]: INFO placement.requestlog [req-bbf48d68-7a4d-4de6-8d05-fbfe6ef4b4df req-92929788-a4aa-4c18-bca7-d6a72fbc53f2 service placement] 10.222.0.89 "DELETE /placement/allocations/7535694c-3eeb-4d9a-bb4c-be3aac760b74" status: 204 len: 0 microversion: 1.0
Oct 29 01:32:29.342825 dv-cinder-815582-5-smb devstack@placement-api.service[102431]: [pid: 102431|app: 0|req: 22/41] 10.222.0.89 () {60 vars in 1355 bytes} [Fri Oct 29 01:32:29 2021] DELETE /placement/allocations/7535694c-3eeb-4d9a-bb4c-be3aac760b74 => generated 0 bytes in 217 msecs (HTTP/1.1 204) 5 headers in 198 bytes (1 switches on core 0)
Oct 29 01:32:33.490456 dv-cinder-815582-5-smb devstack@placement-api.service[102430]: DEBUG placement.requestlog [req-6ef0fa05-09d9-4fdb-8c6c-acb88cf405b5 req-dd046b0a-b814-40fb-bc8c-916a8d1435df None None] Starting request: 10.222.0.77 "GET /placement/allocation_candidates?limit=1000&resources=DISK_GB%3A1%2CMEMORY_MB%3A1024%2CVCPU%3A1&root_required=%21COMPUTE_STATUS_DISABLED" {{(pid=102430) __call__ /opt/stack/placement/placement/requestlog.py:55}}
Oct 29 01:32:33.528433 dv-cinder-815582-5-smb devstack@placement-api.service[102430]: DEBUG placement.objects.research_context [req-6ef0fa05-09d9-4fdb-8c6c-acb88cf405b5 req-dd046b0a-b814-40fb-bc8c-916a8d1435df service placement] getting providers with 1 DISK_GB {{(pid=102430) __init__ /opt/stack/placement/placement/objects/research_context.py:126}}
Oct 29 01:32:33.534653 dv-cinder-815582-5-smb devstack@placement-api.service[102430]: DEBUG placement.objects.research_context [req-6ef0fa05-09d9-4fdb-8c6c-acb88cf405b5 req-dd046b0a-b814-40fb-bc8c-916a8d1435df service placement] getting providers with 1024 MEMORY_MB {{(pid=102430) __init__ /opt/stack/placement/placement/objects/research_context.py:126}}
Oct 29 01:32:33.541188 dv-cinder-815582-5-smb devstack@placement-api.service[102430]: DEBUG placement.objects.research_context [req-6ef0fa05-09d9-4fdb-8c6c-acb88cf405b5 req-dd046b0a-b814-40fb-bc8c-916a8d1435df service placement] getting providers with 1 VCPU {{(pid=102430) __init__ /opt/stack/placement/placement/objects/research_context.py:126}}
Oct 29 01:32:33.547524 dv-cinder-815582-5-smb devstack@placement-api.service[102430]: DEBUG placement.objects.research_context [req-6ef0fa05-09d9-4fdb-8c6c-acb88cf405b5 req-dd046b0a-b814-40fb-bc8c-916a8d1435df service placement] found 1 providers with available 1 DISK_GB {{(pid=102430) get_provider_ids_matching /opt/stack/placement/placement/objects/research_context.py:549}}
Oct 29 01:32:33.547817 dv-cinder-815582-5-smb devstack@placement-api.service[102430]: DEBUG placement.objects.research_context [req-6ef0fa05-09d9-4fdb-8c6c-acb88cf405b5 req-dd046b0a-b814-40fb-bc8c-916a8d1435df service placement] found 1 providers with available 1024 MEMORY_MB {{(pid=102430) get_provider_ids_matching /opt/stack/placement/placement/objects/research_context.py:549}}
Oct 29 01:32:33.548159 dv-cinder-815582-5-smb devstack@placement-api.service[102430]: DEBUG placement.objects.research_context [req-6ef0fa05-09d9-4fdb-8c6c-acb88cf405b5 req-dd046b0a-b814-40fb-bc8c-916a8d1435df service placement] found 1 providers after filtering by previous result {{(pid=102430) get_provider_ids_matching /opt/stack/placement/placement/objects/research_context.py:580}}
Oct 29 01:32:33.548437 dv-cinder-815582-5-smb devstack@placement-api.service[102430]: DEBUG placement.objects.research_context [req-6ef0fa05-09d9-4fdb-8c6c-acb88cf405b5 req-dd046b0a-b814-40fb-bc8c-916a8d1435df service placement] found 1 providers with available 1 VCPU {{(pid=102430) get_provider_ids_matching /opt/stack/placement/placement/objects/research_context.py:549}}
Oct 29 01:32:33.548718 dv-cinder-815582-5-smb devstack@placement-api.service[102430]: DEBUG placement.objects.research_context [req-6ef0fa05-09d9-4fdb-8c6c-acb88cf405b5 req-dd046b0a-b814-40fb-bc8c-916a8d1435df service placement] found 1 providers after filtering by previous result {{(pid=102430) get_provider_ids_matching /opt/stack/placement/placement/objects/research_context.py:580}}
Oct 29 01:32:33.559974 dv-cinder-815582-5-smb devstack@placement-api.service[102430]: DEBUG placement.objects.allocation_candidate [req-6ef0fa05-09d9-4fdb-8c6c-acb88cf405b5 req-dd046b0a-b814-40fb-bc8c-916a8d1435df service placement] RequestGroup(use_same_provider=False, resources={DISK_GB:1, MEMORY_MB:1024, VCPU:1}, traits=[], aggregates=[]) (suffix '') returned 1 matches {{(pid=102430) _get_by_requests /opt/stack/placement/placement/objects/allocation_candidate.py:145}}
Oct 29 01:32:33.560600 dv-cinder-815582-5-smb devstack@placement-api.service[102430]: DEBUG placement.objects.allocation_candidate [req-6ef0fa05-09d9-4fdb-8c6c-acb88cf405b5 req-dd046b0a-b814-40fb-bc8c-916a8d1435df service placement] Merging candidates yields 1 allocation requests and 1 provider summaries {{(pid=102430) _merge_candidates /opt/stack/placement/placement/objects/allocation_candidate.py:783}}
Oct 29 01:32:33.562264 dv-cinder-815582-5-smb devstack@placement-api.service[102430]: INFO placement.requestlog [req-6ef0fa05-09d9-4fdb-8c6c-acb88cf405b5 req-dd046b0a-b814-40fb-bc8c-916a8d1435df service placement] 10.222.0.77 "GET /placement/allocation_candidates?limit=1000&resources=DISK_GB%3A1%2CMEMORY_MB%3A1024%2CVCPU%3A1&root_required=%21COMPUTE_STATUS_DISABLED" status: 200 len: 767 microversion: 1.36
Oct 29 01:32:33.562664 dv-cinder-815582-5-smb devstack@placement-api.service[102430]: [pid: 102430|app: 0|req: 20/42] 10.222.0.77 () {60 vars in 1506 bytes} [Fri Oct 29 01:32:33 2021] GET /placement/allocation_candidates?limit=1000&resources=DISK_GB%3A1%2CMEMORY_MB%3A1024%2CVCPU%3A1&root_required=%21COMPUTE_STATUS_DISABLED => generated 767 bytes in 73 msecs (HTTP/1.1 200) 8 headers in 296 bytes (1 switches on core 0)
Oct 29 01:32:33.600298 dv-cinder-815582-5-smb devstack@placement-api.service[102431]: DEBUG placement.requestlog [req-6ef0fa05-09d9-4fdb-8c6c-acb88cf405b5 req-a738f454-5333-47e8-bbb2-72bc9cdf8dd6 None None] Starting request: 10.222.0.77 "GET /placement/allocations/7535694c-3eeb-4d9a-bb4c-be3aac760b74" {{(pid=102431) __call__ /opt/stack/placement/placement/requestlog.py:55}}
Oct 29 01:32:33.613172 dv-cinder-815582-5-smb devstack@placement-api.service[102431]: INFO placement.requestlog [req-6ef0fa05-09d9-4fdb-8c6c-acb88cf405b5 req-a738f454-5333-47e8-bbb2-72bc9cdf8dd6 service placement] 10.222.0.77 "GET /placement/allocations/7535694c-3eeb-4d9a-bb4c-be3aac760b74" status: 200 len: 19 microversion: 1.28
Oct 29 01:32:33.613397 dv-cinder-815582-5-smb devstack@placement-api.service[102431]: [pid: 102431|app: 0|req: 23/43] 10.222.0.77 () {60 vars in 1380 bytes} [Fri Oct 29 01:32:33 2021] GET /placement/allocations/7535694c-3eeb-4d9a-bb4c-be3aac760b74 => generated 19 bytes in 13 msecs (HTTP/1.1 200) 8 headers in 295 bytes (1 switches on core 0)
Oct 29 01:32:33.624677 dv-cinder-815582-5-smb devstack@placement-api.service[102430]: DEBUG placement.requestlog [req-6ef0fa05-09d9-4fdb-8c6c-acb88cf405b5 req-9d1c67d9-9bb9-41ba-9f29-d3325f482784 None None] Starting request: 10.222.0.77 "PUT /placement/allocations/7535694c-3eeb-4d9a-bb4c-be3aac760b74" {{(pid=102430) __call__ /opt/stack/placement/placement/requestlog.py:55}}
Oct 29 01:32:33.845796 dv-cinder-815582-5-smb devstack@placement-api.service[102430]: DEBUG placement.handlers.allocation [req-6ef0fa05-09d9-4fdb-8c6c-acb88cf405b5 req-9d1c67d9-9bb9-41ba-9f29-d3325f482784 service placement] Successfully wrote allocations [, , ] {{(pid=102430) _update_consumers_and_create_allocations /opt/stack/placement/placement/handlers/allocation.py:462}}
Oct 29 01:32:33.929615 dv-cinder-815582-5-smb devstack@placement-api.service[102430]: INFO placement.requestlog [req-6ef0fa05-09d9-4fdb-8c6c-acb88cf405b5 req-9d1c67d9-9bb9-41ba-9f29-d3325f482784 service placement] 10.222.0.77 "PUT /placement/allocations/7535694c-3eeb-4d9a-bb4c-be3aac760b74" status: 204 len: 0 microversion: 1.36
Oct 29 01:32:33.932197 dv-cinder-815582-5-smb devstack@placement-api.service[102430]: [pid: 102430|app: 0|req: 21/44] 10.222.0.77 () {64 vars in 1433 bytes} [Fri Oct 29 01:32:33 2021] PUT /placement/allocations/7535694c-3eeb-4d9a-bb4c-be3aac760b74 => generated 0 bytes in 306 msecs (HTTP/1.1 204) 5 headers in 199 bytes (1 switches on core 0)
Oct 29 01:32:36.032140 dv-cinder-815582-5-smb devstack@placement-api.service[102431]: DEBUG placement.requestlog [req-6ef0fa05-09d9-4fdb-8c6c-acb88cf405b5 req-05844e62-4e74-400e-8783-f058db7be8b9 None None] Starting request: 10.222.0.89 "GET /placement/allocations/7535694c-3eeb-4d9a-bb4c-be3aac760b74" {{(pid=102431) __call__ /opt/stack/placement/placement/requestlog.py:55}}
Oct 29 01:32:36.049264 dv-cinder-815582-5-smb devstack@placement-api.service[102431]: INFO placement.requestlog [req-6ef0fa05-09d9-4fdb-8c6c-acb88cf405b5 req-05844e62-4e74-400e-8783-f058db7be8b9 service placement] 10.222.0.89 "GET /placement/allocations/7535694c-3eeb-4d9a-bb4c-be3aac760b74" status: 200 len: 258 microversion: 1.28
Oct 29 01:32:36.049862 dv-cinder-815582-5-smb devstack@placement-api.service[102431]: [pid: 102431|app: 0|req: 24/45] 10.222.0.89 () {60 vars in 1377 bytes} [Fri Oct 29 01:32:36 2021] GET /placement/allocations/7535694c-3eeb-4d9a-bb4c-be3aac760b74 => generated 258 bytes in 18 msecs (HTTP/1.1 200) 8 headers in 296 bytes (1 switches on core 0)
Oct 29 01:33:08.842968 dv-cinder-815582-5-smb devstack@placement-api.service[102430]: DEBUG placement.requestlog [req-06115736-3475-4342-8d49-7c50662a32b2 req-c0f051c5-2bcf-4b01-99da-c18555bb6db3 None None] Starting request: 10.222.0.89 "GET /placement/resource_providers/a1c4f0fc-c8f4-4cc6-abd0-ce2a4de55b77/allocations" {{(pid=102430) __call__ /opt/stack/placement/placement/requestlog.py:55}}
Oct 29 01:33:08.863971 dv-cinder-815582-5-smb devstack@placement-api.service[102430]: INFO placement.requestlog [req-06115736-3475-4342-8d49-7c50662a32b2 req-c0f051c5-2bcf-4b01-99da-c18555bb6db3 service placement] 10.222.0.89 "GET /placement/resource_providers/a1c4f0fc-c8f4-4cc6-abd0-ce2a4de55b77/allocations" status: 200 len: 557 microversion: 1.0
Oct 29 01:33:08.864179 dv-cinder-815582-5-smb devstack@placement-api.service[102430]: [pid: 102430|app: 0|req: 22/46] 10.222.0.89 () {58 vars in 1390 bytes} [Fri Oct 29 01:33:08 2021] GET /placement/resource_providers/a1c4f0fc-c8f4-4cc6-abd0-ce2a4de55b77/allocations => generated 557 bytes in 22 msecs (HTTP/1.1 200) 6 headers in 224 bytes (2 switches on core 0)
Oct 29 01:33:15.422029 dv-cinder-815582-5-smb devstack@placement-api.service[102431]: DEBUG placement.requestlog [req-0cb4a976-ed36-41c2-9318-0c2e92434245 req-2db561a0-fc7a-44e5-aa9c-e28526d02214 None None] Starting request: 10.222.0.77 "GET /placement/allocation_candidates?limit=1000&resources=MEMORY_MB%3A1024%2CVCPU%3A1&root_required=%21COMPUTE_STATUS_DISABLED" {{(pid=102431) __call__ /opt/stack/placement/placement/requestlog.py:55}}
Oct 29 01:33:15.453593 dv-cinder-815582-5-smb devstack@placement-api.service[102431]: DEBUG placement.objects.research_context [req-0cb4a976-ed36-41c2-9318-0c2e92434245 req-2db561a0-fc7a-44e5-aa9c-e28526d02214 service placement] getting providers with 1024 MEMORY_MB {{(pid=102431) __init__ /opt/stack/placement/placement/objects/research_context.py:126}}
Oct 29 01:33:15.459054 dv-cinder-815582-5-smb devstack@placement-api.service[102431]: DEBUG placement.objects.research_context [req-0cb4a976-ed36-41c2-9318-0c2e92434245 req-2db561a0-fc7a-44e5-aa9c-e28526d02214 service placement] getting providers with 1 VCPU {{(pid=102431) __init__ /opt/stack/placement/placement/objects/research_context.py:126}}
Oct 29 01:33:15.468282 dv-cinder-815582-5-smb devstack@placement-api.service[102431]: DEBUG placement.objects.research_context [req-0cb4a976-ed36-41c2-9318-0c2e92434245 req-2db561a0-fc7a-44e5-aa9c-e28526d02214 service placement] found 1 providers with available 1024 MEMORY_MB {{(pid=102431) get_provider_ids_matching /opt/stack/placement/placement/objects/research_context.py:549}}
Oct 29 01:33:15.468783 dv-cinder-815582-5-smb devstack@placement-api.service[102431]: DEBUG placement.objects.research_context [req-0cb4a976-ed36-41c2-9318-0c2e92434245 req-2db561a0-fc7a-44e5-aa9c-e28526d02214 service placement] found 1 providers with available 1 VCPU {{(pid=102431) get_provider_ids_matching /opt/stack/placement/placement/objects/research_context.py:549}}
Oct 29 01:33:15.469062 dv-cinder-815582-5-smb devstack@placement-api.service[102431]: DEBUG placement.objects.research_context [req-0cb4a976-ed36-41c2-9318-0c2e92434245 req-2db561a0-fc7a-44e5-aa9c-e28526d02214 service placement] found 1 providers after filtering by previous result {{(pid=102431) get_provider_ids_matching /opt/stack/placement/placement/objects/research_context.py:580}}
Oct 29 01:33:15.480289 dv-cinder-815582-5-smb devstack@placement-api.service[102431]: DEBUG placement.objects.allocation_candidate [req-0cb4a976-ed36-41c2-9318-0c2e92434245 req-2db561a0-fc7a-44e5-aa9c-e28526d02214 service placement] RequestGroup(use_same_provider=False, resources={MEMORY_MB:1024, VCPU:1}, traits=[], aggregates=[]) (suffix '') returned 1 matches {{(pid=102431) _get_by_requests /opt/stack/placement/placement/objects/allocation_candidate.py:145}}
Oct 29 01:33:15.480625 dv-cinder-815582-5-smb devstack@placement-api.service[102431]: DEBUG placement.objects.allocation_candidate [req-0cb4a976-ed36-41c2-9318-0c2e92434245 req-2db561a0-fc7a-44e5-aa9c-e28526d02214 service placement] Merging candidates yields 1 allocation requests and 1 provider summaries {{(pid=102431) _merge_candidates /opt/stack/placement/placement/objects/allocation_candidate.py:783}}
Oct 29 01:33:15.482492 dv-cinder-815582-5-smb devstack@placement-api.service[102431]: INFO placement.requestlog [req-0cb4a976-ed36-41c2-9318-0c2e92434245 req-2db561a0-fc7a-44e5-aa9c-e28526d02214 service placement] 10.222.0.77 "GET /placement/allocation_candidates?limit=1000&resources=MEMORY_MB%3A1024%2CVCPU%3A1&root_required=%21COMPUTE_STATUS_DISABLED" status: 200 len: 753 microversion: 1.36
Oct 29 01:33:15.483020 dv-cinder-815582-5-smb devstack@placement-api.service[102431]: [pid: 102431|app: 0|req: 25/47] 10.222.0.77 () {60 vars in 1478 bytes} [Fri Oct 29 01:33:15 2021] GET /placement/allocation_candidates?limit=1000&resources=MEMORY_MB%3A1024%2CVCPU%3A1&root_required=%21COMPUTE_STATUS_DISABLED => generated 753 bytes in 61 msecs (HTTP/1.1 200) 8 headers in 296 bytes (1 switches on core 0)
Oct 29 01:33:15.523259 dv-cinder-815582-5-smb devstack@placement-api.service[102430]: DEBUG placement.requestlog [req-0cb4a976-ed36-41c2-9318-0c2e92434245 req-84b58e95-3884-4448-9942-e292bb34f6fd None None] Starting request: 10.222.0.77 "GET /placement/allocations/027131fb-8eff-41d2-95ef-0d47eeb3765a" {{(pid=102430) __call__ /opt/stack/placement/placement/requestlog.py:55}}
Oct 29 01:33:15.547361 dv-cinder-815582-5-smb devstack@placement-api.service[102430]: INFO placement.requestlog [req-0cb4a976-ed36-41c2-9318-0c2e92434245 req-84b58e95-3884-4448-9942-e292bb34f6fd service placement] 10.222.0.77 "GET /placement/allocations/027131fb-8eff-41d2-95ef-0d47eeb3765a" status: 200 len: 19 microversion: 1.28
Oct 29 01:33:15.549175 dv-cinder-815582-5-smb devstack@placement-api.service[102430]: [pid: 102430|app: 0|req: 23/48] 10.222.0.77 () {60 vars in 1380 bytes} [Fri Oct 29 01:33:15 2021] GET /placement/allocations/027131fb-8eff-41d2-95ef-0d47eeb3765a => generated 19 bytes in 26 msecs (HTTP/1.1 200) 8 headers in 295 bytes (1 switches on core 0)
Oct 29 01:33:15.555383 dv-cinder-815582-5-smb devstack@placement-api.service[102431]: DEBUG placement.requestlog [req-0cb4a976-ed36-41c2-9318-0c2e92434245 req-27dc4494-a35f-4e94-acda-48a0c56838b0 None None] Starting request: 10.222.0.77 "PUT /placement/allocations/027131fb-8eff-41d2-95ef-0d47eeb3765a" {{(pid=102431) __call__ /opt/stack/placement/placement/requestlog.py:55}}
