Oct 27 05:56:44.057195 dv-cinder-815582-2-iscsi neutron-server[113446]: DEBUG neutron.pecan_wsgi.hooks.policy_enforcement [req-17ca31a1-e5da-41e7-b010-4fa05d0151cb req-a031f370-08e1-4510-985f-f42683960664 service neutron] Attributes excluded by policy engine: ['standard_attr_id', 'vlan_transparent'] {{(pid=113446) _exclude_attributes_by_policy /opt/stack/neutron/neutron/pecan_wsgi/hooks/policy_enforcement.py:255}}
Oct 27 05:56:44.058788 dv-cinder-815582-2-iscsi neutron-server[113446]: INFO neutron.wsgi [req-17ca31a1-e5da-41e7-b010-4fa05d0151cb req-a031f370-08e1-4510-985f-f42683960664 service neutron] 10.222.0.26 "GET /v2.0/networks?tenant_id=c482bd8fa6824737b96e650ac49d246f&shared=False HTTP/1.1" status: 200 len: 917 time: 0.1076903
Oct 27 05:56:44.158957 dv-cinder-815582-2-iscsi neutron-server[113446]: DEBUG neutron.pecan_wsgi.hooks.policy_enforcement [req-17ca31a1-e5da-41e7-b010-4fa05d0151cb req-58f7635c-797c-464f-ad17-817388d429cb service neutron] Attributes excluded by policy engine: ['standard_attr_id', 'vlan_transparent'] {{(pid=113446) _exclude_attributes_by_policy /opt/stack/neutron/neutron/pecan_wsgi/hooks/policy_enforcement.py:255}}
Oct 27 05:56:44.160417 dv-cinder-815582-2-iscsi neutron-server[113446]: INFO neutron.wsgi [req-17ca31a1-e5da-41e7-b010-4fa05d0151cb req-58f7635c-797c-464f-ad17-817388d429cb service neutron] 10.222.0.26 "GET /v2.0/networks?shared=True HTTP/1.1" status: 200 len: 870 time: 0.0945001
Oct 27 05:56:44.169063 dv-cinder-815582-2-iscsi neutron-server[113448]: DEBUG neutron.plugins.ml2.rpc [None req-12cc28ab-ae82-4e07-adea-e2c514f55017 None None] Device f5d7f9d8-d731-4c96-a0eb-8971f2fd5e55 details requested by agent hyperv_hv-cinder-81558 with host hv-cinder-81558 {{(pid=113448) get_device_details /opt/stack/neutron/neutron/plugins/ml2/rpc.py:102}}
Oct 27 05:56:44.302787 dv-cinder-815582-2-iscsi neutron-server[113448]: DEBUG neutron.plugins.ml2.db [None req-12cc28ab-ae82-4e07-adea-e2c514f55017 None None] For port f5d7f9d8-d731-4c96-a0eb-8971f2fd5e55, host hv-cinder-81558, got binding levels [PortBindingLevel(driver='hyperv',host='hv-cinder-81558',level=0,port_id=f5d7f9d8-d731-4c96-a0eb-8971f2fd5e55,segment=NetworkSegment(4b648a4d-0552-4eed-af51-6f40cf5191d2),segment_id=4b648a4d-0552-4eed-af51-6f40cf5191d2)] {{(pid=113448) get_binding_level_objs /opt/stack/neutron/neutron/plugins/ml2/db.py:74}}
Oct 27 05:56:44.318440 dv-cinder-815582-2-iscsi neutron-server[113448]: DEBUG neutron.plugins.ml2.rpc [None req-12cc28ab-ae82-4e07-adea-e2c514f55017 None None] Returning: {'device': 'f5d7f9d8-d731-4c96-a0eb-8971f2fd5e55', 'network_id': 'd47e9b37-1bb4-4526-b397-18f220ed76f4', 'port_id': 'f5d7f9d8-d731-4c96-a0eb-8971f2fd5e55', 'mac_address': 'fa:16:3e:72:9e:9c', 'admin_state_up': True, 'network_type': 'vlan', 'segmentation_id': 715, 'physical_network': 'physnet1', 'mtu': 1500, 'fixed_ips': [{'subnet_id': '8c15dddd-89be-4796-ba53-2dd991865a9b', 'ip_address': '172.20.0.8'}], 'device_owner': 'compute:nova', 'allowed_address_pairs': [], 'port_security_enabled': True, 'qos_policy_id': None, 'network_qos_policy_id': None, 'profile': {}, 'propagate_uplink_status': False} {{(pid=113448) _get_device_details /opt/stack/neutron/neutron/plugins/ml2/rpc.py:184}}
Oct 27 05:56:44.339435 dv-cinder-815582-2-iscsi neutron-server[113446]: DEBUG neutron.pecan_wsgi.hooks.policy_enforcement [req-c79c570a-f2b7-4833-b305-c97100cad64b req-c1534ba9-f571-4b45-b5c0-46ebcf39fbaf service neutron] Attributes excluded by policy engine: ['standard_attr_id'] {{(pid=113446) _exclude_attributes_by_policy /opt/stack/neutron/neutron/pecan_wsgi/hooks/policy_enforcement.py:255}}
Oct 27 05:56:44.341023 dv-cinder-815582-2-iscsi neutron-server[113446]: INFO neutron.wsgi [req-c79c570a-f2b7-4833-b305-c97100cad64b req-c1534ba9-f571-4b45-b5c0-46ebcf39fbaf service neutron] 10.222.0.26 "GET /v2.0/ports?tenant_id=c482bd8fa6824737b96e650ac49d246f&device_id=2d0d3825-743f-400f-9e7b-3e995a7799c5 HTTP/1.1" status: 200 len: 1096 time: 0.1150706
Oct 27 05:56:44.364239 dv-cinder-815582-2-iscsi neutron-server[113448]: DEBUG neutron_lib.callbacks.manager [None req-12cc28ab-ae82-4e07-adea-e2c514f55017 None None] Publish callbacks ['neutron.plugins.ml2.plugin.SecurityGroupDbMixin._ensure_default_security_group_handler-1632448'] for port, before_update {{(pid=113448) _notify_loop /usr/local/lib/python3.8/dist-packages/neutron_lib/callbacks/manager.py:175}}
Oct 27 05:56:44.377630 dv-cinder-815582-2-iscsi neutron-server[113448]: DEBUG neutron.notifiers.nova [None req-12cc28ab-ae82-4e07-adea-e2c514f55017 None None] Ignoring state change previous_port_status: DOWN current_port_status: BUILD port_id f5d7f9d8-d731-4c96-a0eb-8971f2fd5e55 {{(pid=113448) record_port_status_changed /opt/stack/neutron/neutron/notifiers/nova.py:224}}
Oct 27 05:56:44.398446 dv-cinder-815582-2-iscsi neutron-server[113448]: DEBUG neutron.plugins.ml2.db [None req-12cc28ab-ae82-4e07-adea-e2c514f55017 None None] For port f5d7f9d8-d731-4c96-a0eb-8971f2fd5e55, host hv-cinder-81558, got binding levels [PortBindingLevel(driver='hyperv',host='hv-cinder-81558',level=0,port_id=f5d7f9d8-d731-4c96-a0eb-8971f2fd5e55,segment=NetworkSegment(4b648a4d-0552-4eed-af51-6f40cf5191d2),segment_id=4b648a4d-0552-4eed-af51-6f40cf5191d2)] {{(pid=113448) get_binding_level_objs /opt/stack/neutron/neutron/plugins/ml2/db.py:74}}
Oct 27 05:56:44.473544 dv-cinder-815582-2-iscsi neutron-server[113448]: DEBUG neutron_lib.callbacks.manager [None req-12cc28ab-ae82-4e07-adea-e2c514f55017 None None] Publish callbacks ['neutron.plugins.ml2.plugin.SecurityGroupServerNotifierRpcMixin._notify_sg_on_port_change-1632428', 'neutron.plugins.ml2.ovo_rpc._ObjectChangeHandler.handle_event-25500', 'neutron.api.rpc.agentnotifiers.dhcp_rpc_agent_api.DhcpAgentNotifyAPI._native_event_send_dhcp_notification-616577', 'neutron.db.l3_db.L3RpcNotifierMixin._notify_gateway_port_ip_changed-8727023851758', 'neutron.db.l3_dvrscheduler_db._notify_l3_agent_port_update-8727023371358', 'neutron.db.l3_hascheduler_db._notify_l3_agent_ha_port_update-8727023371376'] for port, after_update {{(pid=113448) _notify_loop /usr/local/lib/python3.8/dist-packages/neutron_lib/callbacks/manager.py:175}}
Oct 27 05:56:44.474692 dv-cinder-815582-2-iscsi neutron-server[113448]: DEBUG neutron.plugins.ml2.rpc [None req-12cc28ab-ae82-4e07-adea-e2c514f55017 None None] Device cac6d21e-2ba8-4dd6-b5e1-e6dc4a2c3d64 details requested by agent hyperv_hv-cinder-81558 with host hv-cinder-81558 {{(pid=113448) get_device_details /opt/stack/neutron/neutron/plugins/ml2/rpc.py:102}}
Oct 27 05:56:44.592116 dv-cinder-815582-2-iscsi neutron-server[113446]: INFO neutron.wsgi [req-c79c570a-f2b7-4833-b305-c97100cad64b req-9bd66985-6171-4f2c-932e-7fd2d21f027b service neutron] 10.222.0.26 "GET /v2.0/floatingips?fixed_ip_address=172.20.0.4&port_id=59a678d6-ba75-46b9-8975-11348c16a2ca HTTP/1.1" status: 200 len: 217 time: 0.2345140
Oct 27 05:56:44.609016 dv-cinder-815582-2-iscsi neutron-server[113448]: DEBUG neutron.api.rpc.handlers.resources_rpc [None req-12cc28ab-ae82-4e07-adea-e2c514f55017 None None] Pushing event updated for resources: {'Port': ['ID=f5d7f9d8-d731-4c96-a0eb-8971f2fd5e55,revision_number=4']} {{(pid=113448) push /opt/stack/neutron/neutron/api/rpc/handlers/resources_rpc.py:237}}
Oct 27 05:56:44.644156 dv-cinder-815582-2-iscsi neutron-server[113446]: DEBUG neutron.pecan_wsgi.hooks.policy_enforcement [req-f1f58ef3-d984-4bfb-a827-1077aab7cf57 req-e6a89d94-6aeb-4470-9de0-392c68bf7f08 tempest-DeleteServersTestJSON-70007822 tempest-DeleteServersTestJSON-70007822-project] Attributes excluded by policy engine: ['standard_attr_id', 'binding:profile', 'binding:host_id', 'binding:vif_type', 'binding:vif_details'] {{(pid=113446) _exclude_attributes_by_policy /opt/stack/neutron/neutron/pecan_wsgi/hooks/policy_enforcement.py:255}}
Oct 27 05:56:44.645729 dv-cinder-815582-2-iscsi neutron-server[113446]: INFO neutron.wsgi [req-f1f58ef3-d984-4bfb-a827-1077aab7cf57 req-e6a89d94-6aeb-4470-9de0-392c68bf7f08 tempest-DeleteServersTestJSON-70007822 tempest-DeleteServersTestJSON-70007822-project] 10.222.0.30 "GET /v2.0/ports?device_id=dbcbb4e7-c8fa-42b0-a7e0-a59fd4a20ab7 HTTP/1.1" status: 200 len: 943 time: 0.3223085
Oct 27 05:56:44.682159 dv-cinder-815582-2-iscsi neutron-server[113448]: DEBUG neutron.plugins.ml2.db [None req-12cc28ab-ae82-4e07-adea-e2c514f55017 None None] For port cac6d21e-2ba8-4dd6-b5e1-e6dc4a2c3d64, host hv-cinder-81558, got binding levels [PortBindingLevel(driver='hyperv',host='hv-cinder-81558',level=0,port_id=cac6d21e-2ba8-4dd6-b5e1-e6dc4a2c3d64,segment=NetworkSegment(22625c33-7b3f-404e-b7ad-6cad138e7844),segment_id=22625c33-7b3f-404e-b7ad-6cad138e7844)] {{(pid=113448) get_binding_level_objs /opt/stack/neutron/neutron/plugins/ml2/db.py:74}}
Oct 27 05:56:44.682279 dv-cinder-815582-2-iscsi neutron-server[113446]: DEBUG neutron.pecan_wsgi.hooks.policy_enforcement [req-58d71b7b-63b9-44f3-9b4a-eff686de5342 req-06e1255b-a972-4d17-832b-372dcba0907e tempest-ServerRescueNegativeTestJSON-1321970261 tempest-ServerRescueNegativeTestJSON-1321970261-project] Attributes excluded by policy engine: ['standard_attr_id', 'binding:profile', 'binding:host_id', 'binding:vif_type', 'binding:vif_details'] {{(pid=113446) _exclude_attributes_by_policy /opt/stack/neutron/neutron/pecan_wsgi/hooks/policy_enforcement.py:255}}
Oct 27 05:56:44.682279 dv-cinder-815582-2-iscsi neutron-server[113446]: INFO neutron.wsgi [req-58d71b7b-63b9-44f3-9b4a-eff686de5342 req-06e1255b-a972-4d17-832b-372dcba0907e tempest-ServerRescueNegativeTestJSON-1321970261 tempest-ServerRescueNegativeTestJSON-1321970261-project] 10.222.0.30 "GET /v2.0/ports?device_id=db29cb40-6d55-4b52-b50c-0304b8f39d01 HTTP/1.1" status: 200 len: 943 time: 0.3258216
Oct 27 05:56:44.694648 dv-cinder-815582-2-iscsi neutron-server[113446]: DEBUG neutron.pecan_wsgi.hooks.policy_enforcement [req-c79c570a-f2b7-4833-b305-c97100cad64b req-b98cbd82-d3f6-4479-82a7-b90d578010fa service neutron] Attributes excluded by policy engine: ['standard_attr_id', 'shared'] {{(pid=113446) _exclude_attributes_by_policy /opt/stack/neutron/neutron/pecan_wsgi/hooks/policy_enforcement.py:255}}
Oct 27 05:56:44.697714 dv-cinder-815582-2-iscsi neutron-server[113446]: INFO neutron.wsgi [req-c79c570a-f2b7-4833-b305-c97100cad64b req-b98cbd82-d3f6-4479-82a7-b90d578010fa service neutron] 10.222.0.26 "GET /v2.0/subnets?id=02cc1477-b8d6-4c44-9288-f42f6425e709 HTTP/1.1" status: 200 len: 855 time: 0.0968149
Oct 27 05:56:44.700634 dv-cinder-815582-2-iscsi neutron-server[113448]: DEBUG neutron.plugins.ml2.rpc [None req-12cc28ab-ae82-4e07-adea-e2c514f55017 None None] Returning: {'device': 'cac6d21e-2ba8-4dd6-b5e1-e6dc4a2c3d64', 'network_id': '4d974187-dbda-4d77-9241-437b0bb1978e', 'port_id': 'cac6d21e-2ba8-4dd6-b5e1-e6dc4a2c3d64', 'mac_address': 'fa:16:3e:98:61:a9', 'admin_state_up': True, 'network_type': 'vlan', 'segmentation_id': 709, 'physical_network': 'physnet1', 'mtu': 1500, 'fixed_ips': [{'subnet_id': '6802839c-8185-498a-a0e6-aa0c27198a78', 'ip_address': '172.20.0.7'}], 'device_owner': 'compute:nova', 'allowed_address_pairs': [], 'port_security_enabled': True, 'qos_policy_id': None, 'network_qos_policy_id': None, 'profile': {}, 'propagate_uplink_status': False} {{(pid=113448) _get_device_details /opt/stack/neutron/neutron/plugins/ml2/rpc.py:184}}
Oct 27 05:56:44.755490 dv-cinder-815582-2-iscsi neutron-server[113448]: DEBUG neutron_lib.callbacks.manager [None req-12cc28ab-ae82-4e07-adea-e2c514f55017 None None] Publish callbacks ['neutron.plugins.ml2.plugin.SecurityGroupDbMixin._ensure_default_security_group_handler-1632448'] for port, before_update {{(pid=113448) _notify_loop /usr/local/lib/python3.8/dist-packages/neutron_lib/callbacks/manager.py:175}}
Oct 27 05:56:44.764336 dv-cinder-815582-2-iscsi neutron-server[113446]: INFO neutron.wsgi [req-f1f58ef3-d984-4bfb-a827-1077aab7cf57 req-405ea9d3-4b0d-4917-b9a4-9920f212208f tempest-DeleteServersTestJSON-70007822 tempest-DeleteServersTestJSON-70007822-project] 10.222.0.30 "GET /v2.0/security-groups?id=116b7b5c-7221-4e3a-b689-4efcfff361a7&fields=id&fields=name HTTP/1.1" status: 200 len: 286 time: 0.1078405
Oct 27 05:56:44.776481 dv-cinder-815582-2-iscsi neutron-server[113448]: DEBUG neutron.notifiers.nova [None req-12cc28ab-ae82-4e07-adea-e2c514f55017 None None] Ignoring state change previous_port_status: DOWN current_port_status: BUILD port_id cac6d21e-2ba8-4dd6-b5e1-e6dc4a2c3d64 {{(pid=113448) record_port_status_changed /opt/stack/neutron/neutron/notifiers/nova.py:224}}
Oct 27 05:56:44.789857 dv-cinder-815582-2-iscsi neutron-server[113446]: INFO neutron.wsgi [req-58d71b7b-63b9-44f3-9b4a-eff686de5342 req-50bb01f1-1273-40a3-b2dc-4e7be09d0904 tempest-ServerRescueNegativeTestJSON-1321970261 tempest-ServerRescueNegativeTestJSON-1321970261-project] 10.222.0.30 "GET /v2.0/security-groups?id=bf390c40-1190-4026-83c8-4b4530ef14d6&fields=id&fields=name HTTP/1.1" status: 200 len: 286 time: 0.1001499
Oct 27 05:56:44.803796 dv-cinder-815582-2-iscsi neutron-server[113446]: DEBUG neutron.pecan_wsgi.hooks.policy_enforcement [req-c79c570a-f2b7-4833-b305-c97100cad64b req-0d1dca9e-b160-449f-a0a2-87b371ea0dc5 service neutron] Attributes excluded by policy engine: ['standard_attr_id'] {{(pid=113446) _exclude_attributes_by_policy /opt/stack/neutron/neutron/pecan_wsgi/hooks/policy_enforcement.py:255}}
Oct 27 05:56:44.806065 dv-cinder-815582-2-iscsi neutron-server[113446]: INFO neutron.wsgi [req-c79c570a-f2b7-4833-b305-c97100cad64b req-0d1dca9e-b160-449f-a0a2-87b371ea0dc5 service neutron] 10.222.0.26 "GET /v2.0/ports?network_id=3177cac3-82d5-490f-bd50-8410e69bf297&device_owner=network%3Adhcp HTTP/1.1" status: 200 len: 1175 time: 0.1014807
Oct 27 05:56:44.828006 dv-cinder-815582-2-iscsi neutron-server[113448]: DEBUG neutron.plugins.ml2.db [None req-12cc28ab-ae82-4e07-adea-e2c514f55017 None None] For port cac6d21e-2ba8-4dd6-b5e1-e6dc4a2c3d64, host hv-cinder-81558, got binding levels [PortBindingLevel(driver='hyperv',host='hv-cinder-81558',level=0,port_id=cac6d21e-2ba8-4dd6-b5e1-e6dc4a2c3d64,segment=NetworkSegment(22625c33-7b3f-404e-b7ad-6cad138e7844),segment_id=22625c33-7b3f-404e-b7ad-6cad138e7844)] {{(pid=113448) get_binding_level_objs /opt/stack/neutron/neutron/plugins/ml2/db.py:74}}
Oct 27 05:56:44.916473 dv-cinder-815582-2-iscsi neutron-server[113448]: DEBUG neutron_lib.callbacks.manager [None req-12cc28ab-ae82-4e07-adea-e2c514f55017 None None] Publish callbacks ['neutron.plugins.ml2.plugin.SecurityGroupServerNotifierRpcMixin._notify_sg_on_port_change-1632428', 'neutron.plugins.ml2.ovo_rpc._ObjectChangeHandler.handle_event-25500', 'neutron.api.rpc.agentnotifiers.dhcp_rpc_agent_api.DhcpAgentNotifyAPI._native_event_send_dhcp_notification-616577', 'neutron.db.l3_db.L3RpcNotifierMixin._notify_gateway_port_ip_changed-8727023851758', 'neutron.db.l3_dvrscheduler_db._notify_l3_agent_port_update-8727023371358', 'neutron.db.l3_hascheduler_db._notify_l3_agent_ha_port_update-8727023371376'] for port, after_update {{(pid=113448) _notify_loop /usr/local/lib/python3.8/dist-packages/neutron_lib/callbacks/manager.py:175}}
Oct 27 05:56:44.950858 dv-cinder-815582-2-iscsi neutron-server[113446]: DEBUG neutron.pecan_wsgi.hooks.policy_enforcement [req-b2c9ffa6-7067-45a5-abbd-46cacfcdc4af req-f78653c0-fe6a-4937-8679-56c1c1e37f8a tempest-AttachVolumeShelveTestJSON-1504475748 tempest-AttachVolumeShelveTestJSON-1504475748-project] Attributes excluded by policy engine: ['standard_attr_id', 'binding:profile', 'binding:host_id', 'binding:vif_type', 'binding:vif_details'] {{(pid=113446) _exclude_attributes_by_policy /opt/stack/neutron/neutron/pecan_wsgi/hooks/policy_enforcement.py:255}}
Oct 27 05:56:44.952371 dv-cinder-815582-2-iscsi neutron-server[113446]: INFO neutron.wsgi [req-b2c9ffa6-7067-45a5-abbd-46cacfcdc4af req-f78653c0-fe6a-4937-8679-56c1c1e37f8a tempest-AttachVolumeShelveTestJSON-1504475748 tempest-AttachVolumeShelveTestJSON-1504475748-project] 10.222.0.30 "GET /v2.0/ports?device_id=2d0d3825-743f-400f-9e7b-3e995a7799c5 HTTP/1.1" status: 200 len: 943 time: 0.0891120
Oct 27 05:56:44.975566 dv-cinder-815582-2-iscsi neutron-server[113448]: DEBUG neutron.api.rpc.handlers.resources_rpc [None req-12cc28ab-ae82-4e07-adea-e2c514f55017 None None] Pushing event updated for resources: {'Port': ['ID=cac6d21e-2ba8-4dd6-b5e1-e6dc4a2c3d64,revision_number=4']} {{(pid=113448) push /opt/stack/neutron/neutron/api/rpc/handlers/resources_rpc.py:237}}
Oct 27 05:56:44.979111 dv-cinder-815582-2-iscsi neutron-server[113446]: INFO neutron.wsgi [req-c79c570a-f2b7-4833-b305-c97100cad64b req-25adad0a-76c4-4140-832c-a98562115e1d service neutron] 10.222.0.26 "GET /v2.0/networks/3177cac3-82d5-490f-bd50-8410e69bf297?fields=segments HTTP/1.1" status: 200 len: 212 time: 0.1647253
Oct 27 05:56:45.044088 dv-cinder-815582-2-iscsi neutron-server[113446]: INFO neutron.wsgi [req-b2c9ffa6-7067-45a5-abbd-46cacfcdc4af req-ba3c723e-d9ee-429d-8d43-52e910e4e68a tempest-AttachVolumeShelveTestJSON-1504475748 tempest-AttachVolumeShelveTestJSON-1504475748-project] 10.222.0.30 "GET /v2.0/security-groups?id=9c1c931c-b588-454d-9cea-2423aa4f8802&fields=id&fields=name HTTP/1.1" status: 200 len: 312 time: 0.0845225
Oct 27 05:56:45.099170 dv-cinder-815582-2-iscsi neutron-server[113446]: INFO neutron.wsgi [req-c79c570a-f2b7-4833-b305-c97100cad64b req-ba1934a2-a0ca-40af-bf90-da60cf40c605 service neutron] 10.222.0.26 "GET /v2.0/networks/3177cac3-82d5-490f-bd50-8410e69bf297?fields=provider%3Aphysical_network&fields=provider%3Anetwork_type HTTP/1.1" status: 200 len: 281 time: 0.1106124
Oct 27 05:56:45.333626 dv-cinder-815582-2-iscsi neutron-server[113448]: DEBUG neutron.plugins.ml2.db [None req-12cc28ab-ae82-4e07-adea-e2c514f55017 None None] get_ports_and_sgs() called for port_ids ['f5d7f9d8-d731-4c96-a0eb-8971f2fd5e55'] {{(pid=113448) get_ports_and_sgs /opt/stack/neutron/neutron/plugins/ml2/db.py:156}}
Oct 27 05:56:45.388335 dv-cinder-815582-2-iscsi neutron-server[113448]: DEBUG neutron.plugins.ml2.db [None req-12cc28ab-ae82-4e07-adea-e2c514f55017 None None] get_ports_and_sgs() called for port_ids ['cac6d21e-2ba8-4dd6-b5e1-e6dc4a2c3d64'] {{(pid=113448) get_ports_and_sgs /opt/stack/neutron/neutron/plugins/ml2/db.py:156}}
Oct 27 05:56:45.942730 dv-cinder-815582-2-iscsi neutron-server[113446]: DEBUG neutron.pecan_wsgi.hooks.policy_enforcement [req-a45f9b8b-0605-474d-8b8d-63748f12fc12 req-be430697-8287-4f27-8c3d-09d3cebc4ffa tempest-DeleteServersTestJSON-70007822 tempest-DeleteServersTestJSON-70007822-project] Attributes excluded by policy engine: ['standard_attr_id', 'binding:profile', 'binding:host_id', 'binding:vif_type', 'binding:vif_details'] {{(pid=113446) _exclude_attributes_by_policy /opt/stack/neutron/neutron/pecan_wsgi/hooks/policy_enforcement.py:255}}
Oct 27 05:56:45.944453 dv-cinder-815582-2-iscsi neutron-server[113446]: INFO neutron.wsgi [req-a45f9b8b-0605-474d-8b8d-63748f12fc12 req-be430697-8287-4f27-8c3d-09d3cebc4ffa tempest-DeleteServersTestJSON-70007822 tempest-DeleteServersTestJSON-70007822-project] 10.222.0.30 "GET /v2.0/ports?device_id=dbcbb4e7-c8fa-42b0-a7e0-a59fd4a20ab7 HTTP/1.1" status: 200 len: 944 time: 0.0956485
Oct 27 05:56:45.957679 dv-cinder-815582-2-iscsi neutron-server[113446]: DEBUG neutron.pecan_wsgi.hooks.policy_enforcement [req-40294ec3-5982-4b6f-801d-4cc719870164 req-ddb949ac-b10f-422e-bb5f-3fc43ccaec14 tempest-ServerRescueNegativeTestJSON-1321970261 tempest-ServerRescueNegativeTestJSON-1321970261-project] Attributes excluded by policy engine: ['standard_attr_id', 'binding:profile', 'binding:host_id', 'binding:vif_type', 'binding:vif_details'] {{(pid=113446) _exclude_attributes_by_policy /opt/stack/neutron/neutron/pecan_wsgi/hooks/policy_enforcement.py:255}}
Oct 27 05:56:45.959441 dv-cinder-815582-2-iscsi neutron-server[113446]: INFO neutron.wsgi [req-40294ec3-5982-4b6f-801d-4cc719870164 req-ddb949ac-b10f-422e-bb5f-3fc43ccaec14 tempest-ServerRescueNegativeTestJSON-1321970261 tempest-ServerRescueNegativeTestJSON-1321970261-project] 10.222.0.30 "GET /v2.0/ports?device_id=db29cb40-6d55-4b52-b50c-0304b8f39d01 HTTP/1.1" status: 200 len: 943 time: 0.0698693
Oct 27 05:56:46.014169 dv-cinder-815582-2-iscsi neutron-server[113446]: INFO neutron.wsgi [req-a45f9b8b-0605-474d-8b8d-63748f12fc12 req-5b5ae764-1f89-452d-a258-efa86cc48477 tempest-DeleteServersTestJSON-70007822 tempest-DeleteServersTestJSON-70007822-project] 10.222.0.30 "GET /v2.0/security-groups?id=116b7b5c-7221-4e3a-b689-4efcfff361a7&fields=id&fields=name HTTP/1.1" status: 200 len: 286 time: 0.0536261
Oct 27 05:56:46.026552 dv-cinder-815582-2-iscsi neutron-server[113446]: INFO neutron.wsgi [req-40294ec3-5982-4b6f-801d-4cc719870164 req-98d49178-2675-44a9-a41d-4b9be2edc92c tempest-ServerRescueNegativeTestJSON-1321970261 tempest-ServerRescueNegativeTestJSON-1321970261-project] 10.222.0.30 "GET /v2.0/security-groups?id=bf390c40-1190-4026-83c8-4b4530ef14d6&fields=id&fields=name HTTP/1.1" status: 200 len: 286 time: 0.0597582
Oct 27 05:56:46.143181 dv-cinder-815582-2-iscsi neutron-server[113448]: DEBUG neutron.plugins.ml2.rpc [None req-12cc28ab-ae82-4e07-adea-e2c514f55017 None None] Device bd420cf3-e36a-432a-a26a-e033aa2cab0a details requested by agent hyperv_hv-cinder-81558 with host hv-cinder-81558 {{(pid=113448) get_device_details /opt/stack/neutron/neutron/plugins/ml2/rpc.py:102}}
Oct 27 05:56:46.171516 dv-cinder-815582-2-iscsi neutron-server[113446]: DEBUG neutron.pecan_wsgi.hooks.policy_enforcement [req-0d7c1cc9-ba31-4799-8134-f8ad1712f02c req-c4506b2c-2f19-4f02-a564-527100589025 tempest-AttachVolumeShelveTestJSON-1504475748 tempest-AttachVolumeShelveTestJSON-1504475748-project] Attributes excluded by policy engine: ['standard_attr_id', 'binding:profile', 'binding:host_id', 'binding:vif_type', 'binding:vif_details'] {{(pid=113446) _exclude_attributes_by_policy /opt/stack/neutron/neutron/pecan_wsgi/hooks/policy_enforcement.py:255}}
Oct 27 05:56:46.173566 dv-cinder-815582-2-iscsi neutron-server[113446]: INFO neutron.wsgi [req-0d7c1cc9-ba31-4799-8134-f8ad1712f02c req-c4506b2c-2f19-4f02-a564-527100589025 tempest-AttachVolumeShelveTestJSON-1504475748 tempest-AttachVolumeShelveTestJSON-1504475748-project] 10.222.0.30 "GET /v2.0/ports?device_id=2d0d3825-743f-400f-9e7b-3e995a7799c5 HTTP/1.1" status: 200 len: 943 time: 0.0509877
Oct 27 05:56:46.213611 dv-cinder-815582-2-iscsi neutron-server[113446]: INFO neutron.wsgi [req-0d7c1cc9-ba31-4799-8134-f8ad1712f02c req-a9b5cf35-928a-48d9-ab64-3e44d813ab30 tempest-AttachVolumeShelveTestJSON-1504475748 tempest-AttachVolumeShelveTestJSON-1504475748-project] 10.222.0.30 "GET /v2.0/security-groups?id=9c1c931c-b588-454d-9cea-2423aa4f8802&fields=id&fields=name HTTP/1.1" status: 200 len: 312 time: 0.0337915
Oct 27 05:56:46.251127 dv-cinder-815582-2-iscsi neutron-server[113448]: DEBUG neutron.plugins.ml2.db [None req-12cc28ab-ae82-4e07-adea-e2c514f55017 None None] For port bd420cf3-e36a-432a-a26a-e033aa2cab0a, host hv-cinder-81558, got binding levels [PortBindingLevel(driver='hyperv',host='hv-cinder-81558',level=0,port_id=bd420cf3-e36a-432a-a26a-e033aa2cab0a,segment=NetworkSegment(4b648a4d-0552-4eed-af51-6f40cf5191d2),segment_id=4b648a4d-0552-4eed-af51-6f40cf5191d2)] {{(pid=113448) get_binding_level_objs /opt/stack/neutron/neutron/plugins/ml2/db.py:74}}
Oct 27 05:56:46.262580 dv-cinder-815582-2-iscsi neutron-server[113448]: DEBUG neutron.plugins.ml2.rpc [None req-12cc28ab-ae82-4e07-adea-e2c514f55017 None None] Returning: {'device': 'bd420cf3-e36a-432a-a26a-e033aa2cab0a', 'network_id': 'd47e9b37-1bb4-4526-b397-18f220ed76f4', 'port_id': 'bd420cf3-e36a-432a-a26a-e033aa2cab0a', 'mac_address': 'fa:16:3e:e1:6a:79', 'admin_state_up': True, 'network_type': 'vlan', 'segmentation_id': 715, 'physical_network': 'physnet1', 'mtu': 1500, 'fixed_ips': [{'subnet_id': '8c15dddd-89be-4796-ba53-2dd991865a9b', 'ip_address': '172.20.0.9'}], 'device_owner': 'compute:nova', 'allowed_address_pairs': [], 'port_security_enabled': True, 'qos_policy_id': None, 'network_qos_policy_id': None, 'profile': {}, 'propagate_uplink_status': False} {{(pid=113448) _get_device_details /opt/stack/neutron/neutron/plugins/ml2/rpc.py:184}}
Oct 27 05:56:46.299855 dv-cinder-815582-2-iscsi neutron-server[113448]: DEBUG neutron_lib.callbacks.manager [None req-12cc28ab-ae82-4e07-adea-e2c514f55017 None None] Publish callbacks ['neutron.plugins.ml2.plugin.SecurityGroupDbMixin._ensure_default_security_group_handler-1632448'] for port, before_update {{(pid=113448) _notify_loop /usr/local/lib/python3.8/dist-packages/neutron_lib/callbacks/manager.py:175}}
Oct 27 05:56:46.314951 dv-cinder-815582-2-iscsi neutron-server[113448]: DEBUG neutron.notifiers.nova [None req-12cc28ab-ae82-4e07-adea-e2c514f55017 None None] Ignoring state change previous_port_status: DOWN current_port_status: BUILD port_id bd420cf3-e36a-432a-a26a-e033aa2cab0a {{(pid=113448) record_port_status_changed /opt/stack/neutron/neutron/notifiers/nova.py:224}}
Oct 27 05:56:46.333238 dv-cinder-815582-2-iscsi neutron-server[113448]: DEBUG neutron.plugins.ml2.db [None req-12cc28ab-ae82-4e07-adea-e2c514f55017 None None] For port bd420cf3-e36a-432a-a26a-e033aa2cab0a, host hv-cinder-81558, got binding levels [PortBindingLevel(driver='hyperv',host='hv-cinder-81558',level=0,port_id=bd420cf3-e36a-432a-a26a-e033aa2cab0a,segment=NetworkSegment(4b648a4d-0552-4eed-af51-6f40cf5191d2),segment_id=4b648a4d-0552-4eed-af51-6f40cf5191d2)] {{(pid=113448) get_binding_level_objs /opt/stack/neutron/neutron/plugins/ml2/db.py:74}}
Oct 27 05:56:46.451242 dv-cinder-815582-2-iscsi neutron-server[113448]: DEBUG neutron_lib.callbacks.manager [None req-12cc28ab-ae82-4e07-adea-e2c514f55017 None None] Publish callbacks ['neutron.plugins.ml2.plugin.SecurityGroupServerNotifierRpcMixin._notify_sg_on_port_change-1632428', 'neutron.plugins.ml2.ovo_rpc._ObjectChangeHandler.handle_event-25500', 'neutron.api.rpc.agentnotifiers.dhcp_rpc_agent_api.DhcpAgentNotifyAPI._native_event_send_dhcp_notification-616577', 'neutron.db.l3_db.L3RpcNotifierMixin._notify_gateway_port_ip_changed-8727023851758', 'neutron.db.l3_dvrscheduler_db._notify_l3_agent_port_update-8727023371358', 'neutron.db.l3_hascheduler_db._notify_l3_agent_ha_port_update-8727023371376'] for port, after_update {{(pid=113448) _notify_loop /usr/local/lib/python3.8/dist-packages/neutron_lib/callbacks/manager.py:175}}
Oct 27 05:56:46.455486 dv-cinder-815582-2-iscsi neutron-server[113447]: DEBUG neutron.wsgi [-] (113447) accepted ('10.222.0.30', 52148) {{(pid=113447) server /usr/local/lib/python3.8/dist-packages/eventlet/wsgi.py:982}}
Oct 27 05:56:46.512547 dv-cinder-815582-2-iscsi neutron-server[113448]: DEBUG neutron.api.rpc.handlers.resources_rpc [None req-12cc28ab-ae82-4e07-adea-e2c514f55017 None None] Pushing event updated for resources: {'Port': ['ID=bd420cf3-e36a-432a-a26a-e033aa2cab0a,revision_number=4']} {{(pid=113448) push /opt/stack/neutron/neutron/api/rpc/handlers/resources_rpc.py:237}}
Oct 27 05:56:46.606301 dv-cinder-815582-2-iscsi neutron-server[113447]: DEBUG neutron_lib.callbacks.manager [None req-86a380e1-ad94-4164-ad51-bde0f6024392 admin admin] Publish callbacks [] for security_group, before_create {{(pid=113447) _notify_loop /usr/local/lib/python3.8/dist-packages/neutron_lib/callbacks/manager.py:175}}
Oct 27 05:56:46.693205 dv-cinder-815582-2-iscsi neutron-server[113447]: DEBUG neutron_lib.callbacks.manager [None req-86a380e1-ad94-4164-ad51-bde0f6024392 admin admin] Publish callbacks [] for security_group, precommit_create {{(pid=113447) _notify_loop /usr/local/lib/python3.8/dist-packages/neutron_lib/callbacks/manager.py:175}}
Oct 27 05:56:46.750743 dv-cinder-815582-2-iscsi neutron-server[113448]: DEBUG neutron.plugins.ml2.db [None req-12cc28ab-ae82-4e07-adea-e2c514f55017 None None] get_ports_and_sgs() called for port_ids ['bd420cf3-e36a-432a-a26a-e033aa2cab0a'] {{(pid=113448) get_ports_and_sgs /opt/stack/neutron/neutron/plugins/ml2/db.py:156}}
Oct 27 05:56:46.773002 dv-cinder-815582-2-iscsi neutron-server[113447]: DEBUG neutron_lib.callbacks.manager [None req-86a380e1-ad94-4164-ad51-bde0f6024392 admin admin] Publish callbacks ['neutron.plugins.ml2.ovo_rpc._ObjectChangeHandler.handle_event-411919'] for security_group, after_create {{(pid=113447) _notify_loop /usr/local/lib/python3.8/dist-packages/neutron_lib/callbacks/manager.py:175}}
Oct 27 05:56:46.810118 dv-cinder-815582-2-iscsi neutron-server[113447]: INFO neutron.wsgi [None req-86a380e1-ad94-4164-ad51-bde0f6024392 admin admin] 10.222.0.30 "GET /v2.0/security-groups?tenant_id=eae56722ecc9477eb9acd9eed0b54875&name=default HTTP/1.1" status: 200 len: 2979 time: 0.3534558
Oct 27 05:56:46.812812 dv-cinder-815582-2-iscsi neutron-server[113446]: DEBUG neutron.wsgi [-] (113446) accepted ('10.222.0.30', 52170) {{(pid=113446) server /usr/local/lib/python3.8/dist-packages/eventlet/wsgi.py:982}}
Oct 27 05:56:46.823266 dv-cinder-815582-2-iscsi neutron-server[113447]: DEBUG neutron.api.rpc.handlers.resources_rpc [None req-86a380e1-ad94-4164-ad51-bde0f6024392 admin admin] Pushing event updated for resources: {'SecurityGroup': ['ID=d25dc5f2-dcd3-4d4b-95f3-fbf3a416ecc5,revision_number=1']} {{(pid=113447) push /opt/stack/neutron/neutron/api/rpc/handlers/resources_rpc.py:237}}
Oct 27 05:56:46.893889 dv-cinder-815582-2-iscsi neutron-server[113446]: DEBUG neutron_lib.callbacks.manager [None req-9af09577-1508-4882-9da1-e67bb2a2df5b admin admin] Publish callbacks [] for security_group, before_delete {{(pid=113446) _notify_loop /usr/local/lib/python3.8/dist-packages/neutron_lib/callbacks/manager.py:175}}
Oct 27 05:56:46.919908 dv-cinder-815582-2-iscsi neutron-server[113446]: DEBUG neutron_lib.callbacks.manager [None req-9af09577-1508-4882-9da1-e67bb2a2df5b admin admin] Publish callbacks [] for security_group, precommit_delete {{(pid=113446) _notify_loop /usr/local/lib/python3.8/dist-packages/neutron_lib/callbacks/manager.py:175}}
Oct 27 05:56:47.058377 dv-cinder-815582-2-iscsi neutron-server[113446]: DEBUG neutron_lib.callbacks.manager [None req-9af09577-1508-4882-9da1-e67bb2a2df5b admin admin] Publish callbacks ['neutron.plugins.ml2.ovo_rpc._ObjectChangeHandler.handle_event-411919'] for security_group, after_delete {{(pid=113446) _notify_loop /usr/local/lib/python3.8/dist-packages/neutron_lib/callbacks/manager.py:175}}
Oct 27 05:56:47.060958 dv-cinder-815582-2-iscsi neutron-server[113446]: DEBUG neutron_lib.callbacks.manager [None req-9af09577-1508-4882-9da1-e67bb2a2df5b admin admin] Publish callbacks [] for security_group, before_response {{(pid=113446) _notify_loop /usr/local/lib/python3.8/dist-packages/neutron_lib/callbacks/manager.py:175}}
Oct 27 05:56:47.064994 dv-cinder-815582-2-iscsi neutron-server[113446]: INFO neutron.wsgi [None req-9af09577-1508-4882-9da1-e67bb2a2df5b admin admin] 10.222.0.30 "DELETE /v2.0/security-groups/d25dc5f2-dcd3-4d4b-95f3-fbf3a416ecc5 HTTP/1.1" status: 204 len: 168 time: 0.2479765
Oct 27 05:56:47.074291 dv-cinder-815582-2-iscsi neutron-server[113446]: DEBUG neutron.api.rpc.handlers.resources_rpc [None req-9af09577-1508-4882-9da1-e67bb2a2df5b admin admin] Pushing event deleted for resources: {'SecurityGroup': ['ID=d25dc5f2-dcd3-4d4b-95f3-fbf3a416ecc5,revision_number=None']} {{(pid=113446) push /opt/stack/neutron/neutron/api/rpc/handlers/resources_rpc.py:237}}
Oct 27 05:56:47.179726 dv-cinder-815582-2-iscsi neutron-server[113446]: DEBUG neutron.pecan_wsgi.hooks.policy_enforcement [req-8091f91f-031d-4488-a086-84873223e7e4 req-f2771f03-2b6b-4266-a460-de613449b044 tempest-DeleteServersTestJSON-70007822 tempest-DeleteServersTestJSON-70007822-project] Attributes excluded by policy engine: ['standard_attr_id', 'binding:profile', 'binding:host_id', 'binding:vif_type', 'binding:vif_details'] {{(pid=113446) _exclude_attributes_by_policy /opt/stack/neutron/neutron/pecan_wsgi/hooks/policy_enforcement.py:255}}
Oct 27 05:56:47.181110 dv-cinder-815582-2-iscsi neutron-server[113446]: INFO neutron.wsgi [req-8091f91f-031d-4488-a086-84873223e7e4 req-f2771f03-2b6b-4266-a460-de613449b044 tempest-DeleteServersTestJSON-70007822 tempest-DeleteServersTestJSON-70007822-project] 10.222.0.30 "GET /v2.0/ports?device_id=dbcbb4e7-c8fa-42b0-a7e0-a59fd4a20ab7 HTTP/1.1" status: 200 len: 944 time: 0.0842981
Oct 27 05:56:47.202162 dv-cinder-815582-2-iscsi neutron-server[113446]: DEBUG neutron.pecan_wsgi.hooks.policy_enforcement [req-0cb9da04-e634-4cf8-9c4d-c7a8da485679 req-d729e9bf-bd33-4633-a88d-5062a480aa55 tempest-ServerRescueNegativeTestJSON-1321970261 tempest-ServerRescueNegativeTestJSON-1321970261-project] Attributes excluded by policy engine: ['standard_attr_id', 'binding:profile', 'binding:host_id', 'binding:vif_type', 'binding:vif_details'] {{(pid=113446) _exclude_attributes_by_policy /opt/stack/neutron/neutron/pecan_wsgi/hooks/policy_enforcement.py:255}}
Oct 27 05:56:47.203686 dv-cinder-815582-2-iscsi neutron-server[113446]: INFO neutron.wsgi [req-0cb9da04-e634-4cf8-9c4d-c7a8da485679 req-d729e9bf-bd33-4633-a88d-5062a480aa55 tempest-ServerRescueNegativeTestJSON-1321970261 tempest-ServerRescueNegativeTestJSON-1321970261-project] 10.222.0.30 "GET /v2.0/ports?device_id=db29cb40-6d55-4b52-b50c-0304b8f39d01 HTTP/1.1" status: 200 len: 944 time: 0.0733695
Oct 27 05:56:47.255286 dv-cinder-815582-2-iscsi neutron-server[113446]: INFO neutron.wsgi [req-8091f91f-031d-4488-a086-84873223e7e4 req-fae83fb7-c1c9-48f5-855b-8e04a2a59c5b tempest-DeleteServersTestJSON-70007822 tempest-DeleteServersTestJSON-70007822-project] 10.222.0.30 "GET /v2.0/security-groups?id=116b7b5c-7221-4e3a-b689-4efcfff361a7&fields=id&fields=name HTTP/1.1" status: 200 len: 286 time: 0.0668294
Oct 27 05:56:47.269031 dv-cinder-815582-2-iscsi neutron-server[113446]: INFO neutron.wsgi [req-0cb9da04-e634-4cf8-9c4d-c7a8da485679 req-2fdd99cf-a90a-4ae2-a66a-903896cba048 tempest-ServerRescueNegativeTestJSON-1321970261 tempest-ServerRescueNegativeTestJSON-1321970261-project] 10.222.0.30 "GET /v2.0/security-groups?id=bf390c40-1190-4026-83c8-4b4530ef14d6&fields=id&fields=name HTTP/1.1" status: 200 len: 286 time: 0.0569117
Oct 27 05:56:47.362772 dv-cinder-815582-2-iscsi neutron-server[113446]: DEBUG neutron.pecan_wsgi.hooks.policy_enforcement [req-545a6816-9c95-499f-b5b3-81416bf918d3 req-25cca372-9136-4eb7-9888-973a3339c507 tempest-AttachVolumeShelveTestJSON-1504475748 tempest-AttachVolumeShelveTestJSON-1504475748-project] Attributes excluded by policy engine: ['standard_attr_id', 'binding:profile', 'binding:host_id', 'binding:vif_type', 'binding:vif_details'] {{(pid=113446) _exclude_attributes_by_policy /opt/stack/neutron/neutron/pecan_wsgi/hooks/policy_enforcement.py:255}}
Oct 27 05:56:47.364246 dv-cinder-815582-2-iscsi neutron-server[113446]: INFO neutron.wsgi [req-545a6816-9c95-499f-b5b3-81416bf918d3 req-25cca372-9136-4eb7-9888-973a3339c507 tempest-AttachVolumeShelveTestJSON-1504475748 tempest-AttachVolumeShelveTestJSON-1504475748-project] 10.222.0.30 "GET /v2.0/ports?device_id=2d0d3825-743f-400f-9e7b-3e995a7799c5 HTTP/1.1" status: 200 len: 943 time: 0.0513020
Oct 27 05:56:47.402098 dv-cinder-815582-2-iscsi neutron-server[113446]: INFO neutron.wsgi [req-545a6816-9c95-499f-b5b3-81416bf918d3 req-29bacef9-2930-4ee3-b384-c2fbe6c5f3ba tempest-AttachVolumeShelveTestJSON-1504475748 tempest-AttachVolumeShelveTestJSON-1504475748-project] 10.222.0.30 "GET /v2.0/security-groups?id=9c1c931c-b588-454d-9cea-2423aa4f8802&fields=id&fields=name HTTP/1.1" status: 200 len: 312 time: 0.0318165
Oct 27 05:56:47.801246 dv-cinder-815582-2-iscsi neutron-server[113446]: DEBUG neutron.wsgi [-] (113446) accepted ('10.222.0.30', 52200) {{(pid=113446) server /usr/local/lib/python3.8/dist-packages/eventlet/wsgi.py:982}}
Oct 27 05:56:47.817676 dv-cinder-815582-2-iscsi neutron-server[113446]: DEBUG neutron_lib.callbacks.manager [None req-6c57ddf5-12c5-46fb-90f5-6eccc396055b admin admin] Publish callbacks [] for security_group, before_create {{(pid=113446) _notify_loop /usr/local/lib/python3.8/dist-packages/neutron_lib/callbacks/manager.py:175}}
Oct 27 05:56:47.920242 dv-cinder-815582-2-iscsi neutron-server[113446]: DEBUG neutron_lib.callbacks.manager [None req-6c57ddf5-12c5-46fb-90f5-6eccc396055b admin admin] Publish callbacks [] for security_group, precommit_create {{(pid=113446) _notify_loop /usr/local/lib/python3.8/dist-packages/neutron_lib/callbacks/manager.py:175}}
Oct 27 05:56:48.163382 dv-cinder-815582-2-iscsi neutron-server[113448]: DEBUG neutron.plugins.ml2.rpc [None req-12cc28ab-ae82-4e07-adea-e2c514f55017 None None] Device 59a678d6-ba75-46b9-8975-11348c16a2ca details requested by agent hyperv_hv-cinder-81558 with host hv-cinder-81558 {{(pid=113448) get_device_details /opt/stack/neutron/neutron/plugins/ml2/rpc.py:102}}
Oct 27 05:56:48.176469 dv-cinder-815582-2-iscsi neutron-server[113448]: DEBUG neutron.plugins.ml2.rpc [None req-12cc28ab-ae82-4e07-adea-e2c514f55017 None None] Device f5d7f9d8-d731-4c96-a0eb-8971f2fd5e55 up at agent hyperv_hv-cinder-81558 {{(pid=113448) update_device_up /opt/stack/neutron/neutron/plugins/ml2/rpc.py:296}}
Oct 27 05:56:48.253059 dv-cinder-815582-2-iscsi neutron-server[113446]: DEBUG neutron_lib.callbacks.manager [None req-6c57ddf5-12c5-46fb-90f5-6eccc396055b admin admin] Publish callbacks ['neutron.plugins.ml2.ovo_rpc._ObjectChangeHandler.handle_event-411919'] for security_group, after_create {{(pid=113446) _notify_loop /usr/local/lib/python3.8/dist-packages/neutron_lib/callbacks/manager.py:175}}
Oct 27 05:56:48.329182 dv-cinder-815582-2-iscsi neutron-server[113446]: DEBUG neutron.api.rpc.handlers.resources_rpc [None req-6c57ddf5-12c5-46fb-90f5-6eccc396055b admin admin] Pushing event updated for resources: {'SecurityGroup': ['ID=03da6f6e-0d73-4dfa-bf9e-c161a4c3cbdd,revision_number=1']} {{(pid=113446) push /opt/stack/neutron/neutron/api/rpc/handlers/resources_rpc.py:237}}
Oct 27 05:56:48.342194 dv-cinder-815582-2-iscsi neutron-server[113446]: INFO neutron.wsgi [None req-6c57ddf5-12c5-46fb-90f5-6eccc396055b admin admin] 10.222.0.30 "GET /v2.0/security-groups?tenant_id=cc130e21b4264729bd9cd540ef5812c7&name=default HTTP/1.1" status: 200 len: 2979 time: 0.5339625
Oct 27 05:56:48.343393 dv-cinder-815582-2-iscsi neutron-server[113447]: DEBUG neutron.wsgi [-] (113447) accepted ('10.222.0.30', 52220) {{(pid=113447) server /usr/local/lib/python3.8/dist-packages/eventlet/wsgi.py:982}}
Oct 27 05:56:48.411616 dv-cinder-815582-2-iscsi neutron-server[113448]: DEBUG neutron.plugins.ml2.db [None req-12cc28ab-ae82-4e07-adea-e2c514f55017 None None] For port 59a678d6-ba75-46b9-8975-11348c16a2ca, host hv-cinder-81558, got binding levels [PortBindingLevel(driver='hyperv',host='hv-cinder-81558',level=0,port_id=59a678d6-ba75-46b9-8975-11348c16a2ca,segment=NetworkSegment(9ae685fe-c162-4baf-845f-3ebd6695692d),segment_id=9ae685fe-c162-4baf-845f-3ebd6695692d)] {{(pid=113448) get_binding_level_objs /opt/stack/neutron/neutron/plugins/ml2/db.py:74}}
Oct 27 05:56:48.434282 dv-cinder-815582-2-iscsi neutron-server[113448]: DEBUG neutron.plugins.ml2.rpc [None req-12cc28ab-ae82-4e07-adea-e2c514f55017 None None] Returning: {'device': '59a678d6-ba75-46b9-8975-11348c16a2ca', 'network_id': '3177cac3-82d5-490f-bd50-8410e69bf297', 'port_id': '59a678d6-ba75-46b9-8975-11348c16a2ca', 'mac_address': 'fa:16:3e:4b:59:59', 'admin_state_up': True, 'network_type': 'vlan', 'segmentation_id': 726, 'physical_network': 'physnet1', 'mtu': 1500, 'fixed_ips': [{'subnet_id': '02cc1477-b8d6-4c44-9288-f42f6425e709', 'ip_address': '172.20.0.4'}], 'device_owner': 'compute:nova', 'allowed_address_pairs': [], 'port_security_enabled': True, 'qos_policy_id': None, 'network_qos_policy_id': None, 'profile': {}, 'propagate_uplink_status': False} {{(pid=113448) _get_device_details /opt/stack/neutron/neutron/plugins/ml2/rpc.py:184}}
Oct 27 05:56:48.437463 dv-cinder-815582-2-iscsi neutron-server[113447]: DEBUG neutron_lib.callbacks.manager [None req-713acb92-7236-45f6-8378-a3cccdfb63e9 admin admin] Publish callbacks [] for security_group, before_delete {{(pid=113447) _notify_loop /usr/local/lib/python3.8/dist-packages/neutron_lib/callbacks/manager.py:175}}
Oct 27 05:56:48.476168 dv-cinder-815582-2-iscsi neutron-server[113447]: DEBUG neutron_lib.callbacks.manager [None req-713acb92-7236-45f6-8378-a3cccdfb63e9 admin admin] Publish callbacks [] for security_group, precommit_delete {{(pid=113447) _notify_loop /usr/local/lib/python3.8/dist-packages/neutron_lib/callbacks/manager.py:175}}
Oct 27 05:56:48.499162 dv-cinder-815582-2-iscsi neutron-server[113448]: DEBUG neutron.db.provisioning_blocks [None req-12cc28ab-ae82-4e07-adea-e2c514f55017 None None] Provisioning for port f5d7f9d8-d731-4c96-a0eb-8971f2fd5e55 completed by entity L2. {{(pid=113448) provisioning_complete /opt/stack/neutron/neutron/db/provisioning_blocks.py:133}}
Oct 27 05:56:48.505075 dv-cinder-815582-2-iscsi neutron-server[113448]: DEBUG neutron.db.provisioning_blocks [None req-12cc28ab-ae82-4e07-adea-e2c514f55017 None None] Provisioning complete for port f5d7f9d8-d731-4c96-a0eb-8971f2fd5e55 triggered by entity L2. {{(pid=113448) provisioning_complete /opt/stack/neutron/neutron/db/provisioning_blocks.py:139}}
Oct 27 05:56:48.506199 dv-cinder-815582-2-iscsi neutron-server[113448]: DEBUG neutron_lib.callbacks.manager [None req-12cc28ab-ae82-4e07-adea-e2c514f55017 None None] Publish callbacks ['neutron.plugins.ml2.plugin.Ml2Plugin._port_provisioned-1483429'] for port, provisioning_complete {{(pid=113448) _notify_loop /usr/local/lib/python3.8/dist-packages/neutron_lib/callbacks/manager.py:175}}
Oct 27 05:56:48.544740 dv-cinder-815582-2-iscsi neutron-server[113448]: DEBUG neutron_lib.callbacks.manager [None req-12cc28ab-ae82-4e07-adea-e2c514f55017 None None] Publish callbacks ['neutron.plugins.ml2.plugin.SecurityGroupDbMixin._ensure_default_security_group_handler-1632448'] for port, before_update {{(pid=113448) _notify_loop /usr/local/lib/python3.8/dist-packages/neutron_lib/callbacks/manager.py:175}}
Oct 27 05:56:48.552542 dv-cinder-815582-2-iscsi neutron-server[113446]: DEBUG neutron.pecan_wsgi.hooks.policy_enforcement [req-a12dd1d2-5c3f-477f-9d0a-30f4a6699972 req-b0100441-e292-4430-901d-ddcf0e57ddf3 tempest-DeleteServersTestJSON-70007822 tempest-DeleteServersTestJSON-70007822-project] Attributes excluded by policy engine: ['standard_attr_id', 'binding:profile', 'binding:host_id', 'binding:vif_type', 'binding:vif_details'] {{(pid=113446) _exclude_attributes_by_policy /opt/stack/neutron/neutron/pecan_wsgi/hooks/policy_enforcement.py:255}}
Oct 27 05:56:48.554180 dv-cinder-815582-2-iscsi neutron-server[113446]: INFO neutron.wsgi [req-a12dd1d2-5c3f-477f-9d0a-30f4a6699972 req-b0100441-e292-4430-901d-ddcf0e57ddf3 tempest-DeleteServersTestJSON-70007822 tempest-DeleteServersTestJSON-70007822-project] 10.222.0.30 "GET /v2.0/ports?device_id=dbcbb4e7-c8fa-42b0-a7e0-a59fd4a20ab7 HTTP/1.1" status: 200 len: 944 time: 0.1902411
Oct 27 05:56:48.563817 dv-cinder-815582-2-iscsi neutron-server[113448]: DEBUG neutron.notifiers.nova [None req-12cc28ab-ae82-4e07-adea-e2c514f55017 None None] Ignoring state change previous_port_status: DOWN current_port_status: BUILD port_id 59a678d6-ba75-46b9-8975-11348c16a2ca {{(pid=113448) record_port_status_changed /opt/stack/neutron/neutron/notifiers/nova.py:224}}
Oct 27 05:56:48.567551 dv-cinder-815582-2-iscsi neutron-server[113446]: DEBUG neutron.pecan_wsgi.hooks.policy_enforcement [req-5c83ff34-b683-4770-b503-57fe48c3431b req-2ce8d420-b388-4abd-93de-05efe7462989 tempest-ServerRescueNegativeTestJSON-1321970261 tempest-ServerRescueNegativeTestJSON-1321970261-project] Attributes excluded by policy engine: ['standard_attr_id', 'binding:profile', 'binding:host_id', 'binding:vif_type', 'binding:vif_details'] {{(pid=113446) _exclude_attributes_by_policy /opt/stack/neutron/neutron/pecan_wsgi/hooks/policy_enforcement.py:255}}
Oct 27 05:56:48.569092 dv-cinder-815582-2-iscsi neutron-server[113446]: INFO neutron.wsgi [req-5c83ff34-b683-4770-b503-57fe48c3431b req-2ce8d420-b388-4abd-93de-05efe7462989 tempest-ServerRescueNegativeTestJSON-1321970261 tempest-ServerRescueNegativeTestJSON-1321970261-project] 10.222.0.30 "GET /v2.0/ports?device_id=db29cb40-6d55-4b52-b50c-0304b8f39d01 HTTP/1.1" status: 200 len: 944 time: 0.1286788
Oct 27 05:56:48.591673 dv-cinder-815582-2-iscsi neutron-server[113448]: DEBUG neutron.plugins.ml2.db [None req-12cc28ab-ae82-4e07-adea-e2c514f55017 None None] For port 59a678d6-ba75-46b9-8975-11348c16a2ca, host hv-cinder-81558, got binding levels [PortBindingLevel(driver='hyperv',host='hv-cinder-81558',level=0,port_id=59a678d6-ba75-46b9-8975-11348c16a2ca,segment=NetworkSegment(9ae685fe-c162-4baf-845f-3ebd6695692d),segment_id=9ae685fe-c162-4baf-845f-3ebd6695692d)] {{(pid=113448) get_binding_level_objs /opt/stack/neutron/neutron/plugins/ml2/db.py:74}}
Oct 27 05:56:48.622082 dv-cinder-815582-2-iscsi neutron-server[113446]: INFO neutron.wsgi [req-a12dd1d2-5c3f-477f-9d0a-30f4a6699972 req-b055695b-aed7-45a1-89d2-9bc9c377aeea tempest-DeleteServersTestJSON-70007822 tempest-DeleteServersTestJSON-70007822-project] 10.222.0.30 "GET /v2.0/security-groups?id=116b7b5c-7221-4e3a-b689-4efcfff361a7&fields=id&fields=name HTTP/1.1" status: 200 len: 286 time: 0.0518901
Oct 27 05:56:48.627976 dv-cinder-815582-2-iscsi neutron-server[113448]: DEBUG neutron_lib.callbacks.manager [None req-12cc28ab-ae82-4e07-adea-e2c514f55017 None None] Publish callbacks ['neutron.plugins.ml2.plugin.SecurityGroupDbMixin._ensure_default_security_group_handler-1632448'] for port, before_update {{(pid=113448) _notify_loop /usr/local/lib/python3.8/dist-packages/neutron_lib/callbacks/manager.py:175}}
Oct 27 05:56:48.645120 dv-cinder-815582-2-iscsi neutron-server[113446]: INFO neutron.wsgi [req-5c83ff34-b683-4770-b503-57fe48c3431b req-8074feca-11b7-4b3e-9de0-7ea74927edce tempest-ServerRescueNegativeTestJSON-1321970261 tempest-ServerRescueNegativeTestJSON-1321970261-project] 10.222.0.30 "GET /v2.0/security-groups?id=bf390c40-1190-4026-83c8-4b4530ef14d6&fields=id&fields=name HTTP/1.1" status: 200 len: 286 time: 0.0604315
Oct 27 05:56:48.647209 dv-cinder-815582-2-iscsi neutron-server[113447]: DEBUG neutron_lib.callbacks.manager [None req-713acb92-7236-45f6-8378-a3cccdfb63e9 admin admin] Publish callbacks ['neutron.plugins.ml2.ovo_rpc._ObjectChangeHandler.handle_event-411919'] for security_group, after_delete {{(pid=113447) _notify_loop /usr/local/lib/python3.8/dist-packages/neutron_lib/callbacks/manager.py:175}}
Oct 27 05:56:48.650890 dv-cinder-815582-2-iscsi neutron-server[113447]: DEBUG neutron_lib.callbacks.manager [None req-713acb92-7236-45f6-8378-a3cccdfb63e9 admin admin] Publish callbacks [] for security_group, before_response {{(pid=113447) _notify_loop /usr/local/lib/python3.8/dist-packages/neutron_lib/callbacks/manager.py:175}}
Oct 27 05:56:48.654991 dv-cinder-815582-2-iscsi neutron-server[113447]: INFO neutron.wsgi [None req-713acb92-7236-45f6-8378-a3cccdfb63e9 admin admin] 10.222.0.30 "DELETE /v2.0/security-groups/03da6f6e-0d73-4dfa-bf9e-c161a4c3cbdd HTTP/1.1" status: 204 len: 168 time: 0.3068907
Oct 27 05:56:48.662134 dv-cinder-815582-2-iscsi neutron-server[113447]: DEBUG neutron.api.rpc.handlers.resources_rpc [None req-713acb92-7236-45f6-8378-a3cccdfb63e9 admin admin] Pushing event deleted for resources: {'SecurityGroup': ['ID=03da6f6e-0d73-4dfa-bf9e-c161a4c3cbdd,revision_number=None']} {{(pid=113447) push /opt/stack/neutron/neutron/api/rpc/handlers/resources_rpc.py:237}}
Oct 27 05:56:48.683165 dv-cinder-815582-2-iscsi neutron-server[113448]: DEBUG neutron.notifiers.nova [-] Sending events: [{'server_uuid': '009c3a96-28e2-4a92-a4e1-fbe41c83ce73', 'name': 'network-vif-plugged', 'status': 'completed', 'tag': 'f5d7f9d8-d731-4c96-a0eb-8971f2fd5e55'}] {{(pid=113448) send_events /opt/stack/neutron/neutron/notifiers/nova.py:262}}
Oct 27 05:56:48.758444 dv-cinder-815582-2-iscsi neutron-server[113448]: DEBUG neutron.plugins.ml2.db [None req-12cc28ab-ae82-4e07-adea-e2c514f55017 None None] For port f5d7f9d8-d731-4c96-a0eb-8971f2fd5e55, host hv-cinder-81558, got binding levels [PortBindingLevel(driver='hyperv',host='hv-cinder-81558',level=0,port_id=f5d7f9d8-d731-4c96-a0eb-8971f2fd5e55,segment=NetworkSegment(4b648a4d-0552-4eed-af51-6f40cf5191d2),segment_id=4b648a4d-0552-4eed-af51-6f40cf5191d2)] {{(pid=113448) get_binding_level_objs /opt/stack/neutron/neutron/plugins/ml2/db.py:74}}
Oct 27 05:56:48.761921 dv-cinder-815582-2-iscsi neutron-server[113448]: DEBUG neutron_lib.callbacks.manager [None req-12cc28ab-ae82-4e07-adea-e2c514f55017 None None] Publish callbacks ['neutron.plugins.ml2.plugin.SecurityGroupServerNotifierRpcMixin._notify_sg_on_port_change-1632428', 'neutron.plugins.ml2.ovo_rpc._ObjectChangeHandler.handle_event-25500', 'neutron.api.rpc.agentnotifiers.dhcp_rpc_agent_api.DhcpAgentNotifyAPI._native_event_send_dhcp_notification-616577', 'neutron.db.l3_db.L3RpcNotifierMixin._notify_gateway_port_ip_changed-8727023851758', 'neutron.db.l3_dvrscheduler_db._notify_l3_agent_port_update-8727023371358', 'neutron.db.l3_hascheduler_db._notify_l3_agent_ha_port_update-8727023371376'] for port, after_update {{(pid=113448) _notify_loop /usr/local/lib/python3.8/dist-packages/neutron_lib/callbacks/manager.py:175}}
Oct 27 05:56:48.779220 dv-cinder-815582-2-iscsi neutron-server[113446]: DEBUG neutron.pecan_wsgi.hooks.policy_enforcement [req-77a76c2a-585e-4f9d-abd3-5a2413a127ec req-adfc9a58-7396-4409-9b2f-ddc5eba3c3f2 tempest-AttachVolumeShelveTestJSON-1504475748 tempest-AttachVolumeShelveTestJSON-1504475748-project] Attributes excluded by policy engine: ['standard_attr_id', 'binding:profile', 'binding:host_id', 'binding:vif_type', 'binding:vif_details'] {{(pid=113446) _exclude_attributes_by_policy /opt/stack/neutron/neutron/pecan_wsgi/hooks/policy_enforcement.py:255}}
Oct 27 05:56:48.782367 dv-cinder-815582-2-iscsi neutron-server[113446]: INFO neutron.wsgi [req-77a76c2a-585e-4f9d-abd3-5a2413a127ec req-adfc9a58-7396-4409-9b2f-ddc5eba3c3f2 tempest-AttachVolumeShelveTestJSON-1504475748 tempest-AttachVolumeShelveTestJSON-1504475748-project] 10.222.0.30 "GET /v2.0/ports?device_id=2d0d3825-743f-400f-9e7b-3e995a7799c5 HTTP/1.1" status: 200 len: 944 time: 0.0616732
