Aug 05 05:00:11.422863 dv-cinder-815582-14-iscsi devstack@keystone.service[80378]: DEBUG keystone.common.rbac_enforcer.enforcer [None req-a76e75b8-b88f-4192-bd9d-2d247f0f7a6f None admin] RBAC: Adding query filter params (role.id=f1bde6b54454477cb807392e68475a8c, user.id=02022474ce36470a9b56d53fb5baa295, scope.system=all) {{(pid=80378) _extract_filter_values /opt/stack/keystone/keystone/common/rbac_enforcer/enforcer.py:167}}
Aug 05 05:00:11.423175 dv-cinder-815582-14-iscsi devstack@keystone.service[80378]: DEBUG keystone.common.rbac_enforcer.enforcer [None req-a76e75b8-b88f-4192-bd9d-2d247f0f7a6f None admin] RBAC: Authorizing `identity:list_role_assignments()` {{(pid=80378) enforce_call /opt/stack/keystone/keystone/common/rbac_enforcer/enforcer.py:449}}
Aug 05 05:00:11.424679 dv-cinder-815582-14-iscsi devstack@keystone.service[80378]: DEBUG keystone.common.rbac_enforcer.enforcer [None req-a76e75b8-b88f-4192-bd9d-2d247f0f7a6f None admin] RBAC: Authorization granted {{(pid=80378) enforce_call /opt/stack/keystone/keystone/common/rbac_enforcer/enforcer.py:457}}
Aug 05 05:00:11.441760 dv-cinder-815582-14-iscsi devstack@keystone.service[80378]: [pid: 80378|app: 0|req: 186/375] 10.222.0.30 () {56 vars in 1308 bytes} [Fri Aug 5 05:00:11 2022] GET /identity/v3/role_assignments?user.id=02022474ce36470a9b56d53fb5baa295&scope.system=all&role.id=f1bde6b54454477cb807392e68475a8c => generated 510 bytes in 195 msecs (HTTP/1.1 200) 5 headers in 177 bytes (1 switches on core 0)
Aug 05 05:00:11.443223 dv-cinder-815582-14-iscsi devstack@keystone.service[80378]: DEBUG keystone.server.flask.request_processing.req_logging [None req-10ffcdfb-88f7-49f7-8d4e-bb3d9ea4735d None None] REQUEST_METHOD: `GET` {{(pid=80378) log_request_info /opt/stack/keystone/keystone/server/flask/request_processing/req_logging.py:27}}
Aug 05 05:00:11.443518 dv-cinder-815582-14-iscsi devstack@keystone.service[80378]: DEBUG keystone.server.flask.request_processing.req_logging [None req-10ffcdfb-88f7-49f7-8d4e-bb3d9ea4735d None None] SCRIPT_NAME: `/identity` {{(pid=80378) log_request_info /opt/stack/keystone/keystone/server/flask/request_processing/req_logging.py:28}}
Aug 05 05:00:11.443841 dv-cinder-815582-14-iscsi devstack@keystone.service[80378]: DEBUG keystone.server.flask.request_processing.req_logging [None req-10ffcdfb-88f7-49f7-8d4e-bb3d9ea4735d None None] PATH_INFO: `/` {{(pid=80378) log_request_info /opt/stack/keystone/keystone/server/flask/request_processing/req_logging.py:29}}
Aug 05 05:00:11.450421 dv-cinder-815582-14-iscsi devstack@keystone.service[80378]: [pid: 80378|app: 0|req: 187/376] 10.222.0.30 () {54 vars in 927 bytes} [Fri Aug 5 05:00:11 2022] GET /identity => generated 270 bytes in 4 msecs (HTTP/1.1 300) 6 headers in 234 bytes (1 switches on core 0)
Aug 05 05:00:11.450421 dv-cinder-815582-14-iscsi devstack@keystone.service[80378]: DEBUG keystone.server.flask.request_processing.middleware.auth_context [None req-10ffcdfb-88f7-49f7-8d4e-bb3d9ea4735d None None] Authenticating user token {{(pid=80378) process_request /usr/local/lib/python3.8/dist-packages/keystonemiddleware/auth_token/__init__.py:407}}
Aug 05 05:00:11.530758 dv-cinder-815582-14-iscsi devstack@keystone.service[80379]: [pid: 80379|app: 0|req: 190/377] 10.222.0.30 () {58 vars in 1282 bytes} [Fri Aug 5 05:00:11 2022] GET /identity/v3/auth/tokens => generated 799 bytes in 378 msecs (HTTP/1.1 200) 6 headers in 358 bytes (1 switches on core 0)
Aug 05 05:00:11.532644 dv-cinder-815582-14-iscsi devstack@keystone.service[80379]: DEBUG keystone.server.flask.request_processing.req_logging [None req-35d701c8-9c88-4dd3-9920-fbb9b6e63705 None None] REQUEST_METHOD: `POST` {{(pid=80379) log_request_info /opt/stack/keystone/keystone/server/flask/request_processing/req_logging.py:27}}
Aug 05 05:00:11.533136 dv-cinder-815582-14-iscsi devstack@keystone.service[80379]: DEBUG keystone.server.flask.request_processing.req_logging [None req-35d701c8-9c88-4dd3-9920-fbb9b6e63705 None None] SCRIPT_NAME: `/identity` {{(pid=80379) log_request_info /opt/stack/keystone/keystone/server/flask/request_processing/req_logging.py:28}}
Aug 05 05:00:11.533606 dv-cinder-815582-14-iscsi devstack@keystone.service[80379]: DEBUG keystone.server.flask.request_processing.req_logging [None req-35d701c8-9c88-4dd3-9920-fbb9b6e63705 None None] PATH_INFO: `/v3/auth/tokens` {{(pid=80379) log_request_info /opt/stack/keystone/keystone/server/flask/request_processing/req_logging.py:29}}
Aug 05 05:00:11.539578 dv-cinder-815582-14-iscsi devstack@keystone.service[80378]: DEBUG dbcounter [-] [80378] Writing DB stats keystone:SELECT=100 {{(pid=80378) stat_writer /usr/local/lib/python3.8/dist-packages/dbcounter.py:114}}
Aug 05 05:00:11.555676 dv-cinder-815582-14-iscsi devstack@keystone.service[80379]: DEBUG keystone.auth.core [None req-35d701c8-9c88-4dd3-9920-fbb9b6e63705 None None] MFA Rules not processed for user `c8b08b7805764c45aae169c453594d3d`. Rule list: `[]` (Enabled: `True`). {{(pid=80379) check_auth_methods_against_rules /opt/stack/keystone/keystone/auth/core.py:438}}
Aug 05 05:00:11.557418 dv-cinder-815582-14-iscsi devstack@keystone.service[80379]: DEBUG keystone.common.fernet_utils [None req-35d701c8-9c88-4dd3-9920-fbb9b6e63705 None None] Loaded 2 Fernet keys from /etc/keystone/fernet-keys/, but `[fernet_tokens] max_active_keys = 3`; perhaps there have not been enough key rotations to reach `max_active_keys` yet? {{(pid=80379) load_keys /opt/stack/keystone/keystone/common/fernet_utils.py:286}}
Aug 05 05:00:11.589539 dv-cinder-815582-14-iscsi devstack@keystone.service[80378]: DEBUG keystone.server.flask.request_processing.middleware.auth_context [None req-10ffcdfb-88f7-49f7-8d4e-bb3d9ea4735d None None] Validating token access rules against request {{(pid=80378) validate_allowed_request /usr/local/lib/python3.8/dist-packages/keystonemiddleware/auth_token/__init__.py:545}}
Aug 05 05:00:11.647004 dv-cinder-815582-14-iscsi devstack@keystone.service[80378]: DEBUG keystone.server.flask.request_processing.middleware.auth_context [None req-ae651e18-dee4-4a8a-ba2d-0cfa6573187a None admin] RBAC: auth_context: {'token': , 'domain_id': None, 'trust_id': None, 'trustor_id': None, 'trustee_id': None, 'domain_name': None, 'group_ids': [], 'user_id': 'c8b08b7805764c45aae169c453594d3d', 'user_domain_id': 'default', 'system_scope': 'all', 'project_id': None, 'project_domain_id': None, 'roles': ['admin', 'member', 'reader'], 'is_admin_project': True, 'service_user_id': None, 'service_user_domain_id': None, 'service_project_id': None, 'service_project_domain_id': None, 'service_roles': []} {{(pid=80378) fill_context /opt/stack/keystone/keystone/server/flask/request_processing/middleware/auth_context.py:478}}
Aug 05 05:00:11.648265 dv-cinder-815582-14-iscsi devstack@keystone.service[80378]: DEBUG keystone.server.flask.request_processing.req_logging [None req-ae651e18-dee4-4a8a-ba2d-0cfa6573187a None admin] REQUEST_METHOD: `GET` {{(pid=80378) log_request_info /opt/stack/keystone/keystone/server/flask/request_processing/req_logging.py:27}}
Aug 05 05:00:11.648828 dv-cinder-815582-14-iscsi devstack@keystone.service[80378]: DEBUG keystone.server.flask.request_processing.req_logging [None req-ae651e18-dee4-4a8a-ba2d-0cfa6573187a None admin] SCRIPT_NAME: `/identity` {{(pid=80378) log_request_info /opt/stack/keystone/keystone/server/flask/request_processing/req_logging.py:28}}
Aug 05 05:00:11.649295 dv-cinder-815582-14-iscsi devstack@keystone.service[80378]: DEBUG keystone.server.flask.request_processing.req_logging [None req-ae651e18-dee4-4a8a-ba2d-0cfa6573187a None admin] PATH_INFO: `/v3/role_assignments` {{(pid=80378) log_request_info /opt/stack/keystone/keystone/server/flask/request_processing/req_logging.py:29}}
Aug 05 05:00:11.650494 dv-cinder-815582-14-iscsi devstack@keystone.service[80378]: DEBUG keystone.common.rbac_enforcer.enforcer [None req-ae651e18-dee4-4a8a-ba2d-0cfa6573187a None admin] RBAC: Adding query filter params (group.id=eb171bc025c64cc096a961b2c560ec61, role.id=3f8debab12324e0da238b80499b5eafe, scope.project.id=8f5c4224b99e4c15856ab6c5e76cd861) {{(pid=80378) _extract_filter_values /opt/stack/keystone/keystone/common/rbac_enforcer/enforcer.py:167}}
Aug 05 05:00:11.651002 dv-cinder-815582-14-iscsi devstack@keystone.service[80378]: DEBUG keystone.common.rbac_enforcer.enforcer [None req-ae651e18-dee4-4a8a-ba2d-0cfa6573187a None admin] RBAC: Authorizing `identity:list_role_assignments()` {{(pid=80378) enforce_call /opt/stack/keystone/keystone/common/rbac_enforcer/enforcer.py:449}}
Aug 05 05:00:11.652716 dv-cinder-815582-14-iscsi devstack@keystone.service[80378]: DEBUG keystone.common.rbac_enforcer.enforcer [None req-ae651e18-dee4-4a8a-ba2d-0cfa6573187a None admin] RBAC: Authorization granted {{(pid=80378) enforce_call /opt/stack/keystone/keystone/common/rbac_enforcer/enforcer.py:457}}
Aug 05 05:00:11.659828 dv-cinder-815582-14-iscsi devstack@keystone.service[80378]: [pid: 80378|app: 0|req: 188/378] 10.222.0.30 () {56 vars in 1376 bytes} [Fri Aug 5 05:00:11 2022] GET /identity/v3/role_assignments?group.id=eb171bc025c64cc096a961b2c560ec61&scope.project.id=8f5c4224b99e4c15856ab6c5e76cd861&role.id=3f8debab12324e0da238b80499b5eafe => generated 260 bytes in 213 msecs (HTTP/1.1 200) 5 headers in 177 bytes (1 switches on core 0)
Aug 05 05:00:11.665885 dv-cinder-815582-14-iscsi devstack@keystone.service[80378]: DEBUG keystone.server.flask.request_processing.middleware.auth_context [None req-ae651e18-dee4-4a8a-ba2d-0cfa6573187a None admin] Authenticating user token {{(pid=80378) process_request /usr/local/lib/python3.8/dist-packages/keystonemiddleware/auth_token/__init__.py:407}}
Aug 05 05:00:11.731810 dv-cinder-815582-14-iscsi devstack@keystone.service[80379]: [pid: 80379|app: 0|req: 191/379] 10.222.0.30 () {58 vars in 1024 bytes} [Fri Aug 5 05:00:11 2022] POST /identity/v3/auth/tokens => generated 799 bytes in 194 msecs (HTTP/1.1 201) 6 headers in 363 bytes (1 switches on core 0)
Aug 05 05:00:11.788349 dv-cinder-815582-14-iscsi devstack@keystone.service[80379]: DEBUG keystone.server.flask.request_processing.middleware.auth_context [None req-35d701c8-9c88-4dd3-9920-fbb9b6e63705 None None] Authenticating user token {{(pid=80379) process_request /usr/local/lib/python3.8/dist-packages/keystonemiddleware/auth_token/__init__.py:407}}
Aug 05 05:00:11.822026 dv-cinder-815582-14-iscsi devstack@keystone.service[80379]: DEBUG dbcounter [-] [80379] Writing DB stats keystone:SELECT=100 {{(pid=80379) stat_writer /usr/local/lib/python3.8/dist-packages/dbcounter.py:114}}
Aug 05 05:00:11.831670 dv-cinder-815582-14-iscsi devstack@keystone.service[80378]: DEBUG keystone.server.flask.request_processing.middleware.auth_context [None req-ae651e18-dee4-4a8a-ba2d-0cfa6573187a None admin] Validating token access rules against request {{(pid=80378) validate_allowed_request /usr/local/lib/python3.8/dist-packages/keystonemiddleware/auth_token/__init__.py:545}}
Aug 05 05:00:11.870176 dv-cinder-815582-14-iscsi devstack@keystone.service[80378]: DEBUG dbcounter [-] [80378] Writing DB stats keystone:SELECT=100 {{(pid=80378) stat_writer /usr/local/lib/python3.8/dist-packages/dbcounter.py:114}}
Aug 05 05:00:11.879003 dv-cinder-815582-14-iscsi devstack@keystone.service[80378]: DEBUG keystone.server.flask.request_processing.middleware.auth_context [None req-509dcec9-75d4-4529-92ff-d164a0bcd2d0 None admin] RBAC: auth_context: {'token': , 'domain_id': None, 'trust_id': None, 'trustor_id': None, 'trustee_id': None, 'domain_name': None, 'group_ids': [], 'user_id': 'c8b08b7805764c45aae169c453594d3d', 'user_domain_id': 'default', 'system_scope': 'all', 'project_id': None, 'project_domain_id': None, 'roles': ['admin', 'member', 'reader'], 'is_admin_project': True, 'service_user_id': None, 'service_user_domain_id': None, 'service_project_id': None, 'service_project_domain_id': None, 'service_roles': []} {{(pid=80378) fill_context /opt/stack/keystone/keystone/server/flask/request_processing/middleware/auth_context.py:478}}
Aug 05 05:00:11.880022 dv-cinder-815582-14-iscsi devstack@keystone.service[80378]: DEBUG keystone.server.flask.request_processing.req_logging [None req-509dcec9-75d4-4529-92ff-d164a0bcd2d0 None admin] REQUEST_METHOD: `GET` {{(pid=80378) log_request_info /opt/stack/keystone/keystone/server/flask/request_processing/req_logging.py:27}}
Aug 05 05:00:11.880761 dv-cinder-815582-14-iscsi devstack@keystone.service[80378]: DEBUG keystone.server.flask.request_processing.req_logging [None req-509dcec9-75d4-4529-92ff-d164a0bcd2d0 None admin] SCRIPT_NAME: `/identity` {{(pid=80378) log_request_info /opt/stack/keystone/keystone/server/flask/request_processing/req_logging.py:28}}
Aug 05 05:00:11.881747 dv-cinder-815582-14-iscsi devstack@keystone.service[80378]: DEBUG keystone.server.flask.request_processing.req_logging [None req-509dcec9-75d4-4529-92ff-d164a0bcd2d0 None admin] PATH_INFO: `/v3/projects/4ea26c15401c49d28fd797d4ee85aa6c` {{(pid=80378) log_request_info /opt/stack/keystone/keystone/server/flask/request_processing/req_logging.py:29}}
Aug 05 05:00:11.885256 dv-cinder-815582-14-iscsi devstack@keystone.service[80378]: DEBUG keystone.common.rbac_enforcer.enforcer [None req-509dcec9-75d4-4529-92ff-d164a0bcd2d0 None admin] RBAC: Authorizing `identity:get_project(project_id=4ea26c15401c49d28fd797d4ee85aa6c)` {{(pid=80378) enforce_call /opt/stack/keystone/keystone/common/rbac_enforcer/enforcer.py:449}}
Aug 05 05:00:11.887365 dv-cinder-815582-14-iscsi devstack@keystone.service[80378]: DEBUG keystone.common.rbac_enforcer.enforcer [None req-509dcec9-75d4-4529-92ff-d164a0bcd2d0 None admin] RBAC: Authorization granted {{(pid=80378) enforce_call /opt/stack/keystone/keystone/common/rbac_enforcer/enforcer.py:457}}
Aug 05 05:00:11.894752 dv-cinder-815582-14-iscsi devstack@keystone.service[80378]: [pid: 80378|app: 0|req: 189/380] 10.222.0.30 () {56 vars in 1186 bytes} [Fri Aug 5 05:00:11 2022] GET /identity/v3/projects/4ea26c15401c49d28fd797d4ee85aa6c => generated 344 bytes in 225 msecs (HTTP/1.1 200) 5 headers in 177 bytes (1 switches on core 0)
Aug 05 05:00:11.896569 dv-cinder-815582-14-iscsi devstack@keystone.service[80378]: DEBUG keystone.server.flask.request_processing.middleware.auth_context [None req-509dcec9-75d4-4529-92ff-d164a0bcd2d0 None admin] Authenticating user token {{(pid=80378) process_request /usr/local/lib/python3.8/dist-packages/keystonemiddleware/auth_token/__init__.py:407}}
Aug 05 05:00:11.977254 dv-cinder-815582-14-iscsi devstack@keystone.service[80379]: DEBUG keystone.server.flask.request_processing.middleware.auth_context [None req-35d701c8-9c88-4dd3-9920-fbb9b6e63705 None None] Validating token access rules against request {{(pid=80379) validate_allowed_request /usr/local/lib/python3.8/dist-packages/keystonemiddleware/auth_token/__init__.py:545}}
Aug 05 05:00:12.046062 dv-cinder-815582-14-iscsi devstack@keystone.service[80379]: DEBUG keystone.server.flask.request_processing.middleware.auth_context [None req-9890144b-ea11-4937-bd1a-5f66fde06063 None admin] RBAC: auth_context: {'token': , 'domain_id': None, 'trust_id': None, 'trustor_id': None, 'trustee_id': None, 'domain_name': None, 'group_ids': [], 'user_id': 'c8b08b7805764c45aae169c453594d3d', 'user_domain_id': 'default', 'system_scope': 'all', 'project_id': None, 'project_domain_id': None, 'roles': ['admin', 'member', 'reader'], 'is_admin_project': True, 'service_user_id': None, 'service_user_domain_id': None, 'service_project_id': None, 'service_project_domain_id': None, 'service_roles': []} {{(pid=80379) fill_context /opt/stack/keystone/keystone/server/flask/request_processing/middleware/auth_context.py:478}}
Aug 05 05:00:12.046723 dv-cinder-815582-14-iscsi devstack@keystone.service[80379]: DEBUG keystone.server.flask.request_processing.req_logging [None req-9890144b-ea11-4937-bd1a-5f66fde06063 None admin] REQUEST_METHOD: `GET` {{(pid=80379) log_request_info /opt/stack/keystone/keystone/server/flask/request_processing/req_logging.py:27}}
Aug 05 05:00:12.047002 dv-cinder-815582-14-iscsi devstack@keystone.service[80379]: DEBUG keystone.server.flask.request_processing.req_logging [None req-9890144b-ea11-4937-bd1a-5f66fde06063 None admin] SCRIPT_NAME: `/identity` {{(pid=80379) log_request_info /opt/stack/keystone/keystone/server/flask/request_processing/req_logging.py:28}}
Aug 05 05:00:12.047271 dv-cinder-815582-14-iscsi devstack@keystone.service[80379]: DEBUG keystone.server.flask.request_processing.req_logging [None req-9890144b-ea11-4937-bd1a-5f66fde06063 None admin] PATH_INFO: `/v3/roles/member` {{(pid=80379) log_request_info /opt/stack/keystone/keystone/server/flask/request_processing/req_logging.py:29}}
Aug 05 05:00:12.064041 dv-cinder-815582-14-iscsi devstack@keystone.service[80379]: DEBUG keystone.common.rbac_enforcer.enforcer [None req-9890144b-ea11-4937-bd1a-5f66fde06063 None admin] Extracting inferred target data resulted in "NOT FOUND (404)". {{(pid=80379) enforce_call /opt/stack/keystone/keystone/common/rbac_enforcer/enforcer.py:409}}
Aug 05 05:00:12.068950 dv-cinder-815582-14-iscsi devstack@keystone.service[80379]: ERROR keystone.server.flask.application [None req-9890144b-ea11-4937-bd1a-5f66fde06063 None admin] Could not find role: member.: keystone.exception.RoleNotFound: Could not find role: member.
Aug 05 05:00:12.068950 dv-cinder-815582-14-iscsi devstack@keystone.service[80379]: ERROR keystone.server.flask.application
Traceback (most recent call last):
Aug 05 05:00:12.068950 dv-cinder-815582-14-iscsi devstack@keystone.service[80379]: ERROR keystone.server.flask.application
File "/usr/local/lib/python3.8/dist-packages/flask/app.py", line 1517, in full_dispatch_request
Aug 05 05:00:12.068950 dv-cinder-815582-14-iscsi devstack@keystone.service[80379]: ERROR keystone.server.flask.application rv = self.dispatch_request()
Aug 05 05:00:12.068950 dv-cinder-815582-14-iscsi devstack@keystone.service[80379]: ERROR keystone.server.flask.application
File "/usr/local/lib/python3.8/dist-packages/flask/app.py", line 1503, in dispatch_request
Aug 05 05:00:12.068950 dv-cinder-815582-14-iscsi devstack@keystone.service[80379]: ERROR keystone.server.flask.application return self.ensure_sync(self.view_functions[rule.endpoint])(**req.view_args)
Aug 05 05:00:12.068950 dv-cinder-815582-14-iscsi devstack@keystone.service[80379]: ERROR keystone.server.flask.application
File "/usr/local/lib/python3.8/dist-packages/flask_restful/__init__.py", line 467, in wrapper
Aug 05 05:00:12.068950 dv-cinder-815582-14-iscsi devstack@keystone.service[80379]: ERROR keystone.server.flask.application resp = resource(*args, **kwargs)
Aug 05 05:00:12.068950 dv-cinder-815582-14-iscsi devstack@keystone.service[80379]: ERROR keystone.server.flask.application
File "/usr/local/lib/python3.8/dist-packages/flask/views.py", line 84, in view
Aug 05 05:00:12.068950 dv-cinder-815582-14-iscsi devstack@keystone.service[80379]: ERROR keystone.server.flask.application return current_app.ensure_sync(self.dispatch_request)(*args, **kwargs)
Aug 05 05:00:12.068950 dv-cinder-815582-14-iscsi devstack@keystone.service[80379]: ERROR keystone.server.flask.application
File "/usr/local/lib/python3.8/dist-packages/flask_restful/__init__.py", line 582, in dispatch_request
Aug 05 05:00:12.068950 dv-cinder-815582-14-iscsi devstack@keystone.service[80379]: ERROR keystone.server.flask.application resp = meth(*args, **kwargs)
Aug 05 05:00:12.068950 dv-cinder-815582-14-iscsi devstack@keystone.service[80379]: ERROR keystone.server.flask.application
File "/opt/stack/keystone/keystone/api/roles.py", line 50, in get
Aug 05 05:00:12.068950 dv-cinder-815582-14-iscsi devstack@keystone.service[80379]: ERROR keystone.server.flask.application return self._get_role(role_id)
Aug 05 05:00:12.068950 dv-cinder-815582-14-iscsi devstack@keystone.service[80379]: ERROR keystone.server.flask.application
File "/opt/stack/keystone/keystone/api/roles.py", line 70, in _get_role
Aug 05 05:00:12.068950 dv-cinder-815582-14-iscsi devstack@keystone.service[80379]: ERROR keystone.server.flask.application ENFORCER.enforce_call(action='identity:get_role')
Aug 05 05:00:12.069808 dv-cinder-815582-14-iscsi devstack@keystone.service[80379]: ERROR keystone.server.flask.application
File "/opt/stack/keystone/keystone/common/rbac_enforcer/enforcer.py", line 402, in enforce_call
Aug 05 05:00:12.069808 dv-cinder-815582-14-iscsi devstack@keystone.service[80379]: ERROR keystone.server.flask.application policy_dict.update(cls._extract_member_target_data(
Aug 05 05:00:12.069808 dv-cinder-815582-14-iscsi devstack@keystone.service[80379]: ERROR keystone.server.flask.application
File "/opt/stack/keystone/keystone/common/rbac_enforcer/enforcer.py", line 234, in _extract_member_target_data
Aug 05 05:00:12.069808 dv-cinder-815582-14-iscsi devstack@keystone.service[80379]: ERROR keystone.server.flask.application member_name: func(flask.request.view_args[key])
Aug 05 05:00:12.069808 dv-cinder-815582-14-iscsi devstack@keystone.service[80379]: ERROR keystone.server.flask.application
File "/opt/stack/keystone/keystone/common/manager.py", line 115, in wrapped
Aug 05 05:00:12.069808 dv-cinder-815582-14-iscsi devstack@keystone.service[80379]: ERROR keystone.server.flask.application __ret_val = __f(*args, **kwargs)
Aug 05 05:00:12.069808 dv-cinder-815582-14-iscsi devstack@keystone.service[80379]: ERROR keystone.server.flask.application
File "/usr/local/lib/python3.8/dist-packages/decorator.py", line 232, in fun
Aug 05 05:00:12.069808 dv-cinder-815582-14-iscsi devstack@keystone.service[80379]: ERROR keystone.server.flask.application return caller(func, *(extras + args), **kw)
Aug 05 05:00:12.069808 dv-cinder-815582-14-iscsi devstack@keystone.service[80379]: ERROR keystone.server.flask.application
File "/usr/local/lib/python3.8/dist-packages/dogpile/cache/region.py", line 1577, in get_or_create_for_user_func
Aug 05 05:00:12.069808 dv-cinder-815582-14-iscsi devstack@keystone.service[80379]: ERROR keystone.server.flask.application return self.get_or_create(
Aug 05 05:00:12.069808 dv-cinder-815582-14-iscsi devstack@keystone.service[80379]: ERROR keystone.server.flask.application
File "/usr/local/lib/python3.8/dist-packages/dogpile/cache/region.py", line 1042, in get_or_create
Aug 05 05:00:12.069808 dv-cinder-815582-14-iscsi devstack@keystone.service[80379]: ERROR keystone.server.flask.application with Lock(
Aug 05 05:00:12.069808 dv-cinder-815582-14-iscsi devstack@keystone.service[80379]: ERROR keystone.server.flask.application
File "/usr/local/lib/python3.8/dist-packages/dogpile/lock.py", line 185, in __enter__
Aug 05 05:00:12.069808 dv-cinder-815582-14-iscsi devstack@keystone.service[80379]: ERROR keystone.server.flask.application return self._enter()
Aug 05 05:00:12.069808 dv-cinder-815582-14-iscsi devstack@keystone.service[80379]: ERROR keystone.server.flask.application
File "/usr/local/lib/python3.8/dist-packages/dogpile/lock.py", line 94, in _enter
Aug 05 05:00:12.069808 dv-cinder-815582-14-iscsi devstack@keystone.service[80379]: ERROR keystone.server.flask.application generated = self._enter_create(value, createdtime)
Aug 05 05:00:12.070977 dv-cinder-815582-14-iscsi devstack@keystone.service[80379]: ERROR keystone.server.flask.application
File "/usr/local/lib/python3.8/dist-packages/dogpile/lock.py", line 178, in _enter_create
Aug 05 05:00:12.070977 dv-cinder-815582-14-iscsi devstack@keystone.service[80379]: ERROR keystone.server.flask.application return self.creator()
Aug 05 05:00:12.070977 dv-cinder-815582-14-iscsi devstack@keystone.service[80379]: ERROR keystone.server.flask.application
File "/usr/local/lib/python3.8/dist-packages/dogpile/cache/region.py", line 995, in gen_value
Aug 05 05:00:12.070977 dv-cinder-815582-14-iscsi devstack@keystone.service[80379]: ERROR keystone.server.flask.application created_value = creator(
Aug 05 05:00:12.070977 dv-cinder-815582-14-iscsi devstack@keystone.service[80379]: ERROR keystone.server.flask.application
File "/opt/stack/keystone/keystone/assignment/core.py", line 1276, in get_role
Aug 05 05:00:12.070977 dv-cinder-815582-14-iscsi devstack@keystone.service[80379]: ERROR keystone.server.flask.application return self.driver.get_role(role_id)
Aug 05 05:00:12.070977 dv-cinder-815582-14-iscsi devstack@keystone.service[80379]: ERROR keystone.server.flask.application
File "/opt/stack/keystone/keystone/assignment/role_backends/sql.py", line 70, in get_role
Aug 05 05:00:12.070977 dv-cinder-815582-14-iscsi devstack@keystone.service[80379]: ERROR keystone.server.flask.application return self._get_role(session, role_id).to_dict()
Aug 05 05:00:12.070977 dv-cinder-815582-14-iscsi devstack@keystone.service[80379]: ERROR keystone.server.flask.application
File "/opt/stack/keystone/keystone/assignment/role_backends/sql.py", line 65, in _get_role
Aug 05 05:00:12.070977 dv-cinder-815582-14-iscsi devstack@keystone.service[80379]: ERROR keystone.server.flask.application raise exception.RoleNotFound(role_id=role_id)
Aug 05 05:00:12.070977 dv-cinder-815582-14-iscsi devstack@keystone.service[80379]: ERROR keystone.server.flask.application keystone.exception.RoleNotFound: Could not find role: member.
Aug 05 05:00:12.070977 dv-cinder-815582-14-iscsi devstack@keystone.service[80379]: ERROR keystone.server.flask.application
Aug 05 05:00:12.070977 dv-cinder-815582-14-iscsi devstack@keystone.service[80379]: [pid: 80379|app: 0|req: 192/381] 10.222.0.30 () {56 vars in 1099 bytes} [Fri Aug 5 05:00:11 2022] GET /identity/v3/roles/member => generated 84 bytes in 284 msecs (HTTP/1.1 404) 5 headers in 183 bytes (2 switches on core 0)
Aug 05 05:00:12.076249 dv-cinder-815582-14-iscsi devstack@keystone.service[80379]: DEBUG keystone.server.flask.request_processing.middleware.auth_context [None req-9890144b-ea11-4937-bd1a-5f66fde06063 None admin] Authenticating user token {{(pid=80379) process_request /usr/local/lib/python3.8/dist-packages/keystonemiddleware/auth_token/__init__.py:407}}
Aug 05 05:00:12.078811 dv-cinder-815582-14-iscsi devstack@keystone.service[80378]: DEBUG keystone.server.flask.request_processing.middleware.auth_context [None req-509dcec9-75d4-4529-92ff-d164a0bcd2d0 None admin] Validating token access rules against request {{(pid=80378) validate_allowed_request /usr/local/lib/python3.8/dist-packages/keystonemiddleware/auth_token/__init__.py:545}}
Aug 05 05:00:12.140515 dv-cinder-815582-14-iscsi devstack@keystone.service[80378]: DEBUG keystone.server.flask.request_processing.middleware.auth_context [None req-1373d5c7-c3a0-4e59-b011-b03195250608 None admin] RBAC: auth_context: {'token': , 'domain_id': None, 'trust_id': None, 'trustor_id': None, 'trustee_id': None, 'domain_name': None, 'group_ids': [], 'user_id': 'c8b08b7805764c45aae169c453594d3d', 'user_domain_id': 'default', 'system_scope': 'all', 'project_id': None, 'project_domain_id': None, 'roles': ['admin', 'member', 'reader'], 'is_admin_project': True, 'service_user_id': None, 'service_user_domain_id': None, 'service_project_id': None, 'service_project_domain_id': None, 'service_roles': []} {{(pid=80378) fill_context /opt/stack/keystone/keystone/server/flask/request_processing/middleware/auth_context.py:478}}
Aug 05 05:00:12.141656 dv-cinder-815582-14-iscsi devstack@keystone.service[80378]: DEBUG keystone.server.flask.request_processing.req_logging [None req-1373d5c7-c3a0-4e59-b011-b03195250608 None admin] REQUEST_METHOD: `GET` {{(pid=80378) log_request_info /opt/stack/keystone/keystone/server/flask/request_processing/req_logging.py:27}}
Aug 05 05:00:12.142206 dv-cinder-815582-14-iscsi devstack@keystone.service[80378]: DEBUG keystone.server.flask.request_processing.req_logging [None req-1373d5c7-c3a0-4e59-b011-b03195250608 None admin] SCRIPT_NAME: `/identity` {{(pid=80378) log_request_info /opt/stack/keystone/keystone/server/flask/request_processing/req_logging.py:28}}
Aug 05 05:00:12.142677 dv-cinder-815582-14-iscsi devstack@keystone.service[80378]: DEBUG keystone.server.flask.request_processing.req_logging [None req-1373d5c7-c3a0-4e59-b011-b03195250608 None admin] PATH_INFO: `/v3/groups/f7a60598a30041ea9616052223d1ba2d` {{(pid=80378) log_request_info /opt/stack/keystone/keystone/server/flask/request_processing/req_logging.py:29}}
Aug 05 05:00:12.151231 dv-cinder-815582-14-iscsi devstack@keystone.service[80378]: DEBUG keystone.common.rbac_enforcer.enforcer [None req-1373d5c7-c3a0-4e59-b011-b03195250608 None admin] RBAC: Authorizing `identity:get_group(group_id=f7a60598a30041ea9616052223d1ba2d)` {{(pid=80378) enforce_call /opt/stack/keystone/keystone/common/rbac_enforcer/enforcer.py:449}}
Aug 05 05:00:12.152900 dv-cinder-815582-14-iscsi devstack@keystone.service[80379]: DEBUG dbcounter [-] [80379] Writing DB stats keystone:SELECT=100 {{(pid=80379) stat_writer /usr/local/lib/python3.8/dist-packages/dbcounter.py:114}}
Aug 05 05:00:12.154478 dv-cinder-815582-14-iscsi devstack@keystone.service[80378]: DEBUG keystone.common.rbac_enforcer.enforcer [None req-1373d5c7-c3a0-4e59-b011-b03195250608 None admin] RBAC: Authorization granted {{(pid=80378) enforce_call /opt/stack/keystone/keystone/common/rbac_enforcer/enforcer.py:457}}
Aug 05 05:00:12.161715 dv-cinder-815582-14-iscsi devstack@keystone.service[80378]: [pid: 80378|app: 0|req: 190/382] 10.222.0.30 () {56 vars in 1180 bytes} [Fri Aug 5 05:00:11 2022] GET /identity/v3/groups/f7a60598a30041ea9616052223d1ba2d => generated 229 bytes in 260 msecs (HTTP/1.1 200) 5 headers in 177 bytes (1 switches on core 0)
Aug 05 05:00:12.163611 dv-cinder-815582-14-iscsi devstack@keystone.service[80378]: DEBUG keystone.server.flask.request_processing.middleware.auth_context [None req-1373d5c7-c3a0-4e59-b011-b03195250608 None admin] Authenticating user token {{(pid=80378) process_request /usr/local/lib/python3.8/dist-packages/keystonemiddleware/auth_token/__init__.py:407}}
Aug 05 05:00:12.183591 dv-cinder-815582-14-iscsi devstack@keystone.service[80379]: DEBUG keystone.server.flask.request_processing.middleware.auth_context [None req-9890144b-ea11-4937-bd1a-5f66fde06063 None admin] Validating token access rules against request {{(pid=80379) validate_allowed_request /usr/local/lib/python3.8/dist-packages/keystonemiddleware/auth_token/__init__.py:545}}
Aug 05 05:00:12.219948 dv-cinder-815582-14-iscsi devstack@keystone.service[80379]: DEBUG keystone.server.flask.request_processing.middleware.auth_context [None req-a3281ac8-3312-4c84-b1be-b5f9e80f93dc None admin] RBAC: auth_context: {'token': , 'domain_id': None, 'trust_id': None, 'trustor_id': None, 'trustee_id': None, 'domain_name': None, 'group_ids': [], 'user_id': 'c8b08b7805764c45aae169c453594d3d', 'user_domain_id': 'default', 'system_scope': 'all', 'project_id': None, 'project_domain_id': None, 'roles': ['admin', 'member', 'reader'], 'is_admin_project': True, 'service_user_id': None, 'service_user_domain_id': None, 'service_project_id': None, 'service_project_domain_id': None, 'service_roles': []} {{(pid=80379) fill_context /opt/stack/keystone/keystone/server/flask/request_processing/middleware/auth_context.py:478}}
Aug 05 05:00:12.220578 dv-cinder-815582-14-iscsi devstack@keystone.service[80379]: DEBUG keystone.server.flask.request_processing.req_logging [None req-a3281ac8-3312-4c84-b1be-b5f9e80f93dc None admin] REQUEST_METHOD: `GET` {{(pid=80379) log_request_info /opt/stack/keystone/keystone/server/flask/request_processing/req_logging.py:27}}
Aug 05 05:00:12.220857 dv-cinder-815582-14-iscsi devstack@keystone.service[80379]: DEBUG keystone.server.flask.request_processing.req_logging [None req-a3281ac8-3312-4c84-b1be-b5f9e80f93dc None admin] SCRIPT_NAME: `/identity` {{(pid=80379) log_request_info /opt/stack/keystone/keystone/server/flask/request_processing/req_logging.py:28}}
Aug 05 05:00:12.221134 dv-cinder-815582-14-iscsi devstack@keystone.service[80379]: DEBUG keystone.server.flask.request_processing.req_logging [None req-a3281ac8-3312-4c84-b1be-b5f9e80f93dc None admin] PATH_INFO: `/v3/roles` {{(pid=80379) log_request_info /opt/stack/keystone/keystone/server/flask/request_processing/req_logging.py:29}}
Aug 05 05:00:12.221858 dv-cinder-815582-14-iscsi devstack@keystone.service[80379]: DEBUG keystone.common.rbac_enforcer.enforcer [None req-a3281ac8-3312-4c84-b1be-b5f9e80f93dc None admin] RBAC: Adding query filter params (name=member) {{(pid=80379) _extract_filter_values /opt/stack/keystone/keystone/common/rbac_enforcer/enforcer.py:167}}
Aug 05 05:00:12.222158 dv-cinder-815582-14-iscsi devstack@keystone.service[80379]: DEBUG keystone.common.rbac_enforcer.enforcer [None req-a3281ac8-3312-4c84-b1be-b5f9e80f93dc None admin] RBAC: Authorizing `identity:list_roles()` {{(pid=80379) enforce_call /opt/stack/keystone/keystone/common/rbac_enforcer/enforcer.py:449}}
Aug 05 05:00:12.223643 dv-cinder-815582-14-iscsi devstack@keystone.service[80379]: DEBUG keystone.common.rbac_enforcer.enforcer [None req-a3281ac8-3312-4c84-b1be-b5f9e80f93dc None admin] RBAC: Authorization granted {{(pid=80379) enforce_call /opt/stack/keystone/keystone/common/rbac_enforcer/enforcer.py:457}}
Aug 05 05:00:12.232601 dv-cinder-815582-14-iscsi devstack@keystone.service[80379]: [pid: 80379|app: 0|req: 193/383] 10.222.0.30 () {56 vars in 1101 bytes} [Fri Aug 5 05:00:12 2022] GET /identity/v3/roles?name=member => generated 341 bytes in 157 msecs (HTTP/1.1 200) 5 headers in 177 bytes (2 switches on core 0)
Aug 05 05:00:12.238163 dv-cinder-815582-14-iscsi devstack@keystone.service[80379]: DEBUG keystone.server.flask.request_processing.middleware.auth_context [None req-a3281ac8-3312-4c84-b1be-b5f9e80f93dc None admin] Authenticating user token {{(pid=80379) process_request /usr/local/lib/python3.8/dist-packages/keystonemiddleware/auth_token/__init__.py:407}}
Aug 05 05:00:12.262934 dv-cinder-815582-14-iscsi devstack@keystone.service[80378]: DEBUG dbcounter [-] [80378] Writing DB stats keystone:SELECT=100 {{(pid=80378) stat_writer /usr/local/lib/python3.8/dist-packages/dbcounter.py:114}}
Aug 05 05:00:12.323942 dv-cinder-815582-14-iscsi devstack@keystone.service[80378]: DEBUG keystone.server.flask.request_processing.middleware.auth_context [None req-1373d5c7-c3a0-4e59-b011-b03195250608 None admin] Validating token access rules against request {{(pid=80378) validate_allowed_request /usr/local/lib/python3.8/dist-packages/keystonemiddleware/auth_token/__init__.py:545}}
Aug 05 05:00:12.341992 dv-cinder-815582-14-iscsi devstack@keystone.service[80379]: DEBUG keystone.server.flask.request_processing.middleware.auth_context [None req-a3281ac8-3312-4c84-b1be-b5f9e80f93dc None admin] Validating token access rules against request {{(pid=80379) validate_allowed_request /usr/local/lib/python3.8/dist-packages/keystonemiddleware/auth_token/__init__.py:545}}
Aug 05 05:00:12.378728 dv-cinder-815582-14-iscsi devstack@keystone.service[80379]: DEBUG keystone.server.flask.request_processing.middleware.auth_context [None req-6ac0c613-1ef5-409e-879f-d1f85c2ca078 None admin] RBAC: auth_context: {'token': , 'domain_id': None, 'trust_id': None, 'trustor_id': None, 'trustee_id': None, 'domain_name': None, 'group_ids': [], 'user_id': 'c8b08b7805764c45aae169c453594d3d', 'user_domain_id': 'default', 'system_scope': 'all', 'project_id': None, 'project_domain_id': None, 'roles': ['admin', 'member', 'reader'], 'is_admin_project': True, 'service_user_id': None, 'service_user_domain_id': None, 'service_project_id': None, 'service_project_domain_id': None, 'service_roles': []} {{(pid=80379) fill_context /opt/stack/keystone/keystone/server/flask/request_processing/middleware/auth_context.py:478}}
Aug 05 05:00:12.379522 dv-cinder-815582-14-iscsi devstack@keystone.service[80379]: DEBUG keystone.server.flask.request_processing.req_logging [None req-6ac0c613-1ef5-409e-879f-d1f85c2ca078 None admin] REQUEST_METHOD: `GET` {{(pid=80379) log_request_info /opt/stack/keystone/keystone/server/flask/request_processing/req_logging.py:27}}
Aug 05 05:00:12.379930 dv-cinder-815582-14-iscsi devstack@keystone.service[80379]: DEBUG keystone.server.flask.request_processing.req_logging [None req-6ac0c613-1ef5-409e-879f-d1f85c2ca078 None admin] SCRIPT_NAME: `/identity` {{(pid=80379) log_request_info /opt/stack/keystone/keystone/server/flask/request_processing/req_logging.py:28}}
Aug 05 05:00:12.380316 dv-cinder-815582-14-iscsi devstack@keystone.service[80379]: DEBUG keystone.server.flask.request_processing.req_logging [None req-6ac0c613-1ef5-409e-879f-d1f85c2ca078 None admin] PATH_INFO: `/v3/groups/eb171bc025c64cc096a961b2c560ec61` {{(pid=80379) log_request_info /opt/stack/keystone/keystone/server/flask/request_processing/req_logging.py:29}}
Aug 05 05:00:12.381552 dv-cinder-815582-14-iscsi devstack@keystone.service[80379]: DEBUG keystone.common.rbac_enforcer.enforcer [None req-6ac0c613-1ef5-409e-879f-d1f85c2ca078 None admin] RBAC: Authorizing `identity:get_group(group_id=eb171bc025c64cc096a961b2c560ec61)` {{(pid=80379) enforce_call /opt/stack/keystone/keystone/common/rbac_enforcer/enforcer.py:449}}
Aug 05 05:00:12.382352 dv-cinder-815582-14-iscsi devstack@keystone.service[80378]: DEBUG keystone.server.flask.request_processing.middleware.auth_context [None req-02aa5e6b-8e29-417d-96f0-35115ac0a069 None admin] RBAC: auth_context: {'token': , 'domain_id': None, 'trust_id': None, 'trustor_id': None, 'trustee_id': None, 'domain_name': None, 'group_ids': [], 'user_id': 'c8b08b7805764c45aae169c453594d3d', 'user_domain_id': 'default', 'system_scope': 'all', 'project_id': None, 'project_domain_id': None, 'roles': ['admin', 'member', 'reader'], 'is_admin_project': True, 'service_user_id': None, 'service_user_domain_id': None, 'service_project_id': None, 'service_project_domain_id': None, 'service_roles': []} {{(pid=80378) fill_context /opt/stack/keystone/keystone/server/flask/request_processing/middleware/auth_context.py:478}}
Aug 05 05:00:12.383178 dv-cinder-815582-14-iscsi devstack@keystone.service[80379]: DEBUG keystone.common.rbac_enforcer.enforcer [None req-6ac0c613-1ef5-409e-879f-d1f85c2ca078 None admin] RBAC: Authorization granted {{(pid=80379) enforce_call /opt/stack/keystone/keystone/common/rbac_enforcer/enforcer.py:457}}
Aug 05 05:00:12.383622 dv-cinder-815582-14-iscsi devstack@keystone.service[80378]: DEBUG keystone.server.flask.request_processing.req_logging [None req-02aa5e6b-8e29-417d-96f0-35115ac0a069 None admin] REQUEST_METHOD: `GET` {{(pid=80378) log_request_info /opt/stack/keystone/keystone/server/flask/request_processing/req_logging.py:27}}
Aug 05 05:00:12.384053 dv-cinder-815582-14-iscsi devstack@keystone.service[80378]: DEBUG keystone.server.flask.request_processing.req_logging [None req-02aa5e6b-8e29-417d-96f0-35115ac0a069 None admin] SCRIPT_NAME: `/identity` {{(pid=80378) log_request_info /opt/stack/keystone/keystone/server/flask/request_processing/req_logging.py:28}}
Aug 05 05:00:12.384455 dv-cinder-815582-14-iscsi devstack@keystone.service[80378]: DEBUG keystone.server.flask.request_processing.req_logging [None req-02aa5e6b-8e29-417d-96f0-35115ac0a069 None admin] PATH_INFO: `/v3/role_assignments` {{(pid=80378) log_request_info /opt/stack/keystone/keystone/server/flask/request_processing/req_logging.py:29}}
Aug 05 05:00:12.385374 dv-cinder-815582-14-iscsi devstack@keystone.service[80378]: DEBUG keystone.common.rbac_enforcer.enforcer [None req-02aa5e6b-8e29-417d-96f0-35115ac0a069 None admin] RBAC: Adding query filter params (group.id=f7a60598a30041ea9616052223d1ba2d, role.id=47aca6aac2934a5cb816872abfc94994, scope.project.id=4ea26c15401c49d28fd797d4ee85aa6c) {{(pid=80378) _extract_filter_values /opt/stack/keystone/keystone/common/rbac_enforcer/enforcer.py:167}}
Aug 05 05:00:12.385557 dv-cinder-815582-14-iscsi devstack@keystone.service[80379]: [pid: 80379|app: 0|req: 194/384] 10.222.0.30 () {56 vars in 1180 bytes} [Fri Aug 5 05:00:12 2022] GET /identity/v3/groups/eb171bc025c64cc096a961b2c560ec61 => generated 226 bytes in 148 msecs (HTTP/1.1 200) 5 headers in 177 bytes (2 switches on core 0)
Aug 05 05:00:12.385973 dv-cinder-815582-14-iscsi devstack@keystone.service[80378]: DEBUG keystone.common.rbac_enforcer.enforcer [None req-02aa5e6b-8e29-417d-96f0-35115ac0a069 None admin] RBAC: Authorizing `identity:list_role_assignments()` {{(pid=80378) enforce_call /opt/stack/keystone/keystone/common/rbac_enforcer/enforcer.py:449}}
Aug 05 05:00:12.391207 dv-cinder-815582-14-iscsi devstack@keystone.service[80379]: DEBUG keystone.server.flask.request_processing.middleware.auth_context [None req-6ac0c613-1ef5-409e-879f-d1f85c2ca078 None admin] Authenticating user token {{(pid=80379) process_request /usr/local/lib/python3.8/dist-packages/keystonemiddleware/auth_token/__init__.py:407}}
Aug 05 05:00:12.391580 dv-cinder-815582-14-iscsi devstack@keystone.service[80378]: DEBUG keystone.common.rbac_enforcer.enforcer [None req-02aa5e6b-8e29-417d-96f0-35115ac0a069 None admin] RBAC: Authorization granted {{(pid=80378) enforce_call /opt/stack/keystone/keystone/common/rbac_enforcer/enforcer.py:457}}
Aug 05 05:00:12.394134 dv-cinder-815582-14-iscsi devstack@keystone.service[80379]: DEBUG dbcounter [-] [80379] Writing DB stats keystone:SELECT=100 {{(pid=80379) stat_writer /usr/local/lib/python3.8/dist-packages/dbcounter.py:114}}
Aug 05 05:00:12.399404 dv-cinder-815582-14-iscsi devstack@keystone.service[80378]: [pid: 80378|app: 0|req: 191/385] 10.222.0.30 () {56 vars in 1376 bytes} [Fri Aug 5 05:00:12 2022] GET /identity/v3/role_assignments?group.id=f7a60598a30041ea9616052223d1ba2d&scope.project.id=4ea26c15401c49d28fd797d4ee85aa6c&role.id=47aca6aac2934a5cb816872abfc94994 => generated 260 bytes in 236 msecs (HTTP/1.1 200) 5 headers in 177 bytes (1 switches on core 0)
Aug 05 05:00:12.505595 dv-cinder-815582-14-iscsi devstack@keystone.service[80379]: DEBUG keystone.server.flask.request_processing.middleware.auth_context [None req-6ac0c613-1ef5-409e-879f-d1f85c2ca078 None admin] Validating token access rules against request {{(pid=80379) validate_allowed_request /usr/local/lib/python3.8/dist-packages/keystonemiddleware/auth_token/__init__.py:545}}
Aug 05 05:00:12.543228 dv-cinder-815582-14-iscsi devstack@keystone.service[80379]: DEBUG keystone.server.flask.request_processing.middleware.auth_context [None req-b9c32836-36c7-459a-b280-9dc3f6cae73b None admin] RBAC: auth_context: {'token': , 'domain_id': None, 'trust_id': None, 'trustor_id': None, 'trustee_id': None, 'domain_name': None, 'group_ids': [], 'user_id': 'c8b08b7805764c45aae169c453594d3d', 'user_domain_id': 'default', 'system_scope': 'all', 'project_id': None, 'project_domain_id': None, 'roles': ['admin', 'member', 'reader'], 'is_admin_project': True, 'service_user_id': None, 'service_user_domain_id': None, 'service_project_id': None, 'service_project_domain_id': None, 'service_roles': []} {{(pid=80379) fill_context /opt/stack/keystone/keystone/server/flask/request_processing/middleware/auth_context.py:478}}
Aug 05 05:00:12.543935 dv-cinder-815582-14-iscsi devstack@keystone.service[80379]: DEBUG keystone.server.flask.request_processing.req_logging [None req-b9c32836-36c7-459a-b280-9dc3f6cae73b None admin] REQUEST_METHOD: `GET` {{(pid=80379) log_request_info /opt/stack/keystone/keystone/server/flask/request_processing/req_logging.py:27}}
Aug 05 05:00:12.544221 dv-cinder-815582-14-iscsi devstack@keystone.service[80379]: DEBUG keystone.server.flask.request_processing.req_logging [None req-b9c32836-36c7-459a-b280-9dc3f6cae73b None admin] SCRIPT_NAME: `/identity` {{(pid=80379) log_request_info /opt/stack/keystone/keystone/server/flask/request_processing/req_logging.py:28}}
Aug 05 05:00:12.544835 dv-cinder-815582-14-iscsi devstack@keystone.service[80379]: DEBUG keystone.server.flask.request_processing.req_logging [None req-b9c32836-36c7-459a-b280-9dc3f6cae73b None admin] PATH_INFO: `/v3/projects/c9ad666675744c88976e6b45e1415a3a` {{(pid=80379) log_request_info /opt/stack/keystone/keystone/server/flask/request_processing/req_logging.py:29}}
Aug 05 05:00:12.546091 dv-cinder-815582-14-iscsi devstack@keystone.service[80379]: DEBUG keystone.common.rbac_enforcer.enforcer [None req-b9c32836-36c7-459a-b280-9dc3f6cae73b None admin] RBAC: Authorizing `identity:get_project(project_id=c9ad666675744c88976e6b45e1415a3a)` {{(pid=80379) enforce_call /opt/stack/keystone/keystone/common/rbac_enforcer/enforcer.py:449}}
Aug 05 05:00:12.547540 dv-cinder-815582-14-iscsi devstack@keystone.service[80379]: DEBUG keystone.common.rbac_enforcer.enforcer [None req-b9c32836-36c7-459a-b280-9dc3f6cae73b None admin] RBAC: Authorization granted {{(pid=80379) enforce_call /opt/stack/keystone/keystone/common/rbac_enforcer/enforcer.py:457}}
Aug 05 05:00:12.549642 dv-cinder-815582-14-iscsi devstack@keystone.service[80379]: [pid: 80379|app: 0|req: 195/386] 10.222.0.30 () {56 vars in 1186 bytes} [Fri Aug 5 05:00:12 2022] GET /identity/v3/projects/c9ad666675744c88976e6b45e1415a3a => generated 298 bytes in 159 msecs (HTTP/1.1 200) 5 headers in 177 bytes (2 switches on core 0)
Aug 05 05:00:12.556047 dv-cinder-815582-14-iscsi devstack@keystone.service[80378]: DEBUG keystone.server.flask.request_processing.middleware.auth_context [None req-02aa5e6b-8e29-417d-96f0-35115ac0a069 None admin] Authenticating user token {{(pid=80378) process_request /usr/local/lib/python3.8/dist-packages/keystonemiddleware/auth_token/__init__.py:407}}
Aug 05 05:00:12.683739 dv-cinder-815582-14-iscsi devstack@keystone.service[80378]: DEBUG keystone.server.flask.request_processing.middleware.auth_context [None req-02aa5e6b-8e29-417d-96f0-35115ac0a069 None admin] Validating token access rules against request {{(pid=80378) validate_allowed_request /usr/local/lib/python3.8/dist-packages/keystonemiddleware/auth_token/__init__.py:545}}
Aug 05 05:00:12.714175 dv-cinder-815582-14-iscsi devstack@keystone.service[80378]: DEBUG dbcounter [-] [80378] Writing DB stats keystone:SELECT=100 {{(pid=80378) stat_writer /usr/local/lib/python3.8/dist-packages/dbcounter.py:114}}
Aug 05 05:00:12.723957 dv-cinder-815582-14-iscsi devstack@keystone.service[80378]: DEBUG keystone.server.flask.request_processing.middleware.auth_context [None req-4aeceff5-8894-4e3f-aa9d-abad68f4e81a None admin] RBAC: auth_context: {'token': , 'domain_id': None, 'trust_id': None, 'trustor_id': None, 'trustee_id': None, 'domain_name': None, 'group_ids': [], 'user_id': 'c8b08b7805764c45aae169c453594d3d', 'user_domain_id': 'default', 'system_scope': 'all', 'project_id': None, 'project_domain_id': None, 'roles': ['admin', 'member', 'reader'], 'is_admin_project': True, 'service_user_id': None, 'service_user_domain_id': None, 'service_project_id': None, 'service_project_domain_id': None, 'service_roles': []} {{(pid=80378) fill_context /opt/stack/keystone/keystone/server/flask/request_processing/middleware/auth_context.py:478}}
Aug 05 05:00:12.724705 dv-cinder-815582-14-iscsi devstack@keystone.service[80378]: DEBUG keystone.server.flask.request_processing.req_logging [None req-4aeceff5-8894-4e3f-aa9d-abad68f4e81a None admin] REQUEST_METHOD: `PUT` {{(pid=80378) log_request_info /opt/stack/keystone/keystone/server/flask/request_processing/req_logging.py:27}}
Aug 05 05:00:12.724992 dv-cinder-815582-14-iscsi devstack@keystone.service[80378]: DEBUG keystone.server.flask.request_processing.req_logging [None req-4aeceff5-8894-4e3f-aa9d-abad68f4e81a None admin] SCRIPT_NAME: `/identity` {{(pid=80378) log_request_info /opt/stack/keystone/keystone/server/flask/request_processing/req_logging.py:28}}
Aug 05 05:00:12.725333 dv-cinder-815582-14-iscsi devstack@keystone.service[80378]: DEBUG keystone.server.flask.request_processing.req_logging [None req-4aeceff5-8894-4e3f-aa9d-abad68f4e81a None admin] PATH_INFO: `/v3/projects/c9ad666675744c88976e6b45e1415a3a/groups/eb171bc025c64cc096a961b2c560ec61/roles/3f8debab12324e0da238b80499b5eafe` {{(pid=80378) log_request_info /opt/stack/keystone/keystone/server/flask/request_processing/req_logging.py:29}}
Aug 05 05:00:12.727551 dv-cinder-815582-14-iscsi devstack@keystone.service[80378]: DEBUG keystone.common.rbac_enforcer.enforcer [None req-4aeceff5-8894-4e3f-aa9d-abad68f4e81a None admin] RBAC: Authorizing `identity:create_grant(project_id=c9ad666675744c88976e6b45e1415a3a, group_id=eb171bc025c64cc096a961b2c560ec61, role_id=3f8debab12324e0da238b80499b5eafe)` {{(pid=80378) enforce_call /opt/stack/keystone/keystone/common/rbac_enforcer/enforcer.py:449}}
Aug 05 05:00:12.729368 dv-cinder-815582-14-iscsi devstack@keystone.service[80378]: DEBUG keystone.common.rbac_enforcer.enforcer [None req-4aeceff5-8894-4e3f-aa9d-abad68f4e81a None admin] RBAC: Authorization granted {{(pid=80378) enforce_call /opt/stack/keystone/keystone/common/rbac_enforcer/enforcer.py:457}}
Aug 05 05:00:12.747981 dv-cinder-815582-14-iscsi devstack@keystone.service[80378]: [pid: 80378|app: 0|req: 192/387] 10.222.0.30 () {58 vars in 1442 bytes} [Fri Aug 5 05:00:12 2022] PUT /identity/v3/projects/c9ad666675744c88976e6b45e1415a3a/groups/eb171bc025c64cc096a961b2c560ec61/roles/3f8debab12324e0da238b80499b5eafe => generated 0 bytes in 192 msecs (HTTP/1.1 204) 3 headers in 132 bytes (0 switches on core 0)
Aug 05 05:00:13.690658 dv-cinder-815582-14-iscsi devstack@keystone.service[80379]: DEBUG keystone.server.flask.request_processing.req_logging [None req-f321deb8-a15b-40a3-bd68-08b5623dc763 None None] REQUEST_METHOD: `GET` {{(pid=80379) log_request_info /opt/stack/keystone/keystone/server/flask/request_processing/req_logging.py:27}}
Aug 05 05:00:13.691227 dv-cinder-815582-14-iscsi devstack@keystone.service[80379]: DEBUG keystone.server.flask.request_processing.req_logging [None req-f321deb8-a15b-40a3-bd68-08b5623dc763 None None] SCRIPT_NAME: `/identity` {{(pid=80379) log_request_info /opt/stack/keystone/keystone/server/flask/request_processing/req_logging.py:28}}
Aug 05 05:00:13.691227 dv-cinder-815582-14-iscsi devstack@keystone.service[80379]: DEBUG keystone.server.flask.request_processing.req_logging [None req-f321deb8-a15b-40a3-bd68-08b5623dc763 None None] PATH_INFO: `/` {{(pid=80379) log_request_info /opt/stack/keystone/keystone/server/flask/request_processing/req_logging.py:29}}
