Aug 05 04:59:48.418219 dv-cinder-815582-14-iscsi devstack@keystone.service[80378]: DEBUG keystone.server.flask.request_processing.req_logging [None req-d4fff9de-7ea9-43bd-a290-2036f2cb0c63 None admin] SCRIPT_NAME: `/identity` {{(pid=80378) log_request_info /opt/stack/keystone/keystone/server/flask/request_processing/req_logging.py:28}}
Aug 05 04:59:48.418500 dv-cinder-815582-14-iscsi devstack@keystone.service[80378]: DEBUG keystone.server.flask.request_processing.req_logging [None req-d4fff9de-7ea9-43bd-a290-2036f2cb0c63 None admin] PATH_INFO: `/v3/users` {{(pid=80378) log_request_info /opt/stack/keystone/keystone/server/flask/request_processing/req_logging.py:29}}
Aug 05 04:59:48.419190 dv-cinder-815582-14-iscsi devstack@keystone.service[80378]: DEBUG keystone.common.rbac_enforcer.enforcer [None req-d4fff9de-7ea9-43bd-a290-2036f2cb0c63 None admin] RBAC: Authorizing `identity:create_user()` {{(pid=80378) enforce_call /opt/stack/keystone/keystone/common/rbac_enforcer/enforcer.py:449}}
Aug 05 04:59:48.420731 dv-cinder-815582-14-iscsi devstack@keystone.service[80378]: DEBUG keystone.common.rbac_enforcer.enforcer [None req-d4fff9de-7ea9-43bd-a290-2036f2cb0c63 None admin] RBAC: Authorization granted {{(pid=80378) enforce_call /opt/stack/keystone/keystone/common/rbac_enforcer/enforcer.py:457}}
Aug 05 04:59:48.435203 dv-cinder-815582-14-iscsi devstack@keystone.service[80379]: DEBUG keystone.server.flask.request_processing.middleware.auth_context [None req-a15c82d9-ddf7-4d0a-8183-374c4401b3e9 None admin] RBAC: auth_context: {'token': , 'domain_id': None, 'trust_id': None, 'trustor_id': None, 'trustee_id': None, 'domain_name': None, 'group_ids': [], 'user_id': 'c8b08b7805764c45aae169c453594d3d', 'user_domain_id': 'default', 'system_scope': 'all', 'project_id': None, 'project_domain_id': None, 'roles': ['admin', 'member', 'reader'], 'is_admin_project': True, 'service_user_id': None, 'service_user_domain_id': None, 'service_project_id': None, 'service_project_domain_id': None, 'service_roles': []} {{(pid=80379) fill_context /opt/stack/keystone/keystone/server/flask/request_processing/middleware/auth_context.py:478}}
Aug 05 04:59:48.435991 dv-cinder-815582-14-iscsi devstack@keystone.service[80379]: DEBUG keystone.server.flask.request_processing.req_logging [None req-a15c82d9-ddf7-4d0a-8183-374c4401b3e9 None admin] REQUEST_METHOD: `GET` {{(pid=80379) log_request_info /opt/stack/keystone/keystone/server/flask/request_processing/req_logging.py:27}}
Aug 05 04:59:48.436307 dv-cinder-815582-14-iscsi devstack@keystone.service[80379]: DEBUG keystone.server.flask.request_processing.req_logging [None req-a15c82d9-ddf7-4d0a-8183-374c4401b3e9 None admin] SCRIPT_NAME: `/identity` {{(pid=80379) log_request_info /opt/stack/keystone/keystone/server/flask/request_processing/req_logging.py:28}}
Aug 05 04:59:48.436598 dv-cinder-815582-14-iscsi devstack@keystone.service[80379]: DEBUG keystone.server.flask.request_processing.req_logging [None req-a15c82d9-ddf7-4d0a-8183-374c4401b3e9 None admin] PATH_INFO: `/v3/role_assignments` {{(pid=80379) log_request_info /opt/stack/keystone/keystone/server/flask/request_processing/req_logging.py:29}}
Aug 05 04:59:48.437450 dv-cinder-815582-14-iscsi devstack@keystone.service[80378]: DEBUG dbcounter [-] [80378] Writing DB stats keystone:SELECT=97,keystone:INSERT=3 {{(pid=80378) stat_writer /usr/local/lib/python3.8/dist-packages/dbcounter.py:114}}
Aug 05 04:59:48.437598 dv-cinder-815582-14-iscsi devstack@keystone.service[80379]: DEBUG keystone.common.rbac_enforcer.enforcer [None req-a15c82d9-ddf7-4d0a-8183-374c4401b3e9 None admin] RBAC: Adding query filter params (role.id=47aca6aac2934a5cb816872abfc94994, scope.project.id=8f5c4224b99e4c15856ab6c5e76cd861, user.id=28574a4730ec476a91f6089fcd362854) {{(pid=80379) _extract_filter_values /opt/stack/keystone/keystone/common/rbac_enforcer/enforcer.py:167}}
Aug 05 04:59:48.437784 dv-cinder-815582-14-iscsi devstack@keystone.service[80379]: DEBUG keystone.common.rbac_enforcer.enforcer [None req-a15c82d9-ddf7-4d0a-8183-374c4401b3e9 None admin] RBAC: Authorizing `identity:list_role_assignments()` {{(pid=80379) enforce_call /opt/stack/keystone/keystone/common/rbac_enforcer/enforcer.py:449}}
Aug 05 04:59:48.439367 dv-cinder-815582-14-iscsi devstack@keystone.service[80379]: DEBUG keystone.common.rbac_enforcer.enforcer [None req-a15c82d9-ddf7-4d0a-8183-374c4401b3e9 None admin] RBAC: Authorization granted {{(pid=80379) enforce_call /opt/stack/keystone/keystone/common/rbac_enforcer/enforcer.py:457}}
Aug 05 04:59:48.452367 dv-cinder-815582-14-iscsi devstack@keystone.service[80378]: [pid: 80378|app: 0|req: 97/200] 10.222.0.30 () {60 vars in 1132 bytes} [Fri Aug 5 04:59:48 2022] POST /identity/v3/users => generated 297 bytes in 170 msecs (HTTP/1.1 201) 5 headers in 182 bytes (1 switches on core 0)
Aug 05 04:59:48.452367 dv-cinder-815582-14-iscsi devstack@keystone.service[80378]: DEBUG keystone.server.flask.request_processing.middleware.auth_context [None req-d4fff9de-7ea9-43bd-a290-2036f2cb0c63 None admin] Authenticating user token {{(pid=80378) process_request /usr/local/lib/python3.8/dist-packages/keystonemiddleware/auth_token/__init__.py:407}}
Aug 05 04:59:48.463490 dv-cinder-815582-14-iscsi devstack@keystone.service[80379]: [pid: 80379|app: 0|req: 104/201] 10.222.0.30 () {56 vars in 1374 bytes} [Fri Aug 5 04:59:48 2022] GET /identity/v3/role_assignments?user.id=28574a4730ec476a91f6089fcd362854&scope.project.id=8f5c4224b99e4c15856ab6c5e76cd861&role.id=47aca6aac2934a5cb816872abfc94994 => generated 259 bytes in 154 msecs (HTTP/1.1 200) 5 headers in 177 bytes (1 switches on core 0)
Aug 05 04:59:48.463490 dv-cinder-815582-14-iscsi devstack@keystone.service[80379]: DEBUG keystone.server.flask.request_processing.middleware.auth_context [None req-a15c82d9-ddf7-4d0a-8183-374c4401b3e9 None admin] Authenticating user token {{(pid=80379) process_request /usr/local/lib/python3.8/dist-packages/keystonemiddleware/auth_token/__init__.py:407}}
Aug 05 04:59:48.591557 dv-cinder-815582-14-iscsi devstack@keystone.service[80378]: DEBUG keystone.server.flask.request_processing.middleware.auth_context [None req-d4fff9de-7ea9-43bd-a290-2036f2cb0c63 None admin] Validating token access rules against request {{(pid=80378) validate_allowed_request /usr/local/lib/python3.8/dist-packages/keystonemiddleware/auth_token/__init__.py:545}}
Aug 05 04:59:48.611333 dv-cinder-815582-14-iscsi devstack@keystone.service[80379]: DEBUG keystone.server.flask.request_processing.middleware.auth_context [None req-a15c82d9-ddf7-4d0a-8183-374c4401b3e9 None admin] Validating token access rules against request {{(pid=80379) validate_allowed_request /usr/local/lib/python3.8/dist-packages/keystonemiddleware/auth_token/__init__.py:545}}
Aug 05 04:59:48.637061 dv-cinder-815582-14-iscsi devstack@keystone.service[80378]: DEBUG keystone.server.flask.request_processing.middleware.auth_context [None req-a06704a0-3a18-434e-ac72-eaa826eb408a None admin] RBAC: auth_context: {'token': , 'domain_id': None, 'trust_id': None, 'trustor_id': None, 'trustee_id': None, 'domain_name': None, 'group_ids': [], 'user_id': 'c8b08b7805764c45aae169c453594d3d', 'user_domain_id': 'default', 'system_scope': 'all', 'project_id': None, 'project_domain_id': None, 'roles': ['admin', 'member', 'reader'], 'is_admin_project': True, 'service_user_id': None, 'service_user_domain_id': None, 'service_project_id': None, 'service_project_domain_id': None, 'service_roles': []} {{(pid=80378) fill_context /opt/stack/keystone/keystone/server/flask/request_processing/middleware/auth_context.py:478}}
Aug 05 04:59:48.637678 dv-cinder-815582-14-iscsi devstack@keystone.service[80378]: DEBUG keystone.server.flask.request_processing.req_logging [None req-a06704a0-3a18-434e-ac72-eaa826eb408a None admin] REQUEST_METHOD: `GET` {{(pid=80378) log_request_info /opt/stack/keystone/keystone/server/flask/request_processing/req_logging.py:27}}
Aug 05 04:59:48.637943 dv-cinder-815582-14-iscsi devstack@keystone.service[80378]: DEBUG keystone.server.flask.request_processing.req_logging [None req-a06704a0-3a18-434e-ac72-eaa826eb408a None admin] SCRIPT_NAME: `/identity` {{(pid=80378) log_request_info /opt/stack/keystone/keystone/server/flask/request_processing/req_logging.py:28}}
Aug 05 04:59:48.638211 dv-cinder-815582-14-iscsi devstack@keystone.service[80378]: DEBUG keystone.server.flask.request_processing.req_logging [None req-a06704a0-3a18-434e-ac72-eaa826eb408a None admin] PATH_INFO: `/v3/roles/reader` {{(pid=80378) log_request_info /opt/stack/keystone/keystone/server/flask/request_processing/req_logging.py:29}}
Aug 05 04:59:48.652041 dv-cinder-815582-14-iscsi devstack@keystone.service[80379]: DEBUG keystone.server.flask.request_processing.middleware.auth_context [None req-83bbe690-452d-4e15-ba66-68a55e9fffb6 None admin] RBAC: auth_context: {'token': , 'domain_id': None, 'trust_id': None, 'trustor_id': None, 'trustee_id': None, 'domain_name': None, 'group_ids': [], 'user_id': 'c8b08b7805764c45aae169c453594d3d', 'user_domain_id': 'default', 'system_scope': 'all', 'project_id': None, 'project_domain_id': None, 'roles': ['admin', 'member', 'reader'], 'is_admin_project': True, 'service_user_id': None, 'service_user_domain_id': None, 'service_project_id': None, 'service_project_domain_id': None, 'service_roles': []} {{(pid=80379) fill_context /opt/stack/keystone/keystone/server/flask/request_processing/middleware/auth_context.py:478}}
Aug 05 04:59:48.652392 dv-cinder-815582-14-iscsi devstack@keystone.service[80378]: DEBUG keystone.common.rbac_enforcer.enforcer [None req-a06704a0-3a18-434e-ac72-eaa826eb408a None admin] Extracting inferred target data resulted in "NOT FOUND (404)". {{(pid=80378) enforce_call /opt/stack/keystone/keystone/common/rbac_enforcer/enforcer.py:409}}
Aug 05 04:59:48.652681 dv-cinder-815582-14-iscsi devstack@keystone.service[80379]: DEBUG keystone.server.flask.request_processing.req_logging [None req-83bbe690-452d-4e15-ba66-68a55e9fffb6 None admin] REQUEST_METHOD: `GET` {{(pid=80379) log_request_info /opt/stack/keystone/keystone/server/flask/request_processing/req_logging.py:27}}
Aug 05 04:59:48.652962 dv-cinder-815582-14-iscsi devstack@keystone.service[80379]: DEBUG keystone.server.flask.request_processing.req_logging [None req-83bbe690-452d-4e15-ba66-68a55e9fffb6 None admin] SCRIPT_NAME: `/identity` {{(pid=80379) log_request_info /opt/stack/keystone/keystone/server/flask/request_processing/req_logging.py:28}}
Aug 05 04:59:48.653240 dv-cinder-815582-14-iscsi devstack@keystone.service[80379]: DEBUG keystone.server.flask.request_processing.req_logging [None req-83bbe690-452d-4e15-ba66-68a55e9fffb6 None admin] PATH_INFO: `/v3/role_assignments` {{(pid=80379) log_request_info /opt/stack/keystone/keystone/server/flask/request_processing/req_logging.py:29}}
Aug 05 04:59:48.654039 dv-cinder-815582-14-iscsi devstack@keystone.service[80379]: DEBUG keystone.common.rbac_enforcer.enforcer [None req-83bbe690-452d-4e15-ba66-68a55e9fffb6 None admin] RBAC: Adding query filter params (role.id=b45b6545a9d3485a88cd9433637a1a81, scope.project.id=8f5c4224b99e4c15856ab6c5e76cd861, user.id=28574a4730ec476a91f6089fcd362854) {{(pid=80379) _extract_filter_values /opt/stack/keystone/keystone/common/rbac_enforcer/enforcer.py:167}}
Aug 05 04:59:48.654422 dv-cinder-815582-14-iscsi devstack@keystone.service[80379]: DEBUG keystone.common.rbac_enforcer.enforcer [None req-83bbe690-452d-4e15-ba66-68a55e9fffb6 None admin] RBAC: Authorizing `identity:list_role_assignments()` {{(pid=80379) enforce_call /opt/stack/keystone/keystone/common/rbac_enforcer/enforcer.py:449}}
Aug 05 04:59:48.655916 dv-cinder-815582-14-iscsi devstack@keystone.service[80379]: DEBUG keystone.common.rbac_enforcer.enforcer [None req-83bbe690-452d-4e15-ba66-68a55e9fffb6 None admin] RBAC: Authorization granted {{(pid=80379) enforce_call /opt/stack/keystone/keystone/common/rbac_enforcer/enforcer.py:457}}
Aug 05 04:59:48.658153 dv-cinder-815582-14-iscsi devstack@keystone.service[80378]: ERROR keystone.server.flask.application [None req-a06704a0-3a18-434e-ac72-eaa826eb408a None admin] Could not find role: reader.: keystone.exception.RoleNotFound: Could not find role: reader.
Aug 05 04:59:48.658153 dv-cinder-815582-14-iscsi devstack@keystone.service[80378]: ERROR keystone.server.flask.application
Traceback (most recent call last):
Aug 05 04:59:48.658153 dv-cinder-815582-14-iscsi devstack@keystone.service[80378]: ERROR keystone.server.flask.application
File "/usr/local/lib/python3.8/dist-packages/flask/app.py", line 1517, in full_dispatch_request
Aug 05 04:59:48.658153 dv-cinder-815582-14-iscsi devstack@keystone.service[80378]: ERROR keystone.server.flask.application rv = self.dispatch_request()
Aug 05 04:59:48.658153 dv-cinder-815582-14-iscsi devstack@keystone.service[80378]: ERROR keystone.server.flask.application
File "/usr/local/lib/python3.8/dist-packages/flask/app.py", line 1503, in dispatch_request
Aug 05 04:59:48.658153 dv-cinder-815582-14-iscsi devstack@keystone.service[80378]: ERROR keystone.server.flask.application return self.ensure_sync(self.view_functions[rule.endpoint])(**req.view_args)
Aug 05 04:59:48.658153 dv-cinder-815582-14-iscsi devstack@keystone.service[80378]: ERROR keystone.server.flask.application
File "/usr/local/lib/python3.8/dist-packages/flask_restful/__init__.py", line 467, in wrapper
Aug 05 04:59:48.658153 dv-cinder-815582-14-iscsi devstack@keystone.service[80378]: ERROR keystone.server.flask.application resp = resource(*args, **kwargs)
Aug 05 04:59:48.658153 dv-cinder-815582-14-iscsi devstack@keystone.service[80378]: ERROR keystone.server.flask.application
File "/usr/local/lib/python3.8/dist-packages/flask/views.py", line 84, in view
Aug 05 04:59:48.658153 dv-cinder-815582-14-iscsi devstack@keystone.service[80378]: ERROR keystone.server.flask.application return current_app.ensure_sync(self.dispatch_request)(*args, **kwargs)
Aug 05 04:59:48.658153 dv-cinder-815582-14-iscsi devstack@keystone.service[80378]: ERROR keystone.server.flask.application
File "/usr/local/lib/python3.8/dist-packages/flask_restful/__init__.py", line 582, in dispatch_request
Aug 05 04:59:48.658153 dv-cinder-815582-14-iscsi devstack@keystone.service[80378]: ERROR keystone.server.flask.application resp = meth(*args, **kwargs)
Aug 05 04:59:48.658153 dv-cinder-815582-14-iscsi devstack@keystone.service[80378]: ERROR keystone.server.flask.application
File "/opt/stack/keystone/keystone/api/roles.py", line 50, in get
Aug 05 04:59:48.658153 dv-cinder-815582-14-iscsi devstack@keystone.service[80378]: ERROR keystone.server.flask.application return self._get_role(role_id)
Aug 05 04:59:48.658153 dv-cinder-815582-14-iscsi devstack@keystone.service[80378]: ERROR keystone.server.flask.application
File "/opt/stack/keystone/keystone/api/roles.py", line 70, in _get_role
Aug 05 04:59:48.658153 dv-cinder-815582-14-iscsi devstack@keystone.service[80378]: ERROR keystone.server.flask.application ENFORCER.enforce_call(action='identity:get_role')
Aug 05 04:59:48.659097 dv-cinder-815582-14-iscsi devstack@keystone.service[80378]: ERROR keystone.server.flask.application
File "/opt/stack/keystone/keystone/common/rbac_enforcer/enforcer.py", line 402, in enforce_call
Aug 05 04:59:48.659097 dv-cinder-815582-14-iscsi devstack@keystone.service[80378]: ERROR keystone.server.flask.application policy_dict.update(cls._extract_member_target_data(
Aug 05 04:59:48.659097 dv-cinder-815582-14-iscsi devstack@keystone.service[80378]: ERROR keystone.server.flask.application
File "/opt/stack/keystone/keystone/common/rbac_enforcer/enforcer.py", line 234, in _extract_member_target_data
Aug 05 04:59:48.659097 dv-cinder-815582-14-iscsi devstack@keystone.service[80378]: ERROR keystone.server.flask.application member_name: func(flask.request.view_args[key])
Aug 05 04:59:48.659097 dv-cinder-815582-14-iscsi devstack@keystone.service[80378]: ERROR keystone.server.flask.application
File "/opt/stack/keystone/keystone/common/manager.py", line 115, in wrapped
Aug 05 04:59:48.659097 dv-cinder-815582-14-iscsi devstack@keystone.service[80378]: ERROR keystone.server.flask.application __ret_val = __f(*args, **kwargs)
Aug 05 04:59:48.659097 dv-cinder-815582-14-iscsi devstack@keystone.service[80378]: ERROR keystone.server.flask.application
File "/usr/local/lib/python3.8/dist-packages/decorator.py", line 232, in fun
Aug 05 04:59:48.659097 dv-cinder-815582-14-iscsi devstack@keystone.service[80378]: ERROR keystone.server.flask.application return caller(func, *(extras + args), **kw)
Aug 05 04:59:48.659097 dv-cinder-815582-14-iscsi devstack@keystone.service[80378]: ERROR keystone.server.flask.application
File "/usr/local/lib/python3.8/dist-packages/dogpile/cache/region.py", line 1577, in get_or_create_for_user_func
Aug 05 04:59:48.659097 dv-cinder-815582-14-iscsi devstack@keystone.service[80378]: ERROR keystone.server.flask.application return self.get_or_create(
Aug 05 04:59:48.659097 dv-cinder-815582-14-iscsi devstack@keystone.service[80378]: ERROR keystone.server.flask.application
File "/usr/local/lib/python3.8/dist-packages/dogpile/cache/region.py", line 1042, in get_or_create
Aug 05 04:59:48.659097 dv-cinder-815582-14-iscsi devstack@keystone.service[80378]: ERROR keystone.server.flask.application with Lock(
Aug 05 04:59:48.659097 dv-cinder-815582-14-iscsi devstack@keystone.service[80378]: ERROR keystone.server.flask.application
File "/usr/local/lib/python3.8/dist-packages/dogpile/lock.py", line 185, in __enter__
Aug 05 04:59:48.659097 dv-cinder-815582-14-iscsi devstack@keystone.service[80378]: ERROR keystone.server.flask.application return self._enter()
Aug 05 04:59:48.659097 dv-cinder-815582-14-iscsi devstack@keystone.service[80378]: ERROR keystone.server.flask.application
File "/usr/local/lib/python3.8/dist-packages/dogpile/lock.py", line 94, in _enter
Aug 05 04:59:48.659097 dv-cinder-815582-14-iscsi devstack@keystone.service[80378]: ERROR keystone.server.flask.application generated = self._enter_create(value, createdtime)
Aug 05 04:59:48.659910 dv-cinder-815582-14-iscsi devstack@keystone.service[80378]: ERROR keystone.server.flask.application
File "/usr/local/lib/python3.8/dist-packages/dogpile/lock.py", line 178, in _enter_create
Aug 05 04:59:48.659910 dv-cinder-815582-14-iscsi devstack@keystone.service[80378]: ERROR keystone.server.flask.application return self.creator()
Aug 05 04:59:48.659910 dv-cinder-815582-14-iscsi devstack@keystone.service[80378]: ERROR keystone.server.flask.application
File "/usr/local/lib/python3.8/dist-packages/dogpile/cache/region.py", line 995, in gen_value
Aug 05 04:59:48.659910 dv-cinder-815582-14-iscsi devstack@keystone.service[80378]: ERROR keystone.server.flask.application created_value = creator(
Aug 05 04:59:48.659910 dv-cinder-815582-14-iscsi devstack@keystone.service[80378]: ERROR keystone.server.flask.application
File "/opt/stack/keystone/keystone/assignment/core.py", line 1276, in get_role
Aug 05 04:59:48.659910 dv-cinder-815582-14-iscsi devstack@keystone.service[80378]: ERROR keystone.server.flask.application return self.driver.get_role(role_id)
Aug 05 04:59:48.659910 dv-cinder-815582-14-iscsi devstack@keystone.service[80378]: ERROR keystone.server.flask.application
File "/opt/stack/keystone/keystone/assignment/role_backends/sql.py", line 70, in get_role
Aug 05 04:59:48.659910 dv-cinder-815582-14-iscsi devstack@keystone.service[80378]: ERROR keystone.server.flask.application return self._get_role(session, role_id).to_dict()
Aug 05 04:59:48.659910 dv-cinder-815582-14-iscsi devstack@keystone.service[80378]: ERROR keystone.server.flask.application
File "/opt/stack/keystone/keystone/assignment/role_backends/sql.py", line 65, in _get_role
Aug 05 04:59:48.659910 dv-cinder-815582-14-iscsi devstack@keystone.service[80378]: ERROR keystone.server.flask.application raise exception.RoleNotFound(role_id=role_id)
Aug 05 04:59:48.659910 dv-cinder-815582-14-iscsi devstack@keystone.service[80378]: ERROR keystone.server.flask.application keystone.exception.RoleNotFound: Could not find role: reader.
Aug 05 04:59:48.659910 dv-cinder-815582-14-iscsi devstack@keystone.service[80378]: ERROR keystone.server.flask.application
Aug 05 04:59:48.661207 dv-cinder-815582-14-iscsi devstack@keystone.service[80378]: [pid: 80378|app: 0|req: 98/202] 10.222.0.30 () {56 vars in 1099 bytes} [Fri Aug 5 04:59:48 2022] GET /identity/v3/roles/reader => generated 84 bytes in 217 msecs (HTTP/1.1 404) 5 headers in 183 bytes (1 switches on core 0)
Aug 05 04:59:48.663108 dv-cinder-815582-14-iscsi devstack@keystone.service[80379]: [pid: 80379|app: 0|req: 105/203] 10.222.0.30 () {56 vars in 1374 bytes} [Fri Aug 5 04:59:48 2022] GET /identity/v3/role_assignments?user.id=28574a4730ec476a91f6089fcd362854&scope.project.id=8f5c4224b99e4c15856ab6c5e76cd861&role.id=b45b6545a9d3485a88cd9433637a1a81 => generated 259 bytes in 206 msecs (HTTP/1.1 200) 5 headers in 177 bytes (1 switches on core 0)
Aug 05 04:59:48.665796 dv-cinder-815582-14-iscsi devstack@keystone.service[80378]: DEBUG keystone.server.flask.request_processing.middleware.auth_context [None req-a06704a0-3a18-434e-ac72-eaa826eb408a None admin] Authenticating user token {{(pid=80378) process_request /usr/local/lib/python3.8/dist-packages/keystonemiddleware/auth_token/__init__.py:407}}
Aug 05 04:59:48.736416 dv-cinder-815582-14-iscsi devstack@keystone.service[80378]: DEBUG dbcounter [-] [80378] Writing DB stats keystone:SELECT=100 {{(pid=80378) stat_writer /usr/local/lib/python3.8/dist-packages/dbcounter.py:114}}
Aug 05 04:59:48.786090 dv-cinder-815582-14-iscsi devstack@keystone.service[80378]: DEBUG keystone.server.flask.request_processing.middleware.auth_context [None req-a06704a0-3a18-434e-ac72-eaa826eb408a None admin] Validating token access rules against request {{(pid=80378) validate_allowed_request /usr/local/lib/python3.8/dist-packages/keystonemiddleware/auth_token/__init__.py:545}}
Aug 05 04:59:48.824538 dv-cinder-815582-14-iscsi devstack@keystone.service[80378]: DEBUG keystone.server.flask.request_processing.middleware.auth_context [None req-4fe73aa7-f66d-4878-9290-b39eba168adc None admin] RBAC: auth_context: {'token': , 'domain_id': None, 'trust_id': None, 'trustor_id': None, 'trustee_id': None, 'domain_name': None, 'group_ids': [], 'user_id': 'c8b08b7805764c45aae169c453594d3d', 'user_domain_id': 'default', 'system_scope': 'all', 'project_id': None, 'project_domain_id': None, 'roles': ['admin', 'member', 'reader'], 'is_admin_project': True, 'service_user_id': None, 'service_user_domain_id': None, 'service_project_id': None, 'service_project_domain_id': None, 'service_roles': []} {{(pid=80378) fill_context /opt/stack/keystone/keystone/server/flask/request_processing/middleware/auth_context.py:478}}
Aug 05 04:59:48.825193 dv-cinder-815582-14-iscsi devstack@keystone.service[80378]: DEBUG keystone.server.flask.request_processing.req_logging [None req-4fe73aa7-f66d-4878-9290-b39eba168adc None admin] REQUEST_METHOD: `GET` {{(pid=80378) log_request_info /opt/stack/keystone/keystone/server/flask/request_processing/req_logging.py:27}}
Aug 05 04:59:48.825467 dv-cinder-815582-14-iscsi devstack@keystone.service[80378]: DEBUG keystone.server.flask.request_processing.req_logging [None req-4fe73aa7-f66d-4878-9290-b39eba168adc None admin] SCRIPT_NAME: `/identity` {{(pid=80378) log_request_info /opt/stack/keystone/keystone/server/flask/request_processing/req_logging.py:28}}
Aug 05 04:59:48.825746 dv-cinder-815582-14-iscsi devstack@keystone.service[80378]: DEBUG keystone.server.flask.request_processing.req_logging [None req-4fe73aa7-f66d-4878-9290-b39eba168adc None admin] PATH_INFO: `/v3/roles` {{(pid=80378) log_request_info /opt/stack/keystone/keystone/server/flask/request_processing/req_logging.py:29}}
Aug 05 04:59:48.826602 dv-cinder-815582-14-iscsi devstack@keystone.service[80378]: DEBUG keystone.common.rbac_enforcer.enforcer [None req-4fe73aa7-f66d-4878-9290-b39eba168adc None admin] RBAC: Adding query filter params (name=reader) {{(pid=80378) _extract_filter_values /opt/stack/keystone/keystone/common/rbac_enforcer/enforcer.py:167}}
Aug 05 04:59:48.826909 dv-cinder-815582-14-iscsi devstack@keystone.service[80378]: DEBUG keystone.common.rbac_enforcer.enforcer [None req-4fe73aa7-f66d-4878-9290-b39eba168adc None admin] RBAC: Authorizing `identity:list_roles()` {{(pid=80378) enforce_call /opt/stack/keystone/keystone/common/rbac_enforcer/enforcer.py:449}}
Aug 05 04:59:48.829783 dv-cinder-815582-14-iscsi devstack@keystone.service[80378]: DEBUG keystone.common.rbac_enforcer.enforcer [None req-4fe73aa7-f66d-4878-9290-b39eba168adc None admin] RBAC: Authorization granted {{(pid=80378) enforce_call /opt/stack/keystone/keystone/common/rbac_enforcer/enforcer.py:457}}
Aug 05 04:59:48.838775 dv-cinder-815582-14-iscsi devstack@keystone.service[80378]: [pid: 80378|app: 0|req: 99/204] 10.222.0.30 () {56 vars in 1101 bytes} [Fri Aug 5 04:59:48 2022] GET /identity/v3/roles?name=reader => generated 341 bytes in 173 msecs (HTTP/1.1 200) 5 headers in 177 bytes (1 switches on core 0)
Aug 05 04:59:48.844592 dv-cinder-815582-14-iscsi devstack@keystone.service[80379]: DEBUG keystone.server.flask.request_processing.middleware.auth_context [None req-83bbe690-452d-4e15-ba66-68a55e9fffb6 None admin] Authenticating user token {{(pid=80379) process_request /usr/local/lib/python3.8/dist-packages/keystonemiddleware/auth_token/__init__.py:407}}
Aug 05 04:59:48.847561 dv-cinder-815582-14-iscsi devstack@keystone.service[80379]: DEBUG dbcounter [-] [80379] Writing DB stats keystone:SELECT=100 {{(pid=80379) stat_writer /usr/local/lib/python3.8/dist-packages/dbcounter.py:114}}
Aug 05 04:59:48.953051 dv-cinder-815582-14-iscsi devstack@keystone.service[80379]: DEBUG keystone.server.flask.request_processing.middleware.auth_context [None req-83bbe690-452d-4e15-ba66-68a55e9fffb6 None admin] Validating token access rules against request {{(pid=80379) validate_allowed_request /usr/local/lib/python3.8/dist-packages/keystonemiddleware/auth_token/__init__.py:545}}
Aug 05 04:59:48.995245 dv-cinder-815582-14-iscsi devstack@keystone.service[80379]: DEBUG keystone.server.flask.request_processing.middleware.auth_context [None req-8fb412e0-91d1-4b81-8285-e6255e89fde7 None admin] RBAC: auth_context: {'token': , 'domain_id': None, 'trust_id': None, 'trustor_id': None, 'trustee_id': None, 'domain_name': None, 'group_ids': [], 'user_id': 'c8b08b7805764c45aae169c453594d3d', 'user_domain_id': 'default', 'system_scope': 'all', 'project_id': None, 'project_domain_id': None, 'roles': ['admin', 'member', 'reader'], 'is_admin_project': True, 'service_user_id': None, 'service_user_domain_id': None, 'service_project_id': None, 'service_project_domain_id': None, 'service_roles': []} {{(pid=80379) fill_context /opt/stack/keystone/keystone/server/flask/request_processing/middleware/auth_context.py:478}}
Aug 05 04:59:48.996212 dv-cinder-815582-14-iscsi devstack@keystone.service[80379]: DEBUG keystone.server.flask.request_processing.req_logging [None req-8fb412e0-91d1-4b81-8285-e6255e89fde7 None admin] REQUEST_METHOD: `GET` {{(pid=80379) log_request_info /opt/stack/keystone/keystone/server/flask/request_processing/req_logging.py:27}}
Aug 05 04:59:48.996630 dv-cinder-815582-14-iscsi devstack@keystone.service[80379]: DEBUG keystone.server.flask.request_processing.req_logging [None req-8fb412e0-91d1-4b81-8285-e6255e89fde7 None admin] SCRIPT_NAME: `/identity` {{(pid=80379) log_request_info /opt/stack/keystone/keystone/server/flask/request_processing/req_logging.py:28}}
Aug 05 04:59:48.997030 dv-cinder-815582-14-iscsi devstack@keystone.service[80379]: DEBUG keystone.server.flask.request_processing.req_logging [None req-8fb412e0-91d1-4b81-8285-e6255e89fde7 None admin] PATH_INFO: `/v3/users/df7458a6ecea442aa3a2058d810f6efd` {{(pid=80379) log_request_info /opt/stack/keystone/keystone/server/flask/request_processing/req_logging.py:29}}
Aug 05 04:59:48.998409 dv-cinder-815582-14-iscsi devstack@keystone.service[80379]: DEBUG keystone.common.rbac_enforcer.enforcer [None req-8fb412e0-91d1-4b81-8285-e6255e89fde7 None admin] RBAC: Authorizing `identity:get_user(user_id=df7458a6ecea442aa3a2058d810f6efd)` {{(pid=80379) enforce_call /opt/stack/keystone/keystone/common/rbac_enforcer/enforcer.py:449}}
Aug 05 04:59:49.000059 dv-cinder-815582-14-iscsi devstack@keystone.service[80379]: DEBUG keystone.common.rbac_enforcer.enforcer [None req-8fb412e0-91d1-4b81-8285-e6255e89fde7 None admin] RBAC: Authorization granted {{(pid=80379) enforce_call /opt/stack/keystone/keystone/common/rbac_enforcer/enforcer.py:457}}
Aug 05 04:59:49.002170 dv-cinder-815582-14-iscsi devstack@keystone.service[80379]: [pid: 80379|app: 0|req: 106/205] 10.222.0.30 () {56 vars in 1177 bytes} [Fri Aug 5 04:59:48 2022] GET /identity/v3/users/df7458a6ecea442aa3a2058d810f6efd => generated 289 bytes in 158 msecs (HTTP/1.1 200) 5 headers in 177 bytes (1 switches on core 0)
Aug 05 04:59:49.008498 dv-cinder-815582-14-iscsi devstack@keystone.service[80378]: DEBUG keystone.server.flask.request_processing.middleware.auth_context [None req-4fe73aa7-f66d-4878-9290-b39eba168adc None admin] Authenticating user token {{(pid=80378) process_request /usr/local/lib/python3.8/dist-packages/keystonemiddleware/auth_token/__init__.py:407}}
Aug 05 04:59:49.156784 dv-cinder-815582-14-iscsi devstack@keystone.service[80378]: DEBUG keystone.server.flask.request_processing.middleware.auth_context [None req-4fe73aa7-f66d-4878-9290-b39eba168adc None admin] Validating token access rules against request {{(pid=80378) validate_allowed_request /usr/local/lib/python3.8/dist-packages/keystonemiddleware/auth_token/__init__.py:545}}
Aug 05 04:59:49.189797 dv-cinder-815582-14-iscsi devstack@keystone.service[80378]: DEBUG dbcounter [-] [80378] Writing DB stats keystone:SELECT=100 {{(pid=80378) stat_writer /usr/local/lib/python3.8/dist-packages/dbcounter.py:114}}
Aug 05 04:59:49.202477 dv-cinder-815582-14-iscsi devstack@keystone.service[80378]: DEBUG keystone.server.flask.request_processing.middleware.auth_context [None req-ab1f9c26-ffcc-47dd-9773-1a74556bbf6d None admin] RBAC: auth_context: {'token': , 'domain_id': None, 'trust_id': None, 'trustor_id': None, 'trustee_id': None, 'domain_name': None, 'group_ids': [], 'user_id': 'c8b08b7805764c45aae169c453594d3d', 'user_domain_id': 'default', 'system_scope': 'all', 'project_id': None, 'project_domain_id': None, 'roles': ['admin', 'member', 'reader'], 'is_admin_project': True, 'service_user_id': None, 'service_user_domain_id': None, 'service_project_id': None, 'service_project_domain_id': None, 'service_roles': []} {{(pid=80378) fill_context /opt/stack/keystone/keystone/server/flask/request_processing/middleware/auth_context.py:478}}
Aug 05 04:59:49.203167 dv-cinder-815582-14-iscsi devstack@keystone.service[80378]: DEBUG keystone.server.flask.request_processing.req_logging [None req-ab1f9c26-ffcc-47dd-9773-1a74556bbf6d None admin] REQUEST_METHOD: `GET` {{(pid=80378) log_request_info /opt/stack/keystone/keystone/server/flask/request_processing/req_logging.py:27}}
Aug 05 04:59:49.203394 dv-cinder-815582-14-iscsi devstack@keystone.service[80378]: DEBUG keystone.server.flask.request_processing.req_logging [None req-ab1f9c26-ffcc-47dd-9773-1a74556bbf6d None admin] SCRIPT_NAME: `/identity` {{(pid=80378) log_request_info /opt/stack/keystone/keystone/server/flask/request_processing/req_logging.py:28}}
Aug 05 04:59:49.203667 dv-cinder-815582-14-iscsi devstack@keystone.service[80378]: DEBUG keystone.server.flask.request_processing.req_logging [None req-ab1f9c26-ffcc-47dd-9773-1a74556bbf6d None admin] PATH_INFO: `/v3/auth/tokens` {{(pid=80378) log_request_info /opt/stack/keystone/keystone/server/flask/request_processing/req_logging.py:29}}
Aug 05 04:59:49.280621 dv-cinder-815582-14-iscsi devstack@keystone.service[80378]: DEBUG keystone.common.rbac_enforcer.enforcer [None req-ab1f9c26-ffcc-47dd-9773-1a74556bbf6d None admin] RBAC: Authorizing `identity:validate_token()` {{(pid=80378) enforce_call /opt/stack/keystone/keystone/common/rbac_enforcer/enforcer.py:449}}
Aug 05 04:59:49.282099 dv-cinder-815582-14-iscsi devstack@keystone.service[80378]: DEBUG keystone.common.rbac_enforcer.enforcer [None req-ab1f9c26-ffcc-47dd-9773-1a74556bbf6d None admin] RBAC: Authorization granted {{(pid=80378) enforce_call /opt/stack/keystone/keystone/common/rbac_enforcer/enforcer.py:457}}
Aug 05 04:59:49.390347 dv-cinder-815582-14-iscsi devstack@keystone.service[80378]: [pid: 80378|app: 0|req: 100/206] 10.222.0.30 () {58 vars in 1282 bytes} [Fri Aug 5 04:59:49 2022] GET /identity/v3/auth/tokens => generated 799 bytes in 382 msecs (HTTP/1.1 200) 6 headers in 358 bytes (1 switches on core 0)
Aug 05 04:59:49.396175 dv-cinder-815582-14-iscsi devstack@keystone.service[80379]: DEBUG keystone.server.flask.request_processing.middleware.auth_context [None req-8fb412e0-91d1-4b81-8285-e6255e89fde7 None admin] Authenticating user token {{(pid=80379) process_request /usr/local/lib/python3.8/dist-packages/keystonemiddleware/auth_token/__init__.py:407}}
Aug 05 04:59:49.491834 dv-cinder-815582-14-iscsi devstack@keystone.service[80379]: DEBUG dbcounter [-] [80379] Writing DB stats keystone:SELECT=100 {{(pid=80379) stat_writer /usr/local/lib/python3.8/dist-packages/dbcounter.py:114}}
Aug 05 04:59:49.524570 dv-cinder-815582-14-iscsi devstack@keystone.service[80379]: DEBUG keystone.server.flask.request_processing.middleware.auth_context [None req-8fb412e0-91d1-4b81-8285-e6255e89fde7 None admin] Validating token access rules against request {{(pid=80379) validate_allowed_request /usr/local/lib/python3.8/dist-packages/keystonemiddleware/auth_token/__init__.py:545}}
Aug 05 04:59:49.569397 dv-cinder-815582-14-iscsi devstack@keystone.service[80379]: DEBUG keystone.server.flask.request_processing.middleware.auth_context [None req-c8ec56e7-b395-4800-adfd-436ce8fdd8f8 None admin] RBAC: auth_context: {'token': , 'domain_id': None, 'trust_id': None, 'trustor_id': None, 'trustee_id': None, 'domain_name': None, 'group_ids': [], 'user_id': 'c8b08b7805764c45aae169c453594d3d', 'user_domain_id': 'default', 'system_scope': 'all', 'project_id': None, 'project_domain_id': None, 'roles': ['admin', 'member', 'reader'], 'is_admin_project': True, 'service_user_id': None, 'service_user_domain_id': None, 'service_project_id': None, 'service_project_domain_id': None, 'service_roles': []} {{(pid=80379) fill_context /opt/stack/keystone/keystone/server/flask/request_processing/middleware/auth_context.py:478}}
Aug 05 04:59:49.570068 dv-cinder-815582-14-iscsi devstack@keystone.service[80379]: DEBUG keystone.server.flask.request_processing.req_logging [None req-c8ec56e7-b395-4800-adfd-436ce8fdd8f8 None admin] REQUEST_METHOD: `GET` {{(pid=80379) log_request_info /opt/stack/keystone/keystone/server/flask/request_processing/req_logging.py:27}}
Aug 05 04:59:49.570348 dv-cinder-815582-14-iscsi devstack@keystone.service[80379]: DEBUG keystone.server.flask.request_processing.req_logging [None req-c8ec56e7-b395-4800-adfd-436ce8fdd8f8 None admin] SCRIPT_NAME: `/identity` {{(pid=80379) log_request_info /opt/stack/keystone/keystone/server/flask/request_processing/req_logging.py:28}}
Aug 05 04:59:49.570619 dv-cinder-815582-14-iscsi devstack@keystone.service[80379]: DEBUG keystone.server.flask.request_processing.req_logging [None req-c8ec56e7-b395-4800-adfd-436ce8fdd8f8 None admin] PATH_INFO: `/v3/projects/c9ad666675744c88976e6b45e1415a3a` {{(pid=80379) log_request_info /opt/stack/keystone/keystone/server/flask/request_processing/req_logging.py:29}}
Aug 05 04:59:49.571828 dv-cinder-815582-14-iscsi devstack@keystone.service[80379]: DEBUG keystone.common.rbac_enforcer.enforcer [None req-c8ec56e7-b395-4800-adfd-436ce8fdd8f8 None admin] RBAC: Authorizing `identity:get_project(project_id=c9ad666675744c88976e6b45e1415a3a)` {{(pid=80379) enforce_call /opt/stack/keystone/keystone/common/rbac_enforcer/enforcer.py:449}}
Aug 05 04:59:49.573303 dv-cinder-815582-14-iscsi devstack@keystone.service[80379]: DEBUG keystone.common.rbac_enforcer.enforcer [None req-c8ec56e7-b395-4800-adfd-436ce8fdd8f8 None admin] RBAC: Authorization granted {{(pid=80379) enforce_call /opt/stack/keystone/keystone/common/rbac_enforcer/enforcer.py:457}}
Aug 05 04:59:49.575296 dv-cinder-815582-14-iscsi devstack@keystone.service[80379]: [pid: 80379|app: 0|req: 107/207] 10.222.0.30 () {56 vars in 1186 bytes} [Fri Aug 5 04:59:49 2022] GET /identity/v3/projects/c9ad666675744c88976e6b45e1415a3a => generated 298 bytes in 179 msecs (HTTP/1.1 200) 5 headers in 177 bytes (1 switches on core 0)
Aug 05 04:59:49.581071 dv-cinder-815582-14-iscsi devstack@keystone.service[80378]: DEBUG keystone.server.flask.request_processing.middleware.auth_context [None req-ab1f9c26-ffcc-47dd-9773-1a74556bbf6d None admin] Authenticating user token {{(pid=80378) process_request /usr/local/lib/python3.8/dist-packages/keystonemiddleware/auth_token/__init__.py:407}}
Aug 05 04:59:49.622678 dv-cinder-815582-14-iscsi devstack@keystone.service[80378]: DEBUG dbcounter [-] [80378] Writing DB stats keystone:SELECT=100 {{(pid=80378) stat_writer /usr/local/lib/python3.8/dist-packages/dbcounter.py:114}}
Aug 05 04:59:49.730719 dv-cinder-815582-14-iscsi devstack@keystone.service[80378]: DEBUG keystone.server.flask.request_processing.middleware.auth_context [None req-ab1f9c26-ffcc-47dd-9773-1a74556bbf6d None admin] Validating token access rules against request {{(pid=80378) validate_allowed_request /usr/local/lib/python3.8/dist-packages/keystonemiddleware/auth_token/__init__.py:545}}
Aug 05 04:59:49.765220 dv-cinder-815582-14-iscsi devstack@keystone.service[80378]: DEBUG keystone.server.flask.request_processing.middleware.auth_context [None req-876cf200-ef82-44d4-b479-ec6f13ee3d59 None admin] RBAC: auth_context: {'token': , 'domain_id': None, 'trust_id': None, 'trustor_id': None, 'trustee_id': None, 'domain_name': None, 'group_ids': [], 'user_id': 'c8b08b7805764c45aae169c453594d3d', 'user_domain_id': 'default', 'system_scope': 'all', 'project_id': None, 'project_domain_id': None, 'roles': ['admin', 'member', 'reader'], 'is_admin_project': True, 'service_user_id': None, 'service_user_domain_id': None, 'service_project_id': None, 'service_project_domain_id': None, 'service_roles': []} {{(pid=80378) fill_context /opt/stack/keystone/keystone/server/flask/request_processing/middleware/auth_context.py:478}}
Aug 05 04:59:49.765738 dv-cinder-815582-14-iscsi devstack@keystone.service[80378]: DEBUG keystone.server.flask.request_processing.req_logging [None req-876cf200-ef82-44d4-b479-ec6f13ee3d59 None admin] REQUEST_METHOD: `GET` {{(pid=80378) log_request_info /opt/stack/keystone/keystone/server/flask/request_processing/req_logging.py:27}}
Aug 05 04:59:49.765949 dv-cinder-815582-14-iscsi devstack@keystone.service[80378]: DEBUG keystone.server.flask.request_processing.req_logging [None req-876cf200-ef82-44d4-b479-ec6f13ee3d59 None admin] SCRIPT_NAME: `/identity` {{(pid=80378) log_request_info /opt/stack/keystone/keystone/server/flask/request_processing/req_logging.py:28}}
Aug 05 04:59:49.766184 dv-cinder-815582-14-iscsi devstack@keystone.service[80378]: DEBUG keystone.server.flask.request_processing.req_logging [None req-876cf200-ef82-44d4-b479-ec6f13ee3d59 None admin] PATH_INFO: `/v3/role_assignments` {{(pid=80378) log_request_info /opt/stack/keystone/keystone/server/flask/request_processing/req_logging.py:29}}
Aug 05 04:59:49.766974 dv-cinder-815582-14-iscsi devstack@keystone.service[80378]: DEBUG keystone.common.rbac_enforcer.enforcer [None req-876cf200-ef82-44d4-b479-ec6f13ee3d59 None admin] RBAC: Adding query filter params (role.id=f1bde6b54454477cb807392e68475a8c, scope.project.id=c9ad666675744c88976e6b45e1415a3a, user.id=df7458a6ecea442aa3a2058d810f6efd) {{(pid=80378) _extract_filter_values /opt/stack/keystone/keystone/common/rbac_enforcer/enforcer.py:167}}
Aug 05 04:59:49.767284 dv-cinder-815582-14-iscsi devstack@keystone.service[80378]: DEBUG keystone.common.rbac_enforcer.enforcer [None req-876cf200-ef82-44d4-b479-ec6f13ee3d59 None admin] RBAC: Authorizing `identity:list_role_assignments()` {{(pid=80378) enforce_call /opt/stack/keystone/keystone/common/rbac_enforcer/enforcer.py:449}}
Aug 05 04:59:49.768836 dv-cinder-815582-14-iscsi devstack@keystone.service[80378]: DEBUG keystone.common.rbac_enforcer.enforcer [None req-876cf200-ef82-44d4-b479-ec6f13ee3d59 None admin] RBAC: Authorization granted {{(pid=80378) enforce_call /opt/stack/keystone/keystone/common/rbac_enforcer/enforcer.py:457}}
Aug 05 04:59:49.778817 dv-cinder-815582-14-iscsi devstack@keystone.service[80378]: [pid: 80378|app: 0|req: 101/208] 10.222.0.30 () {56 vars in 1374 bytes} [Fri Aug 5 04:59:49 2022] GET /identity/v3/role_assignments?user.id=df7458a6ecea442aa3a2058d810f6efd&scope.project.id=c9ad666675744c88976e6b45e1415a3a&role.id=f1bde6b54454477cb807392e68475a8c => generated 608 bytes in 198 msecs (HTTP/1.1 200) 5 headers in 177 bytes (1 switches on core 0)
Aug 05 04:59:50.869258 dv-cinder-815582-14-iscsi devstack@keystone.service[80379]: DEBUG keystone.server.flask.request_processing.req_logging [None req-827569a0-71b6-48fd-8243-a13bad32abda None None] REQUEST_METHOD: `GET` {{(pid=80379) log_request_info /opt/stack/keystone/keystone/server/flask/request_processing/req_logging.py:27}}
Aug 05 04:59:50.869783 dv-cinder-815582-14-iscsi devstack@keystone.service[80379]: DEBUG keystone.server.flask.request_processing.req_logging [None req-827569a0-71b6-48fd-8243-a13bad32abda None None] SCRIPT_NAME: `/identity` {{(pid=80379) log_request_info /opt/stack/keystone/keystone/server/flask/request_processing/req_logging.py:28}}
Aug 05 04:59:50.869783 dv-cinder-815582-14-iscsi devstack@keystone.service[80379]: DEBUG keystone.server.flask.request_processing.req_logging [None req-827569a0-71b6-48fd-8243-a13bad32abda None None] PATH_INFO: `/` {{(pid=80379) log_request_info /opt/stack/keystone/keystone/server/flask/request_processing/req_logging.py:29}}
Aug 05 04:59:50.871385 dv-cinder-815582-14-iscsi devstack@keystone.service[80379]: [pid: 80379|app: 0|req: 108/209] 10.222.0.30 () {54 vars in 927 bytes} [Fri Aug 5 04:59:50 2022] GET /identity => generated 270 bytes in 3 msecs (HTTP/1.1 300) 6 headers in 234 bytes (1 switches on core 0)
Aug 05 04:59:50.876939 dv-cinder-815582-14-iscsi devstack@keystone.service[80378]: DEBUG keystone.server.flask.request_processing.req_logging [None req-b36b1a1c-91fe-4e9f-85d9-677652a6d863 None None] REQUEST_METHOD: `POST` {{(pid=80378) log_request_info /opt/stack/keystone/keystone/server/flask/request_processing/req_logging.py:27}}
Aug 05 04:59:50.877339 dv-cinder-815582-14-iscsi devstack@keystone.service[80378]: DEBUG keystone.server.flask.request_processing.req_logging [None req-b36b1a1c-91fe-4e9f-85d9-677652a6d863 None None] SCRIPT_NAME: `/identity` {{(pid=80378) log_request_info /opt/stack/keystone/keystone/server/flask/request_processing/req_logging.py:28}}
Aug 05 04:59:50.877504 dv-cinder-815582-14-iscsi devstack@keystone.service[80378]: DEBUG keystone.server.flask.request_processing.req_logging [None req-b36b1a1c-91fe-4e9f-85d9-677652a6d863 None None] PATH_INFO: `/v3/auth/tokens` {{(pid=80378) log_request_info /opt/stack/keystone/keystone/server/flask/request_processing/req_logging.py:29}}
Aug 05 04:59:50.888704 dv-cinder-815582-14-iscsi devstack@keystone.service[80379]: DEBUG keystone.server.flask.request_processing.req_logging [None req-fe06eaa0-7189-4e59-a842-138aed3e8439 None None] REQUEST_METHOD: `GET` {{(pid=80379) log_request_info /opt/stack/keystone/keystone/server/flask/request_processing/req_logging.py:27}}
Aug 05 04:59:50.889000 dv-cinder-815582-14-iscsi devstack@keystone.service[80379]: DEBUG keystone.server.flask.request_processing.req_logging [None req-fe06eaa0-7189-4e59-a842-138aed3e8439 None None] SCRIPT_NAME: `/identity` {{(pid=80379) log_request_info /opt/stack/keystone/keystone/server/flask/request_processing/req_logging.py:28}}
Aug 05 04:59:50.889267 dv-cinder-815582-14-iscsi devstack@keystone.service[80379]: DEBUG keystone.server.flask.request_processing.req_logging [None req-fe06eaa0-7189-4e59-a842-138aed3e8439 None None] PATH_INFO: `/` {{(pid=80379) log_request_info /opt/stack/keystone/keystone/server/flask/request_processing/req_logging.py:29}}
Aug 05 04:59:50.890634 dv-cinder-815582-14-iscsi devstack@keystone.service[80379]: [pid: 80379|app: 0|req: 109/210] 10.222.0.30 () {54 vars in 927 bytes} [Fri Aug 5 04:59:50 2022] GET /identity => generated 270 bytes in 3 msecs (HTTP/1.1 300) 6 headers in 234 bytes (2 switches on core 0)
Aug 05 04:59:50.895668 dv-cinder-815582-14-iscsi devstack@keystone.service[80379]: DEBUG keystone.server.flask.request_processing.req_logging [None req-23f7de91-eb88-43d3-a185-77c3c5cbe10d None None] REQUEST_METHOD: `POST` {{(pid=80379) log_request_info /opt/stack/keystone/keystone/server/flask/request_processing/req_logging.py:27}}
Aug 05 04:59:50.895990 dv-cinder-815582-14-iscsi devstack@keystone.service[80379]: DEBUG keystone.server.flask.request_processing.req_logging [None req-23f7de91-eb88-43d3-a185-77c3c5cbe10d None None] SCRIPT_NAME: `/identity` {{(pid=80379) log_request_info /opt/stack/keystone/keystone/server/flask/request_processing/req_logging.py:28}}
Aug 05 04:59:50.896276 dv-cinder-815582-14-iscsi devstack@keystone.service[80379]: DEBUG keystone.server.flask.request_processing.req_logging [None req-23f7de91-eb88-43d3-a185-77c3c5cbe10d None None] PATH_INFO: `/v3/auth/tokens` {{(pid=80379) log_request_info /opt/stack/keystone/keystone/server/flask/request_processing/req_logging.py:29}}
Aug 05 04:59:50.896734 dv-cinder-815582-14-iscsi devstack@keystone.service[80378]: DEBUG keystone.auth.core [None req-b36b1a1c-91fe-4e9f-85d9-677652a6d863 None None] MFA Rules not processed for user `c8b08b7805764c45aae169c453594d3d`. Rule list: `[]` (Enabled: `True`). {{(pid=80378) check_auth_methods_against_rules /opt/stack/keystone/keystone/auth/core.py:438}}
Aug 05 04:59:50.897918 dv-cinder-815582-14-iscsi devstack@keystone.service[80378]: DEBUG keystone.common.fernet_utils [None req-b36b1a1c-91fe-4e9f-85d9-677652a6d863 None None] Loaded 2 Fernet keys from /etc/keystone/fernet-keys/, but `[fernet_tokens] max_active_keys = 3`; perhaps there have not been enough key rotations to reach `max_active_keys` yet? {{(pid=80378) load_keys /opt/stack/keystone/keystone/common/fernet_utils.py:286}}
Aug 05 04:59:50.914546 dv-cinder-815582-14-iscsi devstack@keystone.service[80379]: DEBUG keystone.auth.core [None req-23f7de91-eb88-43d3-a185-77c3c5cbe10d None None] MFA Rules not processed for user `c8b08b7805764c45aae169c453594d3d`. Rule list: `[]` (Enabled: `True`). {{(pid=80379) check_auth_methods_against_rules /opt/stack/keystone/keystone/auth/core.py:438}}
Aug 05 04:59:50.915751 dv-cinder-815582-14-iscsi devstack@keystone.service[80379]: DEBUG keystone.common.fernet_utils [None req-23f7de91-eb88-43d3-a185-77c3c5cbe10d None None] Loaded 2 Fernet keys from /etc/keystone/fernet-keys/, but `[fernet_tokens] max_active_keys = 3`; perhaps there have not been enough key rotations to reach `max_active_keys` yet? {{(pid=80379) load_keys /opt/stack/keystone/keystone/common/fernet_utils.py:286}}
Aug 05 04:59:50.972340 dv-cinder-815582-14-iscsi devstack@keystone.service[80378]: [pid: 80378|app: 0|req: 102/211] 10.222.0.30 () {58 vars in 1024 bytes} [Fri Aug 5 04:59:50 2022] POST /identity/v3/auth/tokens => generated 799 bytes in 96 msecs (HTTP/1.1 201) 6 headers in 363 bytes (2 switches on core 0)
Aug 05 04:59:50.974330 dv-cinder-815582-14-iscsi devstack@keystone.service[80378]: DEBUG keystone.server.flask.request_processing.req_logging [None req-2f9238ab-95c6-4f1d-945f-3c77b26de468 None None] REQUEST_METHOD: `GET` {{(pid=80378) log_request_info /opt/stack/keystone/keystone/server/flask/request_processing/req_logging.py:27}}
Aug 05 04:59:50.974626 dv-cinder-815582-14-iscsi devstack@keystone.service[80378]: DEBUG keystone.server.flask.request_processing.req_logging [None req-2f9238ab-95c6-4f1d-945f-3c77b26de468 None None] SCRIPT_NAME: `/identity` {{(pid=80378) log_request_info /opt/stack/keystone/keystone/server/flask/request_processing/req_logging.py:28}}
Aug 05 04:59:50.974904 dv-cinder-815582-14-iscsi devstack@keystone.service[80378]: DEBUG keystone.server.flask.request_processing.req_logging [None req-2f9238ab-95c6-4f1d-945f-3c77b26de468 None None] PATH_INFO: `/` {{(pid=80378) log_request_info /opt/stack/keystone/keystone/server/flask/request_processing/req_logging.py:29}}
Aug 05 04:59:50.976213 dv-cinder-815582-14-iscsi devstack@keystone.service[80378]: [pid: 80378|app: 0|req: 103/212] 10.222.0.30 () {54 vars in 927 bytes} [Fri Aug 5 04:59:50 2022] GET /identity => generated 270 bytes in 3 msecs (HTTP/1.1 300) 6 headers in 234 bytes (1 switches on core 0)
Aug 05 04:59:50.981525 dv-cinder-815582-14-iscsi devstack@keystone.service[80378]: DEBUG keystone.server.flask.request_processing.req_logging [None req-914dd275-1234-479a-907c-3b7870b4ee63 None None] REQUEST_METHOD: `POST` {{(pid=80378) log_request_info /opt/stack/keystone/keystone/server/flask/request_processing/req_logging.py:27}}
Aug 05 04:59:50.981817 dv-cinder-815582-14-iscsi devstack@keystone.service[80378]: DEBUG keystone.server.flask.request_processing.req_logging [None req-914dd275-1234-479a-907c-3b7870b4ee63 None None] SCRIPT_NAME: `/identity` {{(pid=80378) log_request_info /opt/stack/keystone/keystone/server/flask/request_processing/req_logging.py:28}}
Aug 05 04:59:50.982102 dv-cinder-815582-14-iscsi devstack@keystone.service[80378]: DEBUG keystone.server.flask.request_processing.req_logging [None req-914dd275-1234-479a-907c-3b7870b4ee63 None None] PATH_INFO: `/v3/auth/tokens` {{(pid=80378) log_request_info /opt/stack/keystone/keystone/server/flask/request_processing/req_logging.py:29}}
Aug 05 04:59:50.987091 dv-cinder-815582-14-iscsi devstack@keystone.service[80379]: [pid: 80379|app: 0|req: 110/213] 10.222.0.30 () {58 vars in 1024 bytes} [Fri Aug 5 04:59:50 2022] POST /identity/v3/auth/tokens => generated 799 bytes in 92 msecs (HTTP/1.1 201) 6 headers in 363 bytes (2 switches on core 0)
