Aug 05 02:48:13.064896 dv-cinder-815582-13-smb devstack@c-api.service[118144]: DEBUG cinder.api.middleware.request_id [None req-31c9b0fb-9558-4755-9ed0-2a77f1f1f721 None None] RequestId filter calling following filter/app {{(pid=118144) _context_setter /opt/stack/cinder/cinder/api/middleware/request_id.py:62}}
Aug 05 02:48:13.070509 dv-cinder-815582-13-smb devstack@c-api.service[118144]: INFO cinder.api.openstack.wsgi [None req-31c9b0fb-9558-4755-9ed0-2a77f1f1f721 tempest-GroupSnapshotsV319Test-376244432 tempest-GroupSnapshotsV319Test-376244432-project-admin] DELETE http://10.222.0.42/volume/v3/e411961868da41ff85799c83d576d23b/group_types/3944744a-2870-4a4d-976e-17ccd68b5317
Aug 05 02:48:13.071050 dv-cinder-815582-13-smb devstack@c-api.service[118144]: DEBUG cinder.api.openstack.wsgi [None req-31c9b0fb-9558-4755-9ed0-2a77f1f1f721 tempest-GroupSnapshotsV319Test-376244432 tempest-GroupSnapshotsV319Test-376244432-project-admin] Empty body provided in request {{(pid=118144) get_body /opt/stack/cinder/cinder/api/openstack/wsgi.py:715}}
Aug 05 02:48:13.075242 dv-cinder-815582-13-smb devstack@c-api.service[118144]: DEBUG cinder.api.openstack.wsgi [None req-31c9b0fb-9558-4755-9ed0-2a77f1f1f721 tempest-GroupSnapshotsV319Test-376244432 tempest-GroupSnapshotsV319Test-376244432-project-admin] Calling method 'version_select' {{(pid=118144) _process_stack /opt/stack/cinder/cinder/api/openstack/wsgi.py:868}}
Aug 05 02:48:13.223302 dv-cinder-815582-13-smb devstack@c-api.service[118144]: INFO cinder.api.openstack.wsgi [None req-31c9b0fb-9558-4755-9ed0-2a77f1f1f721 tempest-GroupSnapshotsV319Test-376244432 tempest-GroupSnapshotsV319Test-376244432-project-admin] http://10.222.0.42/volume/v3/e411961868da41ff85799c83d576d23b/group_types/3944744a-2870-4a4d-976e-17ccd68b5317 returned with HTTP 202
Aug 05 02:48:13.224825 dv-cinder-815582-13-smb devstack@c-api.service[118144]: [pid: 118144|app: 0|req: 63/131] 10.222.0.42 () {60 vars in 1381 bytes} [Fri Aug 5 02:48:13 2022] DELETE /volume/v3/e411961868da41ff85799c83d576d23b/group_types/3944744a-2870-4a4d-976e-17ccd68b5317 => generated 0 bytes in 162 msecs (HTTP/1.1 202) 6 headers in 234 bytes (2 switches on core 0)
Aug 05 02:48:13.233759 dv-cinder-815582-13-smb devstack@c-api.service[118145]: DEBUG cinder.api.middleware.request_id [None req-25612872-879e-4fcb-b4a5-2014be0dcba3 None None] RequestId filter calling following filter/app {{(pid=118145) _context_setter /opt/stack/cinder/cinder/api/middleware/request_id.py:62}}
Aug 05 02:48:13.242145 dv-cinder-815582-13-smb devstack@c-api.service[118145]: INFO cinder.api.openstack.wsgi [None req-25612872-879e-4fcb-b4a5-2014be0dcba3 tempest-GroupSnapshotsV319Test-1831949485 tempest-GroupSnapshotsV319Test-1831949485-project] DELETE http://10.222.0.42/volume/v3/a2d8d6762ffe45a0852d548466fe0bda/volumes/62c38408-9450-4497-b294-95bfdd486ab0
Aug 05 02:48:13.243872 dv-cinder-815582-13-smb devstack@c-api.service[118145]: DEBUG cinder.api.openstack.wsgi [None req-25612872-879e-4fcb-b4a5-2014be0dcba3 tempest-GroupSnapshotsV319Test-1831949485 tempest-GroupSnapshotsV319Test-1831949485-project] Empty body provided in request {{(pid=118145) get_body /opt/stack/cinder/cinder/api/openstack/wsgi.py:715}}
Aug 05 02:48:13.244617 dv-cinder-815582-13-smb devstack@c-api.service[118145]: DEBUG cinder.api.openstack.wsgi [None req-25612872-879e-4fcb-b4a5-2014be0dcba3 tempest-GroupSnapshotsV319Test-1831949485 tempest-GroupSnapshotsV319Test-1831949485-project] Calling method 'delete' {{(pid=118145) _process_stack /opt/stack/cinder/cinder/api/openstack/wsgi.py:868}}
Aug 05 02:48:13.245282 dv-cinder-815582-13-smb devstack@c-api.service[118145]: INFO cinder.api.v3.volumes [None req-25612872-879e-4fcb-b4a5-2014be0dcba3 tempest-GroupSnapshotsV319Test-1831949485 tempest-GroupSnapshotsV319Test-1831949485-project] Delete volume with id: 62c38408-9450-4497-b294-95bfdd486ab0
Aug 05 02:48:13.303163 dv-cinder-815582-13-smb devstack@c-api.service[118145]: INFO cinder.api.openstack.wsgi [None req-25612872-879e-4fcb-b4a5-2014be0dcba3 tempest-GroupSnapshotsV319Test-1831949485 tempest-GroupSnapshotsV319Test-1831949485-project] http://10.222.0.42/volume/v3/a2d8d6762ffe45a0852d548466fe0bda/volumes/62c38408-9450-4497-b294-95bfdd486ab0 returned with HTTP 404
Aug 05 02:48:13.309509 dv-cinder-815582-13-smb devstack@c-api.service[118144]: DEBUG cinder.api.middleware.request_id [None req-ea5b59aa-2fa8-4d27-9064-ddaf268735f1 None None] RequestId filter calling following filter/app {{(pid=118144) _context_setter /opt/stack/cinder/cinder/api/middleware/request_id.py:62}}
Aug 05 02:48:13.309630 dv-cinder-815582-13-smb devstack@c-api.service[118145]: [pid: 118145|app: 0|req: 69/132] 10.222.0.42 () {60 vars in 1369 bytes} [Fri Aug 5 02:48:13 2022] DELETE /volume/v3/a2d8d6762ffe45a0852d548466fe0bda/volumes/62c38408-9450-4497-b294-95bfdd486ab0 => generated 109 bytes in 77 msecs (HTTP/1.1 404) 7 headers in 293 bytes (1 switches on core 0)
Aug 05 02:48:13.318032 dv-cinder-815582-13-smb devstack@c-api.service[118144]: INFO cinder.api.openstack.wsgi [None req-ea5b59aa-2fa8-4d27-9064-ddaf268735f1 tempest-GroupSnapshotsV319Test-376244432 tempest-GroupSnapshotsV319Test-376244432-project-admin] DELETE http://10.222.0.42/volume/v3/e411961868da41ff85799c83d576d23b/types/f613fd86-40d6-43f3-b093-1a023b103564
Aug 05 02:48:13.318810 dv-cinder-815582-13-smb devstack@c-api.service[118144]: DEBUG cinder.api.openstack.wsgi [None req-ea5b59aa-2fa8-4d27-9064-ddaf268735f1 tempest-GroupSnapshotsV319Test-376244432 tempest-GroupSnapshotsV319Test-376244432-project-admin] Empty body provided in request {{(pid=118144) get_body /opt/stack/cinder/cinder/api/openstack/wsgi.py:715}}
Aug 05 02:48:13.319122 dv-cinder-815582-13-smb devstack@c-api.service[118144]: DEBUG cinder.api.openstack.wsgi [None req-ea5b59aa-2fa8-4d27-9064-ddaf268735f1 tempest-GroupSnapshotsV319Test-376244432 tempest-GroupSnapshotsV319Test-376244432-project-admin] Calling method '_delete' {{(pid=118144) _process_stack /opt/stack/cinder/cinder/api/openstack/wsgi.py:868}}
Aug 05 02:48:13.726596 dv-cinder-815582-13-smb devstack@c-api.service[118144]: INFO cinder.api.openstack.wsgi [None req-ea5b59aa-2fa8-4d27-9064-ddaf268735f1 tempest-GroupSnapshotsV319Test-376244432 tempest-GroupSnapshotsV319Test-376244432-project-admin] http://10.222.0.42/volume/v3/e411961868da41ff85799c83d576d23b/types/f613fd86-40d6-43f3-b093-1a023b103564 returned with HTTP 202
Aug 05 02:48:13.728685 dv-cinder-815582-13-smb devstack@c-api.service[118144]: [pid: 118144|app: 0|req: 64/133] 10.222.0.42 () {58 vars in 1322 bytes} [Fri Aug 5 02:48:13 2022] DELETE /volume/v3/e411961868da41ff85799c83d576d23b/types/f613fd86-40d6-43f3-b093-1a023b103564 => generated 0 bytes in 420 msecs (HTTP/1.1 202) 6 headers in 233 bytes (1 switches on core 0)
Aug 05 02:48:13.738919 dv-cinder-815582-13-smb devstack@c-api.service[118145]: DEBUG cinder.api.middleware.request_id [None req-e238e144-4703-4d8e-8403-ce3faf81b8da None None] RequestId filter calling following filter/app {{(pid=118145) _context_setter /opt/stack/cinder/cinder/api/middleware/request_id.py:62}}
Aug 05 02:48:13.756202 dv-cinder-815582-13-smb devstack@c-api.service[118145]: INFO cinder.api.openstack.wsgi [None req-e238e144-4703-4d8e-8403-ce3faf81b8da tempest-GroupSnapshotsV319Test-376244432 tempest-GroupSnapshotsV319Test-376244432-project-admin] GET http://10.222.0.42/volume/v3/e411961868da41ff85799c83d576d23b/types/f613fd86-40d6-43f3-b093-1a023b103564
Aug 05 02:48:13.758046 dv-cinder-815582-13-smb devstack@c-api.service[118145]: DEBUG cinder.api.openstack.wsgi [None req-e238e144-4703-4d8e-8403-ce3faf81b8da tempest-GroupSnapshotsV319Test-376244432 tempest-GroupSnapshotsV319Test-376244432-project-admin] Empty body provided in request {{(pid=118145) get_body /opt/stack/cinder/cinder/api/openstack/wsgi.py:715}}
Aug 05 02:48:13.758992 dv-cinder-815582-13-smb devstack@c-api.service[118145]: DEBUG cinder.api.openstack.wsgi [None req-e238e144-4703-4d8e-8403-ce3faf81b8da tempest-GroupSnapshotsV319Test-376244432 tempest-GroupSnapshotsV319Test-376244432-project-admin] Calling method 'show' {{(pid=118145) _process_stack /opt/stack/cinder/cinder/api/openstack/wsgi.py:868}}
Aug 05 02:48:13.776594 dv-cinder-815582-13-smb devstack@c-api.service[118144]: DEBUG cinder.api.middleware.request_id [None req-db6dcab7-6bf9-43f6-891f-f4bfbc9d4e02 None None] RequestId filter calling following filter/app {{(pid=118144) _context_setter /opt/stack/cinder/cinder/api/middleware/request_id.py:62}}
Aug 05 02:48:13.781535 dv-cinder-815582-13-smb devstack@c-api.service[118144]: INFO cinder.api.openstack.wsgi [None req-db6dcab7-6bf9-43f6-891f-f4bfbc9d4e02 tempest-VolumeQuotasAdminTestJSON-804528041 tempest-VolumeQuotasAdminTestJSON-804528041-project-admin] GET http://10.222.0.42/volume/v3/b31c8b0154474d0fb2e62dcbab548bb2/volumes/49b52485-3e4b-4689-bf88-3e3518a6955b
Aug 05 02:48:13.782203 dv-cinder-815582-13-smb devstack@c-api.service[118144]: DEBUG cinder.api.openstack.wsgi [None req-db6dcab7-6bf9-43f6-891f-f4bfbc9d4e02 tempest-VolumeQuotasAdminTestJSON-804528041 tempest-VolumeQuotasAdminTestJSON-804528041-project-admin] Empty body provided in request {{(pid=118144) get_body /opt/stack/cinder/cinder/api/openstack/wsgi.py:715}}
Aug 05 02:48:13.783765 dv-cinder-815582-13-smb devstack@c-api.service[118144]: DEBUG cinder.api.openstack.wsgi [None req-db6dcab7-6bf9-43f6-891f-f4bfbc9d4e02 tempest-VolumeQuotasAdminTestJSON-804528041 tempest-VolumeQuotasAdminTestJSON-804528041-project-admin] Calling method 'show' {{(pid=118144) _process_stack /opt/stack/cinder/cinder/api/openstack/wsgi.py:868}}
Aug 05 02:48:13.794421 dv-cinder-815582-13-smb devstack@c-api.service[118145]: INFO cinder.api.openstack.wsgi [None req-e238e144-4703-4d8e-8403-ce3faf81b8da tempest-GroupSnapshotsV319Test-376244432 tempest-GroupSnapshotsV319Test-376244432-project-admin] http://10.222.0.42/volume/v3/e411961868da41ff85799c83d576d23b/types/f613fd86-40d6-43f3-b093-1a023b103564 returned with HTTP 404
Aug 05 02:48:13.809625 dv-cinder-815582-13-smb devstack@c-api.service[118145]: [pid: 118145|app: 0|req: 70/134] 10.222.0.42 () {58 vars in 1319 bytes} [Fri Aug 5 02:48:13 2022] GET /volume/v3/e411961868da41ff85799c83d576d23b/types/f613fd86-40d6-43f3-b093-1a023b103564 => generated 114 bytes in 74 msecs (HTTP/1.1 404) 7 headers in 292 bytes (1 switches on core 0)
Aug 05 02:48:13.835250 dv-cinder-815582-13-smb devstack@c-api.service[118144]: INFO cinder.api.openstack.wsgi [None req-db6dcab7-6bf9-43f6-891f-f4bfbc9d4e02 tempest-VolumeQuotasAdminTestJSON-804528041 tempest-VolumeQuotasAdminTestJSON-804528041-project-admin] http://10.222.0.42/volume/v3/b31c8b0154474d0fb2e62dcbab548bb2/volumes/49b52485-3e4b-4689-bf88-3e3518a6955b returned with HTTP 404
Aug 05 02:48:13.847819 dv-cinder-815582-13-smb devstack@c-api.service[118145]: DEBUG cinder.api.middleware.request_id [None req-4c58764c-d4da-4f3b-a7f2-224618a9f32b None None] RequestId filter calling following filter/app {{(pid=118145) _context_setter /opt/stack/cinder/cinder/api/middleware/request_id.py:62}}
Aug 05 02:48:13.855800 dv-cinder-815582-13-smb devstack@c-api.service[118145]: INFO cinder.api.openstack.wsgi [None req-4c58764c-d4da-4f3b-a7f2-224618a9f32b tempest-VolumeQuotasAdminTestJSON-804528041 tempest-VolumeQuotasAdminTestJSON-804528041-project-admin] GET http://10.222.0.42/volume/v3/b31c8b0154474d0fb2e62dcbab548bb2/os-quota-sets/b31c8b0154474d0fb2e62dcbab548bb2?usage=True
Aug 05 02:48:13.856375 dv-cinder-815582-13-smb devstack@c-api.service[118145]: DEBUG cinder.api.openstack.wsgi [None req-4c58764c-d4da-4f3b-a7f2-224618a9f32b tempest-VolumeQuotasAdminTestJSON-804528041 tempest-VolumeQuotasAdminTestJSON-804528041-project-admin] Empty body provided in request {{(pid=118145) get_body /opt/stack/cinder/cinder/api/openstack/wsgi.py:715}}
Aug 05 02:48:13.857041 dv-cinder-815582-13-smb devstack@c-api.service[118145]: DEBUG cinder.api.openstack.wsgi [None req-4c58764c-d4da-4f3b-a7f2-224618a9f32b tempest-VolumeQuotasAdminTestJSON-804528041 tempest-VolumeQuotasAdminTestJSON-804528041-project-admin] Calling method 'show' {{(pid=118145) _process_stack /opt/stack/cinder/cinder/api/openstack/wsgi.py:868}}
Aug 05 02:48:13.860806 dv-cinder-815582-13-smb devstack@c-api.service[118144]: [pid: 118144|app: 0|req: 65/135] 10.222.0.42 () {58 vars in 1325 bytes} [Fri Aug 5 02:48:13 2022] GET /volume/v3/b31c8b0154474d0fb2e62dcbab548bb2/volumes/49b52485-3e4b-4689-bf88-3e3518a6955b => generated 109 bytes in 87 msecs (HTTP/1.1 404) 7 headers in 292 bytes (1 switches on core 0)
Aug 05 02:48:13.892312 dv-cinder-815582-13-smb devstack@c-api.service[118145]: DEBUG dbcounter [-] [118145] Writing DB stats cinder:SELECT=96,cinder:UPDATE=4 {{(pid=118145) stat_writer /usr/local/lib/python3.8/dist-packages/dbcounter.py:114}}
Aug 05 02:48:13.991976 dv-cinder-815582-13-smb devstack@c-api.service[118145]: INFO cinder.api.openstack.wsgi [None req-4c58764c-d4da-4f3b-a7f2-224618a9f32b tempest-VolumeQuotasAdminTestJSON-804528041 tempest-VolumeQuotasAdminTestJSON-804528041-project-admin] http://10.222.0.42/volume/v3/b31c8b0154474d0fb2e62dcbab548bb2/os-quota-sets/b31c8b0154474d0fb2e62dcbab548bb2?usage=True returned with HTTP 200
Aug 05 02:48:14.006247 dv-cinder-815582-13-smb devstack@c-api.service[118145]: [pid: 118145|app: 0|req: 71/136] 10.222.0.42 () {58 vars in 1352 bytes} [Fri Aug 5 02:48:13 2022] GET /volume/v3/b31c8b0154474d0fb2e62dcbab548bb2/os-quota-sets/b31c8b0154474d0fb2e62dcbab548bb2?usage=True => generated 868 bytes in 160 msecs (HTTP/1.1 200) 7 headers in 285 bytes (1 switches on core 0)
Aug 05 02:48:14.011072 dv-cinder-815582-13-smb devstack@c-api.service[118144]: DEBUG cinder.api.middleware.request_id [None req-86b04fe3-51b1-4ce3-bea2-58c4603f2bf0 None None] RequestId filter calling following filter/app {{(pid=118144) _context_setter /opt/stack/cinder/cinder/api/middleware/request_id.py:62}}
Aug 05 02:48:14.017468 dv-cinder-815582-13-smb devstack@c-api.service[118144]: INFO cinder.api.openstack.wsgi [None req-86b04fe3-51b1-4ce3-bea2-58c4603f2bf0 tempest-VolumeQuotasAdminTestJSON-804528041 tempest-VolumeQuotasAdminTestJSON-804528041-project-admin] PUT http://10.222.0.42/volume/v3/b31c8b0154474d0fb2e62dcbab548bb2/os-quota-sets/7a809b8808894b57986419ea7ed5864f
Aug 05 02:48:14.018651 dv-cinder-815582-13-smb devstack@c-api.service[118144]: DEBUG cinder.api.openstack.wsgi [None req-86b04fe3-51b1-4ce3-bea2-58c4603f2bf0 tempest-VolumeQuotasAdminTestJSON-804528041 tempest-VolumeQuotasAdminTestJSON-804528041-project-admin] Action: 'update', calling method: update, body: {"quota_set": {"gigabytes": 1009, "volumes": 11, "snapshots": 11, "backups": 11, "backup_gigabytes": 1009, "per_volume_gigabytes": 1009}} {{(pid=118144) _process_stack /opt/stack/cinder/cinder/api/openstack/wsgi.py:866}}
Aug 05 02:48:14.973962 dv-cinder-815582-13-smb devstack@c-api.service[118144]: INFO cinder.api.openstack.wsgi [None req-86b04fe3-51b1-4ce3-bea2-58c4603f2bf0 tempest-VolumeQuotasAdminTestJSON-804528041 tempest-VolumeQuotasAdminTestJSON-804528041-project-admin] http://10.222.0.42/volume/v3/b31c8b0154474d0fb2e62dcbab548bb2/os-quota-sets/7a809b8808894b57986419ea7ed5864f returned with HTTP 200
Aug 05 02:48:14.984129 dv-cinder-815582-13-smb devstack@c-api.service[118145]: DEBUG cinder.api.middleware.request_id [None req-ae321a16-8c32-471d-898e-a93338e826e2 None None] RequestId filter calling following filter/app {{(pid=118145) _context_setter /opt/stack/cinder/cinder/api/middleware/request_id.py:62}}
Aug 05 02:48:14.990996 dv-cinder-815582-13-smb devstack@c-api.service[118145]: INFO cinder.api.openstack.wsgi [None req-ae321a16-8c32-471d-898e-a93338e826e2 tempest-VolumeQuotasAdminTestJSON-804528041 tempest-VolumeQuotasAdminTestJSON-804528041-project-admin] PUT http://10.222.0.42/volume/v3/b31c8b0154474d0fb2e62dcbab548bb2/os-quota-sets/7a809b8808894b57986419ea7ed5864f
Aug 05 02:48:14.992354 dv-cinder-815582-13-smb devstack@c-api.service[118145]: DEBUG cinder.api.openstack.wsgi [None req-ae321a16-8c32-471d-898e-a93338e826e2 tempest-VolumeQuotasAdminTestJSON-804528041 tempest-VolumeQuotasAdminTestJSON-804528041-project-admin] Action: 'update', calling method: update, body: {"quota_set": {"volumes": 10, "per_volume_gigabytes": -1, "snapshots": 10, "gigabytes": 1000, "backups": 10, "backup_gigabytes": 1000}} {{(pid=118145) _process_stack /opt/stack/cinder/cinder/api/openstack/wsgi.py:866}}
Aug 05 02:48:15.000203 dv-cinder-815582-13-smb devstack@c-api.service[118144]: [pid: 118144|app: 0|req: 66/137] 10.222.0.42 () {60 vars in 1352 bytes} [Fri Aug 5 02:48:14 2022] PUT /volume/v3/b31c8b0154474d0fb2e62dcbab548bb2/os-quota-sets/7a809b8808894b57986419ea7ed5864f => generated 321 bytes in 990 msecs (HTTP/1.1 200) 7 headers in 285 bytes (2 switches on core 0)
Aug 05 02:48:16.210681 dv-cinder-815582-13-smb devstack@c-api.service[118145]: INFO cinder.api.openstack.wsgi [None req-ae321a16-8c32-471d-898e-a93338e826e2 tempest-VolumeQuotasAdminTestJSON-804528041 tempest-VolumeQuotasAdminTestJSON-804528041-project-admin] http://10.222.0.42/volume/v3/b31c8b0154474d0fb2e62dcbab548bb2/os-quota-sets/7a809b8808894b57986419ea7ed5864f returned with HTTP 200
Aug 05 02:48:16.210681 dv-cinder-815582-13-smb devstack@c-api.service[118145]: [pid: 118145|app: 0|req: 72/138] 10.222.0.42 () {60 vars in 1352 bytes} [Fri Aug 5 02:48:14 2022] PUT /volume/v3/b31c8b0154474d0fb2e62dcbab548bb2/os-quota-sets/7a809b8808894b57986419ea7ed5864f => generated 319 bytes in 1181 msecs (HTTP/1.1 200) 7 headers in 285 bytes (1 switches on core 0)
Aug 05 02:48:16.212082 dv-cinder-815582-13-smb devstack@c-api.service[118144]: DEBUG cinder.api.middleware.request_id [None req-6284a5ef-de18-4c27-9fa3-76f024b83fd9 None None] RequestId filter calling following filter/app {{(pid=118144) _context_setter /opt/stack/cinder/cinder/api/middleware/request_id.py:62}}
Aug 05 02:48:16.219362 dv-cinder-815582-13-smb devstack@c-api.service[118144]: INFO cinder.api.openstack.wsgi [None req-6284a5ef-de18-4c27-9fa3-76f024b83fd9 tempest-VolumeQuotasAdminTestJSON-1590613568 tempest-VolumeQuotasAdminTestJSON-1590613568-project] DELETE http://10.222.0.42/volume/v3/7a809b8808894b57986419ea7ed5864f/volumes/49b52485-3e4b-4689-bf88-3e3518a6955b
Aug 05 02:48:16.220099 dv-cinder-815582-13-smb devstack@c-api.service[118144]: DEBUG cinder.api.openstack.wsgi [None req-6284a5ef-de18-4c27-9fa3-76f024b83fd9 tempest-VolumeQuotasAdminTestJSON-1590613568 tempest-VolumeQuotasAdminTestJSON-1590613568-project] Empty body provided in request {{(pid=118144) get_body /opt/stack/cinder/cinder/api/openstack/wsgi.py:715}}
Aug 05 02:48:16.221881 dv-cinder-815582-13-smb devstack@c-api.service[118144]: DEBUG cinder.api.openstack.wsgi [None req-6284a5ef-de18-4c27-9fa3-76f024b83fd9 tempest-VolumeQuotasAdminTestJSON-1590613568 tempest-VolumeQuotasAdminTestJSON-1590613568-project] Calling method 'delete' {{(pid=118144) _process_stack /opt/stack/cinder/cinder/api/openstack/wsgi.py:868}}
Aug 05 02:48:16.222512 dv-cinder-815582-13-smb devstack@c-api.service[118144]: INFO cinder.api.v3.volumes [None req-6284a5ef-de18-4c27-9fa3-76f024b83fd9 tempest-VolumeQuotasAdminTestJSON-1590613568 tempest-VolumeQuotasAdminTestJSON-1590613568-project] Delete volume with id: 49b52485-3e4b-4689-bf88-3e3518a6955b
Aug 05 02:48:16.263671 dv-cinder-815582-13-smb devstack@c-api.service[118144]: INFO cinder.api.openstack.wsgi [None req-6284a5ef-de18-4c27-9fa3-76f024b83fd9 tempest-VolumeQuotasAdminTestJSON-1590613568 tempest-VolumeQuotasAdminTestJSON-1590613568-project] http://10.222.0.42/volume/v3/7a809b8808894b57986419ea7ed5864f/volumes/49b52485-3e4b-4689-bf88-3e3518a6955b returned with HTTP 404
Aug 05 02:48:16.264807 dv-cinder-815582-13-smb devstack@c-api.service[118144]: [pid: 118144|app: 0|req: 67/139] 10.222.0.42 () {58 vars in 1328 bytes} [Fri Aug 5 02:48:16 2022] DELETE /volume/v3/7a809b8808894b57986419ea7ed5864f/volumes/49b52485-3e4b-4689-bf88-3e3518a6955b => generated 109 bytes in 55 msecs (HTTP/1.1 404) 7 headers in 292 bytes (1 switches on core 0)
Aug 05 02:48:16.271057 dv-cinder-815582-13-smb devstack@c-api.service[118145]: DEBUG cinder.api.middleware.request_id [None req-ece588dd-f506-48b7-85ef-8682d6d1ac3d None None] RequestId filter calling following filter/app {{(pid=118145) _context_setter /opt/stack/cinder/cinder/api/middleware/request_id.py:62}}
Aug 05 02:48:16.277777 dv-cinder-815582-13-smb devstack@c-api.service[118145]: INFO cinder.api.openstack.wsgi [None req-ece588dd-f506-48b7-85ef-8682d6d1ac3d tempest-VolumeQuotasAdminTestJSON-1590613568 tempest-VolumeQuotasAdminTestJSON-1590613568-project] DELETE http://10.222.0.42/volume/v3/7a809b8808894b57986419ea7ed5864f/volumes/6268f297-4e5d-460c-b885-0f28e8e313bc
Aug 05 02:48:16.278453 dv-cinder-815582-13-smb devstack@c-api.service[118145]: DEBUG cinder.api.openstack.wsgi [None req-ece588dd-f506-48b7-85ef-8682d6d1ac3d tempest-VolumeQuotasAdminTestJSON-1590613568 tempest-VolumeQuotasAdminTestJSON-1590613568-project] Empty body provided in request {{(pid=118145) get_body /opt/stack/cinder/cinder/api/openstack/wsgi.py:715}}
Aug 05 02:48:16.278926 dv-cinder-815582-13-smb devstack@c-api.service[118145]: DEBUG cinder.api.openstack.wsgi [None req-ece588dd-f506-48b7-85ef-8682d6d1ac3d tempest-VolumeQuotasAdminTestJSON-1590613568 tempest-VolumeQuotasAdminTestJSON-1590613568-project] Calling method 'delete' {{(pid=118145) _process_stack /opt/stack/cinder/cinder/api/openstack/wsgi.py:868}}
Aug 05 02:48:16.279443 dv-cinder-815582-13-smb devstack@c-api.service[118145]: INFO cinder.api.v3.volumes [None req-ece588dd-f506-48b7-85ef-8682d6d1ac3d tempest-VolumeQuotasAdminTestJSON-1590613568 tempest-VolumeQuotasAdminTestJSON-1590613568-project] Delete volume with id: 6268f297-4e5d-460c-b885-0f28e8e313bc
Aug 05 02:48:16.297464 dv-cinder-815582-13-smb devstack@c-api.service[118144]: DEBUG cinder.api.middleware.request_id [None req-55f55d77-00a9-4fff-aa0d-460446eaae76 None None] RequestId filter calling following filter/app {{(pid=118144) _context_setter /opt/stack/cinder/cinder/api/middleware/request_id.py:62}}
Aug 05 02:48:16.310056 dv-cinder-815582-13-smb devstack@c-api.service[118145]: INFO cinder.api.openstack.wsgi [None req-ece588dd-f506-48b7-85ef-8682d6d1ac3d tempest-VolumeQuotasAdminTestJSON-1590613568 tempest-VolumeQuotasAdminTestJSON-1590613568-project] http://10.222.0.42/volume/v3/7a809b8808894b57986419ea7ed5864f/volumes/6268f297-4e5d-460c-b885-0f28e8e313bc returned with HTTP 404
Aug 05 02:48:16.315512 dv-cinder-815582-13-smb devstack@c-api.service[118145]: [pid: 118145|app: 0|req: 73/140] 10.222.0.42 () {58 vars in 1328 bytes} [Fri Aug 5 02:48:16 2022] DELETE /volume/v3/7a809b8808894b57986419ea7ed5864f/volumes/6268f297-4e5d-460c-b885-0f28e8e313bc => generated 109 bytes in 46 msecs (HTTP/1.1 404) 7 headers in 292 bytes (1 switches on core 0)
Aug 05 02:48:16.668509 dv-cinder-815582-13-smb devstack@c-api.service[118144]: INFO cinder.api.openstack.wsgi [None req-55f55d77-00a9-4fff-aa0d-460446eaae76 tempest-VolumeQuotaClassesTest-1047447097 tempest-VolumeQuotaClassesTest-1047447097-project-admin] GET http://10.222.0.42/volume/v3/9cff67a247fa4fe0b01fa640cd2405ba/os-quota-class-sets/default
Aug 05 02:48:16.668986 dv-cinder-815582-13-smb devstack@c-api.service[118144]: DEBUG cinder.api.openstack.wsgi [None req-55f55d77-00a9-4fff-aa0d-460446eaae76 tempest-VolumeQuotaClassesTest-1047447097 tempest-VolumeQuotaClassesTest-1047447097-project-admin] Empty body provided in request {{(pid=118144) get_body /opt/stack/cinder/cinder/api/openstack/wsgi.py:715}}
Aug 05 02:48:16.669606 dv-cinder-815582-13-smb devstack@c-api.service[118144]: DEBUG cinder.api.openstack.wsgi [None req-55f55d77-00a9-4fff-aa0d-460446eaae76 tempest-VolumeQuotaClassesTest-1047447097 tempest-VolumeQuotaClassesTest-1047447097-project-admin] Calling method 'show' {{(pid=118144) _process_stack /opt/stack/cinder/cinder/api/openstack/wsgi.py:868}}
Aug 05 02:48:16.742180 dv-cinder-815582-13-smb devstack@c-api.service[118144]: INFO cinder.api.openstack.wsgi [None req-55f55d77-00a9-4fff-aa0d-460446eaae76 tempest-VolumeQuotaClassesTest-1047447097 tempest-VolumeQuotaClassesTest-1047447097-project-admin] http://10.222.0.42/volume/v3/9cff67a247fa4fe0b01fa640cd2405ba/os-quota-class-sets/default returned with HTTP 200
Aug 05 02:48:16.746904 dv-cinder-815582-13-smb devstack@c-api.service[118144]: [pid: 118144|app: 0|req: 68/141] 10.222.0.42 () {58 vars in 1274 bytes} [Fri Aug 5 02:48:16 2022] GET /volume/v3/9cff67a247fa4fe0b01fa640cd2405ba/os-quota-class-sets/default => generated 342 bytes in 450 msecs (HTTP/1.1 200) 7 headers in 285 bytes (1 switches on core 0)
Aug 05 02:48:16.759830 dv-cinder-815582-13-smb devstack@c-api.service[118145]: DEBUG cinder.api.middleware.request_id [None req-885355c2-84fc-40e7-8dae-fe3b59d0f155 None None] RequestId filter calling following filter/app {{(pid=118145) _context_setter /opt/stack/cinder/cinder/api/middleware/request_id.py:62}}
Aug 05 02:48:16.768416 dv-cinder-815582-13-smb devstack@c-api.service[118145]: INFO cinder.api.openstack.wsgi [None req-885355c2-84fc-40e7-8dae-fe3b59d0f155 tempest-VolumeQuotaClassesTest-1047447097 tempest-VolumeQuotaClassesTest-1047447097-project-admin] GET http://10.222.0.42/volume/v3/9cff67a247fa4fe0b01fa640cd2405ba/os-quota-class-sets/default
Aug 05 02:48:16.769348 dv-cinder-815582-13-smb devstack@c-api.service[118145]: DEBUG cinder.api.openstack.wsgi [None req-885355c2-84fc-40e7-8dae-fe3b59d0f155 tempest-VolumeQuotaClassesTest-1047447097 tempest-VolumeQuotaClassesTest-1047447097-project-admin] Empty body provided in request {{(pid=118145) get_body /opt/stack/cinder/cinder/api/openstack/wsgi.py:715}}
Aug 05 02:48:16.770144 dv-cinder-815582-13-smb devstack@c-api.service[118145]: DEBUG cinder.api.openstack.wsgi [None req-885355c2-84fc-40e7-8dae-fe3b59d0f155 tempest-VolumeQuotaClassesTest-1047447097 tempest-VolumeQuotaClassesTest-1047447097-project-admin] Calling method 'show' {{(pid=118145) _process_stack /opt/stack/cinder/cinder/api/openstack/wsgi.py:868}}
Aug 05 02:48:16.822809 dv-cinder-815582-13-smb devstack@c-api.service[118145]: INFO cinder.api.openstack.wsgi [None req-885355c2-84fc-40e7-8dae-fe3b59d0f155 tempest-VolumeQuotaClassesTest-1047447097 tempest-VolumeQuotaClassesTest-1047447097-project-admin] http://10.222.0.42/volume/v3/9cff67a247fa4fe0b01fa640cd2405ba/os-quota-class-sets/default returned with HTTP 200
Aug 05 02:48:16.831380 dv-cinder-815582-13-smb devstack@c-api.service[118145]: [pid: 118145|app: 0|req: 74/142] 10.222.0.42 () {58 vars in 1274 bytes} [Fri Aug 5 02:48:16 2022] GET /volume/v3/9cff67a247fa4fe0b01fa640cd2405ba/os-quota-class-sets/default => generated 342 bytes in 73 msecs (HTTP/1.1 200) 7 headers in 285 bytes (1 switches on core 0)
Aug 05 02:48:16.831623 dv-cinder-815582-13-smb devstack@c-api.service[118144]: DEBUG cinder.api.middleware.request_id [None req-08acaccb-4920-4403-ba0c-51875fec7341 None None] RequestId filter calling following filter/app {{(pid=118144) _context_setter /opt/stack/cinder/cinder/api/middleware/request_id.py:62}}
Aug 05 02:48:16.835797 dv-cinder-815582-13-smb devstack@c-api.service[118144]: INFO cinder.api.openstack.wsgi [None req-08acaccb-4920-4403-ba0c-51875fec7341 tempest-VolumeQuotaClassesTest-1047447097 tempest-VolumeQuotaClassesTest-1047447097-project-admin] POST http://10.222.0.42/volume/v3/9cff67a247fa4fe0b01fa640cd2405ba/types
Aug 05 02:48:16.836586 dv-cinder-815582-13-smb devstack@c-api.service[118144]: DEBUG cinder.api.openstack.wsgi [None req-08acaccb-4920-4403-ba0c-51875fec7341 tempest-VolumeQuotaClassesTest-1047447097 tempest-VolumeQuotaClassesTest-1047447097-project-admin] Action: 'create', calling method: _create, body: {"volume_type": {"name": "tempest-VolumeQuotaClassesTest-volume-type-787924237"}} {{(pid=118144) _process_stack /opt/stack/cinder/cinder/api/openstack/wsgi.py:866}}
Aug 05 02:48:16.949989 dv-cinder-815582-13-smb devstack@c-api.service[118144]: INFO cinder.api.openstack.wsgi [None req-08acaccb-4920-4403-ba0c-51875fec7341 tempest-VolumeQuotaClassesTest-1047447097 tempest-VolumeQuotaClassesTest-1047447097-project-admin] http://10.222.0.42/volume/v3/9cff67a247fa4fe0b01fa640cd2405ba/types returned with HTTP 200
Aug 05 02:48:16.958064 dv-cinder-815582-13-smb devstack@c-api.service[118144]: [pid: 118144|app: 0|req: 69/143] 10.222.0.42 () {60 vars in 1229 bytes} [Fri Aug 5 02:48:16 2022] POST /volume/v3/9cff67a247fa4fe0b01fa640cd2405ba/types => generated 227 bytes in 120 msecs (HTTP/1.1 200) 7 headers in 285 bytes (1 switches on core 0)
Aug 05 02:48:16.958987 dv-cinder-815582-13-smb devstack@c-api.service[118145]: DEBUG cinder.api.middleware.request_id [None req-fe09631b-9b58-4d87-bd0b-a8ae27ca0933 None None] RequestId filter calling following filter/app {{(pid=118145) _context_setter /opt/stack/cinder/cinder/api/middleware/request_id.py:62}}
Aug 05 02:48:16.966173 dv-cinder-815582-13-smb devstack@c-api.service[118145]: INFO cinder.api.openstack.wsgi [None req-fe09631b-9b58-4d87-bd0b-a8ae27ca0933 tempest-VolumeQuotaClassesTest-1047447097 tempest-VolumeQuotaClassesTest-1047447097-project-admin] PUT http://10.222.0.42/volume/v3/9cff67a247fa4fe0b01fa640cd2405ba/os-quota-class-sets/default
Aug 05 02:48:16.967137 dv-cinder-815582-13-smb devstack@c-api.service[118145]: DEBUG cinder.api.openstack.wsgi [None req-fe09631b-9b58-4d87-bd0b-a8ae27ca0933 tempest-VolumeQuotaClassesTest-1047447097 tempest-VolumeQuotaClassesTest-1047447097-project-admin] Action: 'update', calling method: update, body: {"quota_class_set": {"volumes": 11, "per_volume_gigabytes": -1, "snapshots": 11, "gigabytes": 1001, "backups": 11, "backup_gigabytes": 1001, "volumes_tempest-VolumeQuotaClassesTest-volume-type-787924237": 1, "snapshots_tempest-VolumeQuotaClassesTest-volume-type-787924237": 4, "gigabytes_tempest-VolumeQuotaClassesTest-volume-type-787924237": 6}} {{(pid=118145) _process_stack /opt/stack/cinder/cinder/api/openstack/wsgi.py:866}}
Aug 05 02:48:17.299613 dv-cinder-815582-13-smb devstack@c-api.service[118145]: DEBUG dbcounter [-] [118145] Writing DB stats cinder:SELECT=92,cinder:UPDATE=8 {{(pid=118145) stat_writer /usr/local/lib/python3.8/dist-packages/dbcounter.py:114}}
Aug 05 02:48:17.944293 dv-cinder-815582-13-smb devstack@c-api.service[118145]: INFO cinder.api.openstack.wsgi [None req-fe09631b-9b58-4d87-bd0b-a8ae27ca0933 tempest-VolumeQuotaClassesTest-1047447097 tempest-VolumeQuotaClassesTest-1047447097-project-admin] http://10.222.0.42/volume/v3/9cff67a247fa4fe0b01fa640cd2405ba/os-quota-class-sets/default returned with HTTP 200
Aug 05 02:48:17.950946 dv-cinder-815582-13-smb devstack@c-api.service[118145]: [pid: 118145|app: 0|req: 75/144] 10.222.0.42 () {60 vars in 1295 bytes} [Fri Aug 5 02:48:16 2022] PUT /volume/v3/9cff67a247fa4fe0b01fa640cd2405ba/os-quota-class-sets/default => generated 530 bytes in 989 msecs (HTTP/1.1 200) 7 headers in 285 bytes (1 switches on core 0)
Aug 05 02:48:17.952429 dv-cinder-815582-13-smb devstack@c-api.service[118144]: DEBUG cinder.api.middleware.request_id [None req-0ab77dd9-b2b7-48f9-86c1-ed8de6fc1745 None None] RequestId filter calling following filter/app {{(pid=118144) _context_setter /opt/stack/cinder/cinder/api/middleware/request_id.py:62}}
Aug 05 02:48:17.957815 dv-cinder-815582-13-smb devstack@c-api.service[118144]: INFO cinder.api.openstack.wsgi [None req-0ab77dd9-b2b7-48f9-86c1-ed8de6fc1745 tempest-VolumeQuotaClassesTest-1047447097 tempest-VolumeQuotaClassesTest-1047447097-project-admin] GET http://10.222.0.42/volume/v3/9cff67a247fa4fe0b01fa640cd2405ba/os-quota-sets/9cff67a247fa4fe0b01fa640cd2405ba/defaults
Aug 05 02:48:17.958527 dv-cinder-815582-13-smb devstack@c-api.service[118144]: DEBUG cinder.api.openstack.wsgi [None req-0ab77dd9-b2b7-48f9-86c1-ed8de6fc1745 tempest-VolumeQuotaClassesTest-1047447097 tempest-VolumeQuotaClassesTest-1047447097-project-admin] Empty body provided in request {{(pid=118144) get_body /opt/stack/cinder/cinder/api/openstack/wsgi.py:715}}
Aug 05 02:48:17.959080 dv-cinder-815582-13-smb devstack@c-api.service[118144]: DEBUG cinder.api.openstack.wsgi [None req-0ab77dd9-b2b7-48f9-86c1-ed8de6fc1745 tempest-VolumeQuotaClassesTest-1047447097 tempest-VolumeQuotaClassesTest-1047447097-project-admin] Calling method 'defaults' {{(pid=118144) _process_stack /opt/stack/cinder/cinder/api/openstack/wsgi.py:868}}
Aug 05 02:48:17.999475 dv-cinder-815582-13-smb devstack@c-api.service[118144]: DEBUG dbcounter [-] [118144] Writing DB stats cinder:SELECT=86,cinder:INSERT=2,cinder:UPDATE=12 {{(pid=118144) stat_writer /usr/local/lib/python3.8/dist-packages/dbcounter.py:114}}
Aug 05 02:48:18.062440 dv-cinder-815582-13-smb devstack@c-api.service[118144]: INFO cinder.api.openstack.wsgi [None req-0ab77dd9-b2b7-48f9-86c1-ed8de6fc1745 tempest-VolumeQuotaClassesTest-1047447097 tempest-VolumeQuotaClassesTest-1047447097-project-admin] http://10.222.0.42/volume/v3/9cff67a247fa4fe0b01fa640cd2405ba/os-quota-sets/9cff67a247fa4fe0b01fa640cd2405ba/defaults returned with HTTP 200
Aug 05 02:48:18.077586 dv-cinder-815582-13-smb devstack@c-api.service[118144]: [pid: 118144|app: 0|req: 70/145] 10.222.0.42 () {58 vars in 1358 bytes} [Fri Aug 5 02:48:17 2022] GET /volume/v3/9cff67a247fa4fe0b01fa640cd2405ba/os-quota-sets/9cff67a247fa4fe0b01fa640cd2405ba/defaults => generated 566 bytes in 118 msecs (HTTP/1.1 200) 7 headers in 285 bytes (1 switches on core 0)
Aug 05 02:48:19.749780 dv-cinder-815582-13-smb devstack@c-api.service[118145]: DEBUG cinder.api.middleware.request_id [None req-05b253c5-9fb1-4edc-848f-6edf45052988 None None] RequestId filter calling following filter/app {{(pid=118145) _context_setter /opt/stack/cinder/cinder/api/middleware/request_id.py:62}}
Aug 05 02:48:19.755271 dv-cinder-815582-13-smb devstack@c-api.service[118145]: INFO cinder.api.openstack.wsgi [None req-05b253c5-9fb1-4edc-848f-6edf45052988 tempest-VolumeQuotaClassesTest-1047447097 tempest-VolumeQuotaClassesTest-1047447097-project-admin] GET http://10.222.0.42/volume/v3/9cff67a247fa4fe0b01fa640cd2405ba/os-quota-sets/480f6bed11bd48b187b2e516b5ab7dc3/defaults
Aug 05 02:48:19.755908 dv-cinder-815582-13-smb devstack@c-api.service[118145]: DEBUG cinder.api.openstack.wsgi [None req-05b253c5-9fb1-4edc-848f-6edf45052988 tempest-VolumeQuotaClassesTest-1047447097 tempest-VolumeQuotaClassesTest-1047447097-project-admin] Empty body provided in request {{(pid=118145) get_body /opt/stack/cinder/cinder/api/openstack/wsgi.py:715}}
Aug 05 02:48:19.756666 dv-cinder-815582-13-smb devstack@c-api.service[118145]: DEBUG cinder.api.openstack.wsgi [None req-05b253c5-9fb1-4edc-848f-6edf45052988 tempest-VolumeQuotaClassesTest-1047447097 tempest-VolumeQuotaClassesTest-1047447097-project-admin] Calling method 'defaults' {{(pid=118145) _process_stack /opt/stack/cinder/cinder/api/openstack/wsgi.py:868}}
Aug 05 02:48:19.806166 dv-cinder-815582-13-smb devstack@c-api.service[118145]: INFO cinder.api.openstack.wsgi [None req-05b253c5-9fb1-4edc-848f-6edf45052988 tempest-VolumeQuotaClassesTest-1047447097 tempest-VolumeQuotaClassesTest-1047447097-project-admin] http://10.222.0.42/volume/v3/9cff67a247fa4fe0b01fa640cd2405ba/os-quota-sets/480f6bed11bd48b187b2e516b5ab7dc3/defaults returned with HTTP 200
Aug 05 02:48:19.808267 dv-cinder-815582-13-smb devstack@c-api.service[118145]: [pid: 118145|app: 0|req: 76/146] 10.222.0.42 () {58 vars in 1358 bytes} [Fri Aug 5 02:48:19 2022] GET /volume/v3/9cff67a247fa4fe0b01fa640cd2405ba/os-quota-sets/480f6bed11bd48b187b2e516b5ab7dc3/defaults => generated 566 bytes in 59 msecs (HTTP/1.1 200) 7 headers in 285 bytes (1 switches on core 0)
Aug 05 02:48:20.263145 dv-cinder-815582-13-smb devstack@c-api.service[118144]: DEBUG cinder.api.middleware.request_id [None req-c5236336-6cc8-440c-9f77-35bab305b536 None None] RequestId filter calling following filter/app {{(pid=118144) _context_setter /opt/stack/cinder/cinder/api/middleware/request_id.py:62}}
Aug 05 02:48:20.285700 dv-cinder-815582-13-smb devstack@c-api.service[118144]: INFO cinder.api.openstack.wsgi [None req-c5236336-6cc8-440c-9f77-35bab305b536 tempest-VolumeQuotaClassesTest-1047447097 tempest-VolumeQuotaClassesTest-1047447097-project-admin] PUT http://10.222.0.42/volume/v3/9cff67a247fa4fe0b01fa640cd2405ba/os-quota-class-sets/default
Aug 05 02:48:20.286454 dv-cinder-815582-13-smb devstack@c-api.service[118144]: DEBUG cinder.api.openstack.wsgi [None req-c5236336-6cc8-440c-9f77-35bab305b536 tempest-VolumeQuotaClassesTest-1047447097 tempest-VolumeQuotaClassesTest-1047447097-project-admin] Action: 'update', calling method: update, body: {"quota_class_set": {"volumes": 10, "per_volume_gigabytes": -1, "snapshots": 10, "gigabytes": 1000, "backups": 10, "backup_gigabytes": 1000}} {{(pid=118144) _process_stack /opt/stack/cinder/cinder/api/openstack/wsgi.py:866}}
Aug 05 02:48:21.024058 dv-cinder-815582-13-smb devstack@c-api.service[118144]: INFO cinder.api.openstack.wsgi [None req-c5236336-6cc8-440c-9f77-35bab305b536 tempest-VolumeQuotaClassesTest-1047447097 tempest-VolumeQuotaClassesTest-1047447097-project-admin] http://10.222.0.42/volume/v3/9cff67a247fa4fe0b01fa640cd2405ba/os-quota-class-sets/default returned with HTTP 200
Aug 05 02:48:21.028460 dv-cinder-815582-13-smb devstack@c-api.service[118144]: [pid: 118144|app: 0|req: 71/147] 10.222.0.42 () {60 vars in 1295 bytes} [Fri Aug 5 02:48:20 2022] PUT /volume/v3/9cff67a247fa4fe0b01fa640cd2405ba/os-quota-class-sets/default => generated 530 bytes in 768 msecs (HTTP/1.1 200) 7 headers in 285 bytes (1 switches on core 0)
Aug 05 02:48:21.038718 dv-cinder-815582-13-smb devstack@c-api.service[118145]: DEBUG cinder.api.middleware.request_id [None req-0cac5bf4-23b7-488a-a5cd-b63cdcbd3fd6 None None] RequestId filter calling following filter/app {{(pid=118145) _context_setter /opt/stack/cinder/cinder/api/middleware/request_id.py:62}}
Aug 05 02:48:21.046020 dv-cinder-815582-13-smb devstack@c-api.service[118145]: INFO cinder.api.openstack.wsgi [None req-0cac5bf4-23b7-488a-a5cd-b63cdcbd3fd6 tempest-VolumeQuotaClassesTest-1047447097 tempest-VolumeQuotaClassesTest-1047447097-project-admin] DELETE http://10.222.0.42/volume/v3/9cff67a247fa4fe0b01fa640cd2405ba/types/1f2c0f5e-8ece-491e-bf13-1bc97e583546
Aug 05 02:48:21.051561 dv-cinder-815582-13-smb devstack@c-api.service[118145]: DEBUG cinder.api.openstack.wsgi [None req-0cac5bf4-23b7-488a-a5cd-b63cdcbd3fd6 tempest-VolumeQuotaClassesTest-1047447097 tempest-VolumeQuotaClassesTest-1047447097-project-admin] Empty body provided in request {{(pid=118145) get_body /opt/stack/cinder/cinder/api/openstack/wsgi.py:715}}
Aug 05 02:48:21.051561 dv-cinder-815582-13-smb devstack@c-api.service[118145]: DEBUG cinder.api.openstack.wsgi [None req-0cac5bf4-23b7-488a-a5cd-b63cdcbd3fd6 tempest-VolumeQuotaClassesTest-1047447097 tempest-VolumeQuotaClassesTest-1047447097-project-admin] Calling method '_delete' {{(pid=118145) _process_stack /opt/stack/cinder/cinder/api/openstack/wsgi.py:868}}
Aug 05 02:48:21.194204 dv-cinder-815582-13-smb devstack@c-api.service[118145]: INFO cinder.api.openstack.wsgi [None req-0cac5bf4-23b7-488a-a5cd-b63cdcbd3fd6 tempest-VolumeQuotaClassesTest-1047447097 tempest-VolumeQuotaClassesTest-1047447097-project-admin] http://10.222.0.42/volume/v3/9cff67a247fa4fe0b01fa640cd2405ba/types/1f2c0f5e-8ece-491e-bf13-1bc97e583546 returned with HTTP 202
Aug 05 02:48:21.195286 dv-cinder-815582-13-smb devstack@c-api.service[118145]: [pid: 118145|app: 0|req: 77/148] 10.222.0.42 () {58 vars in 1322 bytes} [Fri Aug 5 02:48:21 2022] DELETE /volume/v3/9cff67a247fa4fe0b01fa640cd2405ba/types/1f2c0f5e-8ece-491e-bf13-1bc97e583546 => generated 0 bytes in 159 msecs (HTTP/1.1 202) 6 headers in 233 bytes (1 switches on core 0)
Aug 05 02:48:21.199708 dv-cinder-815582-13-smb devstack@c-api.service[118144]: DEBUG cinder.api.middleware.request_id [None req-d1f2189a-37bf-4802-ae4b-9ba152be8005 None None] RequestId filter calling following filter/app {{(pid=118144) _context_setter /opt/stack/cinder/cinder/api/middleware/request_id.py:62}}
Aug 05 02:48:21.203669 dv-cinder-815582-13-smb devstack@c-api.service[118144]: INFO cinder.api.openstack.wsgi [None req-d1f2189a-37bf-4802-ae4b-9ba152be8005 tempest-VolumeQuotaClassesTest-1047447097 tempest-VolumeQuotaClassesTest-1047447097-project-admin] GET http://10.222.0.42/volume/v3/9cff67a247fa4fe0b01fa640cd2405ba/types/1f2c0f5e-8ece-491e-bf13-1bc97e583546
Aug 05 02:48:21.204776 dv-cinder-815582-13-smb devstack@c-api.service[118144]: DEBUG cinder.api.openstack.wsgi [None req-d1f2189a-37bf-4802-ae4b-9ba152be8005 tempest-VolumeQuotaClassesTest-1047447097 tempest-VolumeQuotaClassesTest-1047447097-project-admin] Empty body provided in request {{(pid=118144) get_body /opt/stack/cinder/cinder/api/openstack/wsgi.py:715}}
Aug 05 02:48:21.205406 dv-cinder-815582-13-smb devstack@c-api.service[118144]: DEBUG cinder.api.openstack.wsgi [None req-d1f2189a-37bf-4802-ae4b-9ba152be8005 tempest-VolumeQuotaClassesTest-1047447097 tempest-VolumeQuotaClassesTest-1047447097-project-admin] Calling method 'show' {{(pid=118144) _process_stack /opt/stack/cinder/cinder/api/openstack/wsgi.py:868}}
Aug 05 02:48:21.227349 dv-cinder-815582-13-smb devstack@c-api.service[118144]: INFO cinder.api.openstack.wsgi [None req-d1f2189a-37bf-4802-ae4b-9ba152be8005 tempest-VolumeQuotaClassesTest-1047447097 tempest-VolumeQuotaClassesTest-1047447097-project-admin] http://10.222.0.42/volume/v3/9cff67a247fa4fe0b01fa640cd2405ba/types/1f2c0f5e-8ece-491e-bf13-1bc97e583546 returned with HTTP 404
Aug 05 02:48:21.234853 dv-cinder-815582-13-smb devstack@c-api.service[118144]: [pid: 118144|app: 0|req: 72/149] 10.222.0.42 () {58 vars in 1319 bytes} [Fri Aug 5 02:48:21 2022] GET /volume/v3/9cff67a247fa4fe0b01fa640cd2405ba/types/1f2c0f5e-8ece-491e-bf13-1bc97e583546 => generated 114 bytes in 35 msecs (HTTP/1.1 404) 7 headers in 292 bytes (1 switches on core 0)
Aug 05 02:48:25.573224 dv-cinder-815582-13-smb devstack@c-api.service[118145]: DEBUG cinder.api.middleware.request_id [None req-eac9fac4-2268-4a6a-9c2e-a9c73da0485f None None] RequestId filter calling following filter/app {{(pid=118145) _context_setter /opt/stack/cinder/cinder/api/middleware/request_id.py:62}}
Aug 05 02:48:25.951454 dv-cinder-815582-13-smb devstack@c-api.service[118145]: INFO cinder.api.openstack.wsgi [None req-eac9fac4-2268-4a6a-9c2e-a9c73da0485f tempest-GroupsTest-1123462168 tempest-GroupsTest-1123462168-project-admin] POST http://10.222.0.42/volume/v3/a7b4e599ca2f4c66a9687939b4b794a4/types
Aug 05 02:48:25.951454 dv-cinder-815582-13-smb devstack@c-api.service[118145]: DEBUG cinder.api.openstack.wsgi [None req-eac9fac4-2268-4a6a-9c2e-a9c73da0485f tempest-GroupsTest-1123462168 tempest-GroupsTest-1123462168-project-admin] Action: 'create', calling method: _create, body: {"volume_type": {"name": "tempest-GroupsTest-volume-type-1321015434"}} {{(pid=118145) _process_stack /opt/stack/cinder/cinder/api/openstack/wsgi.py:866}}
Aug 05 02:48:26.109833 dv-cinder-815582-13-smb devstack@c-api.service[118145]: INFO cinder.api.openstack.wsgi [None req-eac9fac4-2268-4a6a-9c2e-a9c73da0485f tempest-GroupsTest-1123462168 tempest-GroupsTest-1123462168-project-admin] http://10.222.0.42/volume/v3/a7b4e599ca2f4c66a9687939b4b794a4/types returned with HTTP 200
Aug 05 02:48:26.111368 dv-cinder-815582-13-smb devstack@c-api.service[118145]: [pid: 118145|app: 0|req: 78/150] 10.222.0.42 () {60 vars in 1229 bytes} [Fri Aug 5 02:48:25 2022] POST /volume/v3/a7b4e599ca2f4c66a9687939b4b794a4/types => generated 216 bytes in 539 msecs (HTTP/1.1 200) 7 headers in 285 bytes (1 switches on core 0)
Aug 05 02:48:26.119936 dv-cinder-815582-13-smb devstack@c-api.service[118144]: DEBUG cinder.api.middleware.request_id [None req-af1e25c9-0bc6-48e1-9e53-ef33e734a082 None None] RequestId filter calling following filter/app {{(pid=118144) _context_setter /opt/stack/cinder/cinder/api/middleware/request_id.py:62}}
Aug 05 02:48:26.126334 dv-cinder-815582-13-smb devstack@c-api.service[118144]: INFO cinder.api.openstack.wsgi [None req-af1e25c9-0bc6-48e1-9e53-ef33e734a082 tempest-GroupsTest-1123462168 tempest-GroupsTest-1123462168-project-admin] POST http://10.222.0.42/volume/v3/a7b4e599ca2f4c66a9687939b4b794a4/group_types
Aug 05 02:48:26.138839 dv-cinder-815582-13-smb devstack@c-api.service[118144]: DEBUG cinder.api.openstack.wsgi [None req-af1e25c9-0bc6-48e1-9e53-ef33e734a082 tempest-GroupsTest-1123462168 tempest-GroupsTest-1123462168-project-admin] Action: 'create', calling method: version_select, body: {"group_type": {"name": "tempest-GroupsTest-group-type-1221426792"}} {{(pid=118144) _process_stack /opt/stack/cinder/cinder/api/openstack/wsgi.py:866}}
Aug 05 02:48:26.256251 dv-cinder-815582-13-smb devstack@c-api.service[118144]: INFO cinder.api.openstack.wsgi [None req-af1e25c9-0bc6-48e1-9e53-ef33e734a082 tempest-GroupsTest-1123462168 tempest-GroupsTest-1123462168-project-admin] http://10.222.0.42/volume/v3/a7b4e599ca2f4c66a9687939b4b794a4/group_types returned with HTTP 202
Aug 05 02:48:26.263005 dv-cinder-815582-13-smb devstack@c-api.service[118144]: [pid: 118144|app: 0|req: 73/151] 10.222.0.42 () {62 vars in 1288 bytes} [Fri Aug 5 02:48:26 2022] POST /volume/v3/a7b4e599ca2f4c66a9687939b4b794a4/group_types => generated 173 bytes in 140 msecs (HTTP/1.1 202) 7 headers in 292 bytes (1 switches on core 0)
Aug 05 02:48:26.265635 dv-cinder-815582-13-smb devstack@c-api.service[118145]: DEBUG cinder.api.middleware.request_id [None req-841c3cf9-19e7-4141-9ea1-cb04b64ee90c None None] RequestId filter calling following filter/app {{(pid=118145) _context_setter /opt/stack/cinder/cinder/api/middleware/request_id.py:62}}
Aug 05 02:48:26.731757 dv-cinder-815582-13-smb devstack@c-api.service[118145]: INFO cinder.api.openstack.wsgi [None req-841c3cf9-19e7-4141-9ea1-cb04b64ee90c tempest-GroupsTest-1663256162 tempest-GroupsTest-1663256162-project] POST http://10.222.0.42/volume/v3/d233100331034057b6433d7c6a33ae19/groups
Aug 05 02:48:26.732528 dv-cinder-815582-13-smb devstack@c-api.service[118145]: DEBUG cinder.api.openstack.wsgi [None req-841c3cf9-19e7-4141-9ea1-cb04b64ee90c tempest-GroupsTest-1663256162 tempest-GroupsTest-1663256162-project] Action: 'create', calling method: version_select, body: {"group": {"group_type": "0ea970a3-b730-4d74-b9b4-1d38836a4f02", "volume_types": ["56e49797-206e-4e13-9bfd-1c93330bc36c"], "name": "tempest-Group1-3840318"}} {{(pid=118145) _process_stack /opt/stack/cinder/cinder/api/openstack/wsgi.py:866}}
Aug 05 02:48:26.740537 dv-cinder-815582-13-smb devstack@c-api.service[118145]: DEBUG cinder.api.v3.groups [None req-841c3cf9-19e7-4141-9ea1-cb04b64ee90c tempest-GroupsTest-1663256162 tempest-GroupsTest-1663256162-project] Creating new group {'group': {'group_type': '0ea970a3-b730-4d74-b9b4-1d38836a4f02', 'volume_types': ['56e49797-206e-4e13-9bfd-1c93330bc36c'], 'name': 'tempest-Group1-3840318'}} {{(pid=118145) create /opt/stack/cinder/cinder/api/v3/groups.py:190}}
Aug 05 02:48:26.762608 dv-cinder-815582-13-smb devstack@c-api.service[118145]: INFO cinder.api.v3.groups [None req-841c3cf9-19e7-4141-9ea1-cb04b64ee90c tempest-GroupsTest-1663256162 tempest-GroupsTest-1663256162-project] Creating group tempest-Group1-3840318.
Aug 05 02:48:26.796812 dv-cinder-815582-13-smb devstack@c-api.service[118145]: INFO cinder.volume.api [None req-841c3cf9-19e7-4141-9ea1-cb04b64ee90c tempest-GroupsTest-1663256162 tempest-GroupsTest-1663256162-project] Availability Zones retrieved successfully.
Aug 05 02:48:27.010790 dv-cinder-815582-13-smb devstack@c-api.service[118145]: DEBUG cinder.quota [None req-841c3cf9-19e7-4141-9ea1-cb04b64ee90c tempest-GroupsTest-1663256162 tempest-GroupsTest-1663256162-project] Created reservations ['698c707b-59fe-4a0c-8f44-6afbd92cf0ec'] {{(pid=118145) reserve /opt/stack/cinder/cinder/quota.py:755}}
Aug 05 02:48:28.341217 dv-cinder-815582-13-smb devstack@c-api.service[118145]: INFO cinder.api.openstack.wsgi [None req-841c3cf9-19e7-4141-9ea1-cb04b64ee90c tempest-GroupsTest-1663256162 tempest-GroupsTest-1663256162-project] http://10.222.0.42/volume/v3/d233100331034057b6433d7c6a33ae19/groups returned with HTTP 202
Aug 05 02:48:28.343078 dv-cinder-815582-13-smb devstack@c-api.service[118145]: [pid: 118145|app: 0|req: 79/152] 10.222.0.42 () {62 vars in 1274 bytes} [Fri Aug 5 02:48:26 2022] POST /volume/v3/d233100331034057b6433d7c6a33ae19/groups => generated 91 bytes in 2079 msecs (HTTP/1.1 202) 7 headers in 291 bytes (1 switches on core 0)
Aug 05 02:48:28.350892 dv-cinder-815582-13-smb devstack@c-api.service[118144]: DEBUG cinder.api.middleware.request_id [None req-52ca0943-7907-49dd-b10c-226d2332ffc0 None None] RequestId filter calling following filter/app {{(pid=118144) _context_setter /opt/stack/cinder/cinder/api/middleware/request_id.py:62}}
Aug 05 02:48:28.355086 dv-cinder-815582-13-smb devstack@c-api.service[118144]: INFO cinder.api.openstack.wsgi [None req-52ca0943-7907-49dd-b10c-226d2332ffc0 tempest-GroupsTest-1663256162 tempest-GroupsTest-1663256162-project] GET http://10.222.0.42/volume/v3/d233100331034057b6433d7c6a33ae19/groups/d682f9f8-77ac-4391-ae5b-8021881a1da9
Aug 05 02:48:28.356234 dv-cinder-815582-13-smb devstack@c-api.service[118144]: DEBUG cinder.api.openstack.wsgi [None req-52ca0943-7907-49dd-b10c-226d2332ffc0 tempest-GroupsTest-1663256162 tempest-GroupsTest-1663256162-project] Empty body provided in request {{(pid=118144) get_body /opt/stack/cinder/cinder/api/openstack/wsgi.py:715}}
Aug 05 02:48:28.356845 dv-cinder-815582-13-smb devstack@c-api.service[118144]: DEBUG cinder.api.openstack.wsgi [None req-52ca0943-7907-49dd-b10c-226d2332ffc0 tempest-GroupsTest-1663256162 tempest-GroupsTest-1663256162-project] Calling method 'version_select' {{(pid=118144) _process_stack /opt/stack/cinder/cinder/api/openstack/wsgi.py:868}}
Aug 05 02:48:28.357998 dv-cinder-815582-13-smb devstack@c-api.service[118144]: DEBUG cinder.api.v3.groups [None req-52ca0943-7907-49dd-b10c-226d2332ffc0 tempest-GroupsTest-1663256162 tempest-GroupsTest-1663256162-project] show called for member d682f9f8-77ac-4391-ae5b-8021881a1da9 {{(pid=118144) show /opt/stack/cinder/cinder/api/v3/groups.py:58}}
