Jun 23 13:32:59.504714 dv-cinder-815582-10-smb devstack@keystone.service[86768]: DEBUG keystone.common.rbac_enforcer.enforcer [None req-a17897c8-8846-4a2b-86db-445a31f7e8f7 None admin] RBAC: Adding query filter params (role.id=7375d2caebd143e29bfb064c04af61e7, scope.project.id=5ee573fc7a3445568d49498c20f3ed88, user.id=9cff92b0e6704fd3bfafffcd292f8e7d) {{(pid=86768) _extract_filter_values /opt/stack/keystone/keystone/common/rbac_enforcer/enforcer.py:167}}
Jun 23 13:32:59.505110 dv-cinder-815582-10-smb devstack@keystone.service[86768]: DEBUG keystone.common.rbac_enforcer.enforcer [None req-a17897c8-8846-4a2b-86db-445a31f7e8f7 None admin] RBAC: Authorizing `identity:list_role_assignments()` {{(pid=86768) enforce_call /opt/stack/keystone/keystone/common/rbac_enforcer/enforcer.py:449}}
Jun 23 13:32:59.507378 dv-cinder-815582-10-smb devstack@keystone.service[86768]: DEBUG keystone.common.rbac_enforcer.enforcer [None req-a17897c8-8846-4a2b-86db-445a31f7e8f7 None admin] RBAC: Authorization granted {{(pid=86768) enforce_call /opt/stack/keystone/keystone/common/rbac_enforcer/enforcer.py:457}}
Jun 23 13:32:59.515249 dv-cinder-815582-10-smb devstack@keystone.service[86768]: [pid: 86768|app: 0|req: 44/92] 10.222.0.23 () {56 vars in 1374 bytes} [Thu Jun 23 13:32:59 2022] GET /identity/v3/role_assignments?user.id=9cff92b0e6704fd3bfafffcd292f8e7d&scope.project.id=5ee573fc7a3445568d49498c20f3ed88&role.id=7375d2caebd143e29bfb064c04af61e7 => generated 259 bytes in 174 msecs (HTTP/1.1 200) 5 headers in 177 bytes (1 switches on core 0)
Jun 23 13:32:59.520098 dv-cinder-815582-10-smb devstack@keystone.service[86768]: DEBUG keystone.server.flask.request_processing.middleware.auth_context [None req-a17897c8-8846-4a2b-86db-445a31f7e8f7 None admin] Authenticating user token {{(pid=86768) process_request /usr/local/lib/python3.8/dist-packages/keystonemiddleware/auth_token/__init__.py:407}}
Jun 23 13:32:59.526580 dv-cinder-815582-10-smb devstack@keystone.service[86768]: DEBUG dbcounter [-] [86768] Writing DB stats keystone:SELECT=100 {{(pid=86768) stat_writer /usr/local/lib/python3.8/dist-packages/dbcounter.py:114}}
Jun 23 13:32:59.605543 dv-cinder-815582-10-smb devstack@keystone.service[86769]: DEBUG keystone.common.rbac_enforcer.enforcer [None req-33d04bbc-fa0a-4f14-9a0a-ecdc19accf06 None admin] RBAC: Authorizing `identity:validate_token()` {{(pid=86769) enforce_call /opt/stack/keystone/keystone/common/rbac_enforcer/enforcer.py:449}}
Jun 23 13:32:59.607701 dv-cinder-815582-10-smb devstack@keystone.service[86769]: DEBUG keystone.common.rbac_enforcer.enforcer [None req-33d04bbc-fa0a-4f14-9a0a-ecdc19accf06 None admin] RBAC: Authorization granted {{(pid=86769) enforce_call /opt/stack/keystone/keystone/common/rbac_enforcer/enforcer.py:457}}
Jun 23 13:32:59.728338 dv-cinder-815582-10-smb devstack@keystone.service[86768]: DEBUG keystone.server.flask.request_processing.middleware.auth_context [None req-a17897c8-8846-4a2b-86db-445a31f7e8f7 None admin] Validating token access rules against request {{(pid=86768) validate_allowed_request /usr/local/lib/python3.8/dist-packages/keystonemiddleware/auth_token/__init__.py:545}}
Jun 23 13:32:59.748037 dv-cinder-815582-10-smb devstack@keystone.service[86769]: DEBUG dbcounter [-] [86769] Writing DB stats keystone:SELECT=100 {{(pid=86769) stat_writer /usr/local/lib/python3.8/dist-packages/dbcounter.py:114}}
Jun 23 13:32:59.771838 dv-cinder-815582-10-smb devstack@keystone.service[86768]: DEBUG keystone.server.flask.request_processing.middleware.auth_context [None req-9f6b992f-262b-4415-9a6a-54fd2497403b None admin] RBAC: auth_context: {'token': , 'domain_id': None, 'trust_id': None, 'trustor_id': None, 'trustee_id': None, 'domain_name': None, 'group_ids': [], 'user_id': '313ef37cfa214544815014c4f759284a', 'user_domain_id': 'default', 'system_scope': 'all', 'project_id': None, 'project_domain_id': None, 'roles': ['admin', 'member', 'reader'], 'is_admin_project': True, 'service_user_id': None, 'service_user_domain_id': None, 'service_project_id': None, 'service_project_domain_id': None, 'service_roles': []} {{(pid=86768) fill_context /opt/stack/keystone/keystone/server/flask/request_processing/middleware/auth_context.py:478}}
Jun 23 13:32:59.772543 dv-cinder-815582-10-smb devstack@keystone.service[86768]: DEBUG keystone.server.flask.request_processing.req_logging [None req-9f6b992f-262b-4415-9a6a-54fd2497403b None admin] REQUEST_METHOD: `GET` {{(pid=86768) log_request_info /opt/stack/keystone/keystone/server/flask/request_processing/req_logging.py:27}}
Jun 23 13:32:59.775460 dv-cinder-815582-10-smb devstack@keystone.service[86769]: [pid: 86769|app: 0|req: 49/93] 10.222.0.23 () {58 vars in 1282 bytes} [Thu Jun 23 13:32:59 2022] GET /identity/v3/auth/tokens => generated 799 bytes in 444 msecs (HTTP/1.1 200) 6 headers in 358 bytes (1 switches on core 0)
Jun 23 13:32:59.779924 dv-cinder-815582-10-smb devstack@keystone.service[86769]: DEBUG keystone.server.flask.request_processing.middleware.auth_context [None req-33d04bbc-fa0a-4f14-9a0a-ecdc19accf06 None admin] Authenticating user token {{(pid=86769) process_request /usr/local/lib/python3.8/dist-packages/keystonemiddleware/auth_token/__init__.py:407}}
Jun 23 13:32:59.780122 dv-cinder-815582-10-smb devstack@keystone.service[86768]: DEBUG keystone.server.flask.request_processing.req_logging [None req-9f6b992f-262b-4415-9a6a-54fd2497403b None admin] SCRIPT_NAME: `/identity` {{(pid=86768) log_request_info /opt/stack/keystone/keystone/server/flask/request_processing/req_logging.py:28}}
Jun 23 13:32:59.780446 dv-cinder-815582-10-smb devstack@keystone.service[86768]: DEBUG keystone.server.flask.request_processing.req_logging [None req-9f6b992f-262b-4415-9a6a-54fd2497403b None admin] PATH_INFO: `/v3/role_assignments` {{(pid=86768) log_request_info /opt/stack/keystone/keystone/server/flask/request_processing/req_logging.py:29}}
Jun 23 13:32:59.781336 dv-cinder-815582-10-smb devstack@keystone.service[86768]: DEBUG keystone.common.rbac_enforcer.enforcer [None req-9f6b992f-262b-4415-9a6a-54fd2497403b None admin] RBAC: Adding query filter params (role.id=d38549e73a3b4007b78d77d91a93026f, scope.project.id=5ee573fc7a3445568d49498c20f3ed88, user.id=9cff92b0e6704fd3bfafffcd292f8e7d) {{(pid=86768) _extract_filter_values /opt/stack/keystone/keystone/common/rbac_enforcer/enforcer.py:167}}
Jun 23 13:32:59.781675 dv-cinder-815582-10-smb devstack@keystone.service[86768]: DEBUG keystone.common.rbac_enforcer.enforcer [None req-9f6b992f-262b-4415-9a6a-54fd2497403b None admin] RBAC: Authorizing `identity:list_role_assignments()` {{(pid=86768) enforce_call /opt/stack/keystone/keystone/common/rbac_enforcer/enforcer.py:449}}
Jun 23 13:32:59.783411 dv-cinder-815582-10-smb devstack@keystone.service[86768]: DEBUG keystone.common.rbac_enforcer.enforcer [None req-9f6b992f-262b-4415-9a6a-54fd2497403b None admin] RBAC: Authorization granted {{(pid=86768) enforce_call /opt/stack/keystone/keystone/common/rbac_enforcer/enforcer.py:457}}
Jun 23 13:32:59.798355 dv-cinder-815582-10-smb devstack@keystone.service[86768]: [pid: 86768|app: 0|req: 45/94] 10.222.0.23 () {56 vars in 1374 bytes} [Thu Jun 23 13:32:59 2022] GET /identity/v3/role_assignments?user.id=9cff92b0e6704fd3bfafffcd292f8e7d&scope.project.id=5ee573fc7a3445568d49498c20f3ed88&role.id=d38549e73a3b4007b78d77d91a93026f => generated 259 bytes in 283 msecs (HTTP/1.1 200) 5 headers in 177 bytes (1 switches on core 0)
Jun 23 13:32:59.799377 dv-cinder-815582-10-smb devstack@keystone.service[86768]: DEBUG keystone.server.flask.request_processing.middleware.auth_context [None req-9f6b992f-262b-4415-9a6a-54fd2497403b None admin] Authenticating user token {{(pid=86768) process_request /usr/local/lib/python3.8/dist-packages/keystonemiddleware/auth_token/__init__.py:407}}
Jun 23 13:32:59.901318 dv-cinder-815582-10-smb devstack@keystone.service[86769]: DEBUG keystone.server.flask.request_processing.middleware.auth_context [None req-33d04bbc-fa0a-4f14-9a0a-ecdc19accf06 None admin] Validating token access rules against request {{(pid=86769) validate_allowed_request /usr/local/lib/python3.8/dist-packages/keystonemiddleware/auth_token/__init__.py:545}}
Jun 23 13:32:59.935626 dv-cinder-815582-10-smb devstack@keystone.service[86768]: DEBUG dbcounter [-] [86768] Writing DB stats keystone:SELECT=100 {{(pid=86768) stat_writer /usr/local/lib/python3.8/dist-packages/dbcounter.py:114}}
Jun 23 13:32:59.947335 dv-cinder-815582-10-smb devstack@keystone.service[86768]: DEBUG keystone.server.flask.request_processing.middleware.auth_context [None req-9f6b992f-262b-4415-9a6a-54fd2497403b None admin] Validating token access rules against request {{(pid=86768) validate_allowed_request /usr/local/lib/python3.8/dist-packages/keystonemiddleware/auth_token/__init__.py:545}}
Jun 23 13:32:59.971049 dv-cinder-815582-10-smb devstack@keystone.service[86769]: DEBUG keystone.server.flask.request_processing.middleware.auth_context [None req-17a27710-d61c-4920-9f78-a19bf6e29b82 None admin] RBAC: auth_context: {'token': , 'domain_id': None, 'trust_id': None, 'trustor_id': None, 'trustee_id': None, 'domain_name': None, 'group_ids': [], 'user_id': '313ef37cfa214544815014c4f759284a', 'user_domain_id': 'default', 'system_scope': 'all', 'project_id': None, 'project_domain_id': None, 'roles': ['admin', 'member', 'reader'], 'is_admin_project': True, 'service_user_id': None, 'service_user_domain_id': None, 'service_project_id': None, 'service_project_domain_id': None, 'service_roles': []} {{(pid=86769) fill_context /opt/stack/keystone/keystone/server/flask/request_processing/middleware/auth_context.py:478}}
Jun 23 13:32:59.971755 dv-cinder-815582-10-smb devstack@keystone.service[86769]: DEBUG keystone.server.flask.request_processing.req_logging [None req-17a27710-d61c-4920-9f78-a19bf6e29b82 None admin] REQUEST_METHOD: `GET` {{(pid=86769) log_request_info /opt/stack/keystone/keystone/server/flask/request_processing/req_logging.py:27}}
Jun 23 13:32:59.972042 dv-cinder-815582-10-smb devstack@keystone.service[86769]: DEBUG keystone.server.flask.request_processing.req_logging [None req-17a27710-d61c-4920-9f78-a19bf6e29b82 None admin] SCRIPT_NAME: `/identity` {{(pid=86769) log_request_info /opt/stack/keystone/keystone/server/flask/request_processing/req_logging.py:28}}
Jun 23 13:32:59.972321 dv-cinder-815582-10-smb devstack@keystone.service[86769]: DEBUG keystone.server.flask.request_processing.req_logging [None req-17a27710-d61c-4920-9f78-a19bf6e29b82 None admin] PATH_INFO: `/v3/role_assignments` {{(pid=86769) log_request_info /opt/stack/keystone/keystone/server/flask/request_processing/req_logging.py:29}}
Jun 23 13:32:59.973168 dv-cinder-815582-10-smb devstack@keystone.service[86769]: DEBUG keystone.common.rbac_enforcer.enforcer [None req-17a27710-d61c-4920-9f78-a19bf6e29b82 None admin] RBAC: Adding query filter params (role.id=eb12d27128ad4920b71e88bc6a0a8257, scope.project.id=5ee573fc7a3445568d49498c20f3ed88, user.id=313ef37cfa214544815014c4f759284a) {{(pid=86769) _extract_filter_values /opt/stack/keystone/keystone/common/rbac_enforcer/enforcer.py:167}}
Jun 23 13:32:59.973485 dv-cinder-815582-10-smb devstack@keystone.service[86769]: DEBUG keystone.common.rbac_enforcer.enforcer [None req-17a27710-d61c-4920-9f78-a19bf6e29b82 None admin] RBAC: Authorizing `identity:list_role_assignments()` {{(pid=86769) enforce_call /opt/stack/keystone/keystone/common/rbac_enforcer/enforcer.py:449}}
Jun 23 13:32:59.974955 dv-cinder-815582-10-smb devstack@keystone.service[86769]: DEBUG keystone.common.rbac_enforcer.enforcer [None req-17a27710-d61c-4920-9f78-a19bf6e29b82 None admin] RBAC: Authorization granted {{(pid=86769) enforce_call /opt/stack/keystone/keystone/common/rbac_enforcer/enforcer.py:457}}
Jun 23 13:32:59.989083 dv-cinder-815582-10-smb devstack@keystone.service[86769]: [pid: 86769|app: 0|req: 50/95] 10.222.0.23 () {56 vars in 1374 bytes} [Thu Jun 23 13:32:59 2022] GET /identity/v3/role_assignments?user.id=313ef37cfa214544815014c4f759284a&scope.project.id=5ee573fc7a3445568d49498c20f3ed88&role.id=eb12d27128ad4920b71e88bc6a0a8257 => generated 259 bytes in 213 msecs (HTTP/1.1 200) 5 headers in 177 bytes (1 switches on core 0)
Jun 23 13:33:00.001252 dv-cinder-815582-10-smb devstack@keystone.service[86768]: DEBUG keystone.server.flask.request_processing.middleware.auth_context [None req-066e29da-7970-4488-95a0-07affbace549 None admin] RBAC: auth_context: {'token': , 'domain_id': None, 'trust_id': None, 'trustor_id': None, 'trustee_id': None, 'domain_name': None, 'group_ids': [], 'user_id': '313ef37cfa214544815014c4f759284a', 'user_domain_id': 'default', 'system_scope': 'all', 'project_id': None, 'project_domain_id': None, 'roles': ['admin', 'member', 'reader'], 'is_admin_project': True, 'service_user_id': None, 'service_user_domain_id': None, 'service_project_id': None, 'service_project_domain_id': None, 'service_roles': []} {{(pid=86768) fill_context /opt/stack/keystone/keystone/server/flask/request_processing/middleware/auth_context.py:478}}
Jun 23 13:33:00.002136 dv-cinder-815582-10-smb devstack@keystone.service[86768]: DEBUG keystone.server.flask.request_processing.req_logging [None req-066e29da-7970-4488-95a0-07affbace549 None admin] REQUEST_METHOD: `GET` {{(pid=86768) log_request_info /opt/stack/keystone/keystone/server/flask/request_processing/req_logging.py:27}}
Jun 23 13:33:00.002425 dv-cinder-815582-10-smb devstack@keystone.service[86768]: DEBUG keystone.server.flask.request_processing.req_logging [None req-066e29da-7970-4488-95a0-07affbace549 None admin] SCRIPT_NAME: `/identity` {{(pid=86768) log_request_info /opt/stack/keystone/keystone/server/flask/request_processing/req_logging.py:28}}
Jun 23 13:33:00.002715 dv-cinder-815582-10-smb devstack@keystone.service[86768]: DEBUG keystone.server.flask.request_processing.req_logging [None req-066e29da-7970-4488-95a0-07affbace549 None admin] PATH_INFO: `/v3/projects/bcbcabaf4e994f2fbfc8112f97ed9fec` {{(pid=86768) log_request_info /opt/stack/keystone/keystone/server/flask/request_processing/req_logging.py:29}}
Jun 23 13:33:00.003946 dv-cinder-815582-10-smb devstack@keystone.service[86768]: DEBUG keystone.common.rbac_enforcer.enforcer [None req-066e29da-7970-4488-95a0-07affbace549 None admin] RBAC: Authorizing `identity:get_project(project_id=bcbcabaf4e994f2fbfc8112f97ed9fec)` {{(pid=86768) enforce_call /opt/stack/keystone/keystone/common/rbac_enforcer/enforcer.py:449}}
Jun 23 13:33:00.005437 dv-cinder-815582-10-smb devstack@keystone.service[86768]: DEBUG keystone.common.rbac_enforcer.enforcer [None req-066e29da-7970-4488-95a0-07affbace549 None admin] RBAC: Authorization granted {{(pid=86768) enforce_call /opt/stack/keystone/keystone/common/rbac_enforcer/enforcer.py:457}}
Jun 23 13:33:00.007268 dv-cinder-815582-10-smb devstack@keystone.service[86768]: [pid: 86768|app: 0|req: 46/96] 10.222.0.23 () {56 vars in 1186 bytes} [Thu Jun 23 13:32:59 2022] GET /identity/v3/projects/bcbcabaf4e994f2fbfc8112f97ed9fec => generated 312 bytes in 208 msecs (HTTP/1.1 200) 5 headers in 177 bytes (1 switches on core 0)
Jun 23 13:33:00.013926 dv-cinder-815582-10-smb devstack@keystone.service[86769]: DEBUG keystone.server.flask.request_processing.middleware.auth_context [None req-17a27710-d61c-4920-9f78-a19bf6e29b82 None admin] Authenticating user token {{(pid=86769) process_request /usr/local/lib/python3.8/dist-packages/keystonemiddleware/auth_token/__init__.py:407}}
Jun 23 13:33:00.055684 dv-cinder-815582-10-smb devstack@keystone.service[86769]: DEBUG dbcounter [-] [86769] Writing DB stats keystone:SELECT=100 {{(pid=86769) stat_writer /usr/local/lib/python3.8/dist-packages/dbcounter.py:114}}
Jun 23 13:33:00.147472 dv-cinder-815582-10-smb devstack@keystone.service[86769]: DEBUG keystone.server.flask.request_processing.middleware.auth_context [None req-17a27710-d61c-4920-9f78-a19bf6e29b82 None admin] Validating token access rules against request {{(pid=86769) validate_allowed_request /usr/local/lib/python3.8/dist-packages/keystonemiddleware/auth_token/__init__.py:545}}
Jun 23 13:33:00.189558 dv-cinder-815582-10-smb devstack@keystone.service[86769]: DEBUG keystone.server.flask.request_processing.middleware.auth_context [None req-eda1c52a-9865-4cf5-815e-55ea17cf7c73 None admin] RBAC: auth_context: {'token': , 'domain_id': None, 'trust_id': None, 'trustor_id': None, 'trustee_id': None, 'domain_name': None, 'group_ids': [], 'user_id': '313ef37cfa214544815014c4f759284a', 'user_domain_id': 'default', 'system_scope': 'all', 'project_id': None, 'project_domain_id': None, 'roles': ['admin', 'member', 'reader'], 'is_admin_project': True, 'service_user_id': None, 'service_user_domain_id': None, 'service_project_id': None, 'service_project_domain_id': None, 'service_roles': []} {{(pid=86769) fill_context /opt/stack/keystone/keystone/server/flask/request_processing/middleware/auth_context.py:478}}
Jun 23 13:33:00.190223 dv-cinder-815582-10-smb devstack@keystone.service[86769]: DEBUG keystone.server.flask.request_processing.req_logging [None req-eda1c52a-9865-4cf5-815e-55ea17cf7c73 None admin] REQUEST_METHOD: `GET` {{(pid=86769) log_request_info /opt/stack/keystone/keystone/server/flask/request_processing/req_logging.py:27}}
Jun 23 13:33:00.190514 dv-cinder-815582-10-smb devstack@keystone.service[86769]: DEBUG keystone.server.flask.request_processing.req_logging [None req-eda1c52a-9865-4cf5-815e-55ea17cf7c73 None admin] SCRIPT_NAME: `/identity` {{(pid=86769) log_request_info /opt/stack/keystone/keystone/server/flask/request_processing/req_logging.py:28}}
Jun 23 13:33:00.190796 dv-cinder-815582-10-smb devstack@keystone.service[86769]: DEBUG keystone.server.flask.request_processing.req_logging [None req-eda1c52a-9865-4cf5-815e-55ea17cf7c73 None admin] PATH_INFO: `/v3/role_assignments` {{(pid=86769) log_request_info /opt/stack/keystone/keystone/server/flask/request_processing/req_logging.py:29}}
Jun 23 13:33:00.191670 dv-cinder-815582-10-smb devstack@keystone.service[86769]: DEBUG keystone.common.rbac_enforcer.enforcer [None req-eda1c52a-9865-4cf5-815e-55ea17cf7c73 None admin] RBAC: Adding query filter params (role.id=d38549e73a3b4007b78d77d91a93026f, scope.project.id=bcbcabaf4e994f2fbfc8112f97ed9fec, user.id=9cff92b0e6704fd3bfafffcd292f8e7d) {{(pid=86769) _extract_filter_values /opt/stack/keystone/keystone/common/rbac_enforcer/enforcer.py:167}}
Jun 23 13:33:00.191984 dv-cinder-815582-10-smb devstack@keystone.service[86769]: DEBUG keystone.common.rbac_enforcer.enforcer [None req-eda1c52a-9865-4cf5-815e-55ea17cf7c73 None admin] RBAC: Authorizing `identity:list_role_assignments()` {{(pid=86769) enforce_call /opt/stack/keystone/keystone/common/rbac_enforcer/enforcer.py:449}}
Jun 23 13:33:00.193508 dv-cinder-815582-10-smb devstack@keystone.service[86769]: DEBUG keystone.common.rbac_enforcer.enforcer [None req-eda1c52a-9865-4cf5-815e-55ea17cf7c73 None admin] RBAC: Authorization granted {{(pid=86769) enforce_call /opt/stack/keystone/keystone/common/rbac_enforcer/enforcer.py:457}}
Jun 23 13:33:00.203923 dv-cinder-815582-10-smb devstack@keystone.service[86769]: [pid: 86769|app: 0|req: 51/97] 10.222.0.23 () {56 vars in 1374 bytes} [Thu Jun 23 13:33:00 2022] GET /identity/v3/role_assignments?user.id=9cff92b0e6704fd3bfafffcd292f8e7d&scope.project.id=bcbcabaf4e994f2fbfc8112f97ed9fec&role.id=d38549e73a3b4007b78d77d91a93026f => generated 259 bytes in 191 msecs (HTTP/1.1 200) 5 headers in 177 bytes (1 switches on core 0)
Jun 23 13:33:01.571881 dv-cinder-815582-10-smb devstack@keystone.service[86768]: DEBUG keystone.server.flask.request_processing.req_logging [None req-988b4ba4-674b-454d-94fb-2ad6c672892d None None] REQUEST_METHOD: `GET` {{(pid=86768) log_request_info /opt/stack/keystone/keystone/server/flask/request_processing/req_logging.py:27}}
Jun 23 13:33:01.572410 dv-cinder-815582-10-smb devstack@keystone.service[86768]: DEBUG keystone.server.flask.request_processing.req_logging [None req-988b4ba4-674b-454d-94fb-2ad6c672892d None None] SCRIPT_NAME: `/identity` {{(pid=86768) log_request_info /opt/stack/keystone/keystone/server/flask/request_processing/req_logging.py:28}}
Jun 23 13:33:01.572484 dv-cinder-815582-10-smb devstack@keystone.service[86768]: DEBUG keystone.server.flask.request_processing.req_logging [None req-988b4ba4-674b-454d-94fb-2ad6c672892d None None] PATH_INFO: `/` {{(pid=86768) log_request_info /opt/stack/keystone/keystone/server/flask/request_processing/req_logging.py:29}}
Jun 23 13:33:01.573947 dv-cinder-815582-10-smb devstack@keystone.service[86768]: [pid: 86768|app: 0|req: 47/98] 10.222.0.23 () {54 vars in 926 bytes} [Thu Jun 23 13:33:01 2022] GET /identity => generated 270 bytes in 3 msecs (HTTP/1.1 300) 6 headers in 234 bytes (1 switches on core 0)
Jun 23 13:33:01.580035 dv-cinder-815582-10-smb devstack@keystone.service[86769]: DEBUG keystone.server.flask.request_processing.req_logging [None req-897ff309-08ed-47b1-90d3-f256d11697af None None] REQUEST_METHOD: `POST` {{(pid=86769) log_request_info /opt/stack/keystone/keystone/server/flask/request_processing/req_logging.py:27}}
Jun 23 13:33:01.580472 dv-cinder-815582-10-smb devstack@keystone.service[86769]: DEBUG keystone.server.flask.request_processing.req_logging [None req-897ff309-08ed-47b1-90d3-f256d11697af None None] SCRIPT_NAME: `/identity` {{(pid=86769) log_request_info /opt/stack/keystone/keystone/server/flask/request_processing/req_logging.py:28}}
Jun 23 13:33:01.580669 dv-cinder-815582-10-smb devstack@keystone.service[86769]: DEBUG keystone.server.flask.request_processing.req_logging [None req-897ff309-08ed-47b1-90d3-f256d11697af None None] PATH_INFO: `/v3/auth/tokens` {{(pid=86769) log_request_info /opt/stack/keystone/keystone/server/flask/request_processing/req_logging.py:29}}
Jun 23 13:33:01.608225 dv-cinder-815582-10-smb devstack@keystone.service[86769]: DEBUG keystone.auth.core [None req-897ff309-08ed-47b1-90d3-f256d11697af None None] MFA Rules not processed for user `313ef37cfa214544815014c4f759284a`. Rule list: `[]` (Enabled: `True`). {{(pid=86769) check_auth_methods_against_rules /opt/stack/keystone/keystone/auth/core.py:438}}
Jun 23 13:33:01.609442 dv-cinder-815582-10-smb devstack@keystone.service[86769]: DEBUG keystone.common.fernet_utils [None req-897ff309-08ed-47b1-90d3-f256d11697af None None] Loaded 2 Fernet keys from /etc/keystone/fernet-keys/, but `[fernet_tokens] max_active_keys = 3`; perhaps there have not been enough key rotations to reach `max_active_keys` yet? {{(pid=86769) load_keys /opt/stack/keystone/keystone/common/fernet_utils.py:286}}
Jun 23 13:33:01.700102 dv-cinder-815582-10-smb devstack@keystone.service[86769]: [pid: 86769|app: 0|req: 52/99] 10.222.0.23 () {58 vars in 1023 bytes} [Thu Jun 23 13:33:01 2022] POST /identity/v3/auth/tokens => generated 799 bytes in 121 msecs (HTTP/1.1 201) 6 headers in 363 bytes (1 switches on core 0)
Jun 23 13:33:01.748880 dv-cinder-815582-10-smb devstack@keystone.service[86768]: DEBUG keystone.server.flask.request_processing.middleware.auth_context [None req-988b4ba4-674b-454d-94fb-2ad6c672892d None None] Authenticating user token {{(pid=86768) process_request /usr/local/lib/python3.8/dist-packages/keystonemiddleware/auth_token/__init__.py:407}}
Jun 23 13:33:01.815686 dv-cinder-815582-10-smb devstack@keystone.service[86769]: DEBUG keystone.server.flask.request_processing.req_logging [None req-e2b63cad-363a-4ba3-8ee2-fa9991d32a50 None None] REQUEST_METHOD: `GET` {{(pid=86769) log_request_info /opt/stack/keystone/keystone/server/flask/request_processing/req_logging.py:27}}
Jun 23 13:33:01.816011 dv-cinder-815582-10-smb devstack@keystone.service[86769]: DEBUG keystone.server.flask.request_processing.req_logging [None req-e2b63cad-363a-4ba3-8ee2-fa9991d32a50 None None] SCRIPT_NAME: `/identity` {{(pid=86769) log_request_info /opt/stack/keystone/keystone/server/flask/request_processing/req_logging.py:28}}
Jun 23 13:33:01.816260 dv-cinder-815582-10-smb devstack@keystone.service[86769]: DEBUG keystone.server.flask.request_processing.req_logging [None req-e2b63cad-363a-4ba3-8ee2-fa9991d32a50 None None] PATH_INFO: `/` {{(pid=86769) log_request_info /opt/stack/keystone/keystone/server/flask/request_processing/req_logging.py:29}}
Jun 23 13:33:01.817630 dv-cinder-815582-10-smb devstack@keystone.service[86769]: [pid: 86769|app: 0|req: 53/100] 10.222.0.23 () {54 vars in 926 bytes} [Thu Jun 23 13:33:01 2022] GET /identity => generated 270 bytes in 3 msecs (HTTP/1.1 300) 6 headers in 234 bytes (1 switches on core 0)
Jun 23 13:33:01.826542 dv-cinder-815582-10-smb devstack@keystone.service[86769]: DEBUG keystone.server.flask.request_processing.req_logging [None req-dbb1bcbb-fd60-4316-8c33-38e8c2f62c3a None None] REQUEST_METHOD: `POST` {{(pid=86769) log_request_info /opt/stack/keystone/keystone/server/flask/request_processing/req_logging.py:27}}
Jun 23 13:33:01.826830 dv-cinder-815582-10-smb devstack@keystone.service[86769]: DEBUG keystone.server.flask.request_processing.req_logging [None req-dbb1bcbb-fd60-4316-8c33-38e8c2f62c3a None None] SCRIPT_NAME: `/identity` {{(pid=86769) log_request_info /opt/stack/keystone/keystone/server/flask/request_processing/req_logging.py:28}}
Jun 23 13:33:01.827110 dv-cinder-815582-10-smb devstack@keystone.service[86769]: DEBUG keystone.server.flask.request_processing.req_logging [None req-dbb1bcbb-fd60-4316-8c33-38e8c2f62c3a None None] PATH_INFO: `/v3/auth/tokens` {{(pid=86769) log_request_info /opt/stack/keystone/keystone/server/flask/request_processing/req_logging.py:29}}
Jun 23 13:33:01.854817 dv-cinder-815582-10-smb devstack@keystone.service[86769]: DEBUG keystone.auth.core [None req-dbb1bcbb-fd60-4316-8c33-38e8c2f62c3a None None] MFA Rules not processed for user `313ef37cfa214544815014c4f759284a`. Rule list: `[]` (Enabled: `True`). {{(pid=86769) check_auth_methods_against_rules /opt/stack/keystone/keystone/auth/core.py:438}}
Jun 23 13:33:01.856032 dv-cinder-815582-10-smb devstack@keystone.service[86769]: DEBUG keystone.common.fernet_utils [None req-dbb1bcbb-fd60-4316-8c33-38e8c2f62c3a None None] Loaded 2 Fernet keys from /etc/keystone/fernet-keys/, but `[fernet_tokens] max_active_keys = 3`; perhaps there have not been enough key rotations to reach `max_active_keys` yet? {{(pid=86769) load_keys /opt/stack/keystone/keystone/common/fernet_utils.py:286}}
Jun 23 13:33:01.892048 dv-cinder-815582-10-smb devstack@keystone.service[86769]: DEBUG dbcounter [-] [86769] Writing DB stats keystone:SELECT=100 {{(pid=86769) stat_writer /usr/local/lib/python3.8/dist-packages/dbcounter.py:114}}
Jun 23 13:33:01.900653 dv-cinder-815582-10-smb devstack@keystone.service[86768]: DEBUG keystone.server.flask.request_processing.middleware.auth_context [None req-988b4ba4-674b-454d-94fb-2ad6c672892d None None] Validating token access rules against request {{(pid=86768) validate_allowed_request /usr/local/lib/python3.8/dist-packages/keystonemiddleware/auth_token/__init__.py:545}}
Jun 23 13:33:01.936299 dv-cinder-815582-10-smb devstack@keystone.service[86768]: DEBUG keystone.server.flask.request_processing.middleware.auth_context [None req-1883c303-7cfa-4d3d-88a3-72a3a2c80705 None admin] RBAC: auth_context: {'token': , 'domain_id': None, 'trust_id': None, 'trustor_id': None, 'trustee_id': None, 'domain_name': None, 'group_ids': [], 'user_id': '313ef37cfa214544815014c4f759284a', 'user_domain_id': 'default', 'system_scope': 'all', 'project_id': None, 'project_domain_id': None, 'roles': ['admin', 'member', 'reader'], 'is_admin_project': True, 'service_user_id': None, 'service_user_domain_id': None, 'service_project_id': None, 'service_project_domain_id': None, 'service_roles': []} {{(pid=86768) fill_context /opt/stack/keystone/keystone/server/flask/request_processing/middleware/auth_context.py:478}}
Jun 23 13:33:01.937094 dv-cinder-815582-10-smb devstack@keystone.service[86768]: DEBUG keystone.server.flask.request_processing.req_logging [None req-1883c303-7cfa-4d3d-88a3-72a3a2c80705 None admin] REQUEST_METHOD: `GET` {{(pid=86768) log_request_info /opt/stack/keystone/keystone/server/flask/request_processing/req_logging.py:27}}
Jun 23 13:33:01.937382 dv-cinder-815582-10-smb devstack@keystone.service[86768]: DEBUG keystone.server.flask.request_processing.req_logging [None req-1883c303-7cfa-4d3d-88a3-72a3a2c80705 None admin] SCRIPT_NAME: `/identity` {{(pid=86768) log_request_info /opt/stack/keystone/keystone/server/flask/request_processing/req_logging.py:28}}
Jun 23 13:33:01.937663 dv-cinder-815582-10-smb devstack@keystone.service[86768]: DEBUG keystone.server.flask.request_processing.req_logging [None req-1883c303-7cfa-4d3d-88a3-72a3a2c80705 None admin] PATH_INFO: `/v3/domains/default` {{(pid=86768) log_request_info /opt/stack/keystone/keystone/server/flask/request_processing/req_logging.py:29}}
Jun 23 13:33:01.938829 dv-cinder-815582-10-smb devstack@keystone.service[86768]: DEBUG keystone.common.rbac_enforcer.enforcer [None req-1883c303-7cfa-4d3d-88a3-72a3a2c80705 None admin] RBAC: Authorizing `identity:get_domain(domain_id=default)` {{(pid=86768) enforce_call /opt/stack/keystone/keystone/common/rbac_enforcer/enforcer.py:449}}
Jun 23 13:33:01.940310 dv-cinder-815582-10-smb devstack@keystone.service[86768]: DEBUG keystone.common.rbac_enforcer.enforcer [None req-1883c303-7cfa-4d3d-88a3-72a3a2c80705 None admin] RBAC: Authorization granted {{(pid=86768) enforce_call /opt/stack/keystone/keystone/common/rbac_enforcer/enforcer.py:457}}
Jun 23 13:33:01.941935 dv-cinder-815582-10-smb devstack@keystone.service[86768]: [pid: 86768|app: 0|req: 48/101] 10.222.0.23 () {56 vars in 1108 bytes} [Thu Jun 23 13:33:01 2022] GET /identity/v3/domains/default => generated 199 bytes in 194 msecs (HTTP/1.1 200) 5 headers in 177 bytes (1 switches on core 0)
Jun 23 13:33:01.948587 dv-cinder-815582-10-smb devstack@keystone.service[86768]: DEBUG keystone.server.flask.request_processing.middleware.auth_context [None req-1883c303-7cfa-4d3d-88a3-72a3a2c80705 None admin] Authenticating user token {{(pid=86768) process_request /usr/local/lib/python3.8/dist-packages/keystonemiddleware/auth_token/__init__.py:407}}
Jun 23 13:33:01.959546 dv-cinder-815582-10-smb devstack@keystone.service[86768]: DEBUG dbcounter [-] [86768] Writing DB stats keystone:SELECT=100 {{(pid=86768) stat_writer /usr/local/lib/python3.8/dist-packages/dbcounter.py:114}}
Jun 23 13:33:01.989156 dv-cinder-815582-10-smb devstack@keystone.service[86769]: [pid: 86769|app: 0|req: 54/102] 10.222.0.23 () {58 vars in 1023 bytes} [Thu Jun 23 13:33:01 2022] POST /identity/v3/auth/tokens => generated 799 bytes in 164 msecs (HTTP/1.1 201) 6 headers in 363 bytes (2 switches on core 0)
Jun 23 13:33:02.029230 dv-cinder-815582-10-smb devstack@keystone.service[86769]: DEBUG keystone.server.flask.request_processing.middleware.auth_context [None req-dbb1bcbb-fd60-4316-8c33-38e8c2f62c3a None None] Authenticating user token {{(pid=86769) process_request /usr/local/lib/python3.8/dist-packages/keystonemiddleware/auth_token/__init__.py:407}}
Jun 23 13:33:02.122027 dv-cinder-815582-10-smb devstack@keystone.service[86768]: DEBUG keystone.server.flask.request_processing.middleware.auth_context [None req-1883c303-7cfa-4d3d-88a3-72a3a2c80705 None admin] Validating token access rules against request {{(pid=86768) validate_allowed_request /usr/local/lib/python3.8/dist-packages/keystonemiddleware/auth_token/__init__.py:545}}
Jun 23 13:33:02.175049 dv-cinder-815582-10-smb devstack@keystone.service[86769]: DEBUG keystone.server.flask.request_processing.middleware.auth_context [None req-dbb1bcbb-fd60-4316-8c33-38e8c2f62c3a None None] Validating token access rules against request {{(pid=86769) validate_allowed_request /usr/local/lib/python3.8/dist-packages/keystonemiddleware/auth_token/__init__.py:545}}
Jun 23 13:33:02.187916 dv-cinder-815582-10-smb devstack@keystone.service[86768]: DEBUG keystone.server.flask.request_processing.middleware.auth_context [None req-b7df82a7-c60c-49e0-ae95-da68ab559358 None admin] RBAC: auth_context: {'token': , 'domain_id': None, 'trust_id': None, 'trustor_id': None, 'trustee_id': None, 'domain_name': None, 'group_ids': [], 'user_id': '313ef37cfa214544815014c4f759284a', 'user_domain_id': 'default', 'system_scope': 'all', 'project_id': None, 'project_domain_id': None, 'roles': ['admin', 'member', 'reader'], 'is_admin_project': True, 'service_user_id': None, 'service_user_domain_id': None, 'service_project_id': None, 'service_project_domain_id': None, 'service_roles': []} {{(pid=86768) fill_context /opt/stack/keystone/keystone/server/flask/request_processing/middleware/auth_context.py:478}}
Jun 23 13:33:02.188603 dv-cinder-815582-10-smb devstack@keystone.service[86768]: DEBUG keystone.server.flask.request_processing.req_logging [None req-b7df82a7-c60c-49e0-ae95-da68ab559358 None admin] REQUEST_METHOD: `POST` {{(pid=86768) log_request_info /opt/stack/keystone/keystone/server/flask/request_processing/req_logging.py:27}}
Jun 23 13:33:02.188902 dv-cinder-815582-10-smb devstack@keystone.service[86768]: DEBUG keystone.server.flask.request_processing.req_logging [None req-b7df82a7-c60c-49e0-ae95-da68ab559358 None admin] SCRIPT_NAME: `/identity` {{(pid=86768) log_request_info /opt/stack/keystone/keystone/server/flask/request_processing/req_logging.py:28}}
Jun 23 13:33:02.189184 dv-cinder-815582-10-smb devstack@keystone.service[86768]: DEBUG keystone.server.flask.request_processing.req_logging [None req-b7df82a7-c60c-49e0-ae95-da68ab559358 None admin] PATH_INFO: `/v3/projects` {{(pid=86768) log_request_info /opt/stack/keystone/keystone/server/flask/request_processing/req_logging.py:29}}
Jun 23 13:33:02.189921 dv-cinder-815582-10-smb devstack@keystone.service[86768]: DEBUG keystone.common.rbac_enforcer.enforcer [None req-b7df82a7-c60c-49e0-ae95-da68ab559358 None admin] RBAC: Authorizing `identity:create_project()` {{(pid=86768) enforce_call /opt/stack/keystone/keystone/common/rbac_enforcer/enforcer.py:449}}
Jun 23 13:33:02.191389 dv-cinder-815582-10-smb devstack@keystone.service[86768]: DEBUG keystone.common.rbac_enforcer.enforcer [None req-b7df82a7-c60c-49e0-ae95-da68ab559358 None admin] RBAC: Authorization granted {{(pid=86768) enforce_call /opt/stack/keystone/keystone/common/rbac_enforcer/enforcer.py:457}}
Jun 23 13:33:02.224213 dv-cinder-815582-10-smb devstack@keystone.service[86768]: [pid: 86768|app: 0|req: 49/103] 10.222.0.23 () {60 vars in 1141 bytes} [Thu Jun 23 13:33:01 2022] POST /identity/v3/projects => generated 302 bytes in 276 msecs (HTTP/1.1 201) 5 headers in 182 bytes (1 switches on core 0)
Jun 23 13:33:02.225640 dv-cinder-815582-10-smb devstack@keystone.service[86768]: DEBUG keystone.server.flask.request_processing.req_logging [None req-fb64fd64-8899-4266-b81c-3e4999033fbf None None] REQUEST_METHOD: `GET` {{(pid=86768) log_request_info /opt/stack/keystone/keystone/server/flask/request_processing/req_logging.py:27}}
Jun 23 13:33:02.225941 dv-cinder-815582-10-smb devstack@keystone.service[86768]: DEBUG keystone.server.flask.request_processing.req_logging [None req-fb64fd64-8899-4266-b81c-3e4999033fbf None None] SCRIPT_NAME: `/identity` {{(pid=86768) log_request_info /opt/stack/keystone/keystone/server/flask/request_processing/req_logging.py:28}}
Jun 23 13:33:02.226286 dv-cinder-815582-10-smb devstack@keystone.service[86768]: DEBUG keystone.server.flask.request_processing.req_logging [None req-fb64fd64-8899-4266-b81c-3e4999033fbf None None] PATH_INFO: `/` {{(pid=86768) log_request_info /opt/stack/keystone/keystone/server/flask/request_processing/req_logging.py:29}}
Jun 23 13:33:02.227772 dv-cinder-815582-10-smb devstack@keystone.service[86768]: [pid: 86768|app: 0|req: 50/104] 10.222.0.23 () {54 vars in 926 bytes} [Thu Jun 23 13:33:02 2022] GET /identity => generated 270 bytes in 3 msecs (HTTP/1.1 300) 6 headers in 234 bytes (1 switches on core 0)
Jun 23 13:33:02.234304 dv-cinder-815582-10-smb devstack@keystone.service[86768]: DEBUG keystone.server.flask.request_processing.req_logging [None req-2b0cb7b5-6358-41a4-8de5-e507aefa0840 None None] REQUEST_METHOD: `POST` {{(pid=86768) log_request_info /opt/stack/keystone/keystone/server/flask/request_processing/req_logging.py:27}}
Jun 23 13:33:02.234601 dv-cinder-815582-10-smb devstack@keystone.service[86768]: DEBUG keystone.server.flask.request_processing.req_logging [None req-2b0cb7b5-6358-41a4-8de5-e507aefa0840 None None] SCRIPT_NAME: `/identity` {{(pid=86768) log_request_info /opt/stack/keystone/keystone/server/flask/request_processing/req_logging.py:28}}
Jun 23 13:33:02.234883 dv-cinder-815582-10-smb devstack@keystone.service[86768]: DEBUG keystone.server.flask.request_processing.req_logging [None req-2b0cb7b5-6358-41a4-8de5-e507aefa0840 None None] PATH_INFO: `/v3/auth/tokens` {{(pid=86768) log_request_info /opt/stack/keystone/keystone/server/flask/request_processing/req_logging.py:29}}
Jun 23 13:33:02.253389 dv-cinder-815582-10-smb devstack@keystone.service[86768]: DEBUG keystone.auth.core [None req-2b0cb7b5-6358-41a4-8de5-e507aefa0840 None None] MFA Rules not processed for user `313ef37cfa214544815014c4f759284a`. Rule list: `[]` (Enabled: `True`). {{(pid=86768) check_auth_methods_against_rules /opt/stack/keystone/keystone/auth/core.py:438}}
Jun 23 13:33:02.254615 dv-cinder-815582-10-smb devstack@keystone.service[86768]: DEBUG keystone.common.fernet_utils [None req-2b0cb7b5-6358-41a4-8de5-e507aefa0840 None None] Loaded 2 Fernet keys from /etc/keystone/fernet-keys/, but `[fernet_tokens] max_active_keys = 3`; perhaps there have not been enough key rotations to reach `max_active_keys` yet? {{(pid=86768) load_keys /opt/stack/keystone/keystone/common/fernet_utils.py:286}}
Jun 23 13:33:02.264682 dv-cinder-815582-10-smb devstack@keystone.service[86769]: DEBUG keystone.server.flask.request_processing.middleware.auth_context [None req-992d7d15-7a30-4356-bdb7-8091fefa4ef9 None admin] RBAC: auth_context: {'token': , 'domain_id': None, 'trust_id': None, 'trustor_id': None, 'trustee_id': None, 'domain_name': None, 'group_ids': [], 'user_id': '313ef37cfa214544815014c4f759284a', 'user_domain_id': 'default', 'system_scope': 'all', 'project_id': None, 'project_domain_id': None, 'roles': ['admin', 'member', 'reader'], 'is_admin_project': True, 'service_user_id': None, 'service_user_domain_id': None, 'service_project_id': None, 'service_project_domain_id': None, 'service_roles': []} {{(pid=86769) fill_context /opt/stack/keystone/keystone/server/flask/request_processing/middleware/auth_context.py:478}}
Jun 23 13:33:02.265509 dv-cinder-815582-10-smb devstack@keystone.service[86769]: DEBUG keystone.server.flask.request_processing.req_logging [None req-992d7d15-7a30-4356-bdb7-8091fefa4ef9 None admin] REQUEST_METHOD: `GET` {{(pid=86769) log_request_info /opt/stack/keystone/keystone/server/flask/request_processing/req_logging.py:27}}
Jun 23 13:33:02.266074 dv-cinder-815582-10-smb devstack@keystone.service[86769]: DEBUG keystone.server.flask.request_processing.req_logging [None req-992d7d15-7a30-4356-bdb7-8091fefa4ef9 None admin] SCRIPT_NAME: `/identity` {{(pid=86769) log_request_info /opt/stack/keystone/keystone/server/flask/request_processing/req_logging.py:28}}
Jun 23 13:33:02.266359 dv-cinder-815582-10-smb devstack@keystone.service[86769]: DEBUG keystone.server.flask.request_processing.req_logging [None req-992d7d15-7a30-4356-bdb7-8091fefa4ef9 None admin] PATH_INFO: `/v3/roles/reader` {{(pid=86769) log_request_info /opt/stack/keystone/keystone/server/flask/request_processing/req_logging.py:29}}
Jun 23 13:33:02.311362 dv-cinder-815582-10-smb devstack@keystone.service[86769]: DEBUG keystone.common.rbac_enforcer.enforcer [None req-992d7d15-7a30-4356-bdb7-8091fefa4ef9 None admin] Extracting inferred target data resulted in "NOT FOUND (404)". {{(pid=86769) enforce_call /opt/stack/keystone/keystone/common/rbac_enforcer/enforcer.py:409}}
Jun 23 13:33:02.323292 dv-cinder-815582-10-smb devstack@keystone.service[86769]: ERROR keystone.server.flask.application [None req-992d7d15-7a30-4356-bdb7-8091fefa4ef9 None admin] Could not find role: reader.: keystone.exception.RoleNotFound: Could not find role: reader.
Jun 23 13:33:02.323292 dv-cinder-815582-10-smb devstack@keystone.service[86769]: ERROR keystone.server.flask.application
Traceback (most recent call last):
Jun 23 13:33:02.323292 dv-cinder-815582-10-smb devstack@keystone.service[86769]: ERROR keystone.server.flask.application
File "/usr/local/lib/python3.8/dist-packages/flask/app.py", line 1523, in full_dispatch_request
Jun 23 13:33:02.323292 dv-cinder-815582-10-smb devstack@keystone.service[86769]: ERROR keystone.server.flask.application rv = self.dispatch_request()
Jun 23 13:33:02.323292 dv-cinder-815582-10-smb devstack@keystone.service[86769]: ERROR keystone.server.flask.application
File "/usr/local/lib/python3.8/dist-packages/flask/app.py", line 1509, in dispatch_request
Jun 23 13:33:02.323292 dv-cinder-815582-10-smb devstack@keystone.service[86769]: ERROR keystone.server.flask.application return self.ensure_sync(self.view_functions[rule.endpoint])(**req.view_args)
Jun 23 13:33:02.323292 dv-cinder-815582-10-smb devstack@keystone.service[86769]: ERROR keystone.server.flask.application
File "/usr/local/lib/python3.8/dist-packages/flask_restful/__init__.py", line 467, in wrapper
Jun 23 13:33:02.323292 dv-cinder-815582-10-smb devstack@keystone.service[86769]: ERROR keystone.server.flask.application resp = resource(*args, **kwargs)
Jun 23 13:33:02.323292 dv-cinder-815582-10-smb devstack@keystone.service[86769]: ERROR keystone.server.flask.application
File "/usr/local/lib/python3.8/dist-packages/flask/views.py", line 84, in view
Jun 23 13:33:02.323292 dv-cinder-815582-10-smb devstack@keystone.service[86769]: ERROR keystone.server.flask.application return current_app.ensure_sync(self.dispatch_request)(*args, **kwargs)
Jun 23 13:33:02.323292 dv-cinder-815582-10-smb devstack@keystone.service[86769]: ERROR keystone.server.flask.application
File "/usr/local/lib/python3.8/dist-packages/flask_restful/__init__.py", line 582, in dispatch_request
Jun 23 13:33:02.323292 dv-cinder-815582-10-smb devstack@keystone.service[86769]: ERROR keystone.server.flask.application resp = meth(*args, **kwargs)
Jun 23 13:33:02.323292 dv-cinder-815582-10-smb devstack@keystone.service[86769]: ERROR keystone.server.flask.application
File "/opt/stack/keystone/keystone/api/roles.py", line 50, in get
Jun 23 13:33:02.323292 dv-cinder-815582-10-smb devstack@keystone.service[86769]: ERROR keystone.server.flask.application return self._get_role(role_id)
Jun 23 13:33:02.323292 dv-cinder-815582-10-smb devstack@keystone.service[86769]: ERROR keystone.server.flask.application
File "/opt/stack/keystone/keystone/api/roles.py", line 70, in _get_role
Jun 23 13:33:02.323292 dv-cinder-815582-10-smb devstack@keystone.service[86769]: ERROR keystone.server.flask.application ENFORCER.enforce_call(action='identity:get_role')
Jun 23 13:33:02.324422 dv-cinder-815582-10-smb devstack@keystone.service[86769]: ERROR keystone.server.flask.application
File "/opt/stack/keystone/keystone/common/rbac_enforcer/enforcer.py", line 402, in enforce_call
Jun 23 13:33:02.324422 dv-cinder-815582-10-smb devstack@keystone.service[86769]: ERROR keystone.server.flask.application policy_dict.update(cls._extract_member_target_data(
Jun 23 13:33:02.324422 dv-cinder-815582-10-smb devstack@keystone.service[86769]: ERROR keystone.server.flask.application
File "/opt/stack/keystone/keystone/common/rbac_enforcer/enforcer.py", line 234, in _extract_member_target_data
Jun 23 13:33:02.324422 dv-cinder-815582-10-smb devstack@keystone.service[86769]: ERROR keystone.server.flask.application member_name: func(flask.request.view_args[key])
Jun 23 13:33:02.324422 dv-cinder-815582-10-smb devstack@keystone.service[86769]: ERROR keystone.server.flask.application
File "/opt/stack/keystone/keystone/common/manager.py", line 115, in wrapped
Jun 23 13:33:02.324422 dv-cinder-815582-10-smb devstack@keystone.service[86769]: ERROR keystone.server.flask.application __ret_val = __f(*args, **kwargs)
Jun 23 13:33:02.324422 dv-cinder-815582-10-smb devstack@keystone.service[86769]: ERROR keystone.server.flask.application
File "/usr/local/lib/python3.8/dist-packages/decorator.py", line 232, in fun
Jun 23 13:33:02.324422 dv-cinder-815582-10-smb devstack@keystone.service[86769]: ERROR keystone.server.flask.application return caller(func, *(extras + args), **kw)
Jun 23 13:33:02.324422 dv-cinder-815582-10-smb devstack@keystone.service[86769]: ERROR keystone.server.flask.application
File "/usr/local/lib/python3.8/dist-packages/dogpile/cache/region.py", line 1577, in get_or_create_for_user_func
Jun 23 13:33:02.324422 dv-cinder-815582-10-smb devstack@keystone.service[86769]: ERROR keystone.server.flask.application return self.get_or_create(
Jun 23 13:33:02.324422 dv-cinder-815582-10-smb devstack@keystone.service[86769]: ERROR keystone.server.flask.application
File "/usr/local/lib/python3.8/dist-packages/dogpile/cache/region.py", line 1042, in get_or_create
Jun 23 13:33:02.324422 dv-cinder-815582-10-smb devstack@keystone.service[86769]: ERROR keystone.server.flask.application with Lock(
Jun 23 13:33:02.324422 dv-cinder-815582-10-smb devstack@keystone.service[86769]: ERROR keystone.server.flask.application
File "/usr/local/lib/python3.8/dist-packages/dogpile/lock.py", line 185, in __enter__
Jun 23 13:33:02.324422 dv-cinder-815582-10-smb devstack@keystone.service[86769]: ERROR keystone.server.flask.application return self._enter()
Jun 23 13:33:02.324422 dv-cinder-815582-10-smb devstack@keystone.service[86769]: ERROR keystone.server.flask.application
File "/usr/local/lib/python3.8/dist-packages/dogpile/lock.py", line 94, in _enter
Jun 23 13:33:02.324422 dv-cinder-815582-10-smb devstack@keystone.service[86769]: ERROR keystone.server.flask.application generated = self._enter_create(value, createdtime)
Jun 23 13:33:02.326125 dv-cinder-815582-10-smb devstack@keystone.service[86769]: ERROR keystone.server.flask.application
File "/usr/local/lib/python3.8/dist-packages/dogpile/lock.py", line 178, in _enter_create
Jun 23 13:33:02.326125 dv-cinder-815582-10-smb devstack@keystone.service[86769]: ERROR keystone.server.flask.application return self.creator()
Jun 23 13:33:02.326125 dv-cinder-815582-10-smb devstack@keystone.service[86769]: ERROR keystone.server.flask.application
File "/usr/local/lib/python3.8/dist-packages/dogpile/cache/region.py", line 995, in gen_value
Jun 23 13:33:02.326125 dv-cinder-815582-10-smb devstack@keystone.service[86769]: ERROR keystone.server.flask.application created_value = creator(
Jun 23 13:33:02.326125 dv-cinder-815582-10-smb devstack@keystone.service[86769]: ERROR keystone.server.flask.application
File "/opt/stack/keystone/keystone/assignment/core.py", line 1276, in get_role
Jun 23 13:33:02.326125 dv-cinder-815582-10-smb devstack@keystone.service[86769]: ERROR keystone.server.flask.application return self.driver.get_role(role_id)
Jun 23 13:33:02.326125 dv-cinder-815582-10-smb devstack@keystone.service[86769]: ERROR keystone.server.flask.application
File "/opt/stack/keystone/keystone/assignment/role_backends/sql.py", line 70, in get_role
Jun 23 13:33:02.326125 dv-cinder-815582-10-smb devstack@keystone.service[86769]: ERROR keystone.server.flask.application return self._get_role(session, role_id).to_dict()
Jun 23 13:33:02.326125 dv-cinder-815582-10-smb devstack@keystone.service[86769]: ERROR keystone.server.flask.application
File "/opt/stack/keystone/keystone/assignment/role_backends/sql.py", line 65, in _get_role
Jun 23 13:33:02.326125 dv-cinder-815582-10-smb devstack@keystone.service[86769]: ERROR keystone.server.flask.application raise exception.RoleNotFound(role_id=role_id)
Jun 23 13:33:02.326125 dv-cinder-815582-10-smb devstack@keystone.service[86769]: ERROR keystone.server.flask.application keystone.exception.RoleNotFound: Could not find role: reader.
Jun 23 13:33:02.326125 dv-cinder-815582-10-smb devstack@keystone.service[86769]: ERROR keystone.server.flask.application
Jun 23 13:33:02.326125 dv-cinder-815582-10-smb devstack@keystone.service[86769]: [pid: 86769|app: 0|req: 55/105] 10.222.0.23 () {56 vars in 1099 bytes} [Thu Jun 23 13:33:02 2022] GET /identity/v3/roles/reader => generated 84 bytes in 297 msecs (HTTP/1.1 404) 5 headers in 183 bytes (2 switches on core 0)
Jun 23 13:33:02.335788 dv-cinder-815582-10-smb devstack@keystone.service[86768]: DEBUG dbcounter [-] [86768] Writing DB stats keystone:SELECT=99,keystone:INSERT=1 {{(pid=86768) stat_writer /usr/local/lib/python3.8/dist-packages/dbcounter.py:114}}
Jun 23 13:33:02.338240 dv-cinder-815582-10-smb devstack@keystone.service[86769]: DEBUG keystone.server.flask.request_processing.middleware.auth_context [None req-992d7d15-7a30-4356-bdb7-8091fefa4ef9 None admin] Authenticating user token {{(pid=86769) process_request /usr/local/lib/python3.8/dist-packages/keystonemiddleware/auth_token/__init__.py:407}}
Jun 23 13:33:02.369585 dv-cinder-815582-10-smb devstack@keystone.service[86768]: [pid: 86768|app: 0|req: 51/106] 10.222.0.23 () {58 vars in 1023 bytes} [Thu Jun 23 13:33:02 2022] POST /identity/v3/auth/tokens => generated 799 bytes in 136 msecs (HTTP/1.1 201) 6 headers in 363 bytes (2 switches on core 0)
Jun 23 13:33:02.380594 dv-cinder-815582-10-smb devstack@keystone.service[86769]: DEBUG dbcounter [-] [86769] Writing DB stats keystone:SELECT=100 {{(pid=86769) stat_writer /usr/local/lib/python3.8/dist-packages/dbcounter.py:114}}
Jun 23 13:33:02.416795 dv-cinder-815582-10-smb devstack@keystone.service[86768]: DEBUG keystone.server.flask.request_processing.middleware.auth_context [None req-2b0cb7b5-6358-41a4-8de5-e507aefa0840 None None] Authenticating user token {{(pid=86768) process_request /usr/local/lib/python3.8/dist-packages/keystonemiddleware/auth_token/__init__.py:407}}
Jun 23 13:33:02.535967 dv-cinder-815582-10-smb devstack@keystone.service[86769]: DEBUG keystone.server.flask.request_processing.middleware.auth_context [None req-992d7d15-7a30-4356-bdb7-8091fefa4ef9 None admin] Validating token access rules against request {{(pid=86769) validate_allowed_request /usr/local/lib/python3.8/dist-packages/keystonemiddleware/auth_token/__init__.py:545}}
