Mar 29 13:11:26.333726 dv-cinder-815560-5-iscsi devstack@c-api.service[110602]: DEBUG cinder.volume.api [None req-9d5a7dba-ea1d-49cb-a188-6d3cd821e8ce tempest-VolumeTypesTest-126649257 tempest-VolumeTypesTest-126649257-project] Task 'cinder.volume.flows.api.create_volume.EntryCreateTask;volume:create' (2dba015c-5457-46b8-88ef-657e887563a2) transitioned into state 'SUCCESS' from state 'RUNNING' with result '{'volume_id': '8fac389d-a1cd-425b-acda-63e239de2106', 'volume_properties': VolumeProperties(attach_status='detached',availability_zone='nova',cgsnapshot_id=None,consistencygroup_id=None,display_description=None,display_name='tempest-VolumeTypesTest-volume-1604468428',encryption_key_id=None,group_id=None,group_type_id=,metadata={},multiattach=False,project_id='3e23f6e1fe8048b58e5b3632b0e8e7c2',qos_specs=None,replication_status=,reservations=['823f64da-31d9-4a83-9d4c-e5dbdeb9cfef','cd38e50e-c976-4465-9930-1e055d780efd','4d437548-5eeb-40cc-a588-fa6caa4205c0','cd85995f-87a1-4e44-8719-f2db9ea77236'],size=1,snapshot_id=None,source_replicaid=,source_volid=None,status='creating',user_id='33a5fd204d924c219ecd98faf0da77c9',volume_type_id=db5e0799-f9ba-464f-8bed-5fcbed204ab3), 'volume': Volume(_name_id=None,admin_metadata=,attach_status='detached',availability_zone='nova',bootable=False,cluster=,cluster_name=None,consistencygroup=,consistencygroup_id=None,created_at=2022-03-29T13:11:26Z,deleted=False,deleted_at=None,display_description=None,display_name='tempest-VolumeTypesTest-volume-1604468428',ec2_id=None,encryption_key_id=None,glance_metadata=,group=,group_id=None,host=None,id=8fac389d-a1cd-425b-acda-63e239de2106,launched_at=None,metadata={},migration_status=None,multiattach=False,previous_status=None,project_id='3e23f6e1fe8048b58e5b3632b0e8e7c2',provider_auth=None,provider_geometry=None,provider_id=None,provider_location=None,replication_driver_data=None,replication_extended_status=None,replication_status=None,scheduled_at=None,service_uuid=None,shared_targets=True,size=1,snapshot_id=None,snapshots=,source_volid=None,status='creating',terminated_at=None,updated_at=None,use_quota=True,user_id='33a5fd204d924c219ecd98faf0da77c9',volume_attachment=VolumeAttachmentList,volume_type=VolumeType(db5e0799-f9ba-464f-8bed-5fcbed204ab3),volume_type_id=db5e0799-f9ba-464f-8bed-5fcbed204ab3)}' {{(pid=110602) _task_receiver /usr/local/lib/python3.8/dist-packages/taskflow/listeners/logging.py:178}}
Mar 29 13:11:26.336569 dv-cinder-815560-5-iscsi devstack@c-api.service[110602]: DEBUG cinder.volume.api [None req-9d5a7dba-ea1d-49cb-a188-6d3cd821e8ce tempest-VolumeTypesTest-126649257 tempest-VolumeTypesTest-126649257-project] Task 'cinder.volume.flows.api.create_volume.QuotaCommitTask;volume:create' (b2563e35-c7c5-426c-87fe-54358dcf1a2a) transitioned into state 'RUNNING' from state 'PENDING' {{(pid=110602) _task_receiver /usr/local/lib/python3.8/dist-packages/taskflow/listeners/logging.py:190}}
Mar 29 13:11:26.423969 dv-cinder-815560-5-iscsi devstack@c-api.service[110602]: DEBUG cinder.volume.api [None req-9d5a7dba-ea1d-49cb-a188-6d3cd821e8ce tempest-VolumeTypesTest-126649257 tempest-VolumeTypesTest-126649257-project] Task 'cinder.volume.flows.api.create_volume.QuotaCommitTask;volume:create' (b2563e35-c7c5-426c-87fe-54358dcf1a2a) transitioned into state 'SUCCESS' from state 'RUNNING' with result '{'volume_properties': VolumeProperties(attach_status='detached',availability_zone='nova',cgsnapshot_id=None,consistencygroup_id=None,display_description=None,display_name='tempest-VolumeTypesTest-volume-1604468428',encryption_key_id=None,group_id=None,group_type_id=,metadata={},multiattach=False,project_id='3e23f6e1fe8048b58e5b3632b0e8e7c2',qos_specs=None,replication_status=,reservations=['823f64da-31d9-4a83-9d4c-e5dbdeb9cfef','cd38e50e-c976-4465-9930-1e055d780efd','4d437548-5eeb-40cc-a588-fa6caa4205c0','cd85995f-87a1-4e44-8719-f2db9ea77236'],size=1,snapshot_id=None,source_replicaid=,source_volid=None,status='creating',user_id='33a5fd204d924c219ecd98faf0da77c9',volume_type_id=db5e0799-f9ba-464f-8bed-5fcbed204ab3)}' {{(pid=110602) _task_receiver /usr/local/lib/python3.8/dist-packages/taskflow/listeners/logging.py:178}}
Mar 29 13:11:26.428822 dv-cinder-815560-5-iscsi devstack@c-api.service[110602]: DEBUG cinder.volume.api [None req-9d5a7dba-ea1d-49cb-a188-6d3cd821e8ce tempest-VolumeTypesTest-126649257 tempest-VolumeTypesTest-126649257-project] Task 'cinder.volume.flows.api.create_volume.VolumeCastTask;volume:create' (bd7f79c7-00fc-42b6-8fb7-5a76ae0ec543) transitioned into state 'RUNNING' from state 'PENDING' {{(pid=110602) _task_receiver /usr/local/lib/python3.8/dist-packages/taskflow/listeners/logging.py:190}}
Mar 29 13:11:26.519661 dv-cinder-815560-5-iscsi devstack@c-api.service[110602]: DEBUG cinder.volume.api [None req-9d5a7dba-ea1d-49cb-a188-6d3cd821e8ce tempest-VolumeTypesTest-126649257 tempest-VolumeTypesTest-126649257-project] Task 'cinder.volume.flows.api.create_volume.VolumeCastTask;volume:create' (bd7f79c7-00fc-42b6-8fb7-5a76ae0ec543) transitioned into state 'SUCCESS' from state 'RUNNING' with result 'None' {{(pid=110602) _task_receiver /usr/local/lib/python3.8/dist-packages/taskflow/listeners/logging.py:178}}
Mar 29 13:11:26.522895 dv-cinder-815560-5-iscsi devstack@c-api.service[110602]: DEBUG cinder.volume.api [None req-9d5a7dba-ea1d-49cb-a188-6d3cd821e8ce tempest-VolumeTypesTest-126649257 tempest-VolumeTypesTest-126649257-project] Flow 'volume_create_api' (adbae271-0982-40d4-ad90-af9d0bb8fecf) transitioned into state 'SUCCESS' from state 'RUNNING' {{(pid=110602) _flow_receiver /usr/local/lib/python3.8/dist-packages/taskflow/listeners/logging.py:141}}
Mar 29 13:11:26.523797 dv-cinder-815560-5-iscsi devstack@c-api.service[110602]: INFO cinder.volume.api [None req-9d5a7dba-ea1d-49cb-a188-6d3cd821e8ce tempest-VolumeTypesTest-126649257 tempest-VolumeTypesTest-126649257-project] Create volume request issued successfully.
Mar 29 13:11:26.525632 dv-cinder-815560-5-iscsi devstack@c-api.service[110602]: INFO cinder.api.openstack.wsgi [None req-9d5a7dba-ea1d-49cb-a188-6d3cd821e8ce tempest-VolumeTypesTest-126649257 tempest-VolumeTypesTest-126649257-project] http://10.222.0.21/volume/v3/3e23f6e1fe8048b58e5b3632b0e8e7c2/volumes returned with HTTP 202
Mar 29 13:11:26.526562 dv-cinder-815560-5-iscsi devstack@c-api.service[110602]: [pid: 110602|app: 0|req: 105/210] 10.222.0.21 () {60 vars in 1235 bytes} [Tue Mar 29 13:11:25 2022] POST /volume/v3/3e23f6e1fe8048b58e5b3632b0e8e7c2/volumes => generated 850 bytes in 918 msecs (HTTP/1.1 202) 7 headers in 291 bytes (1 switches on core 0)
Mar 29 13:11:26.541540 dv-cinder-815560-5-iscsi devstack@c-api.service[110603]: DEBUG cinder.api.middleware.request_id [None req-8a8a6c28-d4d3-4b2b-b405-5f0d0098ac00 None None] RequestId filter calling following filter/app {{(pid=110603) _context_setter /opt/stack/cinder/cinder/api/middleware/request_id.py:62}}
Mar 29 13:11:26.545239 dv-cinder-815560-5-iscsi devstack@c-api.service[110603]: INFO cinder.api.openstack.wsgi [None req-8a8a6c28-d4d3-4b2b-b405-5f0d0098ac00 tempest-VolumeTypesTest-126649257 tempest-VolumeTypesTest-126649257-project] GET http://10.222.0.21/volume/v3/3e23f6e1fe8048b58e5b3632b0e8e7c2/volumes/8fac389d-a1cd-425b-acda-63e239de2106
Mar 29 13:11:26.549170 dv-cinder-815560-5-iscsi devstack@c-api.service[110603]: DEBUG cinder.api.openstack.wsgi [None req-8a8a6c28-d4d3-4b2b-b405-5f0d0098ac00 tempest-VolumeTypesTest-126649257 tempest-VolumeTypesTest-126649257-project] Empty body provided in request {{(pid=110603) get_body /opt/stack/cinder/cinder/api/openstack/wsgi.py:715}}
Mar 29 13:11:26.549170 dv-cinder-815560-5-iscsi devstack@c-api.service[110603]: DEBUG cinder.api.openstack.wsgi [None req-8a8a6c28-d4d3-4b2b-b405-5f0d0098ac00 tempest-VolumeTypesTest-126649257 tempest-VolumeTypesTest-126649257-project] Calling method 'show' {{(pid=110603) _process_stack /opt/stack/cinder/cinder/api/openstack/wsgi.py:868}}
Mar 29 13:11:26.563374 dv-cinder-815560-5-iscsi devstack@c-api.service[110603]: /usr/local/lib/python3.8/dist-packages/oslo_context/context.py:100: DeprecationWarning: Policy enforcement is depending on the value of is_admin. This key is deprecated. Please update your policy file to use the standard policy values.
Mar 29 13:11:26.563374 dv-cinder-815560-5-iscsi devstack@c-api.service[110603]: warnings.warn('Policy enforcement is depending on the value of '
Mar 29 13:11:26.573746 dv-cinder-815560-5-iscsi devstack@c-api.service[110603]: INFO cinder.volume.api [None req-8a8a6c28-d4d3-4b2b-b405-5f0d0098ac00 tempest-VolumeTypesTest-126649257 tempest-VolumeTypesTest-126649257-project] Volume info retrieved successfully.
Mar 29 13:11:26.584413 dv-cinder-815560-5-iscsi devstack@c-api.service[110603]: INFO cinder.api.openstack.wsgi [None req-8a8a6c28-d4d3-4b2b-b405-5f0d0098ac00 tempest-VolumeTypesTest-126649257 tempest-VolumeTypesTest-126649257-project] http://10.222.0.21/volume/v3/3e23f6e1fe8048b58e5b3632b0e8e7c2/volumes/8fac389d-a1cd-425b-acda-63e239de2106 returned with HTTP 200
Mar 29 13:11:26.584955 dv-cinder-815560-5-iscsi devstack@c-api.service[110603]: [pid: 110603|app: 0|req: 106/211] 10.222.0.21 () {58 vars in 1324 bytes} [Tue Mar 29 13:11:26 2022] GET /volume/v3/3e23f6e1fe8048b58e5b3632b0e8e7c2/volumes/8fac389d-a1cd-425b-acda-63e239de2106 => generated 918 bytes in 44 msecs (HTTP/1.1 200) 7 headers in 285 bytes (1 switches on core 0)
Mar 29 13:11:26.719087 dv-cinder-815560-5-iscsi devstack@c-api.service[110602]: DEBUG cinder.api.middleware.request_id [None req-12b28310-9840-4498-8a70-ab1406df0f60 None None] RequestId filter calling following filter/app {{(pid=110602) _context_setter /opt/stack/cinder/cinder/api/middleware/request_id.py:62}}
Mar 29 13:11:26.723452 dv-cinder-815560-5-iscsi devstack@c-api.service[110602]: INFO cinder.api.openstack.wsgi [None req-12b28310-9840-4498-8a70-ab1406df0f60 tempest-SnapshotsActionsTest-486424949 tempest-SnapshotsActionsTest-486424949-project] GET http://10.222.0.21/volume/v3/cb23ce393fa345a7837a615b0d5a25d2/snapshots/b89dbde3-d55d-44ac-a979-0173624e9d9f
Mar 29 13:11:26.723978 dv-cinder-815560-5-iscsi devstack@c-api.service[110602]: DEBUG cinder.api.openstack.wsgi [None req-12b28310-9840-4498-8a70-ab1406df0f60 tempest-SnapshotsActionsTest-486424949 tempest-SnapshotsActionsTest-486424949-project] Empty body provided in request {{(pid=110602) get_body /opt/stack/cinder/cinder/api/openstack/wsgi.py:715}}
Mar 29 13:11:26.724896 dv-cinder-815560-5-iscsi devstack@c-api.service[110602]: DEBUG cinder.api.openstack.wsgi [None req-12b28310-9840-4498-8a70-ab1406df0f60 tempest-SnapshotsActionsTest-486424949 tempest-SnapshotsActionsTest-486424949-project] Calling method 'show' {{(pid=110602) _process_stack /opt/stack/cinder/cinder/api/openstack/wsgi.py:868}}
Mar 29 13:11:26.734125 dv-cinder-815560-5-iscsi devstack@c-api.service[110602]: /usr/local/lib/python3.8/dist-packages/oslo_context/context.py:100: DeprecationWarning: Policy enforcement is depending on the value of is_admin. This key is deprecated. Please update your policy file to use the standard policy values.
Mar 29 13:11:26.734125 dv-cinder-815560-5-iscsi devstack@c-api.service[110602]: warnings.warn('Policy enforcement is depending on the value of '
Mar 29 13:11:26.735151 dv-cinder-815560-5-iscsi devstack@c-api.service[110602]: INFO cinder.volume.api [None req-12b28310-9840-4498-8a70-ab1406df0f60 tempest-SnapshotsActionsTest-486424949 tempest-SnapshotsActionsTest-486424949-project] Snapshot retrieved successfully.
Mar 29 13:11:26.736915 dv-cinder-815560-5-iscsi devstack@c-api.service[110602]: INFO cinder.api.openstack.wsgi [None req-12b28310-9840-4498-8a70-ab1406df0f60 tempest-SnapshotsActionsTest-486424949 tempest-SnapshotsActionsTest-486424949-project] http://10.222.0.21/volume/v3/cb23ce393fa345a7837a615b0d5a25d2/snapshots/b89dbde3-d55d-44ac-a979-0173624e9d9f returned with HTTP 200
Mar 29 13:11:26.737595 dv-cinder-815560-5-iscsi devstack@c-api.service[110602]: [pid: 110602|app: 0|req: 106/212] 10.222.0.21 () {58 vars in 1330 bytes} [Tue Mar 29 13:11:26 2022] GET /volume/v3/cb23ce393fa345a7837a615b0d5a25d2/snapshots/b89dbde3-d55d-44ac-a979-0173624e9d9f => generated 465 bytes in 20 msecs (HTTP/1.1 200) 7 headers in 285 bytes (1 switches on core 0)
Mar 29 13:11:26.748163 dv-cinder-815560-5-iscsi devstack@c-api.service[110603]: DEBUG cinder.api.middleware.request_id [None req-50b7ffd2-c03c-45a1-a0ea-0ed83fbadce5 None None] RequestId filter calling following filter/app {{(pid=110603) _context_setter /opt/stack/cinder/cinder/api/middleware/request_id.py:62}}
Mar 29 13:11:26.752896 dv-cinder-815560-5-iscsi devstack@c-api.service[110603]: INFO cinder.api.openstack.wsgi [None req-50b7ffd2-c03c-45a1-a0ea-0ed83fbadce5 tempest-SnapshotsActionsTest-67198523 tempest-SnapshotsActionsTest-67198523-project-admin] POST http://10.222.0.21/volume/v3/ea91450385bf43f18c663e5e5ae16544/snapshots/b89dbde3-d55d-44ac-a979-0173624e9d9f/action
Mar 29 13:11:26.754261 dv-cinder-815560-5-iscsi devstack@c-api.service[110603]: DEBUG cinder.api.openstack.wsgi [None req-50b7ffd2-c03c-45a1-a0ea-0ed83fbadce5 tempest-SnapshotsActionsTest-67198523 tempest-SnapshotsActionsTest-67198523-project-admin] Action body: b'{"os-reset_status": {"status": "deleting"}}' {{(pid=110603) get_method /opt/stack/cinder/cinder/api/openstack/wsgi.py:983}}
Mar 29 13:11:26.754261 dv-cinder-815560-5-iscsi devstack@c-api.service[110603]: DEBUG cinder.api.openstack.wsgi [None req-50b7ffd2-c03c-45a1-a0ea-0ed83fbadce5 tempest-SnapshotsActionsTest-67198523 tempest-SnapshotsActionsTest-67198523-project-admin] Action: 'action', calling method: _reset_status, body: {"os-reset_status": {"status": "deleting"}} {{(pid=110603) _process_stack /opt/stack/cinder/cinder/api/openstack/wsgi.py:866}}
Mar 29 13:11:26.755204 dv-cinder-815560-5-iscsi devstack@c-api.service[110603]: DEBUG cinder.api.contrib.admin_actions [None req-50b7ffd2-c03c-45a1-a0ea-0ed83fbadce5 tempest-SnapshotsActionsTest-67198523 tempest-SnapshotsActionsTest-67198523-project-admin] Updating snapshot 'b89dbde3-d55d-44ac-a979-0173624e9d9f' with '{'status': 'deleting'}' {{(pid=110603) _reset_status /opt/stack/cinder/cinder/api/contrib/admin_actions.py:100}}
Mar 29 13:11:26.772271 dv-cinder-815560-5-iscsi devstack@c-api.service[110603]: /usr/local/lib/python3.8/dist-packages/oslo_context/context.py:100: DeprecationWarning: Policy enforcement is depending on the value of is_admin. This key is deprecated. Please update your policy file to use the standard policy values.
Mar 29 13:11:26.772271 dv-cinder-815560-5-iscsi devstack@c-api.service[110603]: warnings.warn('Policy enforcement is depending on the value of '
Mar 29 13:11:26.864294 dv-cinder-815560-5-iscsi devstack@c-api.service[110602]: DEBUG cinder.api.middleware.request_id [None req-259dc43b-0444-423d-911d-145731a63af4 None None] RequestId filter calling following filter/app {{(pid=110602) _context_setter /opt/stack/cinder/cinder/api/middleware/request_id.py:62}}
Mar 29 13:11:26.867341 dv-cinder-815560-5-iscsi devstack@c-api.service[110603]: INFO cinder.api.openstack.wsgi [None req-50b7ffd2-c03c-45a1-a0ea-0ed83fbadce5 tempest-SnapshotsActionsTest-67198523 tempest-SnapshotsActionsTest-67198523-project-admin] http://10.222.0.21/volume/v3/ea91450385bf43f18c663e5e5ae16544/snapshots/b89dbde3-d55d-44ac-a979-0173624e9d9f/action returned with HTTP 202
Mar 29 13:11:26.868813 dv-cinder-815560-5-iscsi devstack@c-api.service[110602]: INFO cinder.api.openstack.wsgi [None req-259dc43b-0444-423d-911d-145731a63af4 tempest-DeleteServersTestJSON-47756136 tempest-DeleteServersTestJSON-47756136-project] GET http://10.222.0.21/volume/v3/952e8404c2474a59a044fd12ec6a1e1f/volumes/bf0961c2-595c-49bb-a855-f5086a6603c3
Mar 29 13:11:26.869279 dv-cinder-815560-5-iscsi devstack@c-api.service[110602]: DEBUG cinder.api.openstack.wsgi [None req-259dc43b-0444-423d-911d-145731a63af4 tempest-DeleteServersTestJSON-47756136 tempest-DeleteServersTestJSON-47756136-project] Empty body provided in request {{(pid=110602) get_body /opt/stack/cinder/cinder/api/openstack/wsgi.py:715}}
Mar 29 13:11:26.869729 dv-cinder-815560-5-iscsi devstack@c-api.service[110602]: DEBUG cinder.api.openstack.wsgi [None req-259dc43b-0444-423d-911d-145731a63af4 tempest-DeleteServersTestJSON-47756136 tempest-DeleteServersTestJSON-47756136-project] Calling method 'show' {{(pid=110602) _process_stack /opt/stack/cinder/cinder/api/openstack/wsgi.py:868}}
Mar 29 13:11:26.871730 dv-cinder-815560-5-iscsi devstack@c-api.service[110603]: [pid: 110603|app: 0|req: 107/213] 10.222.0.21 () {60 vars in 1372 bytes} [Tue Mar 29 13:11:26 2022] POST /volume/v3/ea91450385bf43f18c663e5e5ae16544/snapshots/b89dbde3-d55d-44ac-a979-0173624e9d9f/action => generated 0 bytes in 125 msecs (HTTP/1.1 202) 7 headers in 289 bytes (1 switches on core 0)
Mar 29 13:11:26.873320 dv-cinder-815560-5-iscsi devstack@c-api.service[110603]: DEBUG cinder.api.middleware.request_id [None req-0762a904-338a-42b3-86cf-6abc31a57cfc None None] RequestId filter calling following filter/app {{(pid=110603) _context_setter /opt/stack/cinder/cinder/api/middleware/request_id.py:62}}
Mar 29 13:11:26.877566 dv-cinder-815560-5-iscsi devstack@c-api.service[110603]: INFO cinder.api.openstack.wsgi [None req-0762a904-338a-42b3-86cf-6abc31a57cfc tempest-SnapshotsActionsTest-486424949 tempest-SnapshotsActionsTest-486424949-project] GET http://10.222.0.21/volume/v3/cb23ce393fa345a7837a615b0d5a25d2/snapshots/b89dbde3-d55d-44ac-a979-0173624e9d9f
Mar 29 13:11:26.878165 dv-cinder-815560-5-iscsi devstack@c-api.service[110603]: DEBUG cinder.api.openstack.wsgi [None req-0762a904-338a-42b3-86cf-6abc31a57cfc tempest-SnapshotsActionsTest-486424949 tempest-SnapshotsActionsTest-486424949-project] Empty body provided in request {{(pid=110603) get_body /opt/stack/cinder/cinder/api/openstack/wsgi.py:715}}
Mar 29 13:11:26.890641 dv-cinder-815560-5-iscsi devstack@c-api.service[110603]: DEBUG cinder.api.openstack.wsgi [None req-0762a904-338a-42b3-86cf-6abc31a57cfc tempest-SnapshotsActionsTest-486424949 tempest-SnapshotsActionsTest-486424949-project] Calling method 'show' {{(pid=110603) _process_stack /opt/stack/cinder/cinder/api/openstack/wsgi.py:868}}
Mar 29 13:11:26.898450 dv-cinder-815560-5-iscsi devstack@c-api.service[110602]: /usr/local/lib/python3.8/dist-packages/oslo_context/context.py:100: DeprecationWarning: Policy enforcement is depending on the value of is_admin. This key is deprecated. Please update your policy file to use the standard policy values.
Mar 29 13:11:26.898450 dv-cinder-815560-5-iscsi devstack@c-api.service[110602]: warnings.warn('Policy enforcement is depending on the value of '
Mar 29 13:11:26.907225 dv-cinder-815560-5-iscsi devstack@c-api.service[110603]: /usr/local/lib/python3.8/dist-packages/oslo_context/context.py:100: DeprecationWarning: Policy enforcement is depending on the value of is_admin. This key is deprecated. Please update your policy file to use the standard policy values.
Mar 29 13:11:26.907225 dv-cinder-815560-5-iscsi devstack@c-api.service[110603]: warnings.warn('Policy enforcement is depending on the value of '
Mar 29 13:11:26.909163 dv-cinder-815560-5-iscsi devstack@c-api.service[110603]: INFO cinder.volume.api [None req-0762a904-338a-42b3-86cf-6abc31a57cfc tempest-SnapshotsActionsTest-486424949 tempest-SnapshotsActionsTest-486424949-project] Snapshot retrieved successfully.
Mar 29 13:11:26.910974 dv-cinder-815560-5-iscsi devstack@c-api.service[110603]: INFO cinder.api.openstack.wsgi [None req-0762a904-338a-42b3-86cf-6abc31a57cfc tempest-SnapshotsActionsTest-486424949 tempest-SnapshotsActionsTest-486424949-project] http://10.222.0.21/volume/v3/cb23ce393fa345a7837a615b0d5a25d2/snapshots/b89dbde3-d55d-44ac-a979-0173624e9d9f returned with HTTP 200
Mar 29 13:11:26.911734 dv-cinder-815560-5-iscsi devstack@c-api.service[110603]: [pid: 110603|app: 0|req: 108/214] 10.222.0.21 () {58 vars in 1330 bytes} [Tue Mar 29 13:11:26 2022] GET /volume/v3/cb23ce393fa345a7837a615b0d5a25d2/snapshots/b89dbde3-d55d-44ac-a979-0173624e9d9f => generated 464 bytes in 39 msecs (HTTP/1.1 200) 7 headers in 285 bytes (1 switches on core 0)
Mar 29 13:11:26.916137 dv-cinder-815560-5-iscsi devstack@c-api.service[110602]: INFO cinder.volume.api [None req-259dc43b-0444-423d-911d-145731a63af4 tempest-DeleteServersTestJSON-47756136 tempest-DeleteServersTestJSON-47756136-project] Volume info retrieved successfully.
Mar 29 13:11:26.922034 dv-cinder-815560-5-iscsi devstack@c-api.service[110603]: DEBUG cinder.api.middleware.request_id [None req-a671f388-4052-4ab3-9d74-09526fcd7cb7 None None] RequestId filter calling following filter/app {{(pid=110603) _context_setter /opt/stack/cinder/cinder/api/middleware/request_id.py:62}}
Mar 29 13:11:26.928175 dv-cinder-815560-5-iscsi devstack@c-api.service[110603]: INFO cinder.api.openstack.wsgi [None req-a671f388-4052-4ab3-9d74-09526fcd7cb7 tempest-SnapshotsActionsTest-67198523 tempest-SnapshotsActionsTest-67198523-project-admin] POST http://10.222.0.21/volume/v3/ea91450385bf43f18c663e5e5ae16544/snapshots/b89dbde3-d55d-44ac-a979-0173624e9d9f/action
Mar 29 13:11:26.928728 dv-cinder-815560-5-iscsi devstack@c-api.service[110602]: INFO cinder.api.openstack.wsgi [None req-259dc43b-0444-423d-911d-145731a63af4 tempest-DeleteServersTestJSON-47756136 tempest-DeleteServersTestJSON-47756136-project] http://10.222.0.21/volume/v3/952e8404c2474a59a044fd12ec6a1e1f/volumes/bf0961c2-595c-49bb-a855-f5086a6603c3 returned with HTTP 200
Mar 29 13:11:26.929326 dv-cinder-815560-5-iscsi devstack@c-api.service[110603]: DEBUG cinder.api.openstack.wsgi [None req-a671f388-4052-4ab3-9d74-09526fcd7cb7 tempest-SnapshotsActionsTest-67198523 tempest-SnapshotsActionsTest-67198523-project-admin] Action body: b'{"os-force_delete": {}}' {{(pid=110603) get_method /opt/stack/cinder/cinder/api/openstack/wsgi.py:983}}
Mar 29 13:11:26.929823 dv-cinder-815560-5-iscsi devstack@c-api.service[110603]: DEBUG cinder.api.openstack.wsgi [None req-a671f388-4052-4ab3-9d74-09526fcd7cb7 tempest-SnapshotsActionsTest-67198523 tempest-SnapshotsActionsTest-67198523-project-admin] Action: 'action', calling method: _force_delete, body: {"os-force_delete": {}} {{(pid=110603) _process_stack /opt/stack/cinder/cinder/api/openstack/wsgi.py:866}}
Mar 29 13:11:26.937937 dv-cinder-815560-5-iscsi devstack@c-api.service[110602]: [pid: 110602|app: 0|req: 107/215] 10.222.0.21 () {58 vars in 1324 bytes} [Tue Mar 29 13:11:26 2022] GET /volume/v3/952e8404c2474a59a044fd12ec6a1e1f/volumes/bf0961c2-595c-49bb-a855-f5086a6603c3 => generated 914 bytes in 74 msecs (HTTP/1.1 200) 7 headers in 285 bytes (1 switches on core 0)
Mar 29 13:11:26.940795 dv-cinder-815560-5-iscsi devstack@c-api.service[110603]: /usr/local/lib/python3.8/dist-packages/oslo_context/context.py:100: DeprecationWarning: Policy enforcement is depending on the value of is_admin. This key is deprecated. Please update your policy file to use the standard policy values.
Mar 29 13:11:26.940795 dv-cinder-815560-5-iscsi devstack@c-api.service[110603]: warnings.warn('Policy enforcement is depending on the value of '
Mar 29 13:11:26.941783 dv-cinder-815560-5-iscsi devstack@c-api.service[110603]: INFO cinder.volume.api [None req-a671f388-4052-4ab3-9d74-09526fcd7cb7 tempest-SnapshotsActionsTest-67198523 tempest-SnapshotsActionsTest-67198523-project-admin] Snapshot retrieved successfully.
Mar 29 13:11:27.014600 dv-cinder-815560-5-iscsi devstack@c-api.service[110603]: INFO cinder.volume.api [None req-a671f388-4052-4ab3-9d74-09526fcd7cb7 tempest-SnapshotsActionsTest-67198523 tempest-SnapshotsActionsTest-67198523-project-admin] Snapshot delete request issued successfully.
Mar 29 13:11:27.015301 dv-cinder-815560-5-iscsi devstack@c-api.service[110603]: INFO cinder.api.openstack.wsgi [None req-a671f388-4052-4ab3-9d74-09526fcd7cb7 tempest-SnapshotsActionsTest-67198523 tempest-SnapshotsActionsTest-67198523-project-admin] http://10.222.0.21/volume/v3/ea91450385bf43f18c663e5e5ae16544/snapshots/b89dbde3-d55d-44ac-a979-0173624e9d9f/action returned with HTTP 202
Mar 29 13:11:27.017046 dv-cinder-815560-5-iscsi devstack@c-api.service[110603]: [pid: 110603|app: 0|req: 109/216] 10.222.0.21 () {60 vars in 1372 bytes} [Tue Mar 29 13:11:26 2022] POST /volume/v3/ea91450385bf43f18c663e5e5ae16544/snapshots/b89dbde3-d55d-44ac-a979-0173624e9d9f/action => generated 0 bytes in 95 msecs (HTTP/1.1 202) 7 headers in 289 bytes (1 switches on core 0)
Mar 29 13:11:27.025383 dv-cinder-815560-5-iscsi devstack@c-api.service[110602]: DEBUG cinder.api.middleware.request_id [None req-d2981f4f-a03e-474e-8f28-23fd7033a5af None None] RequestId filter calling following filter/app {{(pid=110602) _context_setter /opt/stack/cinder/cinder/api/middleware/request_id.py:62}}
Mar 29 13:11:27.041745 dv-cinder-815560-5-iscsi devstack@c-api.service[110602]: INFO cinder.api.openstack.wsgi [None req-d2981f4f-a03e-474e-8f28-23fd7033a5af tempest-SnapshotsActionsTest-486424949 tempest-SnapshotsActionsTest-486424949-project] GET http://10.222.0.21/volume/v3/cb23ce393fa345a7837a615b0d5a25d2/snapshots/b89dbde3-d55d-44ac-a979-0173624e9d9f
Mar 29 13:11:27.042195 dv-cinder-815560-5-iscsi devstack@c-api.service[110602]: DEBUG cinder.api.openstack.wsgi [None req-d2981f4f-a03e-474e-8f28-23fd7033a5af tempest-SnapshotsActionsTest-486424949 tempest-SnapshotsActionsTest-486424949-project] Empty body provided in request {{(pid=110602) get_body /opt/stack/cinder/cinder/api/openstack/wsgi.py:715}}
Mar 29 13:11:27.042661 dv-cinder-815560-5-iscsi devstack@c-api.service[110602]: DEBUG cinder.api.openstack.wsgi [None req-d2981f4f-a03e-474e-8f28-23fd7033a5af tempest-SnapshotsActionsTest-486424949 tempest-SnapshotsActionsTest-486424949-project] Calling method 'show' {{(pid=110602) _process_stack /opt/stack/cinder/cinder/api/openstack/wsgi.py:868}}
Mar 29 13:11:27.060490 dv-cinder-815560-5-iscsi devstack@c-api.service[110602]: /usr/local/lib/python3.8/dist-packages/oslo_context/context.py:100: DeprecationWarning: Policy enforcement is depending on the value of is_admin. This key is deprecated. Please update your policy file to use the standard policy values.
Mar 29 13:11:27.060490 dv-cinder-815560-5-iscsi devstack@c-api.service[110602]: warnings.warn('Policy enforcement is depending on the value of '
Mar 29 13:11:27.061880 dv-cinder-815560-5-iscsi devstack@c-api.service[110602]: INFO cinder.volume.api [None req-d2981f4f-a03e-474e-8f28-23fd7033a5af tempest-SnapshotsActionsTest-486424949 tempest-SnapshotsActionsTest-486424949-project] Snapshot retrieved successfully.
Mar 29 13:11:27.063944 dv-cinder-815560-5-iscsi devstack@c-api.service[110602]: INFO cinder.api.openstack.wsgi [None req-d2981f4f-a03e-474e-8f28-23fd7033a5af tempest-SnapshotsActionsTest-486424949 tempest-SnapshotsActionsTest-486424949-project] http://10.222.0.21/volume/v3/cb23ce393fa345a7837a615b0d5a25d2/snapshots/b89dbde3-d55d-44ac-a979-0173624e9d9f returned with HTTP 200
Mar 29 13:11:27.065146 dv-cinder-815560-5-iscsi devstack@c-api.service[110602]: [pid: 110602|app: 0|req: 108/217] 10.222.0.21 () {58 vars in 1330 bytes} [Tue Mar 29 13:11:27 2022] GET /volume/v3/cb23ce393fa345a7837a615b0d5a25d2/snapshots/b89dbde3-d55d-44ac-a979-0173624e9d9f => generated 464 bytes in 41 msecs (HTTP/1.1 200) 7 headers in 285 bytes (1 switches on core 0)
Mar 29 13:11:27.597559 dv-cinder-815560-5-iscsi devstack@c-api.service[110603]: DEBUG cinder.api.middleware.request_id [None req-1a01d221-0374-4d2e-8846-a05e307703d1 None None] RequestId filter calling following filter/app {{(pid=110603) _context_setter /opt/stack/cinder/cinder/api/middleware/request_id.py:62}}
Mar 29 13:11:27.602090 dv-cinder-815560-5-iscsi devstack@c-api.service[110603]: INFO cinder.api.openstack.wsgi [None req-1a01d221-0374-4d2e-8846-a05e307703d1 tempest-VolumeTypesTest-126649257 tempest-VolumeTypesTest-126649257-project] GET http://10.222.0.21/volume/v3/3e23f6e1fe8048b58e5b3632b0e8e7c2/volumes/8fac389d-a1cd-425b-acda-63e239de2106
Mar 29 13:11:27.602542 dv-cinder-815560-5-iscsi devstack@c-api.service[110603]: DEBUG cinder.api.openstack.wsgi [None req-1a01d221-0374-4d2e-8846-a05e307703d1 tempest-VolumeTypesTest-126649257 tempest-VolumeTypesTest-126649257-project] Empty body provided in request {{(pid=110603) get_body /opt/stack/cinder/cinder/api/openstack/wsgi.py:715}}
Mar 29 13:11:27.603042 dv-cinder-815560-5-iscsi devstack@c-api.service[110603]: DEBUG cinder.api.openstack.wsgi [None req-1a01d221-0374-4d2e-8846-a05e307703d1 tempest-VolumeTypesTest-126649257 tempest-VolumeTypesTest-126649257-project] Calling method 'show' {{(pid=110603) _process_stack /opt/stack/cinder/cinder/api/openstack/wsgi.py:868}}
Mar 29 13:11:27.618473 dv-cinder-815560-5-iscsi devstack@c-api.service[110603]: /usr/local/lib/python3.8/dist-packages/oslo_context/context.py:100: DeprecationWarning: Policy enforcement is depending on the value of is_admin. This key is deprecated. Please update your policy file to use the standard policy values.
Mar 29 13:11:27.618473 dv-cinder-815560-5-iscsi devstack@c-api.service[110603]: warnings.warn('Policy enforcement is depending on the value of '
Mar 29 13:11:27.625755 dv-cinder-815560-5-iscsi devstack@c-api.service[110603]: INFO cinder.volume.api [None req-1a01d221-0374-4d2e-8846-a05e307703d1 tempest-VolumeTypesTest-126649257 tempest-VolumeTypesTest-126649257-project] Volume info retrieved successfully.
Mar 29 13:11:27.634306 dv-cinder-815560-5-iscsi devstack@c-api.service[110603]: INFO cinder.api.openstack.wsgi [None req-1a01d221-0374-4d2e-8846-a05e307703d1 tempest-VolumeTypesTest-126649257 tempest-VolumeTypesTest-126649257-project] http://10.222.0.21/volume/v3/3e23f6e1fe8048b58e5b3632b0e8e7c2/volumes/8fac389d-a1cd-425b-acda-63e239de2106 returned with HTTP 200
Mar 29 13:11:27.635352 dv-cinder-815560-5-iscsi devstack@c-api.service[110603]: [pid: 110603|app: 0|req: 110/218] 10.222.0.21 () {58 vars in 1324 bytes} [Tue Mar 29 13:11:27 2022] GET /volume/v3/3e23f6e1fe8048b58e5b3632b0e8e7c2/volumes/8fac389d-a1cd-425b-acda-63e239de2106 => generated 943 bytes in 39 msecs (HTTP/1.1 200) 7 headers in 285 bytes (1 switches on core 0)
Mar 29 13:11:27.647728 dv-cinder-815560-5-iscsi devstack@c-api.service[110602]: DEBUG cinder.api.middleware.request_id [None req-8fc45dfd-214c-45b9-b39a-01a9e386d52e None None] RequestId filter calling following filter/app {{(pid=110602) _context_setter /opt/stack/cinder/cinder/api/middleware/request_id.py:62}}
Mar 29 13:11:27.652085 dv-cinder-815560-5-iscsi devstack@c-api.service[110602]: INFO cinder.api.openstack.wsgi [None req-8fc45dfd-214c-45b9-b39a-01a9e386d52e tempest-VolumeTypesTest-126649257 tempest-VolumeTypesTest-126649257-project] POST http://10.222.0.21/volume/v3/3e23f6e1fe8048b58e5b3632b0e8e7c2/volumes/8fac389d-a1cd-425b-acda-63e239de2106/action
Mar 29 13:11:27.652822 dv-cinder-815560-5-iscsi devstack@c-api.service[110602]: DEBUG cinder.api.openstack.wsgi [None req-8fc45dfd-214c-45b9-b39a-01a9e386d52e tempest-VolumeTypesTest-126649257 tempest-VolumeTypesTest-126649257-project] Action body: b'{"os-retype": {"new_type": "8d627bb7-cbea-4366-b2a3-a31c96f1a5f7"}}' {{(pid=110602) get_method /opt/stack/cinder/cinder/api/openstack/wsgi.py:983}}
Mar 29 13:11:27.653149 dv-cinder-815560-5-iscsi devstack@c-api.service[110602]: DEBUG cinder.api.openstack.wsgi [None req-8fc45dfd-214c-45b9-b39a-01a9e386d52e tempest-VolumeTypesTest-126649257 tempest-VolumeTypesTest-126649257-project] Action: 'action', calling method: _retype, body: {"os-retype": {"new_type": "8d627bb7-cbea-4366-b2a3-a31c96f1a5f7"}} {{(pid=110602) _process_stack /opt/stack/cinder/cinder/api/openstack/wsgi.py:866}}
Mar 29 13:11:27.682459 dv-cinder-815560-5-iscsi devstack@c-api.service[110602]: /usr/local/lib/python3.8/dist-packages/oslo_context/context.py:100: DeprecationWarning: Policy enforcement is depending on the value of is_admin. This key is deprecated. Please update your policy file to use the standard policy values.
Mar 29 13:11:27.682459 dv-cinder-815560-5-iscsi devstack@c-api.service[110602]: warnings.warn('Policy enforcement is depending on the value of '
Mar 29 13:11:27.683527 dv-cinder-815560-5-iscsi devstack@c-api.service[110602]: INFO cinder.volume.api [None req-8fc45dfd-214c-45b9-b39a-01a9e386d52e tempest-VolumeTypesTest-126649257 tempest-VolumeTypesTest-126649257-project] Volume info retrieved successfully.
Mar 29 13:11:27.720244 dv-cinder-815560-5-iscsi devstack@c-api.service[110602]: WARNING cinder.quota [None req-8fc45dfd-214c-45b9-b39a-01a9e386d52e tempest-VolumeTypesTest-126649257 tempest-VolumeTypesTest-126649257-project] Deprecated: Default quota for resource: volumes_tempest-VolumeTypesTest-volume-type-540195349 is set by the default quota flag: quota_volumes_tempest-VolumeTypesTest-volume-type-540195349, it is now deprecated. Please use the default quota class for default quota.
Mar 29 13:11:27.721850 dv-cinder-815560-5-iscsi devstack@c-api.service[110602]: WARNING cinder.quota [None req-8fc45dfd-214c-45b9-b39a-01a9e386d52e tempest-VolumeTypesTest-126649257 tempest-VolumeTypesTest-126649257-project] Deprecated: Default quota for resource: gigabytes_tempest-VolumeTypesTest-volume-type-540195349 is set by the default quota flag: quota_gigabytes_tempest-VolumeTypesTest-volume-type-540195349, it is now deprecated. Please use the default quota class for default quota.
Mar 29 13:11:27.941515 dv-cinder-815560-5-iscsi devstack@c-api.service[110603]: DEBUG cinder.api.middleware.request_id [None req-9711714e-5f58-4a19-b38a-9eec6bd3c7b4 None None] RequestId filter calling following filter/app {{(pid=110603) _context_setter /opt/stack/cinder/cinder/api/middleware/request_id.py:62}}
Mar 29 13:11:27.945308 dv-cinder-815560-5-iscsi devstack@c-api.service[110603]: INFO cinder.api.openstack.wsgi [None req-9711714e-5f58-4a19-b38a-9eec6bd3c7b4 tempest-DeleteServersTestJSON-47756136 tempest-DeleteServersTestJSON-47756136-project] GET http://10.222.0.21/volume/v3/952e8404c2474a59a044fd12ec6a1e1f/volumes/bf0961c2-595c-49bb-a855-f5086a6603c3
Mar 29 13:11:27.945750 dv-cinder-815560-5-iscsi devstack@c-api.service[110603]: DEBUG cinder.api.openstack.wsgi [None req-9711714e-5f58-4a19-b38a-9eec6bd3c7b4 tempest-DeleteServersTestJSON-47756136 tempest-DeleteServersTestJSON-47756136-project] Empty body provided in request {{(pid=110603) get_body /opt/stack/cinder/cinder/api/openstack/wsgi.py:715}}
Mar 29 13:11:27.946202 dv-cinder-815560-5-iscsi devstack@c-api.service[110603]: DEBUG cinder.api.openstack.wsgi [None req-9711714e-5f58-4a19-b38a-9eec6bd3c7b4 tempest-DeleteServersTestJSON-47756136 tempest-DeleteServersTestJSON-47756136-project] Calling method 'show' {{(pid=110603) _process_stack /opt/stack/cinder/cinder/api/openstack/wsgi.py:868}}
Mar 29 13:11:27.955825 dv-cinder-815560-5-iscsi devstack@c-api.service[110602]: DEBUG cinder.quota [None req-8fc45dfd-214c-45b9-b39a-01a9e386d52e tempest-VolumeTypesTest-126649257 tempest-VolumeTypesTest-126649257-project] Created reservations ['abc37d49-b68c-4b36-94eb-0fc73f8de206', '9845e6c8-570f-46ca-b3be-69c2ec91cb21'] {{(pid=110602) reserve /opt/stack/cinder/cinder/quota.py:755}}
Mar 29 13:11:27.966273 dv-cinder-815560-5-iscsi devstack@c-api.service[110603]: /usr/local/lib/python3.8/dist-packages/oslo_context/context.py:100: DeprecationWarning: Policy enforcement is depending on the value of is_admin. This key is deprecated. Please update your policy file to use the standard policy values.
Mar 29 13:11:27.966273 dv-cinder-815560-5-iscsi devstack@c-api.service[110603]: warnings.warn('Policy enforcement is depending on the value of '
Mar 29 13:11:27.973351 dv-cinder-815560-5-iscsi devstack@c-api.service[110603]: INFO cinder.volume.api [None req-9711714e-5f58-4a19-b38a-9eec6bd3c7b4 tempest-DeleteServersTestJSON-47756136 tempest-DeleteServersTestJSON-47756136-project] Volume info retrieved successfully.
Mar 29 13:11:27.982564 dv-cinder-815560-5-iscsi devstack@c-api.service[110603]: INFO cinder.api.openstack.wsgi [None req-9711714e-5f58-4a19-b38a-9eec6bd3c7b4 tempest-DeleteServersTestJSON-47756136 tempest-DeleteServersTestJSON-47756136-project] http://10.222.0.21/volume/v3/952e8404c2474a59a044fd12ec6a1e1f/volumes/bf0961c2-595c-49bb-a855-f5086a6603c3 returned with HTTP 200
Mar 29 13:11:27.983362 dv-cinder-815560-5-iscsi devstack@c-api.service[110603]: [pid: 110603|app: 0|req: 111/219] 10.222.0.21 () {58 vars in 1324 bytes} [Tue Mar 29 13:11:27 2022] GET /volume/v3/952e8404c2474a59a044fd12ec6a1e1f/volumes/bf0961c2-595c-49bb-a855-f5086a6603c3 => generated 914 bytes in 43 msecs (HTTP/1.1 200) 7 headers in 285 bytes (2 switches on core 0)
Mar 29 13:11:28.073209 dv-cinder-815560-5-iscsi devstack@c-api.service[110603]: DEBUG cinder.api.middleware.request_id [None req-ee9a364f-01f0-4e66-b3a0-1f4956d69c3f None None] RequestId filter calling following filter/app {{(pid=110603) _context_setter /opt/stack/cinder/cinder/api/middleware/request_id.py:62}}
Mar 29 13:11:28.077624 dv-cinder-815560-5-iscsi devstack@c-api.service[110603]: INFO cinder.api.openstack.wsgi [None req-ee9a364f-01f0-4e66-b3a0-1f4956d69c3f tempest-SnapshotsActionsTest-486424949 tempest-SnapshotsActionsTest-486424949-project] GET http://10.222.0.21/volume/v3/cb23ce393fa345a7837a615b0d5a25d2/snapshots/b89dbde3-d55d-44ac-a979-0173624e9d9f
Mar 29 13:11:28.078115 dv-cinder-815560-5-iscsi devstack@c-api.service[110603]: DEBUG cinder.api.openstack.wsgi [None req-ee9a364f-01f0-4e66-b3a0-1f4956d69c3f tempest-SnapshotsActionsTest-486424949 tempest-SnapshotsActionsTest-486424949-project] Empty body provided in request {{(pid=110603) get_body /opt/stack/cinder/cinder/api/openstack/wsgi.py:715}}
Mar 29 13:11:28.078511 dv-cinder-815560-5-iscsi devstack@c-api.service[110603]: DEBUG cinder.api.openstack.wsgi [None req-ee9a364f-01f0-4e66-b3a0-1f4956d69c3f tempest-SnapshotsActionsTest-486424949 tempest-SnapshotsActionsTest-486424949-project] Calling method 'show' {{(pid=110603) _process_stack /opt/stack/cinder/cinder/api/openstack/wsgi.py:868}}
Mar 29 13:11:28.087548 dv-cinder-815560-5-iscsi devstack@c-api.service[110603]: INFO cinder.api.openstack.wsgi [None req-ee9a364f-01f0-4e66-b3a0-1f4956d69c3f tempest-SnapshotsActionsTest-486424949 tempest-SnapshotsActionsTest-486424949-project] http://10.222.0.21/volume/v3/cb23ce393fa345a7837a615b0d5a25d2/snapshots/b89dbde3-d55d-44ac-a979-0173624e9d9f returned with HTTP 404
Mar 29 13:11:28.093304 dv-cinder-815560-5-iscsi devstack@c-api.service[110603]: [pid: 110603|app: 0|req: 112/220] 10.222.0.21 () {58 vars in 1330 bytes} [Tue Mar 29 13:11:28 2022] GET /volume/v3/cb23ce393fa345a7837a615b0d5a25d2/snapshots/b89dbde3-d55d-44ac-a979-0173624e9d9f => generated 111 bytes in 16 msecs (HTTP/1.1 404) 7 headers in 292 bytes (2 switches on core 0)
Mar 29 13:11:28.093304 dv-cinder-815560-5-iscsi devstack@c-api.service[110603]: DEBUG cinder.api.middleware.request_id [None req-c654e22e-d6a9-4b57-8333-1b5e498f75d5 None None] RequestId filter calling following filter/app {{(pid=110603) _context_setter /opt/stack/cinder/cinder/api/middleware/request_id.py:62}}
Mar 29 13:11:28.098964 dv-cinder-815560-5-iscsi devstack@c-api.service[110603]: INFO cinder.api.openstack.wsgi [None req-c654e22e-d6a9-4b57-8333-1b5e498f75d5 tempest-SnapshotsActionsTest-67198523 tempest-SnapshotsActionsTest-67198523-project-admin] POST http://10.222.0.21/volume/v3/ea91450385bf43f18c663e5e5ae16544/snapshots/69840d10-b96b-4a4e-9d97-617259262f4e/action
Mar 29 13:11:28.099917 dv-cinder-815560-5-iscsi devstack@c-api.service[110603]: DEBUG cinder.api.openstack.wsgi [None req-c654e22e-d6a9-4b57-8333-1b5e498f75d5 tempest-SnapshotsActionsTest-67198523 tempest-SnapshotsActionsTest-67198523-project-admin] Action body: b'{"os-reset_status": {"status": "available"}}' {{(pid=110603) get_method /opt/stack/cinder/cinder/api/openstack/wsgi.py:983}}
Mar 29 13:11:28.100579 dv-cinder-815560-5-iscsi devstack@c-api.service[110603]: DEBUG cinder.api.openstack.wsgi [None req-c654e22e-d6a9-4b57-8333-1b5e498f75d5 tempest-SnapshotsActionsTest-67198523 tempest-SnapshotsActionsTest-67198523-project-admin] Action: 'action', calling method: _reset_status, body: {"os-reset_status": {"status": "available"}} {{(pid=110603) _process_stack /opt/stack/cinder/cinder/api/openstack/wsgi.py:866}}
Mar 29 13:11:28.101454 dv-cinder-815560-5-iscsi devstack@c-api.service[110603]: DEBUG cinder.api.contrib.admin_actions [None req-c654e22e-d6a9-4b57-8333-1b5e498f75d5 tempest-SnapshotsActionsTest-67198523 tempest-SnapshotsActionsTest-67198523-project-admin] Updating snapshot '69840d10-b96b-4a4e-9d97-617259262f4e' with '{'status': 'available'}' {{(pid=110603) _reset_status /opt/stack/cinder/cinder/api/contrib/admin_actions.py:100}}
Mar 29 13:11:28.118550 dv-cinder-815560-5-iscsi devstack@c-api.service[110603]: /usr/local/lib/python3.8/dist-packages/oslo_context/context.py:100: DeprecationWarning: Policy enforcement is depending on the value of is_admin. This key is deprecated. Please update your policy file to use the standard policy values.
Mar 29 13:11:28.118550 dv-cinder-815560-5-iscsi devstack@c-api.service[110603]: warnings.warn('Policy enforcement is depending on the value of '
Mar 29 13:11:28.119842 dv-cinder-815560-5-iscsi devstack@c-api.service[110602]: DEBUG cinder.quota [None req-8fc45dfd-214c-45b9-b39a-01a9e386d52e tempest-VolumeTypesTest-126649257 tempest-VolumeTypesTest-126649257-project] Created reservations ['16ab6ee9-56f9-4b0c-8804-68e6e5783a48', '61b9f8e2-d16a-40be-ae31-cf4ac4cd15ac'] {{(pid=110602) reserve /opt/stack/cinder/cinder/quota.py:755}}
Mar 29 13:11:28.158634 dv-cinder-815560-5-iscsi devstack@c-api.service[110602]: /opt/stack/cinder/cinder/db/sqlalchemy/api.py:2954: SADeprecationWarning: The SelectBase.as_scalar() method is deprecated and will be removed in a future release. Please refer to SelectBase.scalar_subquery(). (deprecated since: 1.4)
Mar 29 13:11:28.158634 dv-cinder-815560-5-iscsi devstack@c-api.service[110602]: models.VolumeType.qos_specs_id == q.as_scalar())),
Mar 29 13:11:28.256804 dv-cinder-815560-5-iscsi devstack@c-api.service[110603]: INFO cinder.api.openstack.wsgi [None req-c654e22e-d6a9-4b57-8333-1b5e498f75d5 tempest-SnapshotsActionsTest-67198523 tempest-SnapshotsActionsTest-67198523-project-admin] http://10.222.0.21/volume/v3/ea91450385bf43f18c663e5e5ae16544/snapshots/69840d10-b96b-4a4e-9d97-617259262f4e/action returned with HTTP 202
Mar 29 13:11:28.264188 dv-cinder-815560-5-iscsi devstack@c-api.service[110603]: [pid: 110603|app: 0|req: 113/221] 10.222.0.21 () {60 vars in 1372 bytes} [Tue Mar 29 13:11:28 2022] POST /volume/v3/ea91450385bf43f18c663e5e5ae16544/snapshots/69840d10-b96b-4a4e-9d97-617259262f4e/action => generated 0 bytes in 171 msecs (HTTP/1.1 202) 7 headers in 289 bytes (2 switches on core 0)
Mar 29 13:11:28.265660 dv-cinder-815560-5-iscsi devstack@c-api.service[110603]: DEBUG cinder.api.middleware.request_id [None req-fb4aede2-1d54-4b75-aa11-cd54f6daa4e2 None None] RequestId filter calling following filter/app {{(pid=110603) _context_setter /opt/stack/cinder/cinder/api/middleware/request_id.py:62}}
Mar 29 13:11:28.269710 dv-cinder-815560-5-iscsi devstack@c-api.service[110603]: INFO cinder.api.openstack.wsgi [None req-fb4aede2-1d54-4b75-aa11-cd54f6daa4e2 tempest-SnapshotsActionsTest-486424949 tempest-SnapshotsActionsTest-486424949-project] GET http://10.222.0.21/volume/v3/cb23ce393fa345a7837a615b0d5a25d2/snapshots/69840d10-b96b-4a4e-9d97-617259262f4e
Mar 29 13:11:28.270385 dv-cinder-815560-5-iscsi devstack@c-api.service[110603]: DEBUG cinder.api.openstack.wsgi [None req-fb4aede2-1d54-4b75-aa11-cd54f6daa4e2 tempest-SnapshotsActionsTest-486424949 tempest-SnapshotsActionsTest-486424949-project] Empty body provided in request {{(pid=110603) get_body /opt/stack/cinder/cinder/api/openstack/wsgi.py:715}}
Mar 29 13:11:28.270919 dv-cinder-815560-5-iscsi devstack@c-api.service[110603]: DEBUG cinder.api.openstack.wsgi [None req-fb4aede2-1d54-4b75-aa11-cd54f6daa4e2 tempest-SnapshotsActionsTest-486424949 tempest-SnapshotsActionsTest-486424949-project] Calling method 'show' {{(pid=110603) _process_stack /opt/stack/cinder/cinder/api/openstack/wsgi.py:868}}
Mar 29 13:11:28.280832 dv-cinder-815560-5-iscsi devstack@c-api.service[110603]: /usr/local/lib/python3.8/dist-packages/oslo_context/context.py:100: DeprecationWarning: Policy enforcement is depending on the value of is_admin. This key is deprecated. Please update your policy file to use the standard policy values.
Mar 29 13:11:28.280832 dv-cinder-815560-5-iscsi devstack@c-api.service[110603]: warnings.warn('Policy enforcement is depending on the value of '
Mar 29 13:11:28.281882 dv-cinder-815560-5-iscsi devstack@c-api.service[110603]: INFO cinder.volume.api [None req-fb4aede2-1d54-4b75-aa11-cd54f6daa4e2 tempest-SnapshotsActionsTest-486424949 tempest-SnapshotsActionsTest-486424949-project] Snapshot retrieved successfully.
Mar 29 13:11:28.284076 dv-cinder-815560-5-iscsi devstack@c-api.service[110603]: INFO cinder.api.openstack.wsgi [None req-fb4aede2-1d54-4b75-aa11-cd54f6daa4e2 tempest-SnapshotsActionsTest-486424949 tempest-SnapshotsActionsTest-486424949-project] http://10.222.0.21/volume/v3/cb23ce393fa345a7837a615b0d5a25d2/snapshots/69840d10-b96b-4a4e-9d97-617259262f4e returned with HTTP 200
Mar 29 13:11:28.284858 dv-cinder-815560-5-iscsi devstack@c-api.service[110603]: [pid: 110603|app: 0|req: 114/222] 10.222.0.21 () {58 vars in 1330 bytes} [Tue Mar 29 13:11:28 2022] GET /volume/v3/cb23ce393fa345a7837a615b0d5a25d2/snapshots/69840d10-b96b-4a4e-9d97-617259262f4e => generated 466 bytes in 20 msecs (HTTP/1.1 200) 7 headers in 285 bytes (1 switches on core 0)
Mar 29 13:11:28.294372 dv-cinder-815560-5-iscsi devstack@c-api.service[110603]: DEBUG cinder.api.middleware.request_id [None req-073d25f0-8aad-402d-af79-8a1459942a09 None None] RequestId filter calling following filter/app {{(pid=110603) _context_setter /opt/stack/cinder/cinder/api/middleware/request_id.py:62}}
Mar 29 13:11:28.298169 dv-cinder-815560-5-iscsi devstack@c-api.service[110603]: INFO cinder.api.openstack.wsgi [None req-073d25f0-8aad-402d-af79-8a1459942a09 tempest-SnapshotsActionsTest-486424949 tempest-SnapshotsActionsTest-486424949-project] POST http://10.222.0.21/volume/v3/cb23ce393fa345a7837a615b0d5a25d2/snapshots
Mar 29 13:11:28.299116 dv-cinder-815560-5-iscsi devstack@c-api.service[110603]: DEBUG cinder.api.openstack.wsgi [None req-073d25f0-8aad-402d-af79-8a1459942a09 tempest-SnapshotsActionsTest-486424949 tempest-SnapshotsActionsTest-486424949-project] Action: 'create', calling method: create, body: {"snapshot": {"volume_id": "84ff93ed-82de-4900-9e87-f889e35be2ad", "name": "tempest-SnapshotsActionsTest-Snapshot-1042511481"}} {{(pid=110603) _process_stack /opt/stack/cinder/cinder/api/openstack/wsgi.py:866}}
Mar 29 13:11:28.316368 dv-cinder-815560-5-iscsi devstack@c-api.service[110603]: /usr/local/lib/python3.8/dist-packages/oslo_context/context.py:100: DeprecationWarning: Policy enforcement is depending on the value of is_admin. This key is deprecated. Please update your policy file to use the standard policy values.
Mar 29 13:11:28.316368 dv-cinder-815560-5-iscsi devstack@c-api.service[110603]: warnings.warn('Policy enforcement is depending on the value of '
Mar 29 13:11:28.317417 dv-cinder-815560-5-iscsi devstack@c-api.service[110603]: INFO cinder.volume.api [None req-073d25f0-8aad-402d-af79-8a1459942a09 tempest-SnapshotsActionsTest-486424949 tempest-SnapshotsActionsTest-486424949-project] Volume info retrieved successfully.
Mar 29 13:11:28.317718 dv-cinder-815560-5-iscsi devstack@c-api.service[110603]: INFO cinder.api.v3.snapshots [None req-073d25f0-8aad-402d-af79-8a1459942a09 tempest-SnapshotsActionsTest-486424949 tempest-SnapshotsActionsTest-486424949-project] Create snapshot from volume 84ff93ed-82de-4900-9e87-f889e35be2ad
Mar 29 13:11:28.335698 dv-cinder-815560-5-iscsi devstack@c-api.service[110602]: INFO cinder.volume.api [None req-8fc45dfd-214c-45b9-b39a-01a9e386d52e tempest-VolumeTypesTest-126649257 tempest-VolumeTypesTest-126649257-project] Retype volume request issued successfully.
Mar 29 13:11:28.336483 dv-cinder-815560-5-iscsi devstack@c-api.service[110602]: INFO cinder.api.openstack.wsgi [None req-8fc45dfd-214c-45b9-b39a-01a9e386d52e tempest-VolumeTypesTest-126649257 tempest-VolumeTypesTest-126649257-project] http://10.222.0.21/volume/v3/3e23f6e1fe8048b58e5b3632b0e8e7c2/volumes/8fac389d-a1cd-425b-acda-63e239de2106/action returned with HTTP 202
Mar 29 13:11:28.337722 dv-cinder-815560-5-iscsi devstack@c-api.service[110602]: [pid: 110602|app: 0|req: 109/223] 10.222.0.21 () {60 vars in 1366 bytes} [Tue Mar 29 13:11:27 2022] POST /volume/v3/3e23f6e1fe8048b58e5b3632b0e8e7c2/volumes/8fac389d-a1cd-425b-acda-63e239de2106/action => generated 0 bytes in 692 msecs (HTTP/1.1 202) 7 headers in 289 bytes (1 switches on core 0)
Mar 29 13:11:28.342666 dv-cinder-815560-5-iscsi devstack@c-api.service[110602]: DEBUG cinder.api.middleware.request_id [None req-80b7c0bb-66be-4536-9430-d3a9c8c34bdd None None] RequestId filter calling following filter/app {{(pid=110602) _context_setter /opt/stack/cinder/cinder/api/middleware/request_id.py:62}}
Mar 29 13:11:28.347080 dv-cinder-815560-5-iscsi devstack@c-api.service[110602]: INFO cinder.api.openstack.wsgi [None req-80b7c0bb-66be-4536-9430-d3a9c8c34bdd tempest-VolumeTypesTest-126649257 tempest-VolumeTypesTest-126649257-project] GET http://10.222.0.21/volume/v3/3e23f6e1fe8048b58e5b3632b0e8e7c2/volumes/8fac389d-a1cd-425b-acda-63e239de2106
Mar 29 13:11:28.347732 dv-cinder-815560-5-iscsi devstack@c-api.service[110602]: DEBUG cinder.api.openstack.wsgi [None req-80b7c0bb-66be-4536-9430-d3a9c8c34bdd tempest-VolumeTypesTest-126649257 tempest-VolumeTypesTest-126649257-project] Empty body provided in request {{(pid=110602) get_body /opt/stack/cinder/cinder/api/openstack/wsgi.py:715}}
Mar 29 13:11:28.348312 dv-cinder-815560-5-iscsi devstack@c-api.service[110602]: DEBUG cinder.api.openstack.wsgi [None req-80b7c0bb-66be-4536-9430-d3a9c8c34bdd tempest-VolumeTypesTest-126649257 tempest-VolumeTypesTest-126649257-project] Calling method 'show' {{(pid=110602) _process_stack /opt/stack/cinder/cinder/api/openstack/wsgi.py:868}}
