Mar 02 15:56:41.977428 dv-cinder-815560-3-smb devstack@g-api.service[111129]: DEBUG glance_store.location [None req-baeb99c7-7c5b-474c-862c-9bc1ab300f2d admin admin] Registering scheme swift+config with {'store': , 'location_class': , 'store_entry': 'swift'} {{(pid=111129) register_scheme_map /usr/local/lib/python3.8/dist-packages/glance_store/location.py:146}}
Mar 02 15:56:42.345878 dv-cinder-815560-3-smb devstack@g-api.service[111129]: INFO swiftclient [None req-baeb99c7-7c5b-474c-862c-9bc1ab300f2d admin admin] REQ: curl -i http://10.222.0.18:8080/v1/AUTH_4c353d6085534362b0a72b98c3cc4d87/glance -I -H "X-Auth-Token: gAAAAABiH5O67W1F..."
Mar 02 15:56:42.346123 dv-cinder-815560-3-smb devstack@g-api.service[111129]: INFO swiftclient [None req-baeb99c7-7c5b-474c-862c-9bc1ab300f2d admin admin] RESP STATUS: 404 Not Found
Mar 02 15:56:42.346457 dv-cinder-815560-3-smb devstack@g-api.service[111129]: INFO swiftclient [None req-baeb99c7-7c5b-474c-862c-9bc1ab300f2d admin admin] RESP HEADERS: {'Content-Type': 'text/html; charset=UTF-8', 'Content-Length': '0', 'X-Trans-Id': 'tx16d6abf38bc8420985797-00621f93ba', 'X-Openstack-Request-Id': 'tx16d6abf38bc8420985797-00621f93ba', 'Date': 'Wed, 02 Mar 2022 15:56:42 GMT'}
Mar 02 15:56:42.346934 dv-cinder-815560-3-smb devstack@g-api.service[111129]: INFO glance_store._drivers.swift.store [None req-baeb99c7-7c5b-474c-862c-9bc1ab300f2d admin admin] Creating swift container glance
Mar 02 15:56:42.413407 dv-cinder-815560-3-smb devstack@g-api.service[111129]: DEBUG swiftclient [None req-baeb99c7-7c5b-474c-862c-9bc1ab300f2d admin admin] REQ: curl -i http://10.222.0.18:8080/v1/AUTH_4c353d6085534362b0a72b98c3cc4d87/glance -X PUT -H "X-Auth-Token: gAAAAABiH5O67W1F..." -H "Content-Length: 0" {{(pid=111129) http_log /usr/local/lib/python3.8/dist-packages/swiftclient/client.py:187}}
Mar 02 15:56:42.413973 dv-cinder-815560-3-smb devstack@g-api.service[111129]: DEBUG swiftclient [None req-baeb99c7-7c5b-474c-862c-9bc1ab300f2d admin admin] RESP STATUS: 201 Created {{(pid=111129) http_log /usr/local/lib/python3.8/dist-packages/swiftclient/client.py:188}}
Mar 02 15:56:42.414219 dv-cinder-815560-3-smb devstack@g-api.service[111129]: DEBUG swiftclient [None req-baeb99c7-7c5b-474c-862c-9bc1ab300f2d admin admin] RESP HEADERS: {'Content-Type': 'text/html; charset=UTF-8', 'Content-Length': '0', 'X-Trans-Id': 'tx6df4798c5ecc4f989103e-00621f93ba', 'X-Openstack-Request-Id': 'tx6df4798c5ecc4f989103e-00621f93ba', 'Date': 'Wed, 02 Mar 2022 15:56:42 GMT'} {{(pid=111129) http_log /usr/local/lib/python3.8/dist-packages/swiftclient/client.py:189}}
Mar 02 15:56:42.414475 dv-cinder-815560-3-smb devstack@g-api.service[111129]: DEBUG glance_store._drivers.swift.store [None req-baeb99c7-7c5b-474c-862c-9bc1ab300f2d admin admin] Adding image object '36e8a3f4-62fa-43ad-9754-02cb99d8b277' to Swift {{(pid=111129) add /usr/local/lib/python3.8/dist-packages/glance_store/_drivers/swift/store.py:945}}
Mar 02 15:56:57.584378 dv-cinder-815560-3-smb devstack@g-api.service[111129]: DEBUG swiftclient [None req-baeb99c7-7c5b-474c-862c-9bc1ab300f2d admin admin] REQ: curl -i http://10.222.0.18:8080/v1/AUTH_4c353d6085534362b0a72b98c3cc4d87/glance/36e8a3f4-62fa-43ad-9754-02cb99d8b277 -X PUT -H "X-Auth-Token: gAAAAABiH5O67W1F..." -H "Content-Length: 645922816" {{(pid=111129) http_log /usr/local/lib/python3.8/dist-packages/swiftclient/client.py:187}}
Mar 02 15:56:57.584926 dv-cinder-815560-3-smb devstack@g-api.service[111129]: DEBUG swiftclient [None req-baeb99c7-7c5b-474c-862c-9bc1ab300f2d admin admin] RESP STATUS: 201 Created {{(pid=111129) http_log /usr/local/lib/python3.8/dist-packages/swiftclient/client.py:188}}
Mar 02 15:56:57.585027 dv-cinder-815560-3-smb devstack@g-api.service[111129]: DEBUG swiftclient [None req-baeb99c7-7c5b-474c-862c-9bc1ab300f2d admin admin] RESP HEADERS: {'Content-Type': 'text/html; charset=UTF-8', 'Content-Length': '0', 'Etag': '318f990048c8a194829e52141534610d', 'Last-Modified': 'Wed, 02 Mar 2022 15:56:43 GMT', 'X-Trans-Id': 'tx0626cdd68b5941fca92b3-00621f93ba', 'X-Openstack-Request-Id': 'tx0626cdd68b5941fca92b3-00621f93ba', 'Date': 'Wed, 02 Mar 2022 15:56:57 GMT'} {{(pid=111129) http_log /usr/local/lib/python3.8/dist-packages/swiftclient/client.py:189}}
Mar 02 15:56:57.585653 dv-cinder-815560-3-smb devstack@g-api.service[111129]: INFO glance.location [None req-baeb99c7-7c5b-474c-862c-9bc1ab300f2d admin admin] Image format matched and virtual size computed: 734003200
Mar 02 15:56:57.629024 dv-cinder-815560-3-smb devstack@g-api.service[111129]: DEBUG glance_store.backend [None req-baeb99c7-7c5b-474c-862c-9bc1ab300f2d admin admin] Attempting to import store swift {{(pid=111129) _load_store /usr/local/lib/python3.8/dist-packages/glance_store/backend.py:217}}
Mar 02 15:56:57.632091 dv-cinder-815560-3-smb devstack@g-api.service[111129]: DEBUG glance_store.capabilities [None req-baeb99c7-7c5b-474c-862c-9bc1ab300f2d admin admin] Store glance_store._drivers.swift.store.SingleTenantStore doesn't support updating dynamic storage capabilities. Please overwrite 'update_capabilities' method of the store to implement updating logics if needed. {{(pid=111129) update_capabilities /usr/local/lib/python3.8/dist-packages/glance_store/capabilities.py:91}}
Mar 02 15:56:57.632355 dv-cinder-815560-3-smb devstack@g-api.service[111129]: DEBUG glance_store.driver [None req-baeb99c7-7c5b-474c-862c-9bc1ab300f2d admin admin] Late loading location class glance_store._drivers.swift.store.StoreLocation {{(pid=111129) get_store_location_class /usr/local/lib/python3.8/dist-packages/glance_store/driver.py:117}}
Mar 02 15:56:57.632628 dv-cinder-815560-3-smb devstack@g-api.service[111129]: DEBUG glance_store.location [None req-baeb99c7-7c5b-474c-862c-9bc1ab300f2d admin admin] Registering scheme swift+https with {'store': , 'location_class': , 'store_entry': 'swift'} {{(pid=111129) register_scheme_map /usr/local/lib/python3.8/dist-packages/glance_store/location.py:146}}
Mar 02 15:56:57.632879 dv-cinder-815560-3-smb devstack@g-api.service[111129]: DEBUG glance_store.location [None req-baeb99c7-7c5b-474c-862c-9bc1ab300f2d admin admin] Registering scheme swift+https with {'store': , 'location_class': , 'store_entry': 'swift'} {{(pid=111129) register_scheme_map /usr/local/lib/python3.8/dist-packages/glance_store/location.py:146}}
Mar 02 15:56:57.633121 dv-cinder-815560-3-smb devstack@g-api.service[111129]: DEBUG glance_store.location [None req-baeb99c7-7c5b-474c-862c-9bc1ab300f2d admin admin] Registering scheme swift with {'store': , 'location_class': , 'store_entry': 'swift'} {{(pid=111129) register_scheme_map /usr/local/lib/python3.8/dist-packages/glance_store/location.py:146}}
Mar 02 15:56:57.633365 dv-cinder-815560-3-smb devstack@g-api.service[111129]: DEBUG glance_store.location [None req-baeb99c7-7c5b-474c-862c-9bc1ab300f2d admin admin] Registering scheme swift+https with {'store': , 'location_class': , 'store_entry': 'swift'} {{(pid=111129) register_scheme_map /usr/local/lib/python3.8/dist-packages/glance_store/location.py:146}}
Mar 02 15:56:57.633605 dv-cinder-815560-3-smb devstack@g-api.service[111129]: DEBUG glance_store.location [None req-baeb99c7-7c5b-474c-862c-9bc1ab300f2d admin admin] Registering scheme swift with {'store': , 'location_class': , 'store_entry': 'swift'} {{(pid=111129) register_scheme_map /usr/local/lib/python3.8/dist-packages/glance_store/location.py:146}}
Mar 02 15:56:57.633844 dv-cinder-815560-3-smb devstack@g-api.service[111129]: DEBUG glance_store.location [None req-baeb99c7-7c5b-474c-862c-9bc1ab300f2d admin admin] Registering scheme swift+http with {'store': , 'location_class': , 'store_entry': 'swift'} {{(pid=111129) register_scheme_map /usr/local/lib/python3.8/dist-packages/glance_store/location.py:146}}
Mar 02 15:56:57.634083 dv-cinder-815560-3-smb devstack@g-api.service[111129]: DEBUG glance_store.location [None req-baeb99c7-7c5b-474c-862c-9bc1ab300f2d admin admin] Registering scheme swift+https with {'store': , 'location_class': , 'store_entry': 'swift'} {{(pid=111129) register_scheme_map /usr/local/lib/python3.8/dist-packages/glance_store/location.py:146}}
Mar 02 15:56:57.634316 dv-cinder-815560-3-smb devstack@g-api.service[111129]: DEBUG glance_store.location [None req-baeb99c7-7c5b-474c-862c-9bc1ab300f2d admin admin] Registering scheme swift with {'store': , 'location_class': , 'store_entry': 'swift'} {{(pid=111129) register_scheme_map /usr/local/lib/python3.8/dist-packages/glance_store/location.py:146}}
Mar 02 15:56:57.634549 dv-cinder-815560-3-smb devstack@g-api.service[111129]: DEBUG glance_store.location [None req-baeb99c7-7c5b-474c-862c-9bc1ab300f2d admin admin] Registering scheme swift+http with {'store': , 'location_class': , 'store_entry': 'swift'} {{(pid=111129) register_scheme_map /usr/local/lib/python3.8/dist-packages/glance_store/location.py:146}}
Mar 02 15:56:57.634780 dv-cinder-815560-3-smb devstack@g-api.service[111129]: DEBUG glance_store.location [None req-baeb99c7-7c5b-474c-862c-9bc1ab300f2d admin admin] Registering scheme swift+config with {'store': , 'location_class': , 'store_entry': 'swift'} {{(pid=111129) register_scheme_map /usr/local/lib/python3.8/dist-packages/glance_store/location.py:146}}
Mar 02 15:56:57.635062 dv-cinder-815560-3-smb devstack@g-api.service[111129]: DEBUG glance_store.backend [None req-baeb99c7-7c5b-474c-862c-9bc1ab300f2d admin admin] Skipping store.set_acls... not implemented. {{(pid=111129) set_acls /usr/local/lib/python3.8/dist-packages/glance_store/backend.py:509}}
Mar 02 15:56:57.637707 dv-cinder-815560-3-smb devstack@g-api.service[111129]: [pid: 111129|app: 0|req: 3/4] 127.0.0.1 () {40 vars in 875 bytes} [Wed Mar 2 15:56:41 2022] PUT /v2/images/36e8a3f4-62fa-43ad-9754-02cb99d8b277/file => generated 0 bytes in 15877 msecs (HTTP/1.1 204) 4 headers in 171 bytes (6 switches on core 0)
Mar 02 15:58:06.583606 dv-cinder-815560-3-smb devstack@g-api.service[111128]: DEBUG glance.api.middleware.version_negotiation [None req-c8a33a71-eb4f-42cb-84c0-1c56faf5dfc9 admin admin] Determining version of request: GET / Accept: application/json {{(pid=111128) process_request /opt/stack/glance/glance/api/middleware/version_negotiation.py:44}}
Mar 02 15:58:06.584178 dv-cinder-815560-3-smb devstack@g-api.service[111128]: DEBUG glance.api.middleware.version_negotiation [None req-c8a33a71-eb4f-42cb-84c0-1c56faf5dfc9 admin admin] Using url versioning {{(pid=111128) process_request /opt/stack/glance/glance/api/middleware/version_negotiation.py:57}}
Mar 02 15:58:06.584277 dv-cinder-815560-3-smb devstack@g-api.service[111128]: DEBUG glance.api.middleware.version_negotiation [None req-c8a33a71-eb4f-42cb-84c0-1c56faf5dfc9 admin admin] Unknown version. Returning version choices. {{(pid=111128) process_request /opt/stack/glance/glance/api/middleware/version_negotiation.py:64}}
Mar 02 15:58:06.585765 dv-cinder-815560-3-smb devstack@g-api.service[111128]: [pid: 111128|app: 0|req: 2/5] 127.0.0.1 () {34 vars in 518 bytes} [Wed Mar 2 15:58:06 2022] GET / => generated 1191 bytes in 3 msecs (HTTP/1.1 300) 3 headers in 106 bytes (1 switches on core 0)
Mar 02 15:58:06.596801 dv-cinder-815560-3-smb devstack@g-api.service[111129]: DEBUG glance.api.middleware.version_negotiation [None req-baeb99c7-7c5b-474c-862c-9bc1ab300f2d admin admin] Determining version of request: GET /v2/images Accept: application/json {{(pid=111129) process_request /opt/stack/glance/glance/api/middleware/version_negotiation.py:44}}
Mar 02 15:58:06.597218 dv-cinder-815560-3-smb devstack@g-api.service[111129]: DEBUG glance.api.middleware.version_negotiation [None req-baeb99c7-7c5b-474c-862c-9bc1ab300f2d admin admin] Using url versioning {{(pid=111129) process_request /opt/stack/glance/glance/api/middleware/version_negotiation.py:57}}
Mar 02 15:58:06.597451 dv-cinder-815560-3-smb devstack@g-api.service[111129]: DEBUG glance.api.middleware.version_negotiation [None req-baeb99c7-7c5b-474c-862c-9bc1ab300f2d admin admin] Matched version: v2 {{(pid=111129) process_request /opt/stack/glance/glance/api/middleware/version_negotiation.py:69}}
Mar 02 15:58:06.597728 dv-cinder-815560-3-smb devstack@g-api.service[111129]: DEBUG glance.api.middleware.version_negotiation [None req-baeb99c7-7c5b-474c-862c-9bc1ab300f2d admin admin] new path /v2/images {{(pid=111129) process_request /opt/stack/glance/glance/api/middleware/version_negotiation.py:70}}
Mar 02 15:58:06.714929 dv-cinder-815560-3-smb devstack@g-api.service[111129]: [pid: 111129|app: 0|req: 4/6] 127.0.0.1 () {36 vars in 740 bytes} [Wed Mar 2 15:58:06 2022] GET /v2/images => generated 1015 bytes in 119 msecs (HTTP/1.1 200) 4 headers in 158 bytes (1 switches on core 0)
Mar 02 15:59:41.991365 dv-cinder-815560-3-smb devstack@g-api.service[111128]: DEBUG glance.api.middleware.version_negotiation [None req-c8a33a71-eb4f-42cb-84c0-1c56faf5dfc9 admin admin] Determining version of request: GET /v1 Accept: application/json {{(pid=111128) process_request /opt/stack/glance/glance/api/middleware/version_negotiation.py:44}}
Mar 02 15:59:41.991803 dv-cinder-815560-3-smb devstack@g-api.service[111128]: DEBUG glance.api.middleware.version_negotiation [None req-c8a33a71-eb4f-42cb-84c0-1c56faf5dfc9 admin admin] Using url versioning {{(pid=111128) process_request /opt/stack/glance/glance/api/middleware/version_negotiation.py:57}}
Mar 02 15:59:41.991995 dv-cinder-815560-3-smb devstack@g-api.service[111128]: DEBUG glance.api.middleware.version_negotiation [None req-c8a33a71-eb4f-42cb-84c0-1c56faf5dfc9 admin admin] Unknown version. Returning version choices. {{(pid=111128) process_request /opt/stack/glance/glance/api/middleware/version_negotiation.py:64}}
Mar 02 15:59:41.993300 dv-cinder-815560-3-smb devstack@g-api.service[111128]: [pid: 111128|app: 0|req: 3/7] 127.0.0.1 () {38 vars in 697 bytes} [Wed Mar 2 15:59:41 2022] GET /v1 => generated 1191 bytes in 2 msecs (HTTP/1.1 300) 3 headers in 106 bytes (1 switches on core 0)
Mar 02 16:01:31.987345 dv-cinder-815560-3-smb devstack@g-api.service[111129]: DEBUG oslo_concurrency.lockutils [-] Acquired lock "glance-cache" {{(pid=111129) lock /usr/local/lib/python3.8/dist-packages/oslo_concurrency/lockutils.py:294}}
Mar 02 16:01:31.987958 dv-cinder-815560-3-smb devstack@g-api.service[111129]: DEBUG oslo_concurrency.lockutils [-] Acquired external semaphore "glance-cache" {{(pid=111129) lock /usr/local/lib/python3.8/dist-packages/oslo_concurrency/lockutils.py:302}}
Mar 02 16:01:31.988249 dv-cinder-815560-3-smb devstack@g-api.service[111129]: DEBUG glance.image_cache.prefetcher [-] Nothing to prefetch. {{(pid=111129) run /opt/stack/glance/glance/image_cache/prefetcher.py:79}}
Mar 02 16:01:31.988462 dv-cinder-815560-3-smb devstack@g-api.service[111129]: DEBUG oslo_concurrency.lockutils [-] Releasing lock "glance-cache" {{(pid=111129) lock /usr/local/lib/python3.8/dist-packages/oslo_concurrency/lockutils.py:312}}
Mar 02 16:01:31.993603 dv-cinder-815560-3-smb devstack@g-api.service[111128]: DEBUG oslo_concurrency.lockutils [-] Acquired lock "glance-cache" {{(pid=111128) lock /usr/local/lib/python3.8/dist-packages/oslo_concurrency/lockutils.py:294}}
Mar 02 16:01:31.994188 dv-cinder-815560-3-smb devstack@g-api.service[111128]: DEBUG oslo_concurrency.lockutils [-] Acquired external semaphore "glance-cache" {{(pid=111128) lock /usr/local/lib/python3.8/dist-packages/oslo_concurrency/lockutils.py:302}}
Mar 02 16:01:31.994491 dv-cinder-815560-3-smb devstack@g-api.service[111128]: DEBUG glance.image_cache.prefetcher [-] Nothing to prefetch. {{(pid=111128) run /opt/stack/glance/glance/image_cache/prefetcher.py:79}}
Mar 02 16:01:31.994702 dv-cinder-815560-3-smb devstack@g-api.service[111128]: DEBUG oslo_concurrency.lockutils [-] Releasing lock "glance-cache" {{(pid=111128) lock /usr/local/lib/python3.8/dist-packages/oslo_concurrency/lockutils.py:312}}
Mar 02 16:03:32.054999 dv-cinder-815560-3-smb devstack@g-api.service[111129]: DEBUG glance.api.middleware.version_negotiation [None req-cd81dfec-4d34-41c4-bace-a6754e589519 admin admin] Determining version of request: GET / Accept: application/json {{(pid=111129) process_request /opt/stack/glance/glance/api/middleware/version_negotiation.py:44}}
Mar 02 16:03:32.055782 dv-cinder-815560-3-smb devstack@g-api.service[111129]: DEBUG glance.api.middleware.version_negotiation [None req-cd81dfec-4d34-41c4-bace-a6754e589519 admin admin] Using url versioning {{(pid=111129) process_request /opt/stack/glance/glance/api/middleware/version_negotiation.py:57}}
Mar 02 16:03:32.055782 dv-cinder-815560-3-smb devstack@g-api.service[111129]: DEBUG glance.api.middleware.version_negotiation [None req-cd81dfec-4d34-41c4-bace-a6754e589519 admin admin] Unknown version. Returning version choices. {{(pid=111129) process_request /opt/stack/glance/glance/api/middleware/version_negotiation.py:64}}
Mar 02 16:03:32.057581 dv-cinder-815560-3-smb devstack@g-api.service[111129]: [pid: 111129|app: 0|req: 5/8] 127.0.0.1 () {34 vars in 504 bytes} [Wed Mar 2 16:03:32 2022] GET / => generated 1191 bytes in 3 msecs (HTTP/1.1 300) 3 headers in 106 bytes (1 switches on core 0)
Mar 02 16:03:32.065479 dv-cinder-815560-3-smb devstack@g-api.service[111128]: DEBUG glance.api.middleware.version_negotiation [None req-c8a33a71-eb4f-42cb-84c0-1c56faf5dfc9 admin admin] Determining version of request: GET /v2/images/36e8a3f4-62fa-43ad-9754-02cb99d8b277 Accept: */* {{(pid=111128) process_request /opt/stack/glance/glance/api/middleware/version_negotiation.py:44}}
Mar 02 16:03:32.066412 dv-cinder-815560-3-smb devstack@g-api.service[111128]: DEBUG glance.api.middleware.version_negotiation [None req-c8a33a71-eb4f-42cb-84c0-1c56faf5dfc9 admin admin] Using url versioning {{(pid=111128) process_request /opt/stack/glance/glance/api/middleware/version_negotiation.py:57}}
Mar 02 16:03:32.066894 dv-cinder-815560-3-smb devstack@g-api.service[111128]: DEBUG glance.api.middleware.version_negotiation [None req-c8a33a71-eb4f-42cb-84c0-1c56faf5dfc9 admin admin] Matched version: v2 {{(pid=111128) process_request /opt/stack/glance/glance/api/middleware/version_negotiation.py:69}}
Mar 02 16:03:32.067596 dv-cinder-815560-3-smb devstack@g-api.service[111128]: DEBUG glance.api.middleware.version_negotiation [None req-c8a33a71-eb4f-42cb-84c0-1c56faf5dfc9 admin admin] new path /v2/images/36e8a3f4-62fa-43ad-9754-02cb99d8b277 {{(pid=111128) process_request /opt/stack/glance/glance/api/middleware/version_negotiation.py:70}}
Mar 02 16:03:32.072032 dv-cinder-815560-3-smb devstack@g-api.service[111128]: WARNING keystonemiddleware.auth_token [None req-c8a33a71-eb4f-42cb-84c0-1c56faf5dfc9 admin admin] A valid token was submitted as a service token, but it was not a valid service token. This is incorrect but backwards compatible behaviour. This will be removed in future releases.
Mar 02 16:03:32.111655 dv-cinder-815560-3-smb devstack@g-api.service[111128]: [pid: 111128|app: 0|req: 4/9] 127.0.0.1 () {42 vars in 1061 bytes} [Wed Mar 2 16:03:32 2022] GET /v2/images/36e8a3f4-62fa-43ad-9754-02cb99d8b277 => generated 946 bytes in 46 msecs (HTTP/1.1 200) 4 headers in 157 bytes (1 switches on core 0)
Mar 02 16:03:32.119001 dv-cinder-815560-3-smb devstack@g-api.service[111129]: DEBUG glance.api.middleware.version_negotiation [None req-cd81dfec-4d34-41c4-bace-a6754e589519 admin admin] Determining version of request: GET /v2/schemas/image Accept: */* {{(pid=111129) process_request /opt/stack/glance/glance/api/middleware/version_negotiation.py:44}}
Mar 02 16:03:32.119450 dv-cinder-815560-3-smb devstack@g-api.service[111129]: DEBUG glance.api.middleware.version_negotiation [None req-cd81dfec-4d34-41c4-bace-a6754e589519 admin admin] Using url versioning {{(pid=111129) process_request /opt/stack/glance/glance/api/middleware/version_negotiation.py:57}}
Mar 02 16:03:32.119845 dv-cinder-815560-3-smb devstack@g-api.service[111129]: DEBUG glance.api.middleware.version_negotiation [None req-cd81dfec-4d34-41c4-bace-a6754e589519 admin admin] Matched version: v2 {{(pid=111129) process_request /opt/stack/glance/glance/api/middleware/version_negotiation.py:69}}
Mar 02 16:03:32.120322 dv-cinder-815560-3-smb devstack@g-api.service[111129]: DEBUG glance.api.middleware.version_negotiation [None req-cd81dfec-4d34-41c4-bace-a6754e589519 admin admin] new path /v2/schemas/image {{(pid=111129) process_request /opt/stack/glance/glance/api/middleware/version_negotiation.py:70}}
Mar 02 16:03:32.122693 dv-cinder-815560-3-smb devstack@g-api.service[111129]: WARNING keystonemiddleware.auth_token [None req-cd81dfec-4d34-41c4-bace-a6754e589519 admin admin] A valid token was submitted as a service token, but it was not a valid service token. This is incorrect but backwards compatible behaviour. This will be removed in future releases.
Mar 02 16:03:32.127649 dv-cinder-815560-3-smb devstack@g-api.service[111129]: [pid: 111129|app: 0|req: 6/10] 127.0.0.1 () {42 vars in 1001 bytes} [Wed Mar 2 16:03:32 2022] GET /v2/schemas/image => generated 6083 bytes in 11 msecs (HTTP/1.1 200) 4 headers in 158 bytes (1 switches on core 0)
Mar 02 16:03:32.434562 dv-cinder-815560-3-smb devstack@g-api.service[111128]: DEBUG glance.api.middleware.version_negotiation [None req-a55d4a27-90ca-48cc-ade0-a3acb215747c tempest-AttachVolumeNegativeTest-1214553775 tempest-AttachVolumeNegativeTest-1214553775-project] Determining version of request: GET / Accept: application/json {{(pid=111128) process_request /opt/stack/glance/glance/api/middleware/version_negotiation.py:44}}
Mar 02 16:03:32.434921 dv-cinder-815560-3-smb devstack@g-api.service[111128]: DEBUG glance.api.middleware.version_negotiation [None req-a55d4a27-90ca-48cc-ade0-a3acb215747c tempest-AttachVolumeNegativeTest-1214553775 tempest-AttachVolumeNegativeTest-1214553775-project] Using url versioning {{(pid=111128) process_request /opt/stack/glance/glance/api/middleware/version_negotiation.py:57}}
Mar 02 16:03:32.435296 dv-cinder-815560-3-smb devstack@g-api.service[111128]: DEBUG glance.api.middleware.version_negotiation [None req-a55d4a27-90ca-48cc-ade0-a3acb215747c tempest-AttachVolumeNegativeTest-1214553775 tempest-AttachVolumeNegativeTest-1214553775-project] Unknown version. Returning version choices. {{(pid=111128) process_request /opt/stack/glance/glance/api/middleware/version_negotiation.py:64}}
Mar 02 16:03:32.436746 dv-cinder-815560-3-smb devstack@g-api.service[111128]: [pid: 111128|app: 0|req: 5/11] 127.0.0.1 () {34 vars in 504 bytes} [Wed Mar 2 16:03:32 2022] GET / => generated 1191 bytes in 3 msecs (HTTP/1.1 300) 3 headers in 106 bytes (1 switches on core 0)
Mar 02 16:03:32.446076 dv-cinder-815560-3-smb devstack@g-api.service[111129]: DEBUG glance.api.middleware.version_negotiation [None req-a55d4a27-90ca-48cc-ade0-a3acb215747c tempest-AttachVolumeNegativeTest-1214553775 tempest-AttachVolumeNegativeTest-1214553775-project] Determining version of request: GET /v2/images/36e8a3f4-62fa-43ad-9754-02cb99d8b277 Accept: */* {{(pid=111129) process_request /opt/stack/glance/glance/api/middleware/version_negotiation.py:44}}
Mar 02 16:03:32.446415 dv-cinder-815560-3-smb devstack@g-api.service[111129]: DEBUG glance.api.middleware.version_negotiation [None req-a55d4a27-90ca-48cc-ade0-a3acb215747c tempest-AttachVolumeNegativeTest-1214553775 tempest-AttachVolumeNegativeTest-1214553775-project] Using url versioning {{(pid=111129) process_request /opt/stack/glance/glance/api/middleware/version_negotiation.py:57}}
Mar 02 16:03:32.446736 dv-cinder-815560-3-smb devstack@g-api.service[111129]: DEBUG glance.api.middleware.version_negotiation [None req-a55d4a27-90ca-48cc-ade0-a3acb215747c tempest-AttachVolumeNegativeTest-1214553775 tempest-AttachVolumeNegativeTest-1214553775-project] Matched version: v2 {{(pid=111129) process_request /opt/stack/glance/glance/api/middleware/version_negotiation.py:69}}
Mar 02 16:03:32.447054 dv-cinder-815560-3-smb devstack@g-api.service[111129]: DEBUG glance.api.middleware.version_negotiation [None req-a55d4a27-90ca-48cc-ade0-a3acb215747c tempest-AttachVolumeNegativeTest-1214553775 tempest-AttachVolumeNegativeTest-1214553775-project] new path /v2/images/36e8a3f4-62fa-43ad-9754-02cb99d8b277 {{(pid=111129) process_request /opt/stack/glance/glance/api/middleware/version_negotiation.py:70}}
Mar 02 16:03:32.480305 dv-cinder-815560-3-smb devstack@g-api.service[111129]: [pid: 111129|app: 0|req: 7/12] 127.0.0.1 () {42 vars in 1061 bytes} [Wed Mar 2 16:03:32 2022] GET /v2/images/36e8a3f4-62fa-43ad-9754-02cb99d8b277 => generated 946 bytes in 35 msecs (HTTP/1.1 200) 4 headers in 157 bytes (1 switches on core 0)
Mar 02 16:03:32.481223 dv-cinder-815560-3-smb devstack@g-api.service[111128]: DEBUG glance.api.middleware.version_negotiation [None req-a55d4a27-90ca-48cc-ade0-a3acb215747c tempest-AttachVolumeNegativeTest-1214553775 tempest-AttachVolumeNegativeTest-1214553775-project] Determining version of request: GET /v2/schemas/image Accept: */* {{(pid=111128) process_request /opt/stack/glance/glance/api/middleware/version_negotiation.py:44}}
Mar 02 16:03:32.481960 dv-cinder-815560-3-smb devstack@g-api.service[111128]: DEBUG glance.api.middleware.version_negotiation [None req-a55d4a27-90ca-48cc-ade0-a3acb215747c tempest-AttachVolumeNegativeTest-1214553775 tempest-AttachVolumeNegativeTest-1214553775-project] Using url versioning {{(pid=111128) process_request /opt/stack/glance/glance/api/middleware/version_negotiation.py:57}}
Mar 02 16:03:32.482287 dv-cinder-815560-3-smb devstack@g-api.service[111128]: DEBUG glance.api.middleware.version_negotiation [None req-a55d4a27-90ca-48cc-ade0-a3acb215747c tempest-AttachVolumeNegativeTest-1214553775 tempest-AttachVolumeNegativeTest-1214553775-project] Matched version: v2 {{(pid=111128) process_request /opt/stack/glance/glance/api/middleware/version_negotiation.py:69}}
Mar 02 16:03:32.482569 dv-cinder-815560-3-smb devstack@g-api.service[111128]: DEBUG glance.api.middleware.version_negotiation [None req-a55d4a27-90ca-48cc-ade0-a3acb215747c tempest-AttachVolumeNegativeTest-1214553775 tempest-AttachVolumeNegativeTest-1214553775-project] new path /v2/schemas/image {{(pid=111128) process_request /opt/stack/glance/glance/api/middleware/version_negotiation.py:70}}
Mar 02 16:03:32.487244 dv-cinder-815560-3-smb devstack@g-api.service[111128]: [pid: 111128|app: 0|req: 6/13] 127.0.0.1 () {42 vars in 1001 bytes} [Wed Mar 2 16:03:32 2022] GET /v2/schemas/image => generated 6083 bytes in 6 msecs (HTTP/1.1 200) 4 headers in 158 bytes (1 switches on core 0)
Mar 02 16:03:37.362676 dv-cinder-815560-3-smb devstack@g-api.service[111129]: DEBUG glance.api.middleware.version_negotiation [None req-ec8bcb38-3a33-43e5-aa5f-8df513615368 tempest-DeleteServersTestJSON-772078690 tempest-DeleteServersTestJSON-772078690-project] Determining version of request: GET /v2/images/36e8a3f4-62fa-43ad-9754-02cb99d8b277 Accept: */* {{(pid=111129) process_request /opt/stack/glance/glance/api/middleware/version_negotiation.py:44}}
Mar 02 16:03:37.363311 dv-cinder-815560-3-smb devstack@g-api.service[111129]: DEBUG glance.api.middleware.version_negotiation [None req-ec8bcb38-3a33-43e5-aa5f-8df513615368 tempest-DeleteServersTestJSON-772078690 tempest-DeleteServersTestJSON-772078690-project] Using url versioning {{(pid=111129) process_request /opt/stack/glance/glance/api/middleware/version_negotiation.py:57}}
Mar 02 16:03:37.363389 dv-cinder-815560-3-smb devstack@g-api.service[111129]: DEBUG glance.api.middleware.version_negotiation [None req-ec8bcb38-3a33-43e5-aa5f-8df513615368 tempest-DeleteServersTestJSON-772078690 tempest-DeleteServersTestJSON-772078690-project] Matched version: v2 {{(pid=111129) process_request /opt/stack/glance/glance/api/middleware/version_negotiation.py:69}}
Mar 02 16:03:37.363657 dv-cinder-815560-3-smb devstack@g-api.service[111129]: DEBUG glance.api.middleware.version_negotiation [None req-ec8bcb38-3a33-43e5-aa5f-8df513615368 tempest-DeleteServersTestJSON-772078690 tempest-DeleteServersTestJSON-772078690-project] new path /v2/images/36e8a3f4-62fa-43ad-9754-02cb99d8b277 {{(pid=111129) process_request /opt/stack/glance/glance/api/middleware/version_negotiation.py:70}}
Mar 02 16:03:37.401356 dv-cinder-815560-3-smb devstack@g-api.service[111129]: [pid: 111129|app: 0|req: 8/14] 127.0.0.1 () {40 vars in 854 bytes} [Wed Mar 2 16:03:37 2022] GET /v2/images/36e8a3f4-62fa-43ad-9754-02cb99d8b277 => generated 946 bytes in 39 msecs (HTTP/1.1 200) 4 headers in 157 bytes (1 switches on core 0)
Mar 02 16:03:37.408492 dv-cinder-815560-3-smb devstack@g-api.service[111128]: DEBUG glance.api.middleware.version_negotiation [None req-ec8bcb38-3a33-43e5-aa5f-8df513615368 tempest-DeleteServersTestJSON-772078690 tempest-DeleteServersTestJSON-772078690-project] Determining version of request: GET /v2/schemas/image Accept: */* {{(pid=111128) process_request /opt/stack/glance/glance/api/middleware/version_negotiation.py:44}}
Mar 02 16:03:37.409378 dv-cinder-815560-3-smb devstack@g-api.service[111128]: DEBUG glance.api.middleware.version_negotiation [None req-ec8bcb38-3a33-43e5-aa5f-8df513615368 tempest-DeleteServersTestJSON-772078690 tempest-DeleteServersTestJSON-772078690-project] Using url versioning {{(pid=111128) process_request /opt/stack/glance/glance/api/middleware/version_negotiation.py:57}}
Mar 02 16:03:37.409378 dv-cinder-815560-3-smb devstack@g-api.service[111128]: DEBUG glance.api.middleware.version_negotiation [None req-ec8bcb38-3a33-43e5-aa5f-8df513615368 tempest-DeleteServersTestJSON-772078690 tempest-DeleteServersTestJSON-772078690-project] Matched version: v2 {{(pid=111128) process_request /opt/stack/glance/glance/api/middleware/version_negotiation.py:69}}
Mar 02 16:03:37.409599 dv-cinder-815560-3-smb devstack@g-api.service[111128]: DEBUG glance.api.middleware.version_negotiation [None req-ec8bcb38-3a33-43e5-aa5f-8df513615368 tempest-DeleteServersTestJSON-772078690 tempest-DeleteServersTestJSON-772078690-project] new path /v2/schemas/image {{(pid=111128) process_request /opt/stack/glance/glance/api/middleware/version_negotiation.py:70}}
Mar 02 16:03:37.415370 dv-cinder-815560-3-smb devstack@g-api.service[111128]: [pid: 111128|app: 0|req: 7/15] 127.0.0.1 () {40 vars in 794 bytes} [Wed Mar 2 16:03:37 2022] GET /v2/schemas/image => generated 6083 bytes in 7 msecs (HTTP/1.1 200) 4 headers in 158 bytes (1 switches on core 0)
Mar 02 16:03:37.434561 dv-cinder-815560-3-smb devstack@g-api.service[111129]: DEBUG glance.api.middleware.version_negotiation [None req-ec8bcb38-3a33-43e5-aa5f-8df513615368 tempest-DeleteServersTestJSON-772078690 tempest-DeleteServersTestJSON-772078690-project] Determining version of request: GET /v2/images/36e8a3f4-62fa-43ad-9754-02cb99d8b277 Accept: */* {{(pid=111129) process_request /opt/stack/glance/glance/api/middleware/version_negotiation.py:44}}
Mar 02 16:03:37.434890 dv-cinder-815560-3-smb devstack@g-api.service[111129]: DEBUG glance.api.middleware.version_negotiation [None req-ec8bcb38-3a33-43e5-aa5f-8df513615368 tempest-DeleteServersTestJSON-772078690 tempest-DeleteServersTestJSON-772078690-project] Using url versioning {{(pid=111129) process_request /opt/stack/glance/glance/api/middleware/version_negotiation.py:57}}
Mar 02 16:03:37.435441 dv-cinder-815560-3-smb devstack@g-api.service[111129]: DEBUG glance.api.middleware.version_negotiation [None req-ec8bcb38-3a33-43e5-aa5f-8df513615368 tempest-DeleteServersTestJSON-772078690 tempest-DeleteServersTestJSON-772078690-project] Matched version: v2 {{(pid=111129) process_request /opt/stack/glance/glance/api/middleware/version_negotiation.py:69}}
Mar 02 16:03:37.436749 dv-cinder-815560-3-smb devstack@g-api.service[111129]: DEBUG glance.api.middleware.version_negotiation [None req-ec8bcb38-3a33-43e5-aa5f-8df513615368 tempest-DeleteServersTestJSON-772078690 tempest-DeleteServersTestJSON-772078690-project] new path /v2/images/36e8a3f4-62fa-43ad-9754-02cb99d8b277 {{(pid=111129) process_request /opt/stack/glance/glance/api/middleware/version_negotiation.py:70}}
Mar 02 16:03:37.473441 dv-cinder-815560-3-smb devstack@g-api.service[111129]: [pid: 111129|app: 0|req: 9/16] 127.0.0.1 () {40 vars in 854 bytes} [Wed Mar 2 16:03:37 2022] GET /v2/images/36e8a3f4-62fa-43ad-9754-02cb99d8b277 => generated 946 bytes in 39 msecs (HTTP/1.1 200) 4 headers in 157 bytes (1 switches on core 0)
Mar 02 16:03:37.483545 dv-cinder-815560-3-smb devstack@g-api.service[111128]: DEBUG glance.api.middleware.version_negotiation [None req-ec8bcb38-3a33-43e5-aa5f-8df513615368 tempest-DeleteServersTestJSON-772078690 tempest-DeleteServersTestJSON-772078690-project] Determining version of request: GET /v2/images/36e8a3f4-62fa-43ad-9754-02cb99d8b277 Accept: */* {{(pid=111128) process_request /opt/stack/glance/glance/api/middleware/version_negotiation.py:44}}
Mar 02 16:03:37.484717 dv-cinder-815560-3-smb devstack@g-api.service[111128]: DEBUG glance.api.middleware.version_negotiation [None req-ec8bcb38-3a33-43e5-aa5f-8df513615368 tempest-DeleteServersTestJSON-772078690 tempest-DeleteServersTestJSON-772078690-project] Using url versioning {{(pid=111128) process_request /opt/stack/glance/glance/api/middleware/version_negotiation.py:57}}
Mar 02 16:03:37.485536 dv-cinder-815560-3-smb devstack@g-api.service[111128]: DEBUG glance.api.middleware.version_negotiation [None req-ec8bcb38-3a33-43e5-aa5f-8df513615368 tempest-DeleteServersTestJSON-772078690 tempest-DeleteServersTestJSON-772078690-project] Matched version: v2 {{(pid=111128) process_request /opt/stack/glance/glance/api/middleware/version_negotiation.py:69}}
Mar 02 16:03:37.486040 dv-cinder-815560-3-smb devstack@g-api.service[111129]: DEBUG glance.api.middleware.version_negotiation [None req-a55d4a27-90ca-48cc-ade0-a3acb215747c tempest-AttachVolumeNegativeTest-1214553775 tempest-AttachVolumeNegativeTest-1214553775-project] Determining version of request: GET /v2/schemas/image Accept: */* {{(pid=111129) process_request /opt/stack/glance/glance/api/middleware/version_negotiation.py:44}}
Mar 02 16:03:37.486454 dv-cinder-815560-3-smb devstack@g-api.service[111129]: DEBUG glance.api.middleware.version_negotiation [None req-a55d4a27-90ca-48cc-ade0-a3acb215747c tempest-AttachVolumeNegativeTest-1214553775 tempest-AttachVolumeNegativeTest-1214553775-project] Using url versioning {{(pid=111129) process_request /opt/stack/glance/glance/api/middleware/version_negotiation.py:57}}
Mar 02 16:03:37.486773 dv-cinder-815560-3-smb devstack@g-api.service[111128]: DEBUG glance.api.middleware.version_negotiation [None req-ec8bcb38-3a33-43e5-aa5f-8df513615368 tempest-DeleteServersTestJSON-772078690 tempest-DeleteServersTestJSON-772078690-project] new path /v2/images/36e8a3f4-62fa-43ad-9754-02cb99d8b277 {{(pid=111128) process_request /opt/stack/glance/glance/api/middleware/version_negotiation.py:70}}
Mar 02 16:03:37.486888 dv-cinder-815560-3-smb devstack@g-api.service[111129]: DEBUG glance.api.middleware.version_negotiation [None req-a55d4a27-90ca-48cc-ade0-a3acb215747c tempest-AttachVolumeNegativeTest-1214553775 tempest-AttachVolumeNegativeTest-1214553775-project] Matched version: v2 {{(pid=111129) process_request /opt/stack/glance/glance/api/middleware/version_negotiation.py:69}}
Mar 02 16:03:37.487117 dv-cinder-815560-3-smb devstack@g-api.service[111129]: DEBUG glance.api.middleware.version_negotiation [None req-a55d4a27-90ca-48cc-ade0-a3acb215747c tempest-AttachVolumeNegativeTest-1214553775 tempest-AttachVolumeNegativeTest-1214553775-project] new path /v2/schemas/image {{(pid=111129) process_request /opt/stack/glance/glance/api/middleware/version_negotiation.py:70}}
Mar 02 16:03:37.510797 dv-cinder-815560-3-smb devstack@g-api.service[111129]: [pid: 111129|app: 0|req: 10/17] 127.0.0.1 () {40 vars in 794 bytes} [Wed Mar 2 16:03:37 2022] GET /v2/schemas/image => generated 6083 bytes in 26 msecs (HTTP/1.1 200) 4 headers in 158 bytes (1 switches on core 0)
Mar 02 16:03:37.517398 dv-cinder-815560-3-smb devstack@g-api.service[111128]: [pid: 111128|app: 0|req: 8/18] 127.0.0.1 () {40 vars in 854 bytes} [Wed Mar 2 16:03:37 2022] GET /v2/images/36e8a3f4-62fa-43ad-9754-02cb99d8b277 => generated 946 bytes in 36 msecs (HTTP/1.1 200) 4 headers in 157 bytes (1 switches on core 0)
Mar 02 16:03:37.524555 dv-cinder-815560-3-smb devstack@g-api.service[111129]: DEBUG glance.api.middleware.version_negotiation [None req-a55d4a27-90ca-48cc-ade0-a3acb215747c tempest-AttachVolumeNegativeTest-1214553775 tempest-AttachVolumeNegativeTest-1214553775-project] Determining version of request: GET /v2/images/36e8a3f4-62fa-43ad-9754-02cb99d8b277/file Accept: */* {{(pid=111129) process_request /opt/stack/glance/glance/api/middleware/version_negotiation.py:44}}
Mar 02 16:03:37.525456 dv-cinder-815560-3-smb devstack@g-api.service[111129]: DEBUG glance.api.middleware.version_negotiation [None req-a55d4a27-90ca-48cc-ade0-a3acb215747c tempest-AttachVolumeNegativeTest-1214553775 tempest-AttachVolumeNegativeTest-1214553775-project] Using url versioning {{(pid=111129) process_request /opt/stack/glance/glance/api/middleware/version_negotiation.py:57}}
Mar 02 16:03:37.525808 dv-cinder-815560-3-smb devstack@g-api.service[111129]: DEBUG glance.api.middleware.version_negotiation [None req-a55d4a27-90ca-48cc-ade0-a3acb215747c tempest-AttachVolumeNegativeTest-1214553775 tempest-AttachVolumeNegativeTest-1214553775-project] Matched version: v2 {{(pid=111129) process_request /opt/stack/glance/glance/api/middleware/version_negotiation.py:69}}
Mar 02 16:03:37.526097 dv-cinder-815560-3-smb devstack@g-api.service[111129]: DEBUG glance.api.middleware.version_negotiation [None req-a55d4a27-90ca-48cc-ade0-a3acb215747c tempest-AttachVolumeNegativeTest-1214553775 tempest-AttachVolumeNegativeTest-1214553775-project] new path /v2/images/36e8a3f4-62fa-43ad-9754-02cb99d8b277/file {{(pid=111129) process_request /opt/stack/glance/glance/api/middleware/version_negotiation.py:70}}
Mar 02 16:03:37.558642 dv-cinder-815560-3-smb devstack@g-api.service[111129]: DEBUG glance_store.backend [None req-ec8bcb38-3a33-43e5-aa5f-8df513615368 tempest-DeleteServersTestJSON-772078690 tempest-DeleteServersTestJSON-772078690-project] Attempting to import store swift {{(pid=111129) _load_store /usr/local/lib/python3.8/dist-packages/glance_store/backend.py:217}}
Mar 02 16:03:37.566919 dv-cinder-815560-3-smb devstack@g-api.service[111129]: DEBUG glance_store.capabilities [None req-ec8bcb38-3a33-43e5-aa5f-8df513615368 tempest-DeleteServersTestJSON-772078690 tempest-DeleteServersTestJSON-772078690-project] Store glance_store._drivers.swift.store.SingleTenantStore doesn't support updating dynamic storage capabilities. Please overwrite 'update_capabilities' method of the store to implement updating logics if needed. {{(pid=111129) update_capabilities /usr/local/lib/python3.8/dist-packages/glance_store/capabilities.py:91}}
Mar 02 16:03:37.567534 dv-cinder-815560-3-smb devstack@g-api.service[111129]: DEBUG glance_store.driver [None req-ec8bcb38-3a33-43e5-aa5f-8df513615368 tempest-DeleteServersTestJSON-772078690 tempest-DeleteServersTestJSON-772078690-project] Late loading location class glance_store._drivers.swift.store.StoreLocation {{(pid=111129) get_store_location_class /usr/local/lib/python3.8/dist-packages/glance_store/driver.py:117}}
Mar 02 16:03:37.567962 dv-cinder-815560-3-smb devstack@g-api.service[111129]: DEBUG glance_store.location [None req-ec8bcb38-3a33-43e5-aa5f-8df513615368 tempest-DeleteServersTestJSON-772078690 tempest-DeleteServersTestJSON-772078690-project] Registering scheme swift+https with {'store': , 'location_class': , 'store_entry': 'swift'} {{(pid=111129) register_scheme_map /usr/local/lib/python3.8/dist-packages/glance_store/location.py:146}}
Mar 02 16:03:37.569986 dv-cinder-815560-3-smb devstack@g-api.service[111129]: DEBUG glance_store.location [None req-ec8bcb38-3a33-43e5-aa5f-8df513615368 tempest-DeleteServersTestJSON-772078690 tempest-DeleteServersTestJSON-772078690-project] Registering scheme swift+https with {'store': , 'location_class': , 'store_entry': 'swift'} {{(pid=111129) register_scheme_map /usr/local/lib/python3.8/dist-packages/glance_store/location.py:146}}
Mar 02 16:03:37.570449 dv-cinder-815560-3-smb devstack@g-api.service[111129]: DEBUG glance_store.location [None req-ec8bcb38-3a33-43e5-aa5f-8df513615368 tempest-DeleteServersTestJSON-772078690 tempest-DeleteServersTestJSON-772078690-project] Registering scheme swift with {'store': , 'location_class': , 'store_entry': 'swift'} {{(pid=111129) register_scheme_map /usr/local/lib/python3.8/dist-packages/glance_store/location.py:146}}
Mar 02 16:03:37.570860 dv-cinder-815560-3-smb devstack@g-api.service[111129]: DEBUG glance_store.location [None req-ec8bcb38-3a33-43e5-aa5f-8df513615368 tempest-DeleteServersTestJSON-772078690 tempest-DeleteServersTestJSON-772078690-project] Registering scheme swift+https with {'store': , 'location_class': , 'store_entry': 'swift'} {{(pid=111129) register_scheme_map /usr/local/lib/python3.8/dist-packages/glance_store/location.py:146}}
Mar 02 16:03:37.571339 dv-cinder-815560-3-smb devstack@g-api.service[111129]: DEBUG glance_store.location [None req-ec8bcb38-3a33-43e5-aa5f-8df513615368 tempest-DeleteServersTestJSON-772078690 tempest-DeleteServersTestJSON-772078690-project] Registering scheme swift with {'store': , 'location_class': , 'store_entry': 'swift'} {{(pid=111129) register_scheme_map /usr/local/lib/python3.8/dist-packages/glance_store/location.py:146}}
Mar 02 16:03:37.573424 dv-cinder-815560-3-smb devstack@g-api.service[111129]: DEBUG glance_store.location [None req-ec8bcb38-3a33-43e5-aa5f-8df513615368 tempest-DeleteServersTestJSON-772078690 tempest-DeleteServersTestJSON-772078690-project] Registering scheme swift+http with {'store': , 'location_class': , 'store_entry': 'swift'} {{(pid=111129) register_scheme_map /usr/local/lib/python3.8/dist-packages/glance_store/location.py:146}}
Mar 02 16:03:37.573846 dv-cinder-815560-3-smb devstack@g-api.service[111129]: DEBUG glance_store.location [None req-ec8bcb38-3a33-43e5-aa5f-8df513615368 tempest-DeleteServersTestJSON-772078690 tempest-DeleteServersTestJSON-772078690-project] Registering scheme swift+https with {'store': , 'location_class': , 'store_entry': 'swift'} {{(pid=111129) register_scheme_map /usr/local/lib/python3.8/dist-packages/glance_store/location.py:146}}
Mar 02 16:03:37.574240 dv-cinder-815560-3-smb devstack@g-api.service[111129]: DEBUG glance_store.location [None req-ec8bcb38-3a33-43e5-aa5f-8df513615368 tempest-DeleteServersTestJSON-772078690 tempest-DeleteServersTestJSON-772078690-project] Registering scheme swift with {'store': , 'location_class': , 'store_entry': 'swift'} {{(pid=111129) register_scheme_map /usr/local/lib/python3.8/dist-packages/glance_store/location.py:146}}
Mar 02 16:03:37.574648 dv-cinder-815560-3-smb devstack@g-api.service[111129]: DEBUG glance_store.location [None req-ec8bcb38-3a33-43e5-aa5f-8df513615368 tempest-DeleteServersTestJSON-772078690 tempest-DeleteServersTestJSON-772078690-project] Registering scheme swift+http with {'store': , 'location_class': , 'store_entry': 'swift'} {{(pid=111129) register_scheme_map /usr/local/lib/python3.8/dist-packages/glance_store/location.py:146}}
Mar 02 16:03:37.576993 dv-cinder-815560-3-smb devstack@g-api.service[111129]: DEBUG glance_store.location [None req-ec8bcb38-3a33-43e5-aa5f-8df513615368 tempest-DeleteServersTestJSON-772078690 tempest-DeleteServersTestJSON-772078690-project] Registering scheme swift+config with {'store': , 'location_class': , 'store_entry': 'swift'} {{(pid=111129) register_scheme_map /usr/local/lib/python3.8/dist-packages/glance_store/location.py:146}}
Mar 02 16:03:38.562206 dv-cinder-815560-3-smb devstack@g-api.service[111129]: DEBUG swiftclient [None req-ec8bcb38-3a33-43e5-aa5f-8df513615368 tempest-DeleteServersTestJSON-772078690 tempest-DeleteServersTestJSON-772078690-project] REQ: curl -i http://10.222.0.18:8080/v1/AUTH_4c353d6085534362b0a72b98c3cc4d87/glance/36e8a3f4-62fa-43ad-9754-02cb99d8b277 -X GET -H "X-Auth-Token: gAAAAABiH5VZJxQD..." {{(pid=111129) http_log /usr/local/lib/python3.8/dist-packages/swiftclient/client.py:187}}
Mar 02 16:03:38.563365 dv-cinder-815560-3-smb devstack@g-api.service[111129]: DEBUG swiftclient [None req-ec8bcb38-3a33-43e5-aa5f-8df513615368 tempest-DeleteServersTestJSON-772078690 tempest-DeleteServersTestJSON-772078690-project] RESP STATUS: 200 OK {{(pid=111129) http_log /usr/local/lib/python3.8/dist-packages/swiftclient/client.py:188}}
Mar 02 16:03:38.564214 dv-cinder-815560-3-smb devstack@g-api.service[111129]: DEBUG swiftclient [None req-ec8bcb38-3a33-43e5-aa5f-8df513615368 tempest-DeleteServersTestJSON-772078690 tempest-DeleteServersTestJSON-772078690-project] RESP HEADERS: {'Content-Type': 'application/octet-stream', 'Etag': '318f990048c8a194829e52141534610d', 'Last-Modified': 'Wed, 02 Mar 2022 15:56:43 GMT', 'X-Timestamp': '1646236602.43553', 'Accept-Ranges': 'bytes', 'Content-Length': '645922816', 'X-Trans-Id': 'txac2c77d2755f4e009a878-00621f9559', 'X-Openstack-Request-Id': 'txac2c77d2755f4e009a878-00621f9559', 'Date': 'Wed, 02 Mar 2022 16:03:38 GMT'} {{(pid=111129) http_log /usr/local/lib/python3.8/dist-packages/swiftclient/client.py:189}}
Mar 02 16:03:38.602942 dv-cinder-815560-3-smb devstack@g-api.service[111129]: DEBUG glance.image_cache [None req-ec8bcb38-3a33-43e5-aa5f-8df513615368 tempest-DeleteServersTestJSON-772078690 tempest-DeleteServersTestJSON-772078690-project] Tee'ing image '36e8a3f4-62fa-43ad-9754-02cb99d8b277' into cache {{(pid=111129) get_caching_iter /opt/stack/glance/glance/image_cache/__init__.py:343}}
Mar 02 16:03:50.838691 dv-cinder-815560-3-smb devstack@g-api.service[111128]: DEBUG glance.api.middleware.version_negotiation [None req-ec8bcb38-3a33-43e5-aa5f-8df513615368 tempest-DeleteServersTestJSON-772078690 tempest-DeleteServersTestJSON-772078690-project] Determining version of request: GET /v2/images/36e8a3f4-62fa-43ad-9754-02cb99d8b277 Accept: */* {{(pid=111128) process_request /opt/stack/glance/glance/api/middleware/version_negotiation.py:44}}
Mar 02 16:03:50.839708 dv-cinder-815560-3-smb devstack@g-api.service[111128]: DEBUG glance.api.middleware.version_negotiation [None req-ec8bcb38-3a33-43e5-aa5f-8df513615368 tempest-DeleteServersTestJSON-772078690 tempest-DeleteServersTestJSON-772078690-project] Using url versioning {{(pid=111128) process_request /opt/stack/glance/glance/api/middleware/version_negotiation.py:57}}
Mar 02 16:03:50.840259 dv-cinder-815560-3-smb devstack@g-api.service[111128]: DEBUG glance.api.middleware.version_negotiation [None req-ec8bcb38-3a33-43e5-aa5f-8df513615368 tempest-DeleteServersTestJSON-772078690 tempest-DeleteServersTestJSON-772078690-project] Matched version: v2 {{(pid=111128) process_request /opt/stack/glance/glance/api/middleware/version_negotiation.py:69}}
Mar 02 16:03:50.840764 dv-cinder-815560-3-smb devstack@g-api.service[111128]: DEBUG glance.api.middleware.version_negotiation [None req-ec8bcb38-3a33-43e5-aa5f-8df513615368 tempest-DeleteServersTestJSON-772078690 tempest-DeleteServersTestJSON-772078690-project] new path /v2/images/36e8a3f4-62fa-43ad-9754-02cb99d8b277 {{(pid=111128) process_request /opt/stack/glance/glance/api/middleware/version_negotiation.py:70}}
Mar 02 16:03:50.880285 dv-cinder-815560-3-smb devstack@g-api.service[111128]: [pid: 111128|app: 0|req: 9/19] 127.0.0.1 () {42 vars in 1061 bytes} [Wed Mar 2 16:03:50 2022] GET /v2/images/36e8a3f4-62fa-43ad-9754-02cb99d8b277 => generated 946 bytes in 42 msecs (HTTP/1.1 200) 4 headers in 157 bytes (1 switches on core 0)
Mar 02 16:03:50.883405 dv-cinder-815560-3-smb devstack@g-api.service[111128]: DEBUG glance.api.middleware.version_negotiation [None req-49409a34-d6f4-42fc-8180-a777d39e4027 tempest-ServerRescueNegativeTestJSON-1471252937 tempest-ServerRescueNegativeTestJSON-1471252937-project] Determining version of request: GET /v2/schemas/image Accept: */* {{(pid=111128) process_request /opt/stack/glance/glance/api/middleware/version_negotiation.py:44}}
Mar 02 16:03:50.887223 dv-cinder-815560-3-smb devstack@g-api.service[111128]: DEBUG glance.api.middleware.version_negotiation [None req-49409a34-d6f4-42fc-8180-a777d39e4027 tempest-ServerRescueNegativeTestJSON-1471252937 tempest-ServerRescueNegativeTestJSON-1471252937-project] Using url versioning {{(pid=111128) process_request /opt/stack/glance/glance/api/middleware/version_negotiation.py:57}}
Mar 02 16:03:50.887721 dv-cinder-815560-3-smb devstack@g-api.service[111128]: DEBUG glance.api.middleware.version_negotiation [None req-49409a34-d6f4-42fc-8180-a777d39e4027 tempest-ServerRescueNegativeTestJSON-1471252937 tempest-ServerRescueNegativeTestJSON-1471252937-project] Matched version: v2 {{(pid=111128) process_request /opt/stack/glance/glance/api/middleware/version_negotiation.py:69}}
Mar 02 16:03:50.888157 dv-cinder-815560-3-smb devstack@g-api.service[111128]: DEBUG glance.api.middleware.version_negotiation [None req-49409a34-d6f4-42fc-8180-a777d39e4027 tempest-ServerRescueNegativeTestJSON-1471252937 tempest-ServerRescueNegativeTestJSON-1471252937-project] new path /v2/schemas/image {{(pid=111128) process_request /opt/stack/glance/glance/api/middleware/version_negotiation.py:70}}
Mar 02 16:03:50.910308 dv-cinder-815560-3-smb devstack@g-api.service[111128]: [pid: 111128|app: 0|req: 10/20] 127.0.0.1 () {42 vars in 1001 bytes} [Wed Mar 2 16:03:50 2022] GET /v2/schemas/image => generated 6083 bytes in 29 msecs (HTTP/1.1 200) 4 headers in 158 bytes (1 switches on core 0)
Mar 02 16:03:50.912266 dv-cinder-815560-3-smb devstack@g-api.service[111129]: DEBUG glance.image_cache.drivers.sqlite [None req-ec8bcb38-3a33-43e5-aa5f-8df513615368 tempest-DeleteServersTestJSON-772078690 tempest-DeleteServersTestJSON-772078690-project] Fetch finished, moving '/opt/stack/data/glance/cache/incomplete/36e8a3f4-62fa-43ad-9754-02cb99d8b277' to '/opt/stack/data/glance/cache/36e8a3f4-62fa-43ad-9754-02cb99d8b277' {{(pid=111129) commit /opt/stack/glance/glance/image_cache/drivers/sqlite.py:324}}
