Oct 27 01:33:46.196368 dv-cinder-815461-3-smb devstack@c-api.service[108163]: warnings.warn('Policy enforcement is depending on the value of '
Oct 27 01:33:46.204355 dv-cinder-815461-3-smb devstack@c-api.service[108163]: INFO cinder.volume.api [None req-81ba9797-2eb6-4074-9b8d-aae0fb9cb158 tempest-GroupSnapshotsTest-1014462248 tempest-GroupSnapshotsTest-1014462248-project] Volume info retrieved successfully.
Oct 27 01:33:46.205850 dv-cinder-815461-3-smb devstack@c-api.service[108163]: WARNING stevedore.named [None req-81ba9797-2eb6-4074-9b8d-aae0fb9cb158 tempest-GroupSnapshotsTest-1014462248 tempest-GroupSnapshotsTest-1014462248-project] Could not load cinder.keymgr.conf_key_mgr.ConfKeyManager
Oct 27 01:33:46.206228 dv-cinder-815461-3-smb devstack@c-api.service[108163]: WARNING castellan.key_manager [None req-81ba9797-2eb6-4074-9b8d-aae0fb9cb158 tempest-GroupSnapshotsTest-1014462248 tempest-GroupSnapshotsTest-1014462248-project] Deprecation Warning : cinder.keymgr.conf_key_mgr.ConfKeyManager is not a stevedore based driver, trying to load it as a class: stevedore.exception.NoMatches: No 'castellan.drivers' driver found, looking for 'cinder.keymgr.conf_key_mgr.ConfKeyManager'
Oct 27 01:33:46.213038 dv-cinder-815461-3-smb devstack@c-api.service[108163]: DEBUG oslo_db.sqlalchemy.engines [None req-81ba9797-2eb6-4074-9b8d-aae0fb9cb158 tempest-GroupSnapshotsTest-1014462248 tempest-GroupSnapshotsTest-1014462248-project] MySQL server mode set to STRICT_TRANS_TABLES,STRICT_ALL_TABLES,NO_ZERO_IN_DATE,NO_ZERO_DATE,ERROR_FOR_DIVISION_BY_ZERO,TRADITIONAL,NO_ENGINE_SUBSTITUTION {{(pid=108163) _check_effective_sql_mode /usr/local/lib/python3.8/dist-packages/oslo_db/sqlalchemy/engines.py:314}}
Oct 27 01:33:46.226889 dv-cinder-815461-3-smb devstack@c-api.service[108163]: /usr/local/lib/python3.8/dist-packages/oslo_context/context.py:105: DeprecationWarning: Policy enforcement is depending on the value of is_admin. This key is deprecated. Please update your policy file to use the standard policy values.
Oct 27 01:33:46.226889 dv-cinder-815461-3-smb devstack@c-api.service[108163]: warnings.warn('Policy enforcement is depending on the value of '
Oct 27 01:33:46.231281 dv-cinder-815461-3-smb devstack@c-api.service[108164]: INFO cinder.api.openstack.wsgi [req-0bf9c52f-46fb-4264-91ac-6524e07bf3e4 req-d7a59c58-34f2-40a3-af69-4e2eb666eda9 tempest-DeleteServersTestJSON-1597833317 tempest-DeleteServersTestJSON-1597833317-project] PUT http://10.222.0.64/volume/v3/a4abb099fea44e22820846c4240ebd8b/attachments/d56a9e06-eaff-4814-87b6-4a1249f6c78d
Oct 27 01:33:46.231689 dv-cinder-815461-3-smb devstack@c-api.service[108164]: /usr/local/lib/python3.8/dist-packages/webob/acceptparse.py:1047: DeprecationWarning: The behavior of AcceptValidHeader.best_match is currently being maintained for backward compatibility, but it will be deprecated in the future, as it does not conform to the RFC.
Oct 27 01:33:46.231689 dv-cinder-815461-3-smb devstack@c-api.service[108164]: warnings.warn(
Oct 27 01:33:46.231975 dv-cinder-815461-3-smb devstack@c-api.service[108164]: DEBUG cinder.api.openstack.wsgi [req-0bf9c52f-46fb-4264-91ac-6524e07bf3e4 req-d7a59c58-34f2-40a3-af69-4e2eb666eda9 tempest-DeleteServersTestJSON-1597833317 tempest-DeleteServersTestJSON-1597833317-project] Action: 'update', calling method: version_select, body: {"attachment": {"connector": {"platform": "AMD64", "os_type": "win32", "ip": "10.222.0.47", "host": "hv-cinder-81546", "multipath": false, "initiator": "iqn.1991-05.com.microsoft:hv-cinder-81546", "mountpoint": "/dev/sdb"}}} {{(pid=108164) _process_stack /opt/stack/cinder/cinder/api/openstack/wsgi.py:854}}
Oct 27 01:33:46.257023 dv-cinder-815461-3-smb devstack@c-api.service[108163]: INFO cinder.api.openstack.wsgi [None req-81ba9797-2eb6-4074-9b8d-aae0fb9cb158 tempest-GroupSnapshotsTest-1014462248 tempest-GroupSnapshotsTest-1014462248-project] http://10.222.0.64/volume/v3/bf67b0ee578b4fa59cc24801c81a2154/volumes/ea8589b4-3496-4564-977e-e439463227a6 returned with HTTP 200
Oct 27 01:33:46.257696 dv-cinder-815461-3-smb devstack@c-api.service[108164]: /usr/local/lib/python3.8/dist-packages/tenacity/__init__.py:333: DeprecationWarning: "retry" function must accept single "retry_state" parameter, please update tooz._retry.retry..
Oct 27 01:33:46.257696 dv-cinder-815461-3-smb devstack@c-api.service[108164]: return self(f, *args, **kw)
Oct 27 01:33:46.258524 dv-cinder-815461-3-smb devstack@c-api.service[108164]: DEBUG cinder.coordination [req-0bf9c52f-46fb-4264-91ac-6524e07bf3e4 req-d7a59c58-34f2-40a3-af69-4e2eb666eda9 tempest-DeleteServersTestJSON-1597833317 tempest-DeleteServersTestJSON-1597833317-project] Lock "b'cinder-attachment_update-5eeee6d9-a763-4967-bde7-8ea1eb7fe256-hv-cinder-81546'" acquired by "attachment_update" :: waited 0.011s {{(pid=108164) _synchronized /opt/stack/cinder/cinder/coordination.py:181}}
Oct 27 01:33:46.259317 dv-cinder-815461-3-smb devstack@c-api.service[108163]: [pid: 108163|app: 0|req: 153/276] 10.222.0.64 () {60 vars in 1365 bytes} [Wed Oct 27 01:33:46 2021] GET /volume/v3/bf67b0ee578b4fa59cc24801c81a2154/volumes/ea8589b4-3496-4564-977e-e439463227a6 => generated 998 bytes in 86 msecs (HTTP/1.1 200) 7 headers in 286 bytes (1 switches on core 0)
Oct 27 01:33:46.261141 dv-cinder-815461-3-smb devstack@c-api.service[108164]: /usr/local/lib/python3.8/dist-packages/oslo_context/context.py:105: DeprecationWarning: Policy enforcement is depending on the value of is_admin. This key is deprecated. Please update your policy file to use the standard policy values.
Oct 27 01:33:46.261141 dv-cinder-815461-3-smb devstack@c-api.service[108164]: warnings.warn('Policy enforcement is depending on the value of '
Oct 27 01:33:46.589404 dv-cinder-815461-3-smb devstack@c-api.service[108164]: DEBUG cinder.coordination [req-0bf9c52f-46fb-4264-91ac-6524e07bf3e4 req-d7a59c58-34f2-40a3-af69-4e2eb666eda9 tempest-DeleteServersTestJSON-1597833317 tempest-DeleteServersTestJSON-1597833317-project] Lock "b'cinder-attachment_update-5eeee6d9-a763-4967-bde7-8ea1eb7fe256-hv-cinder-81546'" released by "attachment_update" :: held 0.331s {{(pid=108164) _synchronized /opt/stack/cinder/cinder/coordination.py:193}}
Oct 27 01:33:46.590541 dv-cinder-815461-3-smb devstack@c-api.service[108164]: INFO cinder.api.openstack.wsgi [req-0bf9c52f-46fb-4264-91ac-6524e07bf3e4 req-d7a59c58-34f2-40a3-af69-4e2eb666eda9 tempest-DeleteServersTestJSON-1597833317 tempest-DeleteServersTestJSON-1597833317-project] http://10.222.0.64/volume/v3/a4abb099fea44e22820846c4240ebd8b/attachments/d56a9e06-eaff-4814-87b6-4a1249f6c78d returned with HTTP 200
Oct 27 01:33:46.602121 dv-cinder-815461-3-smb devstack@c-api.service[108164]: [pid: 108164|app: 0|req: 124/277] 10.222.0.47 () {64 vars in 1477 bytes} [Wed Oct 27 01:33:46 2021] PUT /volume/v3/a4abb099fea44e22820846c4240ebd8b/attachments/d56a9e06-eaff-4814-87b6-4a1249f6c78d => generated 652 bytes in 376 msecs (HTTP/1.1 200) 7 headers in 286 bytes (2 switches on core 0)
Oct 27 01:33:46.808741 dv-cinder-815461-3-smb devstack@c-api.service[108164]: INFO cinder.api.openstack.wsgi [None req-d9a748f9-93d8-43f3-a6fb-cf18a674c0ec tempest-VolumeServicesNegativeTest-252411759 tempest-VolumeServicesNegativeTest-252411759-project-admin] GET http://10.222.0.64/volume/v3/321c9982c14641b485f2d576c7fbea46/os-services
Oct 27 01:33:46.809304 dv-cinder-815461-3-smb devstack@c-api.service[108164]: DEBUG cinder.api.openstack.wsgi [None req-d9a748f9-93d8-43f3-a6fb-cf18a674c0ec tempest-VolumeServicesNegativeTest-252411759 tempest-VolumeServicesNegativeTest-252411759-project-admin] Empty body provided in request {{(pid=108164) get_body /opt/stack/cinder/cinder/api/openstack/wsgi.py:703}}
Oct 27 01:33:46.809585 dv-cinder-815461-3-smb devstack@c-api.service[108164]: /usr/local/lib/python3.8/dist-packages/webob/acceptparse.py:1047: DeprecationWarning: The behavior of AcceptValidHeader.best_match is currently being maintained for backward compatibility, but it will be deprecated in the future, as it does not conform to the RFC.
Oct 27 01:33:46.809585 dv-cinder-815461-3-smb devstack@c-api.service[108164]: warnings.warn(
Oct 27 01:33:46.810053 dv-cinder-815461-3-smb devstack@c-api.service[108164]: DEBUG cinder.api.openstack.wsgi [None req-d9a748f9-93d8-43f3-a6fb-cf18a674c0ec tempest-VolumeServicesNegativeTest-252411759 tempest-VolumeServicesNegativeTest-252411759-project-admin] Calling method 'index' {{(pid=108164) _process_stack /opt/stack/cinder/cinder/api/openstack/wsgi.py:856}}
Oct 27 01:33:46.810740 dv-cinder-815461-3-smb devstack@c-api.service[108164]: /usr/local/lib/python3.8/dist-packages/oslo_context/context.py:105: DeprecationWarning: Policy enforcement is depending on the value of is_admin. This key is deprecated. Please update your policy file to use the standard policy values.
Oct 27 01:33:46.810740 dv-cinder-815461-3-smb devstack@c-api.service[108164]: warnings.warn('Policy enforcement is depending on the value of '
Oct 27 01:33:46.817133 dv-cinder-815461-3-smb devstack@c-api.service[108164]: INFO cinder.api.openstack.wsgi [None req-d9a748f9-93d8-43f3-a6fb-cf18a674c0ec tempest-VolumeServicesNegativeTest-252411759 tempest-VolumeServicesNegativeTest-252411759-project-admin] http://10.222.0.64/volume/v3/321c9982c14641b485f2d576c7fbea46/os-services returned with HTTP 200
Oct 27 01:33:46.817942 dv-cinder-815461-3-smb devstack@c-api.service[108164]: [pid: 108164|app: 0|req: 125/278] 10.222.0.64 () {58 vars in 1225 bytes} [Wed Oct 27 01:33:46 2021] GET /volume/v3/321c9982c14641b485f2d576c7fbea46/os-services => generated 640 bytes in 62 msecs (HTTP/1.1 200) 7 headers in 285 bytes (1 switches on core 0)
Oct 27 01:33:46.826505 dv-cinder-815461-3-smb devstack@c-api.service[108163]: INFO cinder.api.openstack.wsgi [None req-fd906b3c-82ee-41cb-b70c-e986842b67b7 tempest-VolumesListAdminTestJSON-1364753186 tempest-VolumesListAdminTestJSON-1364753186-project] GET http://10.222.0.64/volume/v3/cf6f16f1bb304d8b9eb6510a8304984d/volumes
Oct 27 01:33:46.826972 dv-cinder-815461-3-smb devstack@c-api.service[108163]: DEBUG cinder.api.openstack.wsgi [None req-fd906b3c-82ee-41cb-b70c-e986842b67b7 tempest-VolumesListAdminTestJSON-1364753186 tempest-VolumesListAdminTestJSON-1364753186-project] Empty body provided in request {{(pid=108163) get_body /opt/stack/cinder/cinder/api/openstack/wsgi.py:703}}
Oct 27 01:33:46.827115 dv-cinder-815461-3-smb devstack@c-api.service[108163]: /usr/local/lib/python3.8/dist-packages/webob/acceptparse.py:1047: DeprecationWarning: The behavior of AcceptValidHeader.best_match is currently being maintained for backward compatibility, but it will be deprecated in the future, as it does not conform to the RFC.
Oct 27 01:33:46.827115 dv-cinder-815461-3-smb devstack@c-api.service[108163]: warnings.warn(
Oct 27 01:33:46.827768 dv-cinder-815461-3-smb devstack@c-api.service[108163]: DEBUG cinder.api.openstack.wsgi [None req-fd906b3c-82ee-41cb-b70c-e986842b67b7 tempest-VolumesListAdminTestJSON-1364753186 tempest-VolumesListAdminTestJSON-1364753186-project] Calling method 'index' {{(pid=108163) _process_stack /opt/stack/cinder/cinder/api/openstack/wsgi.py:856}}
Oct 27 01:33:46.828409 dv-cinder-815461-3-smb devstack@c-api.service[108163]: DEBUG cinder.api.api_utils [None req-fd906b3c-82ee-41cb-b70c-e986842b67b7 tempest-VolumesListAdminTestJSON-1364753186 tempest-VolumesListAdminTestJSON-1364753186-project] Removing options '' from query. {{(pid=108163) remove_invalid_filter_options /opt/stack/cinder/cinder/api/api_utils.py:73}}
Oct 27 01:33:46.830058 dv-cinder-815461-3-smb devstack@c-api.service[108163]: DEBUG cinder.volume.api [None req-fd906b3c-82ee-41cb-b70c-e986842b67b7 tempest-VolumesListAdminTestJSON-1364753186 tempest-VolumesListAdminTestJSON-1364753186-project] Searching by: MultiDict([('no_migration_targets', True)]). {{(pid=108163) get_all /opt/stack/cinder/cinder/volume/api.py:619}}
Oct 27 01:33:46.830164 dv-cinder-815461-3-smb devstack@c-api.service[108164]: INFO cinder.api.openstack.wsgi [None req-fc12a967-9373-49fb-9591-1c1c9b488917 tempest-VolumeServicesNegativeTest-252411759 tempest-VolumeServicesNegativeTest-252411759-project-admin] PUT http://10.222.0.64/volume/v3/321c9982c14641b485f2d576c7fbea46/os-services/disable-log-reason
Oct 27 01:33:46.830732 dv-cinder-815461-3-smb devstack@c-api.service[108164]: DEBUG cinder.api.openstack.wsgi [None req-fc12a967-9373-49fb-9591-1c1c9b488917 tempest-VolumeServicesNegativeTest-252411759 tempest-VolumeServicesNegativeTest-252411759-project-admin] Action: 'update', calling method: update, body: {"host": "dv-cinder-815461-3-smb", "binary": "cinder-scheduler", "disabled_reason": null} {{(pid=108164) _process_stack /opt/stack/cinder/cinder/api/openstack/wsgi.py:854}}
Oct 27 01:33:46.832958 dv-cinder-815461-3-smb devstack@c-api.service[108164]: INFO cinder.api.openstack.wsgi [None req-fc12a967-9373-49fb-9591-1c1c9b488917 tempest-VolumeServicesNegativeTest-252411759 tempest-VolumeServicesNegativeTest-252411759-project-admin] http://10.222.0.64/volume/v3/321c9982c14641b485f2d576c7fbea46/os-services/disable-log-reason returned with HTTP 400
Oct 27 01:33:46.833852 dv-cinder-815461-3-smb devstack@c-api.service[108164]: [pid: 108164|app: 0|req: 126/279] 10.222.0.64 () {60 vars in 1302 bytes} [Wed Oct 27 01:33:46 2021] PUT /volume/v3/321c9982c14641b485f2d576c7fbea46/os-services/disable-log-reason => generated 136 bytes in 8 msecs (HTTP/1.1 400) 7 headers in 294 bytes (1 switches on core 0)
Oct 27 01:33:46.846264 dv-cinder-815461-3-smb devstack@c-api.service[108164]: INFO cinder.api.openstack.wsgi [None req-acf884e9-9e57-4fd1-be4f-c37e6774c593 tempest-VolumeServicesNegativeTest-252411759 tempest-VolumeServicesNegativeTest-252411759-project-admin] PUT http://10.222.0.64/volume/v3/321c9982c14641b485f2d576c7fbea46/os-services/disable
Oct 27 01:33:46.847044 dv-cinder-815461-3-smb devstack@c-api.service[108164]: DEBUG cinder.api.openstack.wsgi [None req-acf884e9-9e57-4fd1-be4f-c37e6774c593 tempest-VolumeServicesNegativeTest-252411759 tempest-VolumeServicesNegativeTest-252411759-project-admin] Action: 'update', calling method: update, body: {"host": "dv-cinder-815461-3-smb", "binary": "invalid_binary"} {{(pid=108164) _process_stack /opt/stack/cinder/cinder/api/openstack/wsgi.py:854}}
Oct 27 01:33:46.859010 dv-cinder-815461-3-smb devstack@c-api.service[108164]: INFO cinder.api.openstack.wsgi [None req-acf884e9-9e57-4fd1-be4f-c37e6774c593 tempest-VolumeServicesNegativeTest-252411759 tempest-VolumeServicesNegativeTest-252411759-project-admin] http://10.222.0.64/volume/v3/321c9982c14641b485f2d576c7fbea46/os-services/disable returned with HTTP 404
Oct 27 01:33:46.859912 dv-cinder-815461-3-smb devstack@c-api.service[108164]: [pid: 108164|app: 0|req: 127/280] 10.222.0.64 () {60 vars in 1269 bytes} [Wed Oct 27 01:33:46 2021] PUT /volume/v3/321c9982c14641b485f2d576c7fbea46/os-services/disable => generated 119 bytes in 20 msecs (HTTP/1.1 404) 7 headers in 292 bytes (2 switches on core 0)
Oct 27 01:33:46.869793 dv-cinder-815461-3-smb devstack@c-api.service[108164]: INFO cinder.api.openstack.wsgi [None req-1a5da06f-5fcc-4610-9908-5ea72c6985da tempest-VolumeServicesNegativeTest-252411759 tempest-VolumeServicesNegativeTest-252411759-project-admin] PUT http://10.222.0.64/volume/v3/321c9982c14641b485f2d576c7fbea46/os-services/enable
Oct 27 01:33:46.870431 dv-cinder-815461-3-smb devstack@c-api.service[108164]: DEBUG cinder.api.openstack.wsgi [None req-1a5da06f-5fcc-4610-9908-5ea72c6985da tempest-VolumeServicesNegativeTest-252411759 tempest-VolumeServicesNegativeTest-252411759-project-admin] Action: 'update', calling method: update, body: {"host": "invalid_host", "binary": "cinder-scheduler"} {{(pid=108164) _process_stack /opt/stack/cinder/cinder/api/openstack/wsgi.py:854}}
Oct 27 01:33:46.874865 dv-cinder-815461-3-smb devstack@c-api.service[108163]: INFO cinder.volume.api [None req-fd906b3c-82ee-41cb-b70c-e986842b67b7 tempest-VolumesListAdminTestJSON-1364753186 tempest-VolumesListAdminTestJSON-1364753186-project] Get all volumes completed successfully.
Oct 27 01:33:46.875551 dv-cinder-815461-3-smb devstack@c-api.service[108163]: INFO cinder.api.openstack.wsgi [None req-fd906b3c-82ee-41cb-b70c-e986842b67b7 tempest-VolumesListAdminTestJSON-1364753186 tempest-VolumesListAdminTestJSON-1364753186-project] http://10.222.0.64/volume/v3/cf6f16f1bb304d8b9eb6510a8304984d/volumes returned with HTTP 200
Oct 27 01:33:46.876478 dv-cinder-815461-3-smb devstack@c-api.service[108163]: [pid: 108163|app: 0|req: 154/281] 10.222.0.64 () {58 vars in 1213 bytes} [Wed Oct 27 01:33:46 2021] GET /volume/v3/cf6f16f1bb304d8b9eb6510a8304984d/volumes => generated 15 bytes in 247 msecs (HTTP/1.1 200) 7 headers in 284 bytes (1 switches on core 0)
Oct 27 01:33:46.881295 dv-cinder-815461-3-smb devstack@c-api.service[108164]: INFO cinder.api.openstack.wsgi [None req-1a5da06f-5fcc-4610-9908-5ea72c6985da tempest-VolumeServicesNegativeTest-252411759 tempest-VolumeServicesNegativeTest-252411759-project-admin] http://10.222.0.64/volume/v3/321c9982c14641b485f2d576c7fbea46/os-services/enable returned with HTTP 404
Oct 27 01:33:46.886577 dv-cinder-815461-3-smb devstack@c-api.service[108164]: [pid: 108164|app: 0|req: 128/282] 10.222.0.64 () {60 vars in 1266 bytes} [Wed Oct 27 01:33:46 2021] PUT /volume/v3/321c9982c14641b485f2d576c7fbea46/os-services/enable => generated 111 bytes in 17 msecs (HTTP/1.1 404) 7 headers in 292 bytes (2 switches on core 0)
Oct 27 01:33:46.887238 dv-cinder-815461-3-smb devstack@c-api.service[108163]: INFO cinder.api.openstack.wsgi [None req-e2c6dee1-464b-49b5-9810-acd2a79f9b39 tempest-VolumesListAdminTestJSON-1364753186 tempest-VolumesListAdminTestJSON-1364753186-project] POST http://10.222.0.64/volume/v3/cf6f16f1bb304d8b9eb6510a8304984d/volumes
Oct 27 01:33:46.887238 dv-cinder-815461-3-smb devstack@c-api.service[108163]: DEBUG cinder.api.openstack.wsgi [None req-e2c6dee1-464b-49b5-9810-acd2a79f9b39 tempest-VolumesListAdminTestJSON-1364753186 tempest-VolumesListAdminTestJSON-1364753186-project] Action: 'create', calling method: create, body: {"volume": {"size": 1, "name": "tempest-VolumesListAdminTestJSON-Volume-1605179603"}} {{(pid=108163) _process_stack /opt/stack/cinder/cinder/api/openstack/wsgi.py:854}}
Oct 27 01:33:46.887864 dv-cinder-815461-3-smb devstack@c-api.service[108163]: DEBUG cinder.api.v3.volumes [None req-e2c6dee1-464b-49b5-9810-acd2a79f9b39 tempest-VolumesListAdminTestJSON-1364753186 tempest-VolumesListAdminTestJSON-1364753186-project] Create volume request body: {'volume': {'size': 1, 'name': 'tempest-VolumesListAdminTestJSON-Volume-1605179603'}} {{(pid=108163) create /opt/stack/cinder/cinder/api/v3/volumes.py:298}}
Oct 27 01:33:46.888168 dv-cinder-815461-3-smb devstack@c-api.service[108163]: INFO cinder.api.v3.volumes [None req-e2c6dee1-464b-49b5-9810-acd2a79f9b39 tempest-VolumesListAdminTestJSON-1364753186 tempest-VolumesListAdminTestJSON-1364753186-project] Create volume of 1 GB
Oct 27 01:33:46.892058 dv-cinder-815461-3-smb devstack@c-api.service[108164]: INFO cinder.api.openstack.wsgi [None req-a98d9a60-8982-4fa9-9fde-64a5130c6ed5 tempest-VolumeServicesNegativeTest-252411759 tempest-VolumeServicesNegativeTest-252411759-project-admin] PUT http://10.222.0.64/volume/v3/321c9982c14641b485f2d576c7fbea46/os-services/freeze
Oct 27 01:33:46.892712 dv-cinder-815461-3-smb devstack@c-api.service[108164]: DEBUG cinder.api.openstack.wsgi [None req-a98d9a60-8982-4fa9-9fde-64a5130c6ed5 tempest-VolumeServicesNegativeTest-252411759 tempest-VolumeServicesNegativeTest-252411759-project-admin] Action: 'update', calling method: update, body: {"host": "invalid_host"} {{(pid=108164) _process_stack /opt/stack/cinder/cinder/api/openstack/wsgi.py:854}}
Oct 27 01:33:46.894775 dv-cinder-815461-3-smb devstack@c-api.service[108163]: INFO cinder.volume.api [None req-e2c6dee1-464b-49b5-9810-acd2a79f9b39 tempest-VolumesListAdminTestJSON-1364753186 tempest-VolumesListAdminTestJSON-1364753186-project] Availability Zones retrieved successfully.
Oct 27 01:33:46.903410 dv-cinder-815461-3-smb devstack@c-api.service[108164]: INFO cinder.api.openstack.wsgi [None req-a98d9a60-8982-4fa9-9fde-64a5130c6ed5 tempest-VolumeServicesNegativeTest-252411759 tempest-VolumeServicesNegativeTest-252411759-project-admin] http://10.222.0.64/volume/v3/321c9982c14641b485f2d576c7fbea46/os-services/freeze returned with HTTP 400
Oct 27 01:33:46.906732 dv-cinder-815461-3-smb devstack@c-api.service[108164]: [pid: 108164|app: 0|req: 129/283] 10.222.0.64 () {60 vars in 1266 bytes} [Wed Oct 27 01:33:46 2021] PUT /volume/v3/321c9982c14641b485f2d576c7fbea46/os-services/freeze => generated 83 bytes in 19 msecs (HTTP/1.1 400) 7 headers in 293 bytes (2 switches on core 0)
Oct 27 01:33:46.910546 dv-cinder-815461-3-smb devstack@c-api.service[108163]: DEBUG cinder.volume.api [None req-e2c6dee1-464b-49b5-9810-acd2a79f9b39 tempest-VolumesListAdminTestJSON-1364753186 tempest-VolumesListAdminTestJSON-1364753186-project] Flow 'volume_create_api' (1d4d45aa-9058-4c71-80f9-fcb329624fa2) transitioned into state 'RUNNING' from state 'PENDING' {{(pid=108163) _flow_receiver /usr/local/lib/python3.8/dist-packages/taskflow/listeners/logging.py:141}}
Oct 27 01:33:46.913359 dv-cinder-815461-3-smb devstack@c-api.service[108163]: DEBUG cinder.volume.api [None req-e2c6dee1-464b-49b5-9810-acd2a79f9b39 tempest-VolumesListAdminTestJSON-1364753186 tempest-VolumesListAdminTestJSON-1364753186-project] Task 'cinder.volume.flows.api.create_volume.ExtractVolumeRequestTask;volume:create' (e400d754-5516-400e-a9d2-d7f1cb3087cc) transitioned into state 'RUNNING' from state 'PENDING' {{(pid=108163) _task_receiver /usr/local/lib/python3.8/dist-packages/taskflow/listeners/logging.py:190}}
Oct 27 01:33:46.915829 dv-cinder-815461-3-smb devstack@c-api.service[108163]: DEBUG cinder.volume.flows.api.create_volume [None req-e2c6dee1-464b-49b5-9810-acd2a79f9b39 tempest-VolumesListAdminTestJSON-1364753186 tempest-VolumesListAdminTestJSON-1364753186-project] Validating volume size '1' using validate_int {{(pid=108163) _extract_size /opt/stack/cinder/cinder/volume/flows/api/create_volume.py:225}}
Oct 27 01:33:46.916593 dv-cinder-815461-3-smb devstack@c-api.service[108164]: INFO cinder.api.openstack.wsgi [None req-4ea7b1bc-0fb0-4207-a11e-ea3fffce7d89 tempest-VolumeServicesNegativeTest-252411759 tempest-VolumeServicesNegativeTest-252411759-project-admin] PUT http://10.222.0.64/volume/v3/321c9982c14641b485f2d576c7fbea46/os-services/thaw
Oct 27 01:33:46.917246 dv-cinder-815461-3-smb devstack@c-api.service[108164]: DEBUG cinder.api.openstack.wsgi [None req-4ea7b1bc-0fb0-4207-a11e-ea3fffce7d89 tempest-VolumeServicesNegativeTest-252411759 tempest-VolumeServicesNegativeTest-252411759-project-admin] Action: 'update', calling method: update, body: {"host": "invalid_host"} {{(pid=108164) _process_stack /opt/stack/cinder/cinder/api/openstack/wsgi.py:854}}
Oct 27 01:33:46.926652 dv-cinder-815461-3-smb devstack@c-api.service[108164]: INFO cinder.api.openstack.wsgi [None req-4ea7b1bc-0fb0-4207-a11e-ea3fffce7d89 tempest-VolumeServicesNegativeTest-252411759 tempest-VolumeServicesNegativeTest-252411759-project-admin] http://10.222.0.64/volume/v3/321c9982c14641b485f2d576c7fbea46/os-services/thaw returned with HTTP 400
Oct 27 01:33:46.927530 dv-cinder-815461-3-smb devstack@c-api.service[108164]: [pid: 108164|app: 0|req: 130/284] 10.222.0.64 () {60 vars in 1260 bytes} [Wed Oct 27 01:33:46 2021] PUT /volume/v3/321c9982c14641b485f2d576c7fbea46/os-services/thaw => generated 83 bytes in 16 msecs (HTTP/1.1 400) 7 headers in 293 bytes (2 switches on core 0)
Oct 27 01:33:46.946290 dv-cinder-815461-3-smb devstack@c-api.service[108163]: DEBUG cinder.volume.api [None req-e2c6dee1-464b-49b5-9810-acd2a79f9b39 tempest-VolumesListAdminTestJSON-1364753186 tempest-VolumesListAdminTestJSON-1364753186-project] Task 'cinder.volume.flows.api.create_volume.ExtractVolumeRequestTask;volume:create' (e400d754-5516-400e-a9d2-d7f1cb3087cc) transitioned into state 'SUCCESS' from state 'RUNNING' with result '{'size': 1, 'snapshot_id': None, 'source_volid': None, 'volume_type': VolumeType(created_at=2021-10-27T01:23:41Z,deleted=False,deleted_at=None,description='Default Volume Type',extra_specs={},id=2bca6a96-2d54-4641-8648-8bf801c23733,is_public=True,name='__DEFAULT__',projects=[],qos_specs=,qos_specs_id=None,updated_at=2021-10-27T01:23:41Z), 'volume_type_id': '2bca6a96-2d54-4641-8648-8bf801c23733', 'encryption_key_id': None, 'qos_specs': None, 'consistencygroup_id': None, 'cgsnapshot_id': None, 'group_id': None, 'replication_status': 'disabled', 'refresh_az': False, 'backup_id': None, 'multiattach': False, 'availability_zones': ['nova']}' {{(pid=108163) _task_receiver /usr/local/lib/python3.8/dist-packages/taskflow/listeners/logging.py:178}}
Oct 27 01:33:46.948297 dv-cinder-815461-3-smb devstack@c-api.service[108163]: DEBUG cinder.volume.api [None req-e2c6dee1-464b-49b5-9810-acd2a79f9b39 tempest-VolumesListAdminTestJSON-1364753186 tempest-VolumesListAdminTestJSON-1364753186-project] Task 'cinder.volume.flows.api.create_volume.QuotaReserveTask;volume:create' (1806cfde-00b4-4565-92ef-74f412de4b52) transitioned into state 'RUNNING' from state 'PENDING' {{(pid=108163) _task_receiver /usr/local/lib/python3.8/dist-packages/taskflow/listeners/logging.py:190}}
Oct 27 01:33:47.032512 dv-cinder-815461-3-smb devstack@c-api.service[108163]: DEBUG cinder.quota [None req-e2c6dee1-464b-49b5-9810-acd2a79f9b39 tempest-VolumesListAdminTestJSON-1364753186 tempest-VolumesListAdminTestJSON-1364753186-project] Created reservations ['b8f07679-c007-4efc-b864-951068b57223', '40fff95c-114f-47f4-b413-131152867cd9', '660837e7-2d49-412d-87cc-1abdad2526c1', 'dc6422aa-c28b-4947-8035-33d210d20ce1'] {{(pid=108163) reserve /opt/stack/cinder/cinder/quota.py:755}}
Oct 27 01:33:47.034736 dv-cinder-815461-3-smb devstack@c-api.service[108163]: DEBUG cinder.volume.api [None req-e2c6dee1-464b-49b5-9810-acd2a79f9b39 tempest-VolumesListAdminTestJSON-1364753186 tempest-VolumesListAdminTestJSON-1364753186-project] Task 'cinder.volume.flows.api.create_volume.QuotaReserveTask;volume:create' (1806cfde-00b4-4565-92ef-74f412de4b52) transitioned into state 'SUCCESS' from state 'RUNNING' with result '{'reservations': ['b8f07679-c007-4efc-b864-951068b57223', '40fff95c-114f-47f4-b413-131152867cd9', '660837e7-2d49-412d-87cc-1abdad2526c1', 'dc6422aa-c28b-4947-8035-33d210d20ce1']}' {{(pid=108163) _task_receiver /usr/local/lib/python3.8/dist-packages/taskflow/listeners/logging.py:178}}
Oct 27 01:33:47.036819 dv-cinder-815461-3-smb devstack@c-api.service[108163]: DEBUG cinder.volume.api [None req-e2c6dee1-464b-49b5-9810-acd2a79f9b39 tempest-VolumesListAdminTestJSON-1364753186 tempest-VolumesListAdminTestJSON-1364753186-project] Task 'cinder.volume.flows.api.create_volume.EntryCreateTask;volume:create' (24dfbc9e-62c5-4d74-9898-83287b8c3216) transitioned into state 'RUNNING' from state 'PENDING' {{(pid=108163) _task_receiver /usr/local/lib/python3.8/dist-packages/taskflow/listeners/logging.py:190}}
Oct 27 01:33:47.042423 dv-cinder-815461-3-smb devstack@c-api.service[108164]: INFO cinder.api.openstack.wsgi [None req-50db8f0c-3101-461e-b400-068879441020 tempest-DeleteServersTestJSON-1597833317 tempest-DeleteServersTestJSON-1597833317-project] GET http://10.222.0.64/volume/v3/a4abb099fea44e22820846c4240ebd8b/volumes/5eeee6d9-a763-4967-bde7-8ea1eb7fe256
Oct 27 01:33:47.043070 dv-cinder-815461-3-smb devstack@c-api.service[108164]: DEBUG cinder.api.openstack.wsgi [None req-50db8f0c-3101-461e-b400-068879441020 tempest-DeleteServersTestJSON-1597833317 tempest-DeleteServersTestJSON-1597833317-project] Empty body provided in request {{(pid=108164) get_body /opt/stack/cinder/cinder/api/openstack/wsgi.py:703}}
Oct 27 01:33:47.043599 dv-cinder-815461-3-smb devstack@c-api.service[108164]: DEBUG cinder.api.openstack.wsgi [None req-50db8f0c-3101-461e-b400-068879441020 tempest-DeleteServersTestJSON-1597833317 tempest-DeleteServersTestJSON-1597833317-project] Calling method 'show' {{(pid=108164) _process_stack /opt/stack/cinder/cinder/api/openstack/wsgi.py:856}}
Oct 27 01:33:47.063455 dv-cinder-815461-3-smb devstack@c-api.service[108163]: DEBUG cinder.volume.api [None req-e2c6dee1-464b-49b5-9810-acd2a79f9b39 tempest-VolumesListAdminTestJSON-1364753186 tempest-VolumesListAdminTestJSON-1364753186-project] Task 'cinder.volume.flows.api.create_volume.EntryCreateTask;volume:create' (24dfbc9e-62c5-4d74-9898-83287b8c3216) transitioned into state 'SUCCESS' from state 'RUNNING' with result '{'volume_id': 'd6595394-27e4-4231-be9b-5054f6333d86', 'volume_properties': VolumeProperties(attach_status='detached',availability_zone='nova',cgsnapshot_id=None,consistencygroup_id=None,display_description=None,display_name='tempest-VolumesListAdminTestJSON-Volume-1605179603',encryption_key_id=None,group_id=None,group_type_id=,metadata={},multiattach=False,project_id='cf6f16f1bb304d8b9eb6510a8304984d',qos_specs=None,replication_status=,reservations=['b8f07679-c007-4efc-b864-951068b57223','40fff95c-114f-47f4-b413-131152867cd9','660837e7-2d49-412d-87cc-1abdad2526c1','dc6422aa-c28b-4947-8035-33d210d20ce1'],size=1,snapshot_id=None,source_replicaid=,source_volid=None,status='creating',user_id='c75e98a2c79249daa47f29bbc4f94bf0',volume_type_id=2bca6a96-2d54-4641-8648-8bf801c23733), 'volume': Volume(_name_id=None,admin_metadata=,attach_status='detached',availability_zone='nova',bootable=False,cluster=,cluster_name=None,consistencygroup=,consistencygroup_id=None,created_at=2021-10-27T01:33:47Z,deleted=False,deleted_at=None,display_description=None,display_name='tempest-VolumesListAdminTestJSON-Volume-1605179603',ec2_id=None,encryption_key_id=None,glance_metadata=,group=,group_id=None,host=None,id=d6595394-27e4-4231-be9b-5054f6333d86,launched_at=None,metadata={},migration_status=None,multiattach=False,previous_status=None,project_id='cf6f16f1bb304d8b9eb6510a8304984d',provider_auth=None,provider_geometry=None,provider_id=None,provider_location=None,replication_driver_data=None,replication_extended_status=None,replication_status=None,scheduled_at=None,service_uuid=None,shared_targets=True,size=1,snapshot_id=None,snapshots=,source_volid=None,status='creating',terminated_at=None,updated_at=None,use_quota=True,user_id='c75e98a2c79249daa47f29bbc4f94bf0',volume_attachment=VolumeAttachmentList,volume_type=VolumeType(2bca6a96-2d54-4641-8648-8bf801c23733),volume_type_id=2bca6a96-2d54-4641-8648-8bf801c23733)}' {{(pid=108163) _task_receiver /usr/local/lib/python3.8/dist-packages/taskflow/listeners/logging.py:178}}
Oct 27 01:33:47.066198 dv-cinder-815461-3-smb devstack@c-api.service[108163]: DEBUG cinder.volume.api [None req-e2c6dee1-464b-49b5-9810-acd2a79f9b39 tempest-VolumesListAdminTestJSON-1364753186 tempest-VolumesListAdminTestJSON-1364753186-project] Task 'cinder.volume.flows.api.create_volume.QuotaCommitTask;volume:create' (60e127b5-13bf-4908-911b-5ed6282b9d3b) transitioned into state 'RUNNING' from state 'PENDING' {{(pid=108163) _task_receiver /usr/local/lib/python3.8/dist-packages/taskflow/listeners/logging.py:190}}
Oct 27 01:33:47.070813 dv-cinder-815461-3-smb devstack@c-api.service[108164]: /usr/local/lib/python3.8/dist-packages/oslo_context/context.py:105: DeprecationWarning: Policy enforcement is depending on the value of is_admin. This key is deprecated. Please update your policy file to use the standard policy values.
Oct 27 01:33:47.070813 dv-cinder-815461-3-smb devstack@c-api.service[108164]: warnings.warn('Policy enforcement is depending on the value of '
Oct 27 01:33:47.083952 dv-cinder-815461-3-smb devstack@c-api.service[108164]: INFO cinder.volume.api [None req-50db8f0c-3101-461e-b400-068879441020 tempest-DeleteServersTestJSON-1597833317 tempest-DeleteServersTestJSON-1597833317-project] Volume info retrieved successfully.
Oct 27 01:33:47.096797 dv-cinder-815461-3-smb devstack@c-api.service[108164]: INFO cinder.api.openstack.wsgi [None req-50db8f0c-3101-461e-b400-068879441020 tempest-DeleteServersTestJSON-1597833317 tempest-DeleteServersTestJSON-1597833317-project] http://10.222.0.64/volume/v3/a4abb099fea44e22820846c4240ebd8b/volumes/5eeee6d9-a763-4967-bde7-8ea1eb7fe256 returned with HTTP 200
Oct 27 01:33:47.096954 dv-cinder-815461-3-smb devstack@c-api.service[108163]: DEBUG cinder.volume.api [None req-e2c6dee1-464b-49b5-9810-acd2a79f9b39 tempest-VolumesListAdminTestJSON-1364753186 tempest-VolumesListAdminTestJSON-1364753186-project] Task 'cinder.volume.flows.api.create_volume.QuotaCommitTask;volume:create' (60e127b5-13bf-4908-911b-5ed6282b9d3b) transitioned into state 'SUCCESS' from state 'RUNNING' with result '{'volume_properties': VolumeProperties(attach_status='detached',availability_zone='nova',cgsnapshot_id=None,consistencygroup_id=None,display_description=None,display_name='tempest-VolumesListAdminTestJSON-Volume-1605179603',encryption_key_id=None,group_id=None,group_type_id=,metadata={},multiattach=False,project_id='cf6f16f1bb304d8b9eb6510a8304984d',qos_specs=None,replication_status=,reservations=['b8f07679-c007-4efc-b864-951068b57223','40fff95c-114f-47f4-b413-131152867cd9','660837e7-2d49-412d-87cc-1abdad2526c1','dc6422aa-c28b-4947-8035-33d210d20ce1'],size=1,snapshot_id=None,source_replicaid=,source_volid=None,status='creating',user_id='c75e98a2c79249daa47f29bbc4f94bf0',volume_type_id=2bca6a96-2d54-4641-8648-8bf801c23733)}' {{(pid=108163) _task_receiver /usr/local/lib/python3.8/dist-packages/taskflow/listeners/logging.py:178}}
Oct 27 01:33:47.098095 dv-cinder-815461-3-smb devstack@c-api.service[108164]: [pid: 108164|app: 0|req: 131/285] 10.222.0.64 () {58 vars in 1324 bytes} [Wed Oct 27 01:33:47 2021] GET /volume/v3/a4abb099fea44e22820846c4240ebd8b/volumes/5eeee6d9-a763-4967-bde7-8ea1eb7fe256 => generated 914 bytes in 63 msecs (HTTP/1.1 200) 7 headers in 285 bytes (1 switches on core 0)
Oct 27 01:33:47.101292 dv-cinder-815461-3-smb devstack@c-api.service[108163]: DEBUG cinder.volume.api [None req-e2c6dee1-464b-49b5-9810-acd2a79f9b39 tempest-VolumesListAdminTestJSON-1364753186 tempest-VolumesListAdminTestJSON-1364753186-project] Task 'cinder.volume.flows.api.create_volume.VolumeCastTask;volume:create' (4daf3afa-e35c-4184-a74f-33b766e7acd5) transitioned into state 'RUNNING' from state 'PENDING' {{(pid=108163) _task_receiver /usr/local/lib/python3.8/dist-packages/taskflow/listeners/logging.py:190}}
Oct 27 01:33:47.124698 dv-cinder-815461-3-smb devstack@c-api.service[108163]: DEBUG cinder.volume.api [None req-e2c6dee1-464b-49b5-9810-acd2a79f9b39 tempest-VolumesListAdminTestJSON-1364753186 tempest-VolumesListAdminTestJSON-1364753186-project] Task 'cinder.volume.flows.api.create_volume.VolumeCastTask;volume:create' (4daf3afa-e35c-4184-a74f-33b766e7acd5) transitioned into state 'SUCCESS' from state 'RUNNING' with result 'None' {{(pid=108163) _task_receiver /usr/local/lib/python3.8/dist-packages/taskflow/listeners/logging.py:178}}
Oct 27 01:33:47.128191 dv-cinder-815461-3-smb devstack@c-api.service[108163]: DEBUG cinder.volume.api [None req-e2c6dee1-464b-49b5-9810-acd2a79f9b39 tempest-VolumesListAdminTestJSON-1364753186 tempest-VolumesListAdminTestJSON-1364753186-project] Flow 'volume_create_api' (1d4d45aa-9058-4c71-80f9-fcb329624fa2) transitioned into state 'SUCCESS' from state 'RUNNING' {{(pid=108163) _flow_receiver /usr/local/lib/python3.8/dist-packages/taskflow/listeners/logging.py:141}}
Oct 27 01:33:47.128899 dv-cinder-815461-3-smb devstack@c-api.service[108163]: INFO cinder.volume.api [None req-e2c6dee1-464b-49b5-9810-acd2a79f9b39 tempest-VolumesListAdminTestJSON-1364753186 tempest-VolumesListAdminTestJSON-1364753186-project] Create volume request issued successfully.
Oct 27 01:33:47.130488 dv-cinder-815461-3-smb devstack@c-api.service[108163]: INFO cinder.api.openstack.wsgi [None req-e2c6dee1-464b-49b5-9810-acd2a79f9b39 tempest-VolumesListAdminTestJSON-1364753186 tempest-VolumesListAdminTestJSON-1364753186-project] http://10.222.0.64/volume/v3/cf6f16f1bb304d8b9eb6510a8304984d/volumes returned with HTTP 202
Oct 27 01:33:47.131753 dv-cinder-815461-3-smb devstack@c-api.service[108163]: [pid: 108163|app: 0|req: 155/286] 10.222.0.64 () {60 vars in 1234 bytes} [Wed Oct 27 01:33:46 2021] POST /volume/v3/cf6f16f1bb304d8b9eb6510a8304984d/volumes => generated 824 bytes in 249 msecs (HTTP/1.1 202) 7 headers in 291 bytes (2 switches on core 0)
Oct 27 01:33:47.147265 dv-cinder-815461-3-smb devstack@c-api.service[108164]: INFO cinder.api.openstack.wsgi [None req-adf966bf-b10a-4111-9ee8-0c4d9956b80e tempest-VolumesListAdminTestJSON-1364753186 tempest-VolumesListAdminTestJSON-1364753186-project] GET http://10.222.0.64/volume/v3/cf6f16f1bb304d8b9eb6510a8304984d/volumes/d6595394-27e4-4231-be9b-5054f6333d86
Oct 27 01:33:47.148236 dv-cinder-815461-3-smb devstack@c-api.service[108164]: DEBUG cinder.api.openstack.wsgi [None req-adf966bf-b10a-4111-9ee8-0c4d9956b80e tempest-VolumesListAdminTestJSON-1364753186 tempest-VolumesListAdminTestJSON-1364753186-project] Empty body provided in request {{(pid=108164) get_body /opt/stack/cinder/cinder/api/openstack/wsgi.py:703}}
Oct 27 01:33:47.148236 dv-cinder-815461-3-smb devstack@c-api.service[108164]: /usr/local/lib/python3.8/dist-packages/webob/acceptparse.py:1047: DeprecationWarning: The behavior of AcceptValidHeader.best_match is currently being maintained for backward compatibility, but it will be deprecated in the future, as it does not conform to the RFC.
Oct 27 01:33:47.148236 dv-cinder-815461-3-smb devstack@c-api.service[108164]: warnings.warn(
Oct 27 01:33:47.148236 dv-cinder-815461-3-smb devstack@c-api.service[108164]: DEBUG cinder.api.openstack.wsgi [None req-adf966bf-b10a-4111-9ee8-0c4d9956b80e tempest-VolumesListAdminTestJSON-1364753186 tempest-VolumesListAdminTestJSON-1364753186-project] Calling method 'show' {{(pid=108164) _process_stack /opt/stack/cinder/cinder/api/openstack/wsgi.py:856}}
Oct 27 01:33:47.178400 dv-cinder-815461-3-smb devstack@c-api.service[108164]: /usr/local/lib/python3.8/dist-packages/oslo_context/context.py:105: DeprecationWarning: Policy enforcement is depending on the value of is_admin. This key is deprecated. Please update your policy file to use the standard policy values.
Oct 27 01:33:47.178400 dv-cinder-815461-3-smb devstack@c-api.service[108164]: warnings.warn('Policy enforcement is depending on the value of '
Oct 27 01:33:47.189672 dv-cinder-815461-3-smb devstack@c-api.service[108164]: INFO cinder.volume.api [None req-adf966bf-b10a-4111-9ee8-0c4d9956b80e tempest-VolumesListAdminTestJSON-1364753186 tempest-VolumesListAdminTestJSON-1364753186-project] Volume info retrieved successfully.
Oct 27 01:33:47.204103 dv-cinder-815461-3-smb devstack@c-api.service[108164]: INFO cinder.api.openstack.wsgi [None req-adf966bf-b10a-4111-9ee8-0c4d9956b80e tempest-VolumesListAdminTestJSON-1364753186 tempest-VolumesListAdminTestJSON-1364753186-project] http://10.222.0.64/volume/v3/cf6f16f1bb304d8b9eb6510a8304984d/volumes/d6595394-27e4-4231-be9b-5054f6333d86 returned with HTTP 200
Oct 27 01:33:47.210798 dv-cinder-815461-3-smb devstack@c-api.service[108163]: INFO cinder.api.openstack.wsgi [None req-37b98cf3-98cd-4c19-9b52-46a7a4fe3e78 tempest-VolumesImageMetadata-17344176 tempest-VolumesImageMetadata-17344176-project] GET http://10.222.0.64/volume/v3/140715e01d16466f9df464d5708e7870/volumes/dc77042f-9c11-4a4d-97c3-5815f343abe8
Oct 27 01:33:47.211244 dv-cinder-815461-3-smb devstack@c-api.service[108163]: DEBUG cinder.api.openstack.wsgi [None req-37b98cf3-98cd-4c19-9b52-46a7a4fe3e78 tempest-VolumesImageMetadata-17344176 tempest-VolumesImageMetadata-17344176-project] Empty body provided in request {{(pid=108163) get_body /opt/stack/cinder/cinder/api/openstack/wsgi.py:703}}
Oct 27 01:33:47.211417 dv-cinder-815461-3-smb devstack@c-api.service[108163]: /usr/local/lib/python3.8/dist-packages/webob/acceptparse.py:1047: DeprecationWarning: The behavior of AcceptValidHeader.best_match is currently being maintained for backward compatibility, but it will be deprecated in the future, as it does not conform to the RFC.
Oct 27 01:33:47.211417 dv-cinder-815461-3-smb devstack@c-api.service[108163]: warnings.warn(
Oct 27 01:33:47.211911 dv-cinder-815461-3-smb devstack@c-api.service[108163]: DEBUG cinder.api.openstack.wsgi [None req-37b98cf3-98cd-4c19-9b52-46a7a4fe3e78 tempest-VolumesImageMetadata-17344176 tempest-VolumesImageMetadata-17344176-project] Calling method 'show' {{(pid=108163) _process_stack /opt/stack/cinder/cinder/api/openstack/wsgi.py:856}}
Oct 27 01:33:47.216548 dv-cinder-815461-3-smb devstack@c-api.service[108164]: [pid: 108164|app: 0|req: 132/287] 10.222.0.64 () {58 vars in 1324 bytes} [Wed Oct 27 01:33:47 2021] GET /volume/v3/cf6f16f1bb304d8b9eb6510a8304984d/volumes/d6595394-27e4-4231-be9b-5054f6333d86 => generated 892 bytes in 74 msecs (HTTP/1.1 200) 7 headers in 285 bytes (1 switches on core 0)
Oct 27 01:33:47.230558 dv-cinder-815461-3-smb devstack@c-api.service[108163]: /usr/local/lib/python3.8/dist-packages/oslo_context/context.py:105: DeprecationWarning: Policy enforcement is depending on the value of is_admin. This key is deprecated. Please update your policy file to use the standard policy values.
Oct 27 01:33:47.230558 dv-cinder-815461-3-smb devstack@c-api.service[108163]: warnings.warn('Policy enforcement is depending on the value of '
Oct 27 01:33:47.248170 dv-cinder-815461-3-smb devstack@c-api.service[108163]: INFO cinder.volume.api [None req-37b98cf3-98cd-4c19-9b52-46a7a4fe3e78 tempest-VolumesImageMetadata-17344176 tempest-VolumesImageMetadata-17344176-project] Volume info retrieved successfully.
Oct 27 01:33:47.259991 dv-cinder-815461-3-smb devstack@c-api.service[108163]: INFO cinder.api.openstack.wsgi [None req-37b98cf3-98cd-4c19-9b52-46a7a4fe3e78 tempest-VolumesImageMetadata-17344176 tempest-VolumesImageMetadata-17344176-project] http://10.222.0.64/volume/v3/140715e01d16466f9df464d5708e7870/volumes/dc77042f-9c11-4a4d-97c3-5815f343abe8 returned with HTTP 200
Oct 27 01:33:47.260797 dv-cinder-815461-3-smb devstack@c-api.service[108163]: [pid: 108163|app: 0|req: 156/288] 10.222.0.64 () {58 vars in 1324 bytes} [Wed Oct 27 01:33:47 2021] GET /volume/v3/140715e01d16466f9df464d5708e7870/volumes/dc77042f-9c11-4a4d-97c3-5815f343abe8 => generated 912 bytes in 56 msecs (HTTP/1.1 200) 7 headers in 285 bytes (1 switches on core 0)
Oct 27 01:33:47.273660 dv-cinder-815461-3-smb devstack@c-api.service[108164]: INFO cinder.api.openstack.wsgi [None req-0f1fcc09-39ef-4476-a00e-1bf1d18e6525 tempest-GroupSnapshotsTest-1014462248 tempest-GroupSnapshotsTest-1014462248-project] GET http://10.222.0.64/volume/v3/bf67b0ee578b4fa59cc24801c81a2154/volumes/ea8589b4-3496-4564-977e-e439463227a6
Oct 27 01:33:47.274246 dv-cinder-815461-3-smb devstack@c-api.service[108164]: DEBUG cinder.api.openstack.wsgi [None req-0f1fcc09-39ef-4476-a00e-1bf1d18e6525 tempest-GroupSnapshotsTest-1014462248 tempest-GroupSnapshotsTest-1014462248-project] Empty body provided in request {{(pid=108164) get_body /opt/stack/cinder/cinder/api/openstack/wsgi.py:703}}
Oct 27 01:33:47.274417 dv-cinder-815461-3-smb devstack@c-api.service[108164]: /usr/local/lib/python3.8/dist-packages/webob/acceptparse.py:1047: DeprecationWarning: The behavior of AcceptValidHeader.best_match is currently being maintained for backward compatibility, but it will be deprecated in the future, as it does not conform to the RFC.
Oct 27 01:33:47.274417 dv-cinder-815461-3-smb devstack@c-api.service[108164]: warnings.warn(
Oct 27 01:33:47.274736 dv-cinder-815461-3-smb devstack@c-api.service[108164]: DEBUG cinder.api.openstack.wsgi [None req-0f1fcc09-39ef-4476-a00e-1bf1d18e6525 tempest-GroupSnapshotsTest-1014462248 tempest-GroupSnapshotsTest-1014462248-project] Calling method 'show' {{(pid=108164) _process_stack /opt/stack/cinder/cinder/api/openstack/wsgi.py:856}}
Oct 27 01:33:47.286306 dv-cinder-815461-3-smb devstack@c-api.service[108164]: INFO cinder.api.openstack.wsgi [None req-0f1fcc09-39ef-4476-a00e-1bf1d18e6525 tempest-GroupSnapshotsTest-1014462248 tempest-GroupSnapshotsTest-1014462248-project] http://10.222.0.64/volume/v3/bf67b0ee578b4fa59cc24801c81a2154/volumes/ea8589b4-3496-4564-977e-e439463227a6 returned with HTTP 404
Oct 27 01:33:47.287673 dv-cinder-815461-3-smb devstack@c-api.service[108164]: [pid: 108164|app: 0|req: 133/289] 10.222.0.64 () {60 vars in 1365 bytes} [Wed Oct 27 01:33:47 2021] GET /volume/v3/bf67b0ee578b4fa59cc24801c81a2154/volumes/ea8589b4-3496-4564-977e-e439463227a6 => generated 109 bytes in 17 msecs (HTTP/1.1 404) 7 headers in 293 bytes (1 switches on core 0)
Oct 27 01:33:47.295692 dv-cinder-815461-3-smb devstack@c-api.service[108163]: INFO cinder.api.openstack.wsgi [None req-fa420099-12e0-4c8b-9220-537c809b064f tempest-GroupSnapshotsTest-1014462248 tempest-GroupSnapshotsTest-1014462248-project] GET http://10.222.0.64/volume/v3/bf67b0ee578b4fa59cc24801c81a2154/groups/b6397bdd-efc5-4572-874d-1b912baa9aa3
Oct 27 01:33:47.296181 dv-cinder-815461-3-smb devstack@c-api.service[108163]: DEBUG cinder.api.openstack.wsgi [None req-fa420099-12e0-4c8b-9220-537c809b064f tempest-GroupSnapshotsTest-1014462248 tempest-GroupSnapshotsTest-1014462248-project] Empty body provided in request {{(pid=108163) get_body /opt/stack/cinder/cinder/api/openstack/wsgi.py:703}}
Oct 27 01:33:47.296347 dv-cinder-815461-3-smb devstack@c-api.service[108163]: /usr/local/lib/python3.8/dist-packages/webob/acceptparse.py:1047: DeprecationWarning: The behavior of AcceptValidHeader.best_match is currently being maintained for backward compatibility, but it will be deprecated in the future, as it does not conform to the RFC.
Oct 27 01:33:47.296347 dv-cinder-815461-3-smb devstack@c-api.service[108163]: warnings.warn(
Oct 27 01:33:47.296660 dv-cinder-815461-3-smb devstack@c-api.service[108163]: DEBUG cinder.api.openstack.wsgi [None req-fa420099-12e0-4c8b-9220-537c809b064f tempest-GroupSnapshotsTest-1014462248 tempest-GroupSnapshotsTest-1014462248-project] Calling method 'version_select' {{(pid=108163) _process_stack /opt/stack/cinder/cinder/api/openstack/wsgi.py:856}}
Oct 27 01:33:47.296989 dv-cinder-815461-3-smb devstack@c-api.service[108163]: DEBUG cinder.api.v3.groups [None req-fa420099-12e0-4c8b-9220-537c809b064f tempest-GroupSnapshotsTest-1014462248 tempest-GroupSnapshotsTest-1014462248-project] show called for member b6397bdd-efc5-4572-874d-1b912baa9aa3 {{(pid=108163) show /opt/stack/cinder/cinder/api/v3/groups.py:58}}
Oct 27 01:33:47.301317 dv-cinder-815461-3-smb devstack@c-api.service[108163]: INFO cinder.api.openstack.wsgi [None req-fa420099-12e0-4c8b-9220-537c809b064f tempest-GroupSnapshotsTest-1014462248 tempest-GroupSnapshotsTest-1014462248-project] http://10.222.0.64/volume/v3/bf67b0ee578b4fa59cc24801c81a2154/groups/b6397bdd-efc5-4572-874d-1b912baa9aa3 returned with HTTP 404
Oct 27 01:33:47.302170 dv-cinder-815461-3-smb devstack@c-api.service[108163]: [pid: 108163|app: 0|req: 157/290] 10.222.0.64 () {60 vars in 1362 bytes} [Wed Oct 27 01:33:47 2021] GET /volume/v3/bf67b0ee578b4fa59cc24801c81a2154/groups/b6397bdd-efc5-4572-874d-1b912baa9aa3 => generated 108 bytes in 11 msecs (HTTP/1.1 404) 7 headers in 293 bytes (1 switches on core 0)
Oct 27 01:33:47.311194 dv-cinder-815461-3-smb devstack@c-api.service[108164]: INFO cinder.api.openstack.wsgi [None req-852fed83-d08e-4e2e-9a7b-6fa1f36aafd3 tempest-GroupSnapshotsTest-398544410 tempest-GroupSnapshotsTest-398544410-project-admin] DELETE http://10.222.0.64/volume/v3/df27b126306a4265a1a30ba3e66adf52/group_types/13d2af89-dfb0-4205-b658-0946bdb9dc7d
Oct 27 01:33:47.311796 dv-cinder-815461-3-smb devstack@c-api.service[108164]: DEBUG cinder.api.openstack.wsgi [None req-852fed83-d08e-4e2e-9a7b-6fa1f36aafd3 tempest-GroupSnapshotsTest-398544410 tempest-GroupSnapshotsTest-398544410-project-admin] Empty body provided in request {{(pid=108164) get_body /opt/stack/cinder/cinder/api/openstack/wsgi.py:703}}
Oct 27 01:33:47.312374 dv-cinder-815461-3-smb devstack@c-api.service[108164]: DEBUG cinder.api.openstack.wsgi [None req-852fed83-d08e-4e2e-9a7b-6fa1f36aafd3 tempest-GroupSnapshotsTest-398544410 tempest-GroupSnapshotsTest-398544410-project-admin] Calling method 'version_select' {{(pid=108164) _process_stack /opt/stack/cinder/cinder/api/openstack/wsgi.py:856}}
Oct 27 01:33:47.332924 dv-cinder-815461-3-smb devstack@c-api.service[108164]: INFO cinder.api.openstack.wsgi [None req-852fed83-d08e-4e2e-9a7b-6fa1f36aafd3 tempest-GroupSnapshotsTest-398544410 tempest-GroupSnapshotsTest-398544410-project-admin] http://10.222.0.64/volume/v3/df27b126306a4265a1a30ba3e66adf52/group_types/13d2af89-dfb0-4205-b658-0946bdb9dc7d returned with HTTP 202
Oct 27 01:33:47.336818 dv-cinder-815461-3-smb devstack@c-api.service[108164]: [pid: 108164|app: 0|req: 134/291] 10.222.0.64 () {60 vars in 1380 bytes} [Wed Oct 27 01:33:47 2021] DELETE /volume/v3/df27b126306a4265a1a30ba3e66adf52/group_types/13d2af89-dfb0-4205-b658-0946bdb9dc7d => generated 0 bytes in 30 msecs (HTTP/1.1 202) 6 headers in 234 bytes (1 switches on core 0)
Oct 27 01:33:47.342536 dv-cinder-815461-3-smb devstack@c-api.service[108163]: INFO cinder.api.openstack.wsgi [None req-1ba8013b-2f00-475e-b3a4-fc8924ca7372 tempest-GroupSnapshotsTest-1014462248 tempest-GroupSnapshotsTest-1014462248-project] DELETE http://10.222.0.64/volume/v3/bf67b0ee578b4fa59cc24801c81a2154/volumes/ea8589b4-3496-4564-977e-e439463227a6
Oct 27 01:33:47.343228 dv-cinder-815461-3-smb devstack@c-api.service[108163]: DEBUG cinder.api.openstack.wsgi [None req-1ba8013b-2f00-475e-b3a4-fc8924ca7372 tempest-GroupSnapshotsTest-1014462248 tempest-GroupSnapshotsTest-1014462248-project] Empty body provided in request {{(pid=108163) get_body /opt/stack/cinder/cinder/api/openstack/wsgi.py:703}}
Oct 27 01:33:47.343830 dv-cinder-815461-3-smb devstack@c-api.service[108163]: DEBUG cinder.api.openstack.wsgi [None req-1ba8013b-2f00-475e-b3a4-fc8924ca7372 tempest-GroupSnapshotsTest-1014462248 tempest-GroupSnapshotsTest-1014462248-project] Calling method 'delete' {{(pid=108163) _process_stack /opt/stack/cinder/cinder/api/openstack/wsgi.py:856}}
