Nov 10 20:42:22.819507 dv-cinder-815146-7-smb neutron-server[109204]: DEBUG neutron_lib.callbacks.manager [None req-85d01b4c-1299-43dc-b738-e66fd5154568 None None] Publish callbacks ['neutron.plugins.ml2.plugin.SecurityGroupServerNotifierRpcMixin._notify_sg_on_port_change-3623637', 'neutron.plugins.ml2.ovo_rpc._ObjectChangeHandler.handle_event-219265', 'neutron.api.rpc.agentnotifiers.dhcp_rpc_agent_api.DhcpAgentNotifyAPI._native_event_send_dhcp_notification-1600416', 'neutron.db.l3_db.L3RpcNotifierMixin._notify_gateway_port_ip_changed-8773147399051', 'neutron.db.l3_dvrscheduler_db._notify_l3_agent_port_update-8773146956683', 'neutron.db.l3_hascheduler_db._notify_l3_agent_ha_port_update-8773146956701'] for port, after_update {{(pid=109204) _notify_loop /usr/local/lib/python3.8/dist-packages/neutron_lib/callbacks/manager.py:175}}
Nov 10 20:42:22.846437 dv-cinder-815146-7-smb neutron-server[109203]: DEBUG neutron_lib.callbacks.manager [None req-00065379-1e8c-40e7-a457-e855d2824e03 admin admin] Publish callbacks ['neutron.plugins.ml2.plugin.SecurityGroupDbMixin._ensure_default_security_group_handler-3616878'] for port, before_create {{(pid=109203) _notify_loop /usr/local/lib/python3.8/dist-packages/neutron_lib/callbacks/manager.py:175}}
Nov 10 20:42:22.860932 dv-cinder-815146-7-smb neutron-server[109202]: DEBUG neutron.pecan_wsgi.hooks.quota_enforcement [None req-bdcea2e8-fa3c-41bf-b39d-a693e7ec692b admin admin] Made reservation on behalf of 07cf3c31d1444f99856d827869291b00 for: {'network': 1} {{(pid=109202) before /opt/stack/neutron/neutron/pecan_wsgi/hooks/quota_enforcement.py:53}}
Nov 10 20:42:22.870634 dv-cinder-815146-7-smb neutron-server[109202]: DEBUG neutron_lib.callbacks.manager [None req-bdcea2e8-fa3c-41bf-b39d-a693e7ec692b admin admin] Publish callbacks ['neutron.plugins.ml2.plugin.SecurityGroupDbMixin._ensure_default_security_group_handler-3616878'] for network, before_create {{(pid=109202) _notify_loop /usr/local/lib/python3.8/dist-packages/neutron_lib/callbacks/manager.py:175}}
Nov 10 20:42:22.934907 dv-cinder-815146-7-smb neutron-server[109202]: DEBUG neutron_lib.callbacks.manager [None req-bdcea2e8-fa3c-41bf-b39d-a693e7ec692b admin admin] Publish callbacks [] for security_group, before_create {{(pid=109202) _notify_loop /usr/local/lib/python3.8/dist-packages/neutron_lib/callbacks/manager.py:175}}
Nov 10 20:42:22.948448 dv-cinder-815146-7-smb neutron-server[109204]: DEBUG neutron.api.rpc.handlers.resources_rpc [None req-85d01b4c-1299-43dc-b738-e66fd5154568 None None] Pushing event updated for resources: {'Port': ['ID=f03bf928-3c9c-4f02-b3e9-abe524fe15f7,revision_number=2']} {{(pid=109204) push /opt/stack/neutron/neutron/api/rpc/handlers/resources_rpc.py:237}}
Nov 10 20:42:22.954555 dv-cinder-815146-7-smb neutron-server[109205]: DEBUG neutron_lib.callbacks.manager [None req-374cc368-ad34-4b9f-8e69-1236a1563007 None None] Publish callbacks [] for port, precommit_update {{(pid=109205) _notify_loop /usr/local/lib/python3.8/dist-packages/neutron_lib/callbacks/manager.py:175}}
Nov 10 20:42:23.031545 dv-cinder-815146-7-smb neutron-server[109205]: DEBUG neutron_lib.callbacks.manager [None req-374cc368-ad34-4b9f-8e69-1236a1563007 None None] Publish callbacks ['neutron.plugins.ml2.plugin.SecurityGroupServerNotifierRpcMixin._notify_sg_on_port_change-3623637', 'neutron.plugins.ml2.ovo_rpc._ObjectChangeHandler.handle_event-219265', 'neutron.api.rpc.agentnotifiers.dhcp_rpc_agent_api.DhcpAgentNotifyAPI._native_event_send_dhcp_notification-1600416', 'neutron.db.l3_db.L3RpcNotifierMixin._notify_gateway_port_ip_changed-8773147399051', 'neutron.db.l3_dvrscheduler_db._notify_l3_agent_port_update-8773146956683', 'neutron.db.l3_hascheduler_db._notify_l3_agent_ha_port_update-8773146956701'] for port, after_update {{(pid=109205) _notify_loop /usr/local/lib/python3.8/dist-packages/neutron_lib/callbacks/manager.py:175}}
Nov 10 20:42:23.067194 dv-cinder-815146-7-smb neutron-server[109202]: DEBUG neutron.pecan_wsgi.hooks.policy_enforcement [req-c34c0a96-a88e-4fb3-8afa-9b01f092d568 req-f2165459-9acd-43b9-a9df-7a7dbb79fd9d tempest-DeleteServersTestJSON-1831404981 tempest-DeleteServersTestJSON-1831404981-project] Attributes excluded by policy engine: ['standard_attr_id', 'vlan_transparent', 'provider:network_type', 'provider:physical_network', 'provider:segmentation_id'] {{(pid=109202) _exclude_attributes_by_policy /opt/stack/neutron/neutron/pecan_wsgi/hooks/policy_enforcement.py:255}}
Nov 10 20:42:23.068890 dv-cinder-815146-7-smb neutron-server[109202]: INFO neutron.wsgi [req-c34c0a96-a88e-4fb3-8afa-9b01f092d568 req-f2165459-9acd-43b9-a9df-7a7dbb79fd9d tempest-DeleteServersTestJSON-1831404981 tempest-DeleteServersTestJSON-1831404981-project] 10.222.0.36 "GET /v2.0/networks?id=37ce0959-9057-4bbd-91b0-2882382479fe HTTP/1.1" status: 200 len: 812 time: 0.4213042
Nov 10 20:42:23.181454 dv-cinder-815146-7-smb neutron-server[109203]: DEBUG neutron.db.db_base_plugin_common [None req-00065379-1e8c-40e7-a457-e855d2824e03 admin admin] Allocated IP 172.28.0.70 (335c9f9a-786f-4186-97c7-4fd76dd08977/523f4444-6c0f-420f-9200-169bc09ed642/7eeb2846-a55d-48ad-b73a-e6d86e381706) {{(pid=109203) _store_ip_allocation /opt/stack/neutron/neutron/db/db_base_plugin_common.py:131}}
Nov 10 20:42:23.192798 dv-cinder-815146-7-smb neutron-server[109203]: DEBUG neutron.wsgi [-] (109203) accepted ('10.222.0.36', 50658) {{(pid=109203) server /usr/local/lib/python3.8/dist-packages/eventlet/wsgi.py:982}}
Nov 10 20:42:23.195505 dv-cinder-815146-7-smb neutron-server[109202]: INFO neutron.wsgi [req-c34c0a96-a88e-4fb3-8afa-9b01f092d568 req-43aadd20-6eec-4737-8653-bbec34d1b998 tempest-DeleteServersTestJSON-1831404981 tempest-DeleteServersTestJSON-1831404981-project] 10.222.0.36 "GET /v2.0/quotas/a3f8c5516c4d40e4ab277d2c5405e4d1 HTTP/1.1" status: 200 len: 375 time: 0.0990317
Nov 10 20:42:23.225840 dv-cinder-815146-7-smb neutron-server[109203]: DEBUG neutron_lib.callbacks.manager [None req-090cc9bb-e353-4404-930b-eb9fe43338ad admin admin] Publish callbacks [] for security_group, before_create {{(pid=109203) _notify_loop /usr/local/lib/python3.8/dist-packages/neutron_lib/callbacks/manager.py:175}}
Nov 10 20:42:23.305515 dv-cinder-815146-7-smb neutron-server[109202]: DEBUG neutron_lib.callbacks.manager [None req-bdcea2e8-fa3c-41bf-b39d-a693e7ec692b admin admin] Publish callbacks [] for security_group, precommit_create {{(pid=109202) _notify_loop /usr/local/lib/python3.8/dist-packages/neutron_lib/callbacks/manager.py:175}}
Nov 10 20:42:23.410606 dv-cinder-815146-7-smb neutron-server[109205]: DEBUG neutron.plugins.ml2.managers [None req-374cc368-ad34-4b9f-8e69-1236a1563007 None None] Attempting to bind port a3b8790b-51a6-4e65-b688-eb74af1518ef on host dv-cinder-815146-7-smb for vnic_type normal with profile {{(pid=109205) bind_port /opt/stack/neutron/neutron/plugins/ml2/managers.py:795}}
Nov 10 20:42:23.410606 dv-cinder-815146-7-smb neutron-server[109205]: DEBUG neutron.plugins.ml2.managers [None req-374cc368-ad34-4b9f-8e69-1236a1563007 None None] Attempting to bind port a3b8790b-51a6-4e65-b688-eb74af1518ef by drivers openvswitch,hyperv on host dv-cinder-815146-7-smb at level 0 using segments [{'id': '8222ee9e-3b71-4f78-b99e-101b549766c0', 'network_type': 'flat', 'physical_network': 'physnet1', 'segmentation_id': None, 'network_id': '335c9f9a-786f-4186-97c7-4fd76dd08977'}] {{(pid=109205) _bind_port_level /opt/stack/neutron/neutron/plugins/ml2/managers.py:820}}
Nov 10 20:42:23.410606 dv-cinder-815146-7-smb neutron-server[109205]: DEBUG neutron.plugins.ml2.drivers.mech_agent [None req-374cc368-ad34-4b9f-8e69-1236a1563007 None None] Attempting to bind port a3b8790b-51a6-4e65-b688-eb74af1518ef on network 335c9f9a-786f-4186-97c7-4fd76dd08977 {{(pid=109205) bind_port /opt/stack/neutron/neutron/plugins/ml2/drivers/mech_agent.py:91}}
Nov 10 20:42:23.410606 dv-cinder-815146-7-smb neutron-server[109205]: DEBUG neutron.plugins.ml2.drivers.mech_agent [None req-374cc368-ad34-4b9f-8e69-1236a1563007 None None] Checking agent: {'id': 'a5b8642c-aa45-42b0-9cf9-b8c44c9fb1ee', 'agent_type': 'Open vSwitch agent', 'binary': 'neutron-openvswitch-agent', 'topic': 'N/A', 'host': 'dv-cinder-815146-7-smb', 'admin_state_up': True, 'created_at': datetime.datetime(2021, 11, 10, 20, 33, 38), 'started_at': datetime.datetime(2021, 11, 10, 20, 34, 8), 'heartbeat_timestamp': datetime.datetime(2021, 11, 10, 20, 42, 8), 'description': None, 'resources_synced': None, 'availability_zone': None, 'alive': True, 'configurations': {'arp_responder_enabled': False, 'baremetal_smartnic': False, 'bridge_mappings': {'physnet1': 'br-data'}, 'datapath_type': 'system', 'devices': 0, 'enable_distributed_routing': False, 'extensions': [], 'in_distributed_mode': False, 'integration_bridge': 'br-int', 'l2_population': False, 'log_agent_heartbeats': False, 'ovs_capabilities': {'datapath_types': ['netdev', 'system'], 'iface_types': ['erspan', 'geneve', 'gre', 'internal', 'ip6erspan', 'ip6gre', 'lisp', 'patch', 'stt', 'system', 'tap', 'vxlan']}, 'ovs_hybrid_plug': False, 'resource_provider_bandwidths': {}, 'resource_provider_hypervisors': {'br-data': 'dv-cinder-815146-7-smb'}, 'resource_provider_inventory_defaults': {'allocation_ratio': 1.0, 'min_unit': 1, 'step_size': 1, 'reserved': 0}, 'resource_provider_packet_processing_inventory_defaults': {'allocation_ratio': 1.0, 'min_unit': 1, 'step_size': 1, 'reserved': 0}, 'resource_provider_packet_processing_with_direction': {}, 'resource_provider_packet_processing_without_direction': {}, 'tunnel_types': [], 'tunneling_ip': None, 'vhostuser_socket_dir': '/var/run/openvswitch'}, 'resource_versions': {'AddressGroup': '1.2', 'ConntrackHelper': '1.0', 'Log': '1.0', 'Network': '1.1', 'Port': '1.7', 'PortForwarding': '1.2', 'QosPolicy': '1.10', 'SecurityGroup': '1.5', 'SecurityGroupRule': '1.2', 'SubPort': '1.0', 'Subnet': '1.1', 'Trunk': '1.1'}} {{(pid=109205) bind_port /opt/stack/neutron/neutron/plugins/ml2/drivers/mech_agent.py:110}}
Nov 10 20:42:23.410606 dv-cinder-815146-7-smb neutron-server[109205]: DEBUG neutron.plugins.ml2.drivers.mech_agent [None req-374cc368-ad34-4b9f-8e69-1236a1563007 None None] Checking segment: {'id': '8222ee9e-3b71-4f78-b99e-101b549766c0', 'network_type': 'flat', 'physical_network': 'physnet1', 'segmentation_id': None, 'network_id': '335c9f9a-786f-4186-97c7-4fd76dd08977'} for mappings: {'physnet1': 'br-data'} with network types: ['local', 'flat', 'vlan'] {{(pid=109205) check_segment_for_agent /opt/stack/neutron/neutron/plugins/ml2/drivers/mech_agent.py:371}}
Nov 10 20:42:23.410606 dv-cinder-815146-7-smb neutron-server[109205]: DEBUG neutron_lib.callbacks.manager [None req-374cc368-ad34-4b9f-8e69-1236a1563007 None None] Publish callbacks [] for ovs_bridge_name, before_read {{(pid=109205) _notify_loop /usr/local/lib/python3.8/dist-packages/neutron_lib/callbacks/manager.py:175}}
Nov 10 20:42:23.410606 dv-cinder-815146-7-smb neutron-server[109205]: DEBUG neutron.plugins.ml2.drivers.mech_agent [None req-374cc368-ad34-4b9f-8e69-1236a1563007 None None] Bound using segment: {'id': '8222ee9e-3b71-4f78-b99e-101b549766c0', 'network_type': 'flat', 'physical_network': 'physnet1', 'segmentation_id': None, 'network_id': '335c9f9a-786f-4186-97c7-4fd76dd08977'} {{(pid=109205) bind_port /opt/stack/neutron/neutron/plugins/ml2/drivers/mech_agent.py:120}}
Nov 10 20:42:23.410606 dv-cinder-815146-7-smb neutron-server[109205]: DEBUG neutron.plugins.ml2.managers [None req-374cc368-ad34-4b9f-8e69-1236a1563007 None None] Bound port: a3b8790b-51a6-4e65-b688-eb74af1518ef, host: dv-cinder-815146-7-smb, vif_type: ovs, vif_details: {"connectivity": "l2", "port_filter": true, "ovs_hybrid_plug": false, "datapath_type": "system", "bridge_name": "br-int"}, binding_levels: [{'bound_driver': 'openvswitch', 'bound_segment': {'id': '8222ee9e-3b71-4f78-b99e-101b549766c0', 'network_type': 'flat', 'physical_network': 'physnet1', 'segmentation_id': None, 'network_id': '335c9f9a-786f-4186-97c7-4fd76dd08977'}}] {{(pid=109205) _bind_port_level /opt/stack/neutron/neutron/plugins/ml2/managers.py:932}}
Nov 10 20:42:23.410606 dv-cinder-815146-7-smb neutron-server[109205]: DEBUG neutron_lib.callbacks.manager [None req-374cc368-ad34-4b9f-8e69-1236a1563007 None None] Publish callbacks ['neutron.plugins.ml2.plugin.SecurityGroupDbMixin._ensure_default_security_group_handler-3616878'] for port, before_update {{(pid=109205) _notify_loop /usr/local/lib/python3.8/dist-packages/neutron_lib/callbacks/manager.py:175}}
Nov 10 20:42:23.411662 dv-cinder-815146-7-smb neutron-server[109205]: DEBUG neutron.api.rpc.handlers.resources_rpc [None req-512d720c-5831-4ac6-9d9a-e2a22334726a None None] Pushing event updated for resources: {'Port': ['ID=a3b8790b-51a6-4e65-b688-eb74af1518ef,revision_number=2']} {{(pid=109205) push /opt/stack/neutron/neutron/api/rpc/handlers/resources_rpc.py:237}}
Nov 10 20:42:23.417093 dv-cinder-815146-7-smb neutron-server[109205]: DEBUG neutron.api.rpc.callbacks.version_manager [None req-512d720c-5831-4ac6-9d9a-e2a22334726a None None] Version for resource type AddressGroup changed None to 1.2 on consumer Open vSwitch agent@dv-cinder-815146-7-smb {{(pid=109205) _set_version /opt/stack/neutron/neutron/api/rpc/callbacks/version_manager.py:113}}
Nov 10 20:42:23.417533 dv-cinder-815146-7-smb neutron-server[109205]: DEBUG neutron.api.rpc.callbacks.version_manager [None req-512d720c-5831-4ac6-9d9a-e2a22334726a None None] Version for resource type ConntrackHelper changed None to 1.0 on consumer Open vSwitch agent@dv-cinder-815146-7-smb {{(pid=109205) _set_version /opt/stack/neutron/neutron/api/rpc/callbacks/version_manager.py:113}}
Nov 10 20:42:23.417787 dv-cinder-815146-7-smb neutron-server[109205]: DEBUG neutron.api.rpc.callbacks.version_manager [None req-512d720c-5831-4ac6-9d9a-e2a22334726a None None] Version for resource type Log changed None to 1.0 on consumer Open vSwitch agent@dv-cinder-815146-7-smb {{(pid=109205) _set_version /opt/stack/neutron/neutron/api/rpc/callbacks/version_manager.py:113}}
Nov 10 20:42:23.418756 dv-cinder-815146-7-smb neutron-server[109205]: DEBUG neutron.api.rpc.callbacks.version_manager [None req-512d720c-5831-4ac6-9d9a-e2a22334726a None None] Version for resource type Network changed None to 1.1 on consumer Open vSwitch agent@dv-cinder-815146-7-smb {{(pid=109205) _set_version /opt/stack/neutron/neutron/api/rpc/callbacks/version_manager.py:113}}
Nov 10 20:42:23.419231 dv-cinder-815146-7-smb neutron-server[109205]: DEBUG neutron.api.rpc.callbacks.version_manager [None req-512d720c-5831-4ac6-9d9a-e2a22334726a None None] Version for resource type Port changed None to 1.7 on consumer Open vSwitch agent@dv-cinder-815146-7-smb {{(pid=109205) _set_version /opt/stack/neutron/neutron/api/rpc/callbacks/version_manager.py:113}}
Nov 10 20:42:23.419569 dv-cinder-815146-7-smb neutron-server[109205]: DEBUG neutron.api.rpc.callbacks.version_manager [None req-512d720c-5831-4ac6-9d9a-e2a22334726a None None] Version for resource type PortForwarding changed None to 1.2 on consumer Open vSwitch agent@dv-cinder-815146-7-smb {{(pid=109205) _set_version /opt/stack/neutron/neutron/api/rpc/callbacks/version_manager.py:113}}
Nov 10 20:42:23.420313 dv-cinder-815146-7-smb neutron-server[109205]: DEBUG neutron.api.rpc.callbacks.version_manager [None req-512d720c-5831-4ac6-9d9a-e2a22334726a None None] Version for resource type QosPolicy changed None to 1.10 on consumer Open vSwitch agent@dv-cinder-815146-7-smb {{(pid=109205) _set_version /opt/stack/neutron/neutron/api/rpc/callbacks/version_manager.py:113}}
Nov 10 20:42:23.420313 dv-cinder-815146-7-smb neutron-server[109205]: DEBUG neutron.api.rpc.callbacks.version_manager [None req-512d720c-5831-4ac6-9d9a-e2a22334726a None None] Version for resource type SecurityGroup changed None to 1.5 on consumer Open vSwitch agent@dv-cinder-815146-7-smb {{(pid=109205) _set_version /opt/stack/neutron/neutron/api/rpc/callbacks/version_manager.py:113}}
Nov 10 20:42:23.420546 dv-cinder-815146-7-smb neutron-server[109205]: DEBUG neutron.api.rpc.callbacks.version_manager [None req-512d720c-5831-4ac6-9d9a-e2a22334726a None None] Version for resource type SecurityGroupRule changed None to 1.2 on consumer Open vSwitch agent@dv-cinder-815146-7-smb {{(pid=109205) _set_version /opt/stack/neutron/neutron/api/rpc/callbacks/version_manager.py:113}}
Nov 10 20:42:23.420836 dv-cinder-815146-7-smb neutron-server[109205]: DEBUG neutron.api.rpc.callbacks.version_manager [None req-512d720c-5831-4ac6-9d9a-e2a22334726a None None] Version for resource type SubPort changed None to 1.0 on consumer Open vSwitch agent@dv-cinder-815146-7-smb {{(pid=109205) _set_version /opt/stack/neutron/neutron/api/rpc/callbacks/version_manager.py:113}}
Nov 10 20:42:23.421155 dv-cinder-815146-7-smb neutron-server[109205]: DEBUG neutron.api.rpc.callbacks.version_manager [None req-512d720c-5831-4ac6-9d9a-e2a22334726a None None] Version for resource type Subnet changed None to 1.1 on consumer Open vSwitch agent@dv-cinder-815146-7-smb {{(pid=109205) _set_version /opt/stack/neutron/neutron/api/rpc/callbacks/version_manager.py:113}}
Nov 10 20:42:23.421499 dv-cinder-815146-7-smb neutron-server[109205]: DEBUG neutron.api.rpc.callbacks.version_manager [None req-512d720c-5831-4ac6-9d9a-e2a22334726a None None] Version for resource type Trunk changed None to 1.1 on consumer Open vSwitch agent@dv-cinder-815146-7-smb {{(pid=109205) _set_version /opt/stack/neutron/neutron/api/rpc/callbacks/version_manager.py:113}}
Nov 10 20:42:23.422548 dv-cinder-815146-7-smb neutron-server[109205]: DEBUG neutron.api.rpc.callbacks.version_manager [None req-512d720c-5831-4ac6-9d9a-e2a22334726a None None] Tracked resource versions report:
Nov 10 20:42:23.422548 dv-cinder-815146-7-smb neutron-server[109205]: pushed versions:
Nov 10 20:42:23.422548 dv-cinder-815146-7-smb neutron-server[109205]: { 'AddressGroup': {'1.2'},
Nov 10 20:42:23.422548 dv-cinder-815146-7-smb neutron-server[109205]: 'ConntrackHelper': {'1.0'},
Nov 10 20:42:23.422548 dv-cinder-815146-7-smb neutron-server[109205]: 'Log': {'1.0'},
Nov 10 20:42:23.422548 dv-cinder-815146-7-smb neutron-server[109205]: 'Network': {'1.1'},
Nov 10 20:42:23.422548 dv-cinder-815146-7-smb neutron-server[109205]: 'Port': {'1.7'},
Nov 10 20:42:23.422548 dv-cinder-815146-7-smb neutron-server[109205]: 'PortForwarding': {'1.2'},
Nov 10 20:42:23.422548 dv-cinder-815146-7-smb neutron-server[109205]: 'QosPolicy': {'1.10'},
Nov 10 20:42:23.422548 dv-cinder-815146-7-smb neutron-server[109205]: 'SecurityGroup': {'1.5'},
Nov 10 20:42:23.422548 dv-cinder-815146-7-smb neutron-server[109205]: 'SecurityGroupRule': {'1.2'},
Nov 10 20:42:23.422548 dv-cinder-815146-7-smb neutron-server[109205]: 'SubPort': {'1.0'},
Nov 10 20:42:23.422548 dv-cinder-815146-7-smb neutron-server[109205]: 'Subnet': {'1.1'},
Nov 10 20:42:23.422548 dv-cinder-815146-7-smb neutron-server[109205]: 'Trunk': {'1.1'}}
Nov 10 20:42:23.422548 dv-cinder-815146-7-smb neutron-server[109205]: consumer versions:
Nov 10 20:42:23.422548 dv-cinder-815146-7-smb neutron-server[109205]: { DHCP agent@dv-cinder-815146-7-smb: {},
Nov 10 20:42:23.422548 dv-cinder-815146-7-smb neutron-server[109205]: HyperV agent@hv-cinder-81514: {},
Nov 10 20:42:23.422548 dv-cinder-815146-7-smb neutron-server[109205]: L3 agent@dv-cinder-815146-7-smb: {},
Nov 10 20:42:23.422548 dv-cinder-815146-7-smb neutron-server[109205]: Metadata agent@dv-cinder-815146-7-smb: {},
Nov 10 20:42:23.422548 dv-cinder-815146-7-smb neutron-server[109205]: Metering agent@dv-cinder-815146-7-smb: {},
Nov 10 20:42:23.422548 dv-cinder-815146-7-smb neutron-server[109205]: Open vSwitch agent@dv-cinder-815146-7-smb: { 'AddressGroup': '1.2',
Nov 10 20:42:23.422548 dv-cinder-815146-7-smb neutron-server[109205]: 'ConntrackHelper': '1.0',
Nov 10 20:42:23.422548 dv-cinder-815146-7-smb neutron-server[109205]: 'Log': '1.0',
Nov 10 20:42:23.422548 dv-cinder-815146-7-smb neutron-server[109205]: 'Network': '1.1',
Nov 10 20:42:23.422548 dv-cinder-815146-7-smb neutron-server[109205]: 'Port': '1.7',
Nov 10 20:42:23.422548 dv-cinder-815146-7-smb neutron-server[109205]: 'PortForwarding': '1.2',
Nov 10 20:42:23.422548 dv-cinder-815146-7-smb neutron-server[109205]: 'QosPolicy': '1.10',
Nov 10 20:42:23.422548 dv-cinder-815146-7-smb neutron-server[109205]: 'SecurityGroup': '1.5',
Nov 10 20:42:23.422548 dv-cinder-815146-7-smb neutron-server[109205]: 'SecurityGroupRule': '1.2',
Nov 10 20:42:23.422548 dv-cinder-815146-7-smb neutron-server[109205]: 'SubPort': '1.0',
Nov 10 20:42:23.422548 dv-cinder-815146-7-smb neutron-server[109205]: 'Subnet': '1.1',
Nov 10 20:42:23.422548 dv-cinder-815146-7-smb neutron-server[109205]: 'Trunk': '1.1'}}
Nov 10 20:42:23.422548 dv-cinder-815146-7-smb neutron-server[109205]: {{(pid=109205) report /opt/stack/neutron/neutron/api/rpc/callbacks/version_manager.py:175}}
Nov 10 20:42:23.454188 dv-cinder-815146-7-smb neutron-server[109203]: DEBUG neutron_lib.callbacks.manager [None req-00065379-1e8c-40e7-a457-e855d2824e03 admin admin] Publish callbacks [] for port, precommit_create {{(pid=109203) _notify_loop /usr/local/lib/python3.8/dist-packages/neutron_lib/callbacks/manager.py:175}}
Nov 10 20:42:23.477063 dv-cinder-815146-7-smb neutron-server[109202]: DEBUG neutron_lib.callbacks.manager [None req-bdcea2e8-fa3c-41bf-b39d-a693e7ec692b admin admin] Publish callbacks ['neutron.plugins.ml2.ovo_rpc._ObjectChangeHandler.handle_event-1576153'] for security_group, after_create {{(pid=109202) _notify_loop /usr/local/lib/python3.8/dist-packages/neutron_lib/callbacks/manager.py:175}}
Nov 10 20:42:23.506202 dv-cinder-815146-7-smb neutron-server[109205]: DEBUG neutron.plugins.ml2.db [None req-374cc368-ad34-4b9f-8e69-1236a1563007 None None] For port a3b8790b-51a6-4e65-b688-eb74af1518ef, host dv-cinder-815146-7-smb, cleared binding levels {{(pid=109205) clear_binding_levels /opt/stack/neutron/neutron/plugins/ml2/db.py:87}}
Nov 10 20:42:23.511342 dv-cinder-815146-7-smb neutron-server[109205]: DEBUG neutron.plugins.ml2.db [None req-374cc368-ad34-4b9f-8e69-1236a1563007 None None] For port a3b8790b-51a6-4e65-b688-eb74af1518ef, host dv-cinder-815146-7-smb, set binding levels [PortBindingLevel(driver='openvswitch',host='dv-cinder-815146-7-smb',level=0,port_id=a3b8790b-51a6-4e65-b688-eb74af1518ef,segment=NetworkSegment(8222ee9e-3b71-4f78-b99e-101b549766c0),segment_id=8222ee9e-3b71-4f78-b99e-101b549766c0)] {{(pid=109205) set_binding_levels /opt/stack/neutron/neutron/plugins/ml2/db.py:59}}
Nov 10 20:42:23.513196 dv-cinder-815146-7-smb neutron-server[109202]: INFO neutron.wsgi [req-c34c0a96-a88e-4fb3-8afa-9b01f092d568 req-d2ede38b-9237-4227-85d9-95fb5b4622d3 tempest-DeleteServersTestJSON-1831404981 tempest-DeleteServersTestJSON-1831404981-project] 10.222.0.36 "GET /v2.0/ports?tenant_id=a3f8c5516c4d40e4ab277d2c5405e4d1&fields=id HTTP/1.1" status: 200 len: 210 time: 0.2016308
Nov 10 20:42:23.551292 dv-cinder-815146-7-smb neutron-server[109203]: DEBUG neutron.wsgi [-] (109203) accepted ('10.222.0.36', 50672) {{(pid=109203) server /usr/local/lib/python3.8/dist-packages/eventlet/wsgi.py:982}}
Nov 10 20:42:23.558302 dv-cinder-815146-7-smb neutron-server[109203]: WARNING keystonemiddleware.auth_token [-] A valid token was submitted as a service token, but it was not a valid service token. This is incorrect but backwards compatible behaviour. This will be removed in future releases.
Nov 10 20:42:23.559721 dv-cinder-815146-7-smb neutron-server[109202]: DEBUG neutron.plugins.ml2.drivers.helpers [None req-bdcea2e8-fa3c-41bf-b39d-a693e7ec692b admin admin] vlan segment allocate from pool success with {'physical_network': 'physnet1', 'vlan_id': 519} {{(pid=109202) allocate_partially_specified_segment /opt/stack/neutron/neutron/plugins/ml2/drivers/helpers.py:153}}
Nov 10 20:42:23.561918 dv-cinder-815146-7-smb neutron-server[109202]: DEBUG neutron.api.rpc.handlers.resources_rpc [None req-bdcea2e8-fa3c-41bf-b39d-a693e7ec692b admin admin] Pushing event updated for resources: {'SecurityGroup': ['ID=384b2890-a067-45e8-a8d9-8f0092521fb2,revision_number=1']} {{(pid=109202) push /opt/stack/neutron/neutron/api/rpc/handlers/resources_rpc.py:237}}
Nov 10 20:42:23.583332 dv-cinder-815146-7-smb neutron-server[109202]: DEBUG neutron_lib.callbacks.manager [None req-b8411a6a-3ff5-448b-ae23-8dbe6accf619 admin admin] Publish callbacks ['neutron.plugins.ml2.plugin.SecurityGroupDbMixin._ensure_default_security_group_handler-3616878'] for port, before_create {{(pid=109202) _notify_loop /usr/local/lib/python3.8/dist-packages/neutron_lib/callbacks/manager.py:175}}
Nov 10 20:42:23.597799 dv-cinder-815146-7-smb neutron-server[109202]: DEBUG neutron_lib.callbacks.manager [None req-bdcea2e8-fa3c-41bf-b39d-a693e7ec692b admin admin] Publish callbacks ['neutron.plugins.ml2.plugin.Ml2Plugin._handle_segment_change-3549141'] for segment, precommit_create {{(pid=109202) _notify_loop /usr/local/lib/python3.8/dist-packages/neutron_lib/callbacks/manager.py:175}}
Nov 10 20:42:23.599585 dv-cinder-815146-7-smb neutron-server[109202]: INFO neutron.db.segments_db [None req-bdcea2e8-fa3c-41bf-b39d-a693e7ec692b admin admin] Added segment 13c249a7-8c07-4d17-86af-12e0ab26b62c of type vlan for network 534736ea-1cdc-4f28-bca2-43cac073b11e
Nov 10 20:42:23.619414 dv-cinder-815146-7-smb neutron-server[109205]: DEBUG neutron_lib.callbacks.manager [None req-374cc368-ad34-4b9f-8e69-1236a1563007 None None] Publish callbacks ['neutron.plugins.ml2.plugin.SecurityGroupServerNotifierRpcMixin._notify_sg_on_port_change-3623637', 'neutron.plugins.ml2.ovo_rpc._ObjectChangeHandler.handle_event-219265', 'neutron.api.rpc.agentnotifiers.dhcp_rpc_agent_api.DhcpAgentNotifyAPI._native_event_send_dhcp_notification-1600416', 'neutron.db.l3_db.L3RpcNotifierMixin._notify_gateway_port_ip_changed-8773147399051', 'neutron.db.l3_dvrscheduler_db._notify_l3_agent_port_update-8773146956683', 'neutron.db.l3_hascheduler_db._notify_l3_agent_ha_port_update-8773146956701'] for port, after_update {{(pid=109205) _notify_loop /usr/local/lib/python3.8/dist-packages/neutron_lib/callbacks/manager.py:175}}
Nov 10 20:42:23.675984 dv-cinder-815146-7-smb neutron-server[109205]: DEBUG neutron.api.rpc.handlers.resources_rpc [None req-512d720c-5831-4ac6-9d9a-e2a22334726a None None] Pushing event updated for resources: {'Port': ['ID=a3b8790b-51a6-4e65-b688-eb74af1518ef,revision_number=3']} {{(pid=109205) push /opt/stack/neutron/neutron/api/rpc/handlers/resources_rpc.py:237}}
Nov 10 20:42:23.700997 dv-cinder-815146-7-smb neutron-server[109205]: DEBUG neutron.db.l3_dvrscheduler_db [None req-374cc368-ad34-4b9f-8e69-1236a1563007 None None] Routers {'1f429c24-586a-4e9d-9aaa-53fa9beaa80c'} bound to L3 agent in host dv-cinder-815146-7-smb {{(pid=109205) _get_router_ids_for_agent /opt/stack/neutron/neutron/db/l3_dvrscheduler_db.py:420}}
Nov 10 20:42:23.702312 dv-cinder-815146-7-smb neutron-server[109205]: DEBUG neutron.db.l3_hamode_db [None req-374cc368-ad34-4b9f-8e69-1236a1563007 None None] neutron.services.l3_router.l3_router_plugin.L3RouterPlugin method get_ha_sync_data_for_host called with arguments (, 'dv-cinder-815146-7-smb', Agent(admin_state_up=True,agent_type='L3 agent',availability_zone='nova',binary='neutron-l3-agent',configurations={"agent_mode": "legacy", "ex_gw_ports": 1, "extensions": [], "floating_ips": 0, "handle_internal_only_routers": true, "interface_driver": "openvswitch", "interfaces": 1, "log_agent_heartbeats": false, "routers": 1},created_at=2021-11-10T20:33:34Z,description=,heartbeat_timestamp=2021-11-10T20:42:04Z,host='dv-cinder-815146-7-smb',id=3a611f16-68cf-4add-a509-4ecde174173b,load=0,resource_versions=,resources_synced=,started_at=2021-11-10T20:33:35Z,topic='l3_agent')) {'router_ids': ['1f429c24-586a-4e9d-9aaa-53fa9beaa80c'], 'active': True} {{(pid=109205) wrapper /usr/local/lib/python3.8/dist-packages/oslo_log/helpers.py:65}}
Nov 10 20:42:23.794606 dv-cinder-815146-7-smb neutron-server[109202]: DEBUG neutron_lib.callbacks.manager [None req-bdcea2e8-fa3c-41bf-b39d-a693e7ec692b admin admin] Publish callbacks ['neutron.services.auto_allocate.db._ensure_external_network_default_value_callback-8773146972874'] for network, precommit_create {{(pid=109202) _notify_loop /usr/local/lib/python3.8/dist-packages/neutron_lib/callbacks/manager.py:175}}
Nov 10 20:42:23.805946 dv-cinder-815146-7-smb neutron-server[109202]: DEBUG neutron.wsgi [req-c34c0a96-a88e-4fb3-8afa-9b01f092d568 req-a9deda9d-99f6-4005-b097-99cbe5cbc3fb service neutron] http://10.222.0.36:9696/v2.0/extensions returned with HTTP 200 {{(pid=109202) __call__ /opt/stack/neutron/neutron/wsgi.py:729}}
Nov 10 20:42:23.808512 dv-cinder-815146-7-smb neutron-server[109202]: INFO neutron.wsgi [req-c34c0a96-a88e-4fb3-8afa-9b01f092d568 req-a9deda9d-99f6-4005-b097-99cbe5cbc3fb service neutron] 10.222.0.36 "GET /v2.0/extensions HTTP/1.1" status: 200 len: 14082 time: 0.0894876
Nov 10 20:42:23.808649 dv-cinder-815146-7-smb neutron-server[109203]: DEBUG neutron_lib.callbacks.manager [None req-00065379-1e8c-40e7-a457-e855d2824e03 admin admin] Publish callbacks ['neutron.plugins.ml2.plugin.SecurityGroupServerNotifierRpcMixin._notify_sg_on_port_change-3623637', 'neutron.plugins.ml2.ovo_rpc._ObjectChangeHandler.handle_event-219265', 'neutron.api.rpc.agentnotifiers.dhcp_rpc_agent_api.DhcpAgentNotifyAPI._native_event_send_dhcp_notification-1600416', 'neutron.db.l3_dvrscheduler_db._notify_l3_agent_new_port-8773146956665'] for port, after_create {{(pid=109203) _notify_loop /usr/local/lib/python3.8/dist-packages/neutron_lib/callbacks/manager.py:175}}
Nov 10 20:42:23.853197 dv-cinder-815146-7-smb neutron-server[109205]: DEBUG neutron.db.l3_dvr_db [None req-374cc368-ad34-4b9f-8e69-1236a1563007 None None] Set router 1f429c24-586a-4e9d-9aaa-53fa9beaa80c gateway port host: dv-cinder-815146-7-smb {{(pid=109205) _build_routers_list /opt/stack/neutron/neutron/db/l3_dvr_db.py:906}}
Nov 10 20:42:23.926223 dv-cinder-815146-7-smb neutron-server[109203]: DEBUG neutron.api.rpc.handlers.resources_rpc [None req-00065379-1e8c-40e7-a457-e855d2824e03 admin admin] Pushing event updated for resources: {'Port': ['ID=7eeb2846-a55d-48ad-b73a-e6d86e381706,revision_number=1']} {{(pid=109203) push /opt/stack/neutron/neutron/api/rpc/handlers/resources_rpc.py:237}}
Nov 10 20:42:23.990276 dv-cinder-815146-7-smb neutron-server[109202]: DEBUG neutron_lib.callbacks.manager [None req-bdcea2e8-fa3c-41bf-b39d-a693e7ec692b admin admin] Publish callbacks ['neutron.plugins.ml2.ovo_rpc._ObjectChangeHandler.handle_event-1574251', 'neutron.api.rpc.agentnotifiers.dhcp_rpc_agent_api.DhcpAgentNotifyAPI._native_event_send_dhcp_notification-1600416'] for network, after_create {{(pid=109202) _notify_loop /usr/local/lib/python3.8/dist-packages/neutron_lib/callbacks/manager.py:175}}
Nov 10 20:42:23.991218 dv-cinder-815146-7-smb neutron-server[109202]: DEBUG neutron.pecan_wsgi.hooks.policy_enforcement [None req-bdcea2e8-fa3c-41bf-b39d-a693e7ec692b admin admin] Attributes excluded by policy engine: ['standard_attr_id', 'vlan_transparent'] {{(pid=109202) _exclude_attributes_by_policy /opt/stack/neutron/neutron/pecan_wsgi/hooks/policy_enforcement.py:255}}
Nov 10 20:42:23.991813 dv-cinder-815146-7-smb neutron-server[109202]: DEBUG neutron_lib.callbacks.manager [None req-bdcea2e8-fa3c-41bf-b39d-a693e7ec692b admin admin] Publish callbacks ['neutron.api.rpc.agentnotifiers.dhcp_rpc_agent_api.DhcpAgentNotifyAPI._send_dhcp_notification-1600438'] for network, before_response {{(pid=109202) _notify_loop /usr/local/lib/python3.8/dist-packages/neutron_lib/callbacks/manager.py:175}}
Nov 10 20:42:23.991991 dv-cinder-815146-7-smb neutron-server[109203]: DEBUG neutron.pecan_wsgi.hooks.policy_enforcement [req-a1a5139e-a97c-4db5-a378-679bde86557a req-8da5d744-10ba-45df-860c-cd4464c76962 tempest-AttachVolumeNegativeTest-1968523780 tempest-AttachVolumeNegativeTest-1968523780-project] Attributes excluded by policy engine: ['standard_attr_id', 'vlan_transparent', 'provider:network_type', 'provider:physical_network', 'provider:segmentation_id'] {{(pid=109203) _exclude_attributes_by_policy /opt/stack/neutron/neutron/pecan_wsgi/hooks/policy_enforcement.py:255}}
Nov 10 20:42:24.004174 dv-cinder-815146-7-smb neutron-server[109203]: INFO neutron.wsgi [req-a1a5139e-a97c-4db5-a378-679bde86557a req-8da5d744-10ba-45df-860c-cd4464c76962 tempest-AttachVolumeNegativeTest-1968523780 tempest-AttachVolumeNegativeTest-1968523780-project] 10.222.0.36 "GET /v2.0/networks?id=25dbbc1b-602a-4732-bb32-0972e070b804 HTTP/1.1" status: 200 len: 815 time: 0.4513040
Nov 10 20:42:24.010716 dv-cinder-815146-7-smb neutron-server[109203]: DEBUG neutron_lib.callbacks.manager [None req-090cc9bb-e353-4404-930b-eb9fe43338ad admin admin] Publish callbacks [] for security_group, precommit_create {{(pid=109203) _notify_loop /usr/local/lib/python3.8/dist-packages/neutron_lib/callbacks/manager.py:175}}
Nov 10 20:42:24.011920 dv-cinder-815146-7-smb neutron-server[109203]: DEBUG neutron.scheduler.dhcp_agent_scheduler [None req-00065379-1e8c-40e7-a457-e855d2824e03 admin admin] Network 335c9f9a-786f-4186-97c7-4fd76dd08977 is already hosted by enough agents. {{(pid=109203) _get_dhcp_agents_hosting_network /opt/stack/neutron/neutron/scheduler/dhcp_agent_scheduler.py:275}}
Nov 10 20:42:24.022022 dv-cinder-815146-7-smb neutron-server[109203]: DEBUG neutron.scheduler.base_scheduler [None req-00065379-1e8c-40e7-a457-e855d2824e03 admin admin] Resources bound (agent type, host, resource id): {{(pid=109203) schedule /opt/stack/neutron/neutron/scheduler/base_scheduler.py:57}}
Nov 10 20:42:24.023781 dv-cinder-815146-7-smb neutron-server[109202]: DEBUG neutron.db.db_base_plugin_common [None req-b8411a6a-3ff5-448b-ae23-8dbe6accf619 admin admin] Allocated IP 172.20.0.1 (24fce568-cb96-4aa1-b8fc-1cde3ef4e55e/0ba4950d-4c21-46fd-a6e9-a6329cea2a2c/fafc6a00-ace8-44bf-b21c-98e3b8cac0e7) {{(pid=109202) _store_ip_allocation /opt/stack/neutron/neutron/db/db_base_plugin_common.py:131}}
Nov 10 20:42:24.028516 dv-cinder-815146-7-smb neutron-server[109203]: DEBUG neutron.db.l3_dvrscheduler_db [None req-00065379-1e8c-40e7-a457-e855d2824e03 admin admin] Received port after_create {{(pid=109203) _notify_l3_agent_new_port /opt/stack/neutron/neutron/db/l3_dvrscheduler_db.py:535}}
Nov 10 20:42:24.043102 dv-cinder-815146-7-smb neutron-server[109203]: INFO neutron.wsgi [req-a1a5139e-a97c-4db5-a378-679bde86557a req-07cbd64d-8bf3-4b80-8867-85cc9318d114 tempest-AttachVolumeNegativeTest-1968523780 tempest-AttachVolumeNegativeTest-1968523780-project] 10.222.0.36 "GET /v2.0/quotas/c4e132e99f1c427188cf01eb317a4135 HTTP/1.1" status: 200 len: 375 time: 0.0378766
Nov 10 20:42:24.068630 dv-cinder-815146-7-smb neutron-server[109202]: INFO neutron.wsgi [req-c34c0a96-a88e-4fb3-8afa-9b01f092d568 req-c96b0f7f-f597-4c5c-a4cf-4912741309d3 service neutron] 10.222.0.36 "GET /v2.0/networks/37ce0959-9057-4bbd-91b0-2882382479fe?fields=segments HTTP/1.1" status: 200 len: 212 time: 0.2192969
Nov 10 20:42:24.211600 dv-cinder-815146-7-smb neutron-server[109202]: DEBUG neutron.api.rpc.handlers.resources_rpc [None req-bdcea2e8-fa3c-41bf-b39d-a693e7ec692b admin admin] Pushing event updated for resources: {'Network': ['ID=534736ea-1cdc-4f28-bca2-43cac073b11e,revision_number=1']} {{(pid=109202) push /opt/stack/neutron/neutron/api/rpc/handlers/resources_rpc.py:237}}
Nov 10 20:42:24.227809 dv-cinder-815146-7-smb neutron-server[109202]: INFO neutron.wsgi [None req-bdcea2e8-fa3c-41bf-b39d-a693e7ec692b admin admin] 10.222.0.36 "POST /v2.0/networks HTTP/1.1" status: 201 len: 897 time: 1.6692209
Nov 10 20:42:24.229884 dv-cinder-815146-7-smb neutron-server[109202]: DEBUG neutron.wsgi [-] (109202) accepted ('10.222.0.36', 50682) {{(pid=109202) server /usr/local/lib/python3.8/dist-packages/eventlet/wsgi.py:982}}
Nov 10 20:42:24.235335 dv-cinder-815146-7-smb neutron-server[109204]: DEBUG neutron.plugins.ml2.rpc [None req-09ad3440-02eb-48bd-bbf8-297696862f27 None None] Network 534736ea-1cdc-4f28-bca2-43cac073b11e details requested by agent ovs-agent-dv-cinder-815146-7-smb with host dv-cinder-815146-7-smb {{(pid=109204) get_network_details /opt/stack/neutron/neutron/plugins/ml2/rpc.py:248}}
Nov 10 20:42:24.239670 dv-cinder-815146-7-smb neutron-server[109202]: DEBUG neutron.api.v2.base [None req-4ca19828-3a69-47bc-8104-9f19f0da0484 admin admin] Request body: {'subnet': {'network_id': '534736ea-1cdc-4f28-bca2-43cac073b11e', 'cidr': '172.20.0.0/28', 'name': 'tempest-EncryptedVolumesExtendAttachedTest-684790349-subnet', 'tenant_id': '07cf3c31d1444f99856d827869291b00', 'enable_dhcp': False, 'ip_version': 4}} {{(pid=109202) prepare_request_body /opt/stack/neutron/neutron/api/v2/base.py:729}}
Nov 10 20:42:24.280788 dv-cinder-815146-7-smb neutron-server[109205]: DEBUG neutron.db.l3_hamode_db [None req-374cc368-ad34-4b9f-8e69-1236a1563007 None None] neutron.services.l3_router.l3_router_plugin.L3RouterPlugin method _process_sync_ha_data called with arguments (, [{'id': '1f429c24-586a-4e9d-9aaa-53fa9beaa80c', 'name': 'tempest-ServerRescueNegativeTestJSON-1818535575-router', 'tenant_id': '128a276acea043dc9c8ca307e13dfa82', 'admin_state_up': True, 'status': 'ACTIVE', 'external_gateway_info': {'network_id': '335c9f9a-786f-4186-97c7-4fd76dd08977', 'external_fixed_ips': [{'subnet_id': '523f4444-6c0f-420f-9200-169bc09ed642', 'ip_address': '172.28.0.188'}], 'enable_snat': True}, 'gw_port_id': 'a3b8790b-51a6-4e65-b688-eb74af1518ef', 'description': '', 'availability_zones': ['nova'], 'distributed': False, 'ha': False, 'ha_vr_id': 0, 'availability_zone_hints': [], 'routes': [], 'flavor_id': None, 'tags': [], 'created_at': '2021-11-10T20:42:18Z', 'updated_at': '2021-11-10T20:42:20Z', 'revision_number': 3, 'project_id': '128a276acea043dc9c8ca307e13dfa82', 'gw_port': {'id': 'a3b8790b-51a6-4e65-b688-eb74af1518ef', 'name': '', 'network_id': '335c9f9a-786f-4186-97c7-4fd76dd08977', 'tenant_id': '', 'mac_address': 'fa:16:3e:df:65:8e', 'admin_state_up': True, 'status': 'DOWN', 'device_id': '1f429c24-586a-4e9d-9aaa-53fa9beaa80c', 'device_owner': 'network:router_gateway', 'standard_attr_id': 70, 'fixed_ips': [{'subnet_id': '523f4444-6c0f-420f-9200-169bc09ed642', 'ip_address': '172.28.0.188', 'prefixlen': 24}], 'allowed_address_pairs': [], 'extra_dhcp_opts': [], 'security_groups': [], 'description': '', 'binding:vnic_type': 'normal', 'binding:profile': {}, 'binding:host_id': 'dv-cinder-815146-7-smb', 'binding:vif_type': 'ovs', 'binding:vif_details': {'connectivity': 'l2', 'port_filter': True, 'ovs_hybrid_plug': False, 'datapath_type': 'system', 'bridge_name': 'br-int'}, 'port_security_enabled': False, 'tags': [], 'created_at': '2021-11-10T20:42:19Z', 'updated_at': '2021-11-10T20:42:23Z', 'revision_number': 3, 'project_id': '', 'subnets': [{'id': '523f4444-6c0f-420f-9200-169bc09ed642', 'cidr': '172.28.0.0/24', 'gateway_ip': '172.28.0.1', 'dns_nameservers': [], 'ipv6_ra_mode': None, 'subnetpool_id': None}], 'extra_subnets': [], 'address_scopes': {4: None, 6: None}, 'mtu': 1500}, 'enable_snat': True, 'gw_port_host': 'dv-cinder-815146-7-smb'}], 'dv-cinder-815146-7-smb', False) {} {{(pid=109205) wrapper /usr/local/lib/python3.8/dist-packages/oslo_log/helpers.py:65}}
Nov 10 20:42:24.321560 dv-cinder-815146-7-smb neutron-server[109205]: DEBUG neutron.api.rpc.handlers.l3_rpc [None req-374cc368-ad34-4b9f-8e69-1236a1563007 None None] The sync data for ids ['1f429c24-586a-4e9d-9aaa-53fa9beaa80c'] in dv-cinder-815146-7-smb is: [{'id': '1f429c24-586a-4e9d-9aaa-53fa9beaa80c', 'name': 'tempest-ServerRescueNegativeTestJSON-1818535575-router', 'tenant_id': '128a276acea043dc9c8ca307e13dfa82', 'admin_state_up': True, 'status': 'ACTIVE', 'external_gateway_info': {'network_id': '335c9f9a-786f-4186-97c7-4fd76dd08977', 'external_fixed_ips': [{'subnet_id': '523f4444-6c0f-420f-9200-169bc09ed642', 'ip_address': '172.28.0.188'}], 'enable_snat': True}, 'gw_port_id': 'a3b8790b-51a6-4e65-b688-eb74af1518ef', 'description': '', 'availability_zones': ['nova'], 'distributed': False, 'ha': False, 'ha_vr_id': 0, 'availability_zone_hints': [], 'routes': [], 'flavor_id': None, 'tags': [], 'created_at': '2021-11-10T20:42:18Z', 'updated_at': '2021-11-10T20:42:20Z', 'revision_number': 3, 'project_id': '128a276acea043dc9c8ca307e13dfa82', 'gw_port': {'id': 'a3b8790b-51a6-4e65-b688-eb74af1518ef', 'name': '', 'network_id': '335c9f9a-786f-4186-97c7-4fd76dd08977', 'tenant_id': '', 'mac_address': 'fa:16:3e:df:65:8e', 'admin_state_up': True, 'status': 'DOWN', 'device_id': '1f429c24-586a-4e9d-9aaa-53fa9beaa80c', 'device_owner': 'network:router_gateway', 'standard_attr_id': 70, 'fixed_ips': [{'subnet_id': '523f4444-6c0f-420f-9200-169bc09ed642', 'ip_address': '172.28.0.188', 'prefixlen': 24}], 'allowed_address_pairs': [], 'extra_dhcp_opts': [], 'security_groups': [], 'description': '', 'binding:vnic_type': 'normal', 'binding:profile': {}, 'binding:host_id': 'dv-cinder-815146-7-smb', 'binding:vif_type': 'ovs', 'binding:vif_details': {'connectivity': 'l2', 'port_filter': True, 'ovs_hybrid_plug': False, 'datapath_type': 'system', 'bridge_name': 'br-int'}, 'port_security_enabled': False, 'tags': [], 'created_at': '2021-11-10T20:42:19Z', 'updated_at': '2021-11-10T20:42:23Z', 'revision_number': 3, 'project_id': '', 'subnets': [{'id': '523f4444-6c0f-420f-9200-169bc09ed642', 'cidr': '172.28.0.0/24', 'gateway_ip': '172.28.0.1', 'dns_nameservers': [], 'ipv6_ra_mode': None, 'subnetpool_id': None}], 'extra_subnets': [], 'address_scopes': {4: None, 6: None}, 'mtu': 1500}, 'enable_snat': True, 'gw_port_host': 'dv-cinder-815146-7-smb'}] {{(pid=109205) sync_routers /opt/stack/neutron/neutron/api/rpc/handlers/l3_rpc.py:137}}
Nov 10 20:42:24.411335 dv-cinder-815146-7-smb neutron-server[109203]: DEBUG neutron_lib.callbacks.manager [None req-090cc9bb-e353-4404-930b-eb9fe43338ad admin admin] Publish callbacks ['neutron.plugins.ml2.ovo_rpc._ObjectChangeHandler.handle_event-1576153'] for security_group, after_create {{(pid=109203) _notify_loop /usr/local/lib/python3.8/dist-packages/neutron_lib/callbacks/manager.py:175}}
Nov 10 20:42:24.456269 dv-cinder-815146-7-smb neutron-server[109202]: INFO neutron.wsgi [req-c34c0a96-a88e-4fb3-8afa-9b01f092d568 req-630d7561-7759-41ac-bea7-c8c2af1b6237 service neutron] 10.222.0.36 "GET /v2.0/networks/37ce0959-9057-4bbd-91b0-2882382479fe?fields=provider%3Aphysical_network&fields=provider%3Anetwork_type HTTP/1.1" status: 200 len: 281 time: 0.3867290
Nov 10 20:42:24.480202 dv-cinder-815146-7-smb neutron-server[109203]: INFO neutron.wsgi [req-a1a5139e-a97c-4db5-a378-679bde86557a req-101e65a2-85e1-4934-a603-f58877833477 tempest-AttachVolumeNegativeTest-1968523780 tempest-AttachVolumeNegativeTest-1968523780-project] 10.222.0.36 "GET /v2.0/ports?tenant_id=c4e132e99f1c427188cf01eb317a4135&fields=id HTTP/1.1" status: 200 len: 210 time: 0.4361053
Nov 10 20:42:24.526710 dv-cinder-815146-7-smb neutron-server[109202]: DEBUG neutron_lib.callbacks.manager [None req-b8411a6a-3ff5-448b-ae23-8dbe6accf619 admin admin] Publish callbacks [] for port, precommit_create {{(pid=109202) _notify_loop /usr/local/lib/python3.8/dist-packages/neutron_lib/callbacks/manager.py:175}}
Nov 10 20:42:24.574116 dv-cinder-815146-7-smb neutron-server[109202]: DEBUG neutron.pecan_wsgi.hooks.quota_enforcement [None req-4ca19828-3a69-47bc-8104-9f19f0da0484 admin admin] Made reservation on behalf of 07cf3c31d1444f99856d827869291b00 for: {'subnet': 1} {{(pid=109202) before /opt/stack/neutron/neutron/pecan_wsgi/hooks/quota_enforcement.py:53}}
Nov 10 20:42:24.578391 dv-cinder-815146-7-smb neutron-server[109202]: DEBUG neutron_lib.callbacks.manager [None req-4ca19828-3a69-47bc-8104-9f19f0da0484 admin admin] Publish callbacks [] for subnet, before_create {{(pid=109202) _notify_loop /usr/local/lib/python3.8/dist-packages/neutron_lib/callbacks/manager.py:175}}
Nov 10 20:42:24.584946 dv-cinder-815146-7-smb neutron-server[109203]: DEBUG neutron.api.rpc.handlers.resources_rpc [None req-090cc9bb-e353-4404-930b-eb9fe43338ad admin admin] Pushing event updated for resources: {'SecurityGroup': ['ID=ee5a6ae3-bfaf-4478-b06a-4384459c6c20,revision_number=1']} {{(pid=109203) push /opt/stack/neutron/neutron/api/rpc/handlers/resources_rpc.py:237}}
Nov 10 20:42:24.618043 dv-cinder-815146-7-smb neutron-server[109204]: DEBUG neutron.api.rpc.handlers.dhcp_rpc [None req-6955c3dd-4e92-477a-9867-ac38d66e8b98 None None] Network 9cfd23f4-fc3f-4979-b44d-41b98922f878 requested from dv-cinder-815146-7-smb {{(pid=109204) get_network_info /opt/stack/neutron/neutron/api/rpc/handlers/dhcp_rpc.py:218}}
Nov 10 20:42:24.641400 dv-cinder-815146-7-smb neutron-server[109203]: INFO neutron.wsgi [None req-090cc9bb-e353-4404-930b-eb9fe43338ad admin admin] 10.222.0.36 "GET /v2.0/security-groups?tenant_id=49eb5d48b84446129492e714e760b927&name=default HTTP/1.1" status: 200 len: 2992 time: 1.4420826
Nov 10 20:42:24.643854 dv-cinder-815146-7-smb neutron-server[109203]: DEBUG neutron.wsgi [-] (109203) accepted ('10.222.0.36', 50692) {{(pid=109203) server /usr/local/lib/python3.8/dist-packages/eventlet/wsgi.py:982}}
Nov 10 20:42:24.666108 dv-cinder-815146-7-smb neutron-server[109202]: DEBUG neutron_lib.callbacks.manager [None req-b8411a6a-3ff5-448b-ae23-8dbe6accf619 admin admin] Publish callbacks ['neutron.plugins.ml2.plugin.SecurityGroupServerNotifierRpcMixin._notify_sg_on_port_change-3623637', 'neutron.plugins.ml2.ovo_rpc._ObjectChangeHandler.handle_event-219265', 'neutron.api.rpc.agentnotifiers.dhcp_rpc_agent_api.DhcpAgentNotifyAPI._native_event_send_dhcp_notification-1600416', 'neutron.db.l3_dvrscheduler_db._notify_l3_agent_new_port-8773146956665'] for port, after_create {{(pid=109202) _notify_loop /usr/local/lib/python3.8/dist-packages/neutron_lib/callbacks/manager.py:175}}
Nov 10 20:42:24.688332 dv-cinder-815146-7-smb neutron-server[109202]: DEBUG neutron.scheduler.dhcp_agent_scheduler [None req-b8411a6a-3ff5-448b-ae23-8dbe6accf619 admin admin] Network 24fce568-cb96-4aa1-b8fc-1cde3ef4e55e is already hosted by enough agents. {{(pid=109202) _get_dhcp_agents_hosting_network /opt/stack/neutron/neutron/scheduler/dhcp_agent_scheduler.py:275}}
Nov 10 20:42:24.692632 dv-cinder-815146-7-smb neutron-server[109202]: DEBUG neutron.scheduler.base_scheduler [None req-b8411a6a-3ff5-448b-ae23-8dbe6accf619 admin admin] Resources bound (agent type, host, resource id): {{(pid=109202) schedule /opt/stack/neutron/neutron/scheduler/base_scheduler.py:57}}
Nov 10 20:42:24.720247 dv-cinder-815146-7-smb neutron-server[109202]: DEBUG neutron.db.l3_dvrscheduler_db [None req-b8411a6a-3ff5-448b-ae23-8dbe6accf619 admin admin] Received port after_create {{(pid=109202) _notify_l3_agent_new_port /opt/stack/neutron/neutron/db/l3_dvrscheduler_db.py:535}}
Nov 10 20:42:24.720729 dv-cinder-815146-7-smb neutron-server[109202]: DEBUG neutron_lib.callbacks.manager [None req-b8411a6a-3ff5-448b-ae23-8dbe6accf619 admin admin] Publish callbacks ['neutron.services.l3_router.l3_router_plugin.DVRResourceOperationHandler._add_csnat_on_interface_create-1704034'] for router_interface, before_create {{(pid=109202) _notify_loop /usr/local/lib/python3.8/dist-packages/neutron_lib/callbacks/manager.py:175}}
Nov 10 20:42:24.868734 dv-cinder-815146-7-smb neutron-server[109204]: DEBUG neutron.db.provisioning_blocks [None req-7cb48769-d8bf-4e53-b5cd-76c518647a8a None None] Provisioning complete for port f03bf928-3c9c-4f02-b3e9-abe524fe15f7 triggered by entity DHCP. {{(pid=109204) provisioning_complete /opt/stack/neutron/neutron/db/provisioning_blocks.py:139}}
Nov 10 20:42:24.869487 dv-cinder-815146-7-smb neutron-server[109204]: DEBUG neutron_lib.callbacks.manager [None req-7cb48769-d8bf-4e53-b5cd-76c518647a8a None None] Publish callbacks ['neutron.plugins.ml2.plugin.Ml2Plugin._port_provisioned-3539750'] for port, provisioning_complete {{(pid=109204) _notify_loop /usr/local/lib/python3.8/dist-packages/neutron_lib/callbacks/manager.py:175}}
Nov 10 20:42:24.926371 dv-cinder-815146-7-smb neutron-server[109204]: DEBUG neutron.plugins.ml2.rpc [None req-09ad3440-02eb-48bd-bbf8-297696862f27 None None] Device f03bf928-3c9c-4f02-b3e9-abe524fe15f7 up at agent ovs-agent-dv-cinder-815146-7-smb {{(pid=109204) update_device_up /opt/stack/neutron/neutron/plugins/ml2/rpc.py:296}}
Nov 10 20:42:24.980938 dv-cinder-815146-7-smb neutron-server[109203]: DEBUG neutron.wsgi [req-a1a5139e-a97c-4db5-a378-679bde86557a req-db77eb68-6243-4458-9d95-b51592c2cb59 service neutron] http://10.222.0.36:9696/v2.0/extensions returned with HTTP 200 {{(pid=109203) __call__ /opt/stack/neutron/neutron/wsgi.py:729}}
Nov 10 20:42:24.996106 dv-cinder-815146-7-smb neutron-server[109203]: INFO neutron.wsgi [req-a1a5139e-a97c-4db5-a378-679bde86557a req-db77eb68-6243-4458-9d95-b51592c2cb59 service neutron] 10.222.0.36 "GET /v2.0/extensions HTTP/1.1" status: 200 len: 14082 time: 0.3319714
Nov 10 20:42:25.029741 dv-cinder-815146-7-smb neutron-server[109202]: DEBUG neutron.api.rpc.handlers.resources_rpc [None req-b8411a6a-3ff5-448b-ae23-8dbe6accf619 admin admin] Pushing event updated for resources: {'Port': ['ID=fafc6a00-ace8-44bf-b21c-98e3b8cac0e7,revision_number=1']} {{(pid=109202) push /opt/stack/neutron/neutron/api/rpc/handlers/resources_rpc.py:237}}
Nov 10 20:42:25.175640 dv-cinder-815146-7-smb neutron-server[109204]: DEBUG neutron.db.provisioning_blocks [None req-09ad3440-02eb-48bd-bbf8-297696862f27 None None] Provisioning complete for port f03bf928-3c9c-4f02-b3e9-abe524fe15f7 triggered by entity L2. {{(pid=109204) provisioning_complete /opt/stack/neutron/neutron/db/provisioning_blocks.py:139}}
Nov 10 20:42:25.177070 dv-cinder-815146-7-smb neutron-server[109204]: DEBUG neutron_lib.callbacks.manager [None req-09ad3440-02eb-48bd-bbf8-297696862f27 None None] Publish callbacks ['neutron.plugins.ml2.plugin.Ml2Plugin._port_provisioned-3539750'] for port, provisioning_complete {{(pid=109204) _notify_loop /usr/local/lib/python3.8/dist-packages/neutron_lib/callbacks/manager.py:175}}
