Oct 28 09:36:18.553471 dv-cinder-815146-5-iscsi devstack@c-api.service[108382]: [pid: 108382|app: 0|req: 18/36] 10.222.0.113 () {60 vars in 1367 bytes} [Thu Oct 28 09:36:18 2021] GET /volume/v3/a23d195f9d104f389593dd2e4ed3a93f/groups/763d4150-8ef9-4018-ba68-ccf3365660ea => generated 388 bytes in 54 msecs (HTTP/1.1 200) 7 headers in 286 bytes (2 switches on core 0)
Oct 28 09:36:18.899541 dv-cinder-815146-5-iscsi devstack@c-api.service[108381]: INFO cinder.api.openstack.wsgi [req-792199cf-6fda-4956-9078-dcfe9b1ac5c2 req-ab71452e-df1a-4df5-b143-968fad477506 tempest-VolumesSnapshotsTestJSON-1280625998 tempest-VolumesSnapshotsTestJSON-1280625998-project] POST http://10.222.0.113/volume/v3/e7262762ca1f475d98361fd87baa8d4a/snapshots
Oct 28 09:36:18.900015 dv-cinder-815146-5-iscsi devstack@c-api.service[108381]: /usr/local/lib/python3.8/dist-packages/webob/acceptparse.py:1047: DeprecationWarning: The behavior of AcceptValidHeader.best_match is currently being maintained for backward compatibility, but it will be deprecated in the future, as it does not conform to the RFC.
Oct 28 09:36:18.900015 dv-cinder-815146-5-iscsi devstack@c-api.service[108381]: warnings.warn(
Oct 28 09:36:18.900384 dv-cinder-815146-5-iscsi devstack@c-api.service[108381]: DEBUG cinder.api.openstack.wsgi [req-792199cf-6fda-4956-9078-dcfe9b1ac5c2 req-ab71452e-df1a-4df5-b143-968fad477506 tempest-VolumesSnapshotsTestJSON-1280625998 tempest-VolumesSnapshotsTestJSON-1280625998-project] Action: 'create', calling method: create, body: {"snapshot": {"volume_id": "671ec13c-ea11-4441-86fa-eae44b1fd7c3", "force": false, "name": "tempest-VolumesSnapshotsTestJSON-Snapshot-1377072308", "description": null, "metadata": {}}} {{(pid=108381) _process_stack /opt/stack/cinder/cinder/api/openstack/wsgi.py:854}}
Oct 28 09:36:18.934716 dv-cinder-815146-5-iscsi devstack@c-api.service[108381]: /usr/local/lib/python3.8/dist-packages/oslo_context/context.py:105: DeprecationWarning: Policy enforcement is depending on the value of is_admin. This key is deprecated. Please update your policy file to use the standard policy values.
Oct 28 09:36:18.934716 dv-cinder-815146-5-iscsi devstack@c-api.service[108381]: warnings.warn('Policy enforcement is depending on the value of '
Oct 28 09:36:18.936259 dv-cinder-815146-5-iscsi devstack@c-api.service[108381]: INFO cinder.volume.api [req-792199cf-6fda-4956-9078-dcfe9b1ac5c2 req-ab71452e-df1a-4df5-b143-968fad477506 tempest-VolumesSnapshotsTestJSON-1280625998 tempest-VolumesSnapshotsTestJSON-1280625998-project] Volume info retrieved successfully.
Oct 28 09:36:18.936786 dv-cinder-815146-5-iscsi devstack@c-api.service[108381]: INFO cinder.api.v3.snapshots [req-792199cf-6fda-4956-9078-dcfe9b1ac5c2 req-ab71452e-df1a-4df5-b143-968fad477506 tempest-VolumesSnapshotsTestJSON-1280625998 tempest-VolumesSnapshotsTestJSON-1280625998-project] Create snapshot from volume 671ec13c-ea11-4441-86fa-eae44b1fd7c3
Oct 28 09:36:18.987578 dv-cinder-815146-5-iscsi devstack@c-api.service[108381]: WARNING cinder.quota [req-792199cf-6fda-4956-9078-dcfe9b1ac5c2 req-ab71452e-df1a-4df5-b143-968fad477506 tempest-VolumesSnapshotsTestJSON-1280625998 tempest-VolumesSnapshotsTestJSON-1280625998-project] Deprecated: Default quota for resource: snapshots___DEFAULT__ is set by the default quota flag: quota_snapshots___DEFAULT__, it is now deprecated. Please use the default quota class for default quota.
Oct 28 09:36:19.062106 dv-cinder-815146-5-iscsi devstack@c-api.service[108381]: DEBUG cinder.quota [req-792199cf-6fda-4956-9078-dcfe9b1ac5c2 req-ab71452e-df1a-4df5-b143-968fad477506 tempest-VolumesSnapshotsTestJSON-1280625998 tempest-VolumesSnapshotsTestJSON-1280625998-project] Created reservations ['a3c806d1-b139-49a4-97eb-28ca67e6534f', 'be48bafd-c04f-4b28-ba50-90c569cdf451', 'cd2ee17b-8fdd-40a5-b50c-7cd782fc6545', 'd2325174-1336-4318-9dce-cc314597f4ae'] {{(pid=108381) reserve /opt/stack/cinder/cinder/quota.py:755}}
Oct 28 09:36:19.303350 dv-cinder-815146-5-iscsi devstack@c-api.service[108381]: INFO cinder.volume.api [req-792199cf-6fda-4956-9078-dcfe9b1ac5c2 req-ab71452e-df1a-4df5-b143-968fad477506 tempest-VolumesSnapshotsTestJSON-1280625998 tempest-VolumesSnapshotsTestJSON-1280625998-project] Snapshot create request issued successfully.
Oct 28 09:36:19.306140 dv-cinder-815146-5-iscsi devstack@c-api.service[108381]: INFO cinder.api.openstack.wsgi [req-792199cf-6fda-4956-9078-dcfe9b1ac5c2 req-ab71452e-df1a-4df5-b143-968fad477506 tempest-VolumesSnapshotsTestJSON-1280625998 tempest-VolumesSnapshotsTestJSON-1280625998-project] http://10.222.0.113/volume/v3/e7262762ca1f475d98361fd87baa8d4a/snapshots returned with HTTP 202
Oct 28 09:36:19.308649 dv-cinder-815146-5-iscsi devstack@c-api.service[108381]: [pid: 108381|app: 0|req: 19/37] 10.222.0.113 () {64 vars in 1532 bytes} [Thu Oct 28 09:36:18 2021] POST /volume/v3/e7262762ca1f475d98361fd87baa8d4a/snapshots => generated 311 bytes in 414 msecs (HTTP/1.1 202) 7 headers in 291 bytes (1 switches on core 0)
Oct 28 09:36:19.348657 dv-cinder-815146-5-iscsi devstack@c-api.service[108382]: INFO cinder.api.openstack.wsgi [req-6bb35239-2571-40ec-ab60-433f586cfa18 req-954b9ec0-ab11-42d9-ac17-d9f310d54953 tempest-VolumesGetTestJSON-1117031025 tempest-VolumesGetTestJSON-1117031025-project] GET http://10.222.0.113/volume/v3/f1d6a1510d0a4144b2af356ab36cc9cc/volumes/0f50fc2f-466a-4b24-a013-17bc2b05f580
Oct 28 09:36:19.349395 dv-cinder-815146-5-iscsi devstack@c-api.service[108382]: DEBUG cinder.api.openstack.wsgi [req-6bb35239-2571-40ec-ab60-433f586cfa18 req-954b9ec0-ab11-42d9-ac17-d9f310d54953 tempest-VolumesGetTestJSON-1117031025 tempest-VolumesGetTestJSON-1117031025-project] Empty body provided in request {{(pid=108382) get_body /opt/stack/cinder/cinder/api/openstack/wsgi.py:703}}
Oct 28 09:36:19.349752 dv-cinder-815146-5-iscsi devstack@c-api.service[108382]: /usr/local/lib/python3.8/dist-packages/webob/acceptparse.py:1047: DeprecationWarning: The behavior of AcceptValidHeader.best_match is currently being maintained for backward compatibility, but it will be deprecated in the future, as it does not conform to the RFC.
Oct 28 09:36:19.349752 dv-cinder-815146-5-iscsi devstack@c-api.service[108382]: warnings.warn(
Oct 28 09:36:19.350290 dv-cinder-815146-5-iscsi devstack@c-api.service[108382]: DEBUG cinder.api.openstack.wsgi [req-6bb35239-2571-40ec-ab60-433f586cfa18 req-954b9ec0-ab11-42d9-ac17-d9f310d54953 tempest-VolumesGetTestJSON-1117031025 tempest-VolumesGetTestJSON-1117031025-project] Calling method 'show' {{(pid=108382) _process_stack /opt/stack/cinder/cinder/api/openstack/wsgi.py:856}}
Oct 28 09:36:19.401184 dv-cinder-815146-5-iscsi devstack@c-api.service[108382]: /usr/local/lib/python3.8/dist-packages/oslo_context/context.py:105: DeprecationWarning: Policy enforcement is depending on the value of is_admin. This key is deprecated. Please update your policy file to use the standard policy values.
Oct 28 09:36:19.401184 dv-cinder-815146-5-iscsi devstack@c-api.service[108382]: warnings.warn('Policy enforcement is depending on the value of '
Oct 28 09:36:19.420146 dv-cinder-815146-5-iscsi devstack@c-api.service[108382]: INFO cinder.volume.api [req-6bb35239-2571-40ec-ab60-433f586cfa18 req-954b9ec0-ab11-42d9-ac17-d9f310d54953 tempest-VolumesGetTestJSON-1117031025 tempest-VolumesGetTestJSON-1117031025-project] Volume info retrieved successfully.
Oct 28 09:36:19.437409 dv-cinder-815146-5-iscsi devstack@c-api.service[108382]: INFO cinder.api.openstack.wsgi [req-6bb35239-2571-40ec-ab60-433f586cfa18 req-954b9ec0-ab11-42d9-ac17-d9f310d54953 tempest-VolumesGetTestJSON-1117031025 tempest-VolumesGetTestJSON-1117031025-project] http://10.222.0.113/volume/v3/f1d6a1510d0a4144b2af356ab36cc9cc/volumes/0f50fc2f-466a-4b24-a013-17bc2b05f580 returned with HTTP 200
Oct 28 09:36:19.439395 dv-cinder-815146-5-iscsi devstack@c-api.service[108382]: [pid: 108382|app: 0|req: 19/38] 10.222.0.113 () {60 vars in 1583 bytes} [Thu Oct 28 09:36:19 2021] GET /volume/v3/f1d6a1510d0a4144b2af356ab36cc9cc/volumes/0f50fc2f-466a-4b24-a013-17bc2b05f580 => generated 926 bytes in 96 msecs (HTTP/1.1 200) 7 headers in 285 bytes (1 switches on core 0)
Oct 28 09:36:19.473306 dv-cinder-815146-5-iscsi devstack@c-api.service[108381]: INFO cinder.api.openstack.wsgi [req-6a1d861c-68d2-4e0c-be3c-c1cc22c5a3b6 req-59da5858-6c90-4fdd-a4b3-41bc85d248a5 tempest-VolumesTestJSON-1639477506 tempest-VolumesTestJSON-1639477506-project] GET http://10.222.0.113/volume/v3/40fdc9cb4e8e4e61a9763b94bd3bc97b/volumes/daed9cd5-0dde-41b4-82fb-022e60378e8a
Oct 28 09:36:19.484059 dv-cinder-815146-5-iscsi devstack@c-api.service[108381]: DEBUG cinder.api.openstack.wsgi [req-6a1d861c-68d2-4e0c-be3c-c1cc22c5a3b6 req-59da5858-6c90-4fdd-a4b3-41bc85d248a5 tempest-VolumesTestJSON-1639477506 tempest-VolumesTestJSON-1639477506-project] Empty body provided in request {{(pid=108381) get_body /opt/stack/cinder/cinder/api/openstack/wsgi.py:703}}
Oct 28 09:36:19.484059 dv-cinder-815146-5-iscsi devstack@c-api.service[108381]: /usr/local/lib/python3.8/dist-packages/webob/acceptparse.py:1047: DeprecationWarning: The behavior of AcceptValidHeader.best_match is currently being maintained for backward compatibility, but it will be deprecated in the future, as it does not conform to the RFC.
Oct 28 09:36:19.484059 dv-cinder-815146-5-iscsi devstack@c-api.service[108381]: warnings.warn(
Oct 28 09:36:19.484059 dv-cinder-815146-5-iscsi devstack@c-api.service[108381]: DEBUG cinder.api.openstack.wsgi [req-6a1d861c-68d2-4e0c-be3c-c1cc22c5a3b6 req-59da5858-6c90-4fdd-a4b3-41bc85d248a5 tempest-VolumesTestJSON-1639477506 tempest-VolumesTestJSON-1639477506-project] Calling method 'show' {{(pid=108381) _process_stack /opt/stack/cinder/cinder/api/openstack/wsgi.py:856}}
Oct 28 09:36:19.531193 dv-cinder-815146-5-iscsi devstack@c-api.service[108381]: /usr/local/lib/python3.8/dist-packages/oslo_context/context.py:105: DeprecationWarning: Policy enforcement is depending on the value of is_admin. This key is deprecated. Please update your policy file to use the standard policy values.
Oct 28 09:36:19.531193 dv-cinder-815146-5-iscsi devstack@c-api.service[108381]: warnings.warn('Policy enforcement is depending on the value of '
Oct 28 09:36:19.544043 dv-cinder-815146-5-iscsi devstack@c-api.service[108381]: INFO cinder.volume.api [req-6a1d861c-68d2-4e0c-be3c-c1cc22c5a3b6 req-59da5858-6c90-4fdd-a4b3-41bc85d248a5 tempest-VolumesTestJSON-1639477506 tempest-VolumesTestJSON-1639477506-project] Volume info retrieved successfully.
Oct 28 09:36:19.563656 dv-cinder-815146-5-iscsi devstack@c-api.service[108381]: INFO cinder.api.openstack.wsgi [req-6a1d861c-68d2-4e0c-be3c-c1cc22c5a3b6 req-59da5858-6c90-4fdd-a4b3-41bc85d248a5 tempest-VolumesTestJSON-1639477506 tempest-VolumesTestJSON-1639477506-project] http://10.222.0.113/volume/v3/40fdc9cb4e8e4e61a9763b94bd3bc97b/volumes/daed9cd5-0dde-41b4-82fb-022e60378e8a returned with HTTP 200
Oct 28 09:36:19.566010 dv-cinder-815146-5-iscsi devstack@c-api.service[108382]: INFO cinder.api.openstack.wsgi [None req-65a6cf19-df50-4f03-9786-d08cc2f6ace2 tempest-GroupsV320Test-797721417 tempest-GroupsV320Test-797721417-project] GET http://10.222.0.113/volume/v3/a23d195f9d104f389593dd2e4ed3a93f/groups/763d4150-8ef9-4018-ba68-ccf3365660ea
Oct 28 09:36:19.566771 dv-cinder-815146-5-iscsi devstack@c-api.service[108382]: DEBUG cinder.api.openstack.wsgi [None req-65a6cf19-df50-4f03-9786-d08cc2f6ace2 tempest-GroupsV320Test-797721417 tempest-GroupsV320Test-797721417-project] Empty body provided in request {{(pid=108382) get_body /opt/stack/cinder/cinder/api/openstack/wsgi.py:703}}
Oct 28 09:36:19.567145 dv-cinder-815146-5-iscsi devstack@c-api.service[108382]: /usr/local/lib/python3.8/dist-packages/webob/acceptparse.py:1047: DeprecationWarning: The behavior of AcceptValidHeader.best_match is currently being maintained for backward compatibility, but it will be deprecated in the future, as it does not conform to the RFC.
Oct 28 09:36:19.567145 dv-cinder-815146-5-iscsi devstack@c-api.service[108382]: warnings.warn(
Oct 28 09:36:19.567917 dv-cinder-815146-5-iscsi devstack@c-api.service[108382]: DEBUG cinder.api.openstack.wsgi [None req-65a6cf19-df50-4f03-9786-d08cc2f6ace2 tempest-GroupsV320Test-797721417 tempest-GroupsV320Test-797721417-project] Calling method 'version_select' {{(pid=108382) _process_stack /opt/stack/cinder/cinder/api/openstack/wsgi.py:856}}
Oct 28 09:36:19.568474 dv-cinder-815146-5-iscsi devstack@c-api.service[108382]: DEBUG cinder.api.v3.groups [None req-65a6cf19-df50-4f03-9786-d08cc2f6ace2 tempest-GroupsV320Test-797721417 tempest-GroupsV320Test-797721417-project] show called for member 763d4150-8ef9-4018-ba68-ccf3365660ea {{(pid=108382) show /opt/stack/cinder/cinder/api/v3/groups.py:58}}
Oct 28 09:36:19.568909 dv-cinder-815146-5-iscsi devstack@c-api.service[108381]: [pid: 108381|app: 0|req: 20/39] 10.222.0.113 () {60 vars in 1583 bytes} [Thu Oct 28 09:36:19 2021] GET /volume/v3/40fdc9cb4e8e4e61a9763b94bd3bc97b/volumes/daed9cd5-0dde-41b4-82fb-022e60378e8a => generated 923 bytes in 104 msecs (HTTP/1.1 200) 7 headers in 285 bytes (1 switches on core 0)
Oct 28 09:36:19.591757 dv-cinder-815146-5-iscsi devstack@c-api.service[108382]: INFO cinder.api.openstack.wsgi [None req-65a6cf19-df50-4f03-9786-d08cc2f6ace2 tempest-GroupsV320Test-797721417 tempest-GroupsV320Test-797721417-project] http://10.222.0.113/volume/v3/a23d195f9d104f389593dd2e4ed3a93f/groups/763d4150-8ef9-4018-ba68-ccf3365660ea returned with HTTP 404
Oct 28 09:36:19.591937 dv-cinder-815146-5-iscsi devstack@c-api.service[108381]: INFO cinder.api.openstack.wsgi [None req-521e93f8-54c1-4acb-a1b1-ef78e40d32f2 tempest-VolumesTestJSON-1639477506 tempest-VolumesTestJSON-1639477506-project] POST http://10.222.0.113/volume/v3/40fdc9cb4e8e4e61a9763b94bd3bc97b/volumes
Oct 28 09:36:19.594114 dv-cinder-815146-5-iscsi devstack@c-api.service[108381]: /usr/local/lib/python3.8/dist-packages/webob/acceptparse.py:1047: DeprecationWarning: The behavior of AcceptValidHeader.best_match is currently being maintained for backward compatibility, but it will be deprecated in the future, as it does not conform to the RFC.
Oct 28 09:36:19.594114 dv-cinder-815146-5-iscsi devstack@c-api.service[108381]: warnings.warn(
Oct 28 09:36:19.595535 dv-cinder-815146-5-iscsi devstack@c-api.service[108381]: DEBUG cinder.api.openstack.wsgi [None req-521e93f8-54c1-4acb-a1b1-ef78e40d32f2 tempest-VolumesTestJSON-1639477506 tempest-VolumesTestJSON-1639477506-project] Action: 'create', calling method: create, body: {"volume": {"metadata": {"Type": "work"}, "size": 1, "display_name": "tempest-VolumesTestJSON-volume-492282749"}} {{(pid=108381) _process_stack /opt/stack/cinder/cinder/api/openstack/wsgi.py:854}}
Oct 28 09:36:19.596691 dv-cinder-815146-5-iscsi devstack@c-api.service[108382]: [pid: 108382|app: 0|req: 20/40] 10.222.0.113 () {60 vars in 1367 bytes} [Thu Oct 28 09:36:19 2021] GET /volume/v3/a23d195f9d104f389593dd2e4ed3a93f/groups/763d4150-8ef9-4018-ba68-ccf3365660ea => generated 108 bytes in 35 msecs (HTTP/1.1 404) 7 headers in 293 bytes (1 switches on core 0)
Oct 28 09:36:19.599994 dv-cinder-815146-5-iscsi devstack@c-api.service[108381]: DEBUG cinder.api.v3.volumes [None req-521e93f8-54c1-4acb-a1b1-ef78e40d32f2 tempest-VolumesTestJSON-1639477506 tempest-VolumesTestJSON-1639477506-project] Create volume request body: {'volume': {'metadata': {'Type': 'work'}, 'size': 1, 'display_name': 'tempest-VolumesTestJSON-volume-492282749'}} {{(pid=108381) create /opt/stack/cinder/cinder/api/v3/volumes.py:298}}
Oct 28 09:36:19.600466 dv-cinder-815146-5-iscsi devstack@c-api.service[108381]: INFO cinder.api.v3.volumes [None req-521e93f8-54c1-4acb-a1b1-ef78e40d32f2 tempest-VolumesTestJSON-1639477506 tempest-VolumesTestJSON-1639477506-project] Create volume of 1 GB
Oct 28 09:36:19.608963 dv-cinder-815146-5-iscsi devstack@c-api.service[108382]: INFO cinder.api.openstack.wsgi [None req-6787943c-4095-44df-aacd-fa74a5a0d500 tempest-GroupsV320Test-862629560 tempest-GroupsV320Test-862629560-project-admin] DELETE http://10.222.0.113/volume/v3/a48d0ffd2bc745f6a51b4eaaec46709b/group_types/40092164-2dbb-44d2-9313-4d4770bae689
Oct 28 09:36:19.617343 dv-cinder-815146-5-iscsi devstack@c-api.service[108382]: DEBUG cinder.api.openstack.wsgi [None req-6787943c-4095-44df-aacd-fa74a5a0d500 tempest-GroupsV320Test-862629560 tempest-GroupsV320Test-862629560-project-admin] Empty body provided in request {{(pid=108382) get_body /opt/stack/cinder/cinder/api/openstack/wsgi.py:703}}
Oct 28 09:36:19.618463 dv-cinder-815146-5-iscsi devstack@c-api.service[108382]: DEBUG cinder.api.openstack.wsgi [None req-6787943c-4095-44df-aacd-fa74a5a0d500 tempest-GroupsV320Test-862629560 tempest-GroupsV320Test-862629560-project-admin] Calling method 'version_select' {{(pid=108382) _process_stack /opt/stack/cinder/cinder/api/openstack/wsgi.py:856}}
Oct 28 09:36:19.628894 dv-cinder-815146-5-iscsi devstack@c-api.service[108381]: INFO cinder.volume.api [None req-521e93f8-54c1-4acb-a1b1-ef78e40d32f2 tempest-VolumesTestJSON-1639477506 tempest-VolumesTestJSON-1639477506-project] Availability Zones retrieved successfully.
Oct 28 09:36:19.688504 dv-cinder-815146-5-iscsi devstack@c-api.service[108381]: DEBUG cinder.volume.api [None req-521e93f8-54c1-4acb-a1b1-ef78e40d32f2 tempest-VolumesTestJSON-1639477506 tempest-VolumesTestJSON-1639477506-project] Flow 'volume_create_api' (2e1f3c85-c1b0-4b6a-a970-567bb5581fc7) transitioned into state 'RUNNING' from state 'PENDING' {{(pid=108381) _flow_receiver /usr/local/lib/python3.8/dist-packages/taskflow/listeners/logging.py:141}}
Oct 28 09:36:19.692019 dv-cinder-815146-5-iscsi devstack@c-api.service[108381]: DEBUG cinder.volume.api [None req-521e93f8-54c1-4acb-a1b1-ef78e40d32f2 tempest-VolumesTestJSON-1639477506 tempest-VolumesTestJSON-1639477506-project] Task 'cinder.volume.flows.api.create_volume.ExtractVolumeRequestTask;volume:create' (d272dfc5-4cc6-402d-90cd-66969e4d57c4) transitioned into state 'RUNNING' from state 'PENDING' {{(pid=108381) _task_receiver /usr/local/lib/python3.8/dist-packages/taskflow/listeners/logging.py:190}}
Oct 28 09:36:19.697415 dv-cinder-815146-5-iscsi devstack@c-api.service[108381]: DEBUG cinder.volume.flows.api.create_volume [None req-521e93f8-54c1-4acb-a1b1-ef78e40d32f2 tempest-VolumesTestJSON-1639477506 tempest-VolumesTestJSON-1639477506-project] Validating volume size '1' using validate_int {{(pid=108381) _extract_size /opt/stack/cinder/cinder/volume/flows/api/create_volume.py:225}}
Oct 28 09:36:19.703835 dv-cinder-815146-5-iscsi devstack@c-api.service[108382]: INFO cinder.api.openstack.wsgi [None req-6787943c-4095-44df-aacd-fa74a5a0d500 tempest-GroupsV320Test-862629560 tempest-GroupsV320Test-862629560-project-admin] http://10.222.0.113/volume/v3/a48d0ffd2bc745f6a51b4eaaec46709b/group_types/40092164-2dbb-44d2-9313-4d4770bae689 returned with HTTP 202
Oct 28 09:36:19.709730 dv-cinder-815146-5-iscsi devstack@c-api.service[108382]: [pid: 108382|app: 0|req: 21/41] 10.222.0.113 () {60 vars in 1385 bytes} [Thu Oct 28 09:36:19 2021] DELETE /volume/v3/a48d0ffd2bc745f6a51b4eaaec46709b/group_types/40092164-2dbb-44d2-9313-4d4770bae689 => generated 0 bytes in 112 msecs (HTTP/1.1 202) 6 headers in 234 bytes (1 switches on core 0)
Oct 28 09:36:19.718556 dv-cinder-815146-5-iscsi devstack@c-api.service[108382]: INFO cinder.api.openstack.wsgi [req-fe751849-9b78-4e78-9a1b-fc5cc46f1af0 req-8b9d39ff-606f-45a0-98b3-259426f1e1d3 tempest-VolumesSnapshotsTestJSON-1280625998 tempest-VolumesSnapshotsTestJSON-1280625998-project] GET http://10.222.0.113/volume/v3/e7262762ca1f475d98361fd87baa8d4a/snapshots/d60b0ad4-600e-4f3c-b144-74305df1189e
Oct 28 09:36:19.721909 dv-cinder-815146-5-iscsi devstack@c-api.service[108382]: DEBUG cinder.api.openstack.wsgi [req-fe751849-9b78-4e78-9a1b-fc5cc46f1af0 req-8b9d39ff-606f-45a0-98b3-259426f1e1d3 tempest-VolumesSnapshotsTestJSON-1280625998 tempest-VolumesSnapshotsTestJSON-1280625998-project] Empty body provided in request {{(pid=108382) get_body /opt/stack/cinder/cinder/api/openstack/wsgi.py:703}}
Oct 28 09:36:19.722706 dv-cinder-815146-5-iscsi devstack@c-api.service[108382]: DEBUG cinder.api.openstack.wsgi [req-fe751849-9b78-4e78-9a1b-fc5cc46f1af0 req-8b9d39ff-606f-45a0-98b3-259426f1e1d3 tempest-VolumesSnapshotsTestJSON-1280625998 tempest-VolumesSnapshotsTestJSON-1280625998-project] Calling method 'show' {{(pid=108382) _process_stack /opt/stack/cinder/cinder/api/openstack/wsgi.py:856}}
Oct 28 09:36:19.765959 dv-cinder-815146-5-iscsi devstack@c-api.service[108381]: DEBUG cinder.volume.api [None req-521e93f8-54c1-4acb-a1b1-ef78e40d32f2 tempest-VolumesTestJSON-1639477506 tempest-VolumesTestJSON-1639477506-project] Task 'cinder.volume.flows.api.create_volume.ExtractVolumeRequestTask;volume:create' (d272dfc5-4cc6-402d-90cd-66969e4d57c4) transitioned into state 'SUCCESS' from state 'RUNNING' with result '{'size': 1, 'snapshot_id': None, 'source_volid': None, 'volume_type': VolumeType(created_at=2021-10-28T09:26:40Z,deleted=False,deleted_at=None,description='Default Volume Type',extra_specs={},id=d02404d9-1306-4497-b510-8171d4d88514,is_public=True,name='__DEFAULT__',projects=[],qos_specs=,qos_specs_id=None,updated_at=2021-10-28T09:26:40Z), 'volume_type_id': 'd02404d9-1306-4497-b510-8171d4d88514', 'encryption_key_id': None, 'qos_specs': None, 'consistencygroup_id': None, 'cgsnapshot_id': None, 'group_id': None, 'replication_status': 'disabled', 'refresh_az': False, 'backup_id': None, 'multiattach': False, 'availability_zones': ['nova']}' {{(pid=108381) _task_receiver /usr/local/lib/python3.8/dist-packages/taskflow/listeners/logging.py:178}}
Oct 28 09:36:19.768547 dv-cinder-815146-5-iscsi devstack@c-api.service[108381]: DEBUG cinder.volume.api [None req-521e93f8-54c1-4acb-a1b1-ef78e40d32f2 tempest-VolumesTestJSON-1639477506 tempest-VolumesTestJSON-1639477506-project] Task 'cinder.volume.flows.api.create_volume.QuotaReserveTask;volume:create' (6f9421f6-937d-4fd5-9b95-c5dcd33df019) transitioned into state 'RUNNING' from state 'PENDING' {{(pid=108381) _task_receiver /usr/local/lib/python3.8/dist-packages/taskflow/listeners/logging.py:190}}
Oct 28 09:36:19.885033 dv-cinder-815146-5-iscsi devstack@c-api.service[108382]: /usr/local/lib/python3.8/dist-packages/oslo_context/context.py:105: DeprecationWarning: Policy enforcement is depending on the value of is_admin. This key is deprecated. Please update your policy file to use the standard policy values.
Oct 28 09:36:19.885033 dv-cinder-815146-5-iscsi devstack@c-api.service[108382]: warnings.warn('Policy enforcement is depending on the value of '
Oct 28 09:36:19.890977 dv-cinder-815146-5-iscsi devstack@c-api.service[108382]: INFO cinder.volume.api [req-fe751849-9b78-4e78-9a1b-fc5cc46f1af0 req-8b9d39ff-606f-45a0-98b3-259426f1e1d3 tempest-VolumesSnapshotsTestJSON-1280625998 tempest-VolumesSnapshotsTestJSON-1280625998-project] Snapshot retrieved successfully.
Oct 28 09:36:19.892240 dv-cinder-815146-5-iscsi devstack@c-api.service[108381]: DEBUG cinder.quota [None req-521e93f8-54c1-4acb-a1b1-ef78e40d32f2 tempest-VolumesTestJSON-1639477506 tempest-VolumesTestJSON-1639477506-project] Created reservations ['fc19e791-5069-43e1-921a-e6eefc05b898', 'ddf0a4b7-2105-4895-b168-503acc6d0fc6', 'e7579f21-284a-4982-957a-e779a2c82e77', '1ea7e867-ab67-4d50-999e-99755c371a04'] {{(pid=108381) reserve /opt/stack/cinder/cinder/quota.py:755}}
Oct 28 09:36:19.894102 dv-cinder-815146-5-iscsi devstack@c-api.service[108381]: DEBUG cinder.volume.api [None req-521e93f8-54c1-4acb-a1b1-ef78e40d32f2 tempest-VolumesTestJSON-1639477506 tempest-VolumesTestJSON-1639477506-project] Task 'cinder.volume.flows.api.create_volume.QuotaReserveTask;volume:create' (6f9421f6-937d-4fd5-9b95-c5dcd33df019) transitioned into state 'SUCCESS' from state 'RUNNING' with result '{'reservations': ['fc19e791-5069-43e1-921a-e6eefc05b898', 'ddf0a4b7-2105-4895-b168-503acc6d0fc6', 'e7579f21-284a-4982-957a-e779a2c82e77', '1ea7e867-ab67-4d50-999e-99755c371a04']}' {{(pid=108381) _task_receiver /usr/local/lib/python3.8/dist-packages/taskflow/listeners/logging.py:178}}
Oct 28 09:36:19.896189 dv-cinder-815146-5-iscsi devstack@c-api.service[108381]: DEBUG cinder.volume.api [None req-521e93f8-54c1-4acb-a1b1-ef78e40d32f2 tempest-VolumesTestJSON-1639477506 tempest-VolumesTestJSON-1639477506-project] Task 'cinder.volume.flows.api.create_volume.EntryCreateTask;volume:create' (05c4d4ce-458b-42c2-b79a-5bf296bdfb2d) transitioned into state 'RUNNING' from state 'PENDING' {{(pid=108381) _task_receiver /usr/local/lib/python3.8/dist-packages/taskflow/listeners/logging.py:190}}
Oct 28 09:36:19.897937 dv-cinder-815146-5-iscsi devstack@c-api.service[108382]: INFO cinder.api.openstack.wsgi [req-fe751849-9b78-4e78-9a1b-fc5cc46f1af0 req-8b9d39ff-606f-45a0-98b3-259426f1e1d3 tempest-VolumesSnapshotsTestJSON-1280625998 tempest-VolumesSnapshotsTestJSON-1280625998-project] http://10.222.0.113/volume/v3/e7262762ca1f475d98361fd87baa8d4a/snapshots/d60b0ad4-600e-4f3c-b144-74305df1189e returned with HTTP 200
Oct 28 09:36:19.904366 dv-cinder-815146-5-iscsi devstack@c-api.service[108382]: [pid: 108382|app: 0|req: 22/42] 10.222.0.113 () {60 vars in 1589 bytes} [Thu Oct 28 09:36:19 2021] GET /volume/v3/e7262762ca1f475d98361fd87baa8d4a/snapshots/d60b0ad4-600e-4f3c-b144-74305df1189e => generated 443 bytes in 193 msecs (HTTP/1.1 200) 7 headers in 285 bytes (1 switches on core 0)
Oct 28 09:36:19.919204 dv-cinder-815146-5-iscsi devstack@c-api.service[108382]: INFO cinder.api.openstack.wsgi [None req-bf05aa65-e204-4414-812a-f89329040321 tempest-GroupsV320Test-862629560 tempest-GroupsV320Test-862629560-project-admin] DELETE http://10.222.0.113/volume/v3/a48d0ffd2bc745f6a51b4eaaec46709b/types/42d1a8cc-2e6a-422b-819b-81d8ca53a49f
Oct 28 09:36:19.920270 dv-cinder-815146-5-iscsi devstack@c-api.service[108382]: DEBUG cinder.api.openstack.wsgi [None req-bf05aa65-e204-4414-812a-f89329040321 tempest-GroupsV320Test-862629560 tempest-GroupsV320Test-862629560-project-admin] Empty body provided in request {{(pid=108382) get_body /opt/stack/cinder/cinder/api/openstack/wsgi.py:703}}
Oct 28 09:36:19.921247 dv-cinder-815146-5-iscsi devstack@c-api.service[108382]: /usr/local/lib/python3.8/dist-packages/webob/acceptparse.py:1047: DeprecationWarning: The behavior of AcceptValidHeader.best_match is currently being maintained for backward compatibility, but it will be deprecated in the future, as it does not conform to the RFC.
Oct 28 09:36:19.921247 dv-cinder-815146-5-iscsi devstack@c-api.service[108382]: warnings.warn(
Oct 28 09:36:19.923546 dv-cinder-815146-5-iscsi devstack@c-api.service[108382]: DEBUG cinder.api.openstack.wsgi [None req-bf05aa65-e204-4414-812a-f89329040321 tempest-GroupsV320Test-862629560 tempest-GroupsV320Test-862629560-project-admin] Calling method '_delete' {{(pid=108382) _process_stack /opt/stack/cinder/cinder/api/openstack/wsgi.py:856}}
Oct 28 09:36:19.951409 dv-cinder-815146-5-iscsi devstack@c-api.service[108381]: DEBUG cinder.volume.api [None req-521e93f8-54c1-4acb-a1b1-ef78e40d32f2 tempest-VolumesTestJSON-1639477506 tempest-VolumesTestJSON-1639477506-project] Task 'cinder.volume.flows.api.create_volume.EntryCreateTask;volume:create' (05c4d4ce-458b-42c2-b79a-5bf296bdfb2d) transitioned into state 'SUCCESS' from state 'RUNNING' with result '{'volume_id': 'f5e880b5-7f45-4047-9a3e-a52d05b1f40b', 'volume_properties': VolumeProperties(attach_status='detached',availability_zone='nova',cgsnapshot_id=None,consistencygroup_id=None,display_description=None,display_name='tempest-VolumesTestJSON-volume-492282749',encryption_key_id=None,group_id=None,group_type_id=,metadata={Type='work'},multiattach=False,project_id='40fdc9cb4e8e4e61a9763b94bd3bc97b',qos_specs=None,replication_status=,reservations=['fc19e791-5069-43e1-921a-e6eefc05b898','ddf0a4b7-2105-4895-b168-503acc6d0fc6','e7579f21-284a-4982-957a-e779a2c82e77','1ea7e867-ab67-4d50-999e-99755c371a04'],size=1,snapshot_id=None,source_replicaid=,source_volid=None,status='creating',user_id='8c5f2e95026f4f39a77fe75a09b2f804',volume_type_id=d02404d9-1306-4497-b510-8171d4d88514), 'volume': Volume(_name_id=None,admin_metadata=,attach_status='detached',availability_zone='nova',bootable=False,cluster=,cluster_name=None,consistencygroup=,consistencygroup_id=None,created_at=2021-10-28T09:36:19Z,deleted=False,deleted_at=None,display_description=None,display_name='tempest-VolumesTestJSON-volume-492282749',ec2_id=None,encryption_key_id=None,glance_metadata=,group=,group_id=None,host=None,id=f5e880b5-7f45-4047-9a3e-a52d05b1f40b,launched_at=None,metadata={Type='work'},migration_status=None,multiattach=False,previous_status=None,project_id='40fdc9cb4e8e4e61a9763b94bd3bc97b',provider_auth=None,provider_geometry=None,provider_id=None,provider_location=None,replication_driver_data=None,replication_extended_status=None,replication_status=None,scheduled_at=None,service_uuid=None,shared_targets=True,size=1,snapshot_id=None,snapshots=,source_volid=None,status='creating',terminated_at=None,updated_at=None,use_quota=True,user_id='8c5f2e95026f4f39a77fe75a09b2f804',volume_attachment=VolumeAttachmentList,volume_type=VolumeType(d02404d9-1306-4497-b510-8171d4d88514),volume_type_id=d02404d9-1306-4497-b510-8171d4d88514)}' {{(pid=108381) _task_receiver /usr/local/lib/python3.8/dist-packages/taskflow/listeners/logging.py:178}}
Oct 28 09:36:19.959666 dv-cinder-815146-5-iscsi devstack@c-api.service[108381]: DEBUG cinder.volume.api [None req-521e93f8-54c1-4acb-a1b1-ef78e40d32f2 tempest-VolumesTestJSON-1639477506 tempest-VolumesTestJSON-1639477506-project] Task 'cinder.volume.flows.api.create_volume.QuotaCommitTask;volume:create' (bbe61e39-720b-4e8e-8645-b15f4170cd48) transitioned into state 'RUNNING' from state 'PENDING' {{(pid=108381) _task_receiver /usr/local/lib/python3.8/dist-packages/taskflow/listeners/logging.py:190}}
Oct 28 09:36:20.000005 dv-cinder-815146-5-iscsi devstack@c-api.service[108381]: DEBUG cinder.volume.api [None req-521e93f8-54c1-4acb-a1b1-ef78e40d32f2 tempest-VolumesTestJSON-1639477506 tempest-VolumesTestJSON-1639477506-project] Task 'cinder.volume.flows.api.create_volume.QuotaCommitTask;volume:create' (bbe61e39-720b-4e8e-8645-b15f4170cd48) transitioned into state 'SUCCESS' from state 'RUNNING' with result '{'volume_properties': VolumeProperties(attach_status='detached',availability_zone='nova',cgsnapshot_id=None,consistencygroup_id=None,display_description=None,display_name='tempest-VolumesTestJSON-volume-492282749',encryption_key_id=None,group_id=None,group_type_id=,metadata={Type='work'},multiattach=False,project_id='40fdc9cb4e8e4e61a9763b94bd3bc97b',qos_specs=None,replication_status=,reservations=['fc19e791-5069-43e1-921a-e6eefc05b898','ddf0a4b7-2105-4895-b168-503acc6d0fc6','e7579f21-284a-4982-957a-e779a2c82e77','1ea7e867-ab67-4d50-999e-99755c371a04'],size=1,snapshot_id=None,source_replicaid=,source_volid=None,status='creating',user_id='8c5f2e95026f4f39a77fe75a09b2f804',volume_type_id=d02404d9-1306-4497-b510-8171d4d88514)}' {{(pid=108381) _task_receiver /usr/local/lib/python3.8/dist-packages/taskflow/listeners/logging.py:178}}
Oct 28 09:36:20.006145 dv-cinder-815146-5-iscsi devstack@c-api.service[108381]: DEBUG cinder.volume.api [None req-521e93f8-54c1-4acb-a1b1-ef78e40d32f2 tempest-VolumesTestJSON-1639477506 tempest-VolumesTestJSON-1639477506-project] Task 'cinder.volume.flows.api.create_volume.VolumeCastTask;volume:create' (fde7001f-f512-454c-b527-62b7f5133ad1) transitioned into state 'RUNNING' from state 'PENDING' {{(pid=108381) _task_receiver /usr/local/lib/python3.8/dist-packages/taskflow/listeners/logging.py:190}}
Oct 28 09:36:20.057596 dv-cinder-815146-5-iscsi devstack@c-api.service[108381]: DEBUG cinder.volume.api [None req-521e93f8-54c1-4acb-a1b1-ef78e40d32f2 tempest-VolumesTestJSON-1639477506 tempest-VolumesTestJSON-1639477506-project] Task 'cinder.volume.flows.api.create_volume.VolumeCastTask;volume:create' (fde7001f-f512-454c-b527-62b7f5133ad1) transitioned into state 'SUCCESS' from state 'RUNNING' with result 'None' {{(pid=108381) _task_receiver /usr/local/lib/python3.8/dist-packages/taskflow/listeners/logging.py:178}}
Oct 28 09:36:20.061922 dv-cinder-815146-5-iscsi devstack@c-api.service[108381]: DEBUG cinder.volume.api [None req-521e93f8-54c1-4acb-a1b1-ef78e40d32f2 tempest-VolumesTestJSON-1639477506 tempest-VolumesTestJSON-1639477506-project] Flow 'volume_create_api' (2e1f3c85-c1b0-4b6a-a970-567bb5581fc7) transitioned into state 'SUCCESS' from state 'RUNNING' {{(pid=108381) _flow_receiver /usr/local/lib/python3.8/dist-packages/taskflow/listeners/logging.py:141}}
Oct 28 09:36:20.066983 dv-cinder-815146-5-iscsi devstack@c-api.service[108381]: INFO cinder.volume.api [None req-521e93f8-54c1-4acb-a1b1-ef78e40d32f2 tempest-VolumesTestJSON-1639477506 tempest-VolumesTestJSON-1639477506-project] Create volume request issued successfully.
Oct 28 09:36:20.072733 dv-cinder-815146-5-iscsi devstack@c-api.service[108381]: INFO cinder.api.openstack.wsgi [None req-521e93f8-54c1-4acb-a1b1-ef78e40d32f2 tempest-VolumesTestJSON-1639477506 tempest-VolumesTestJSON-1639477506-project] http://10.222.0.113/volume/v3/40fdc9cb4e8e4e61a9763b94bd3bc97b/volumes returned with HTTP 202
Oct 28 09:36:20.074782 dv-cinder-815146-5-iscsi devstack@c-api.service[108381]: [pid: 108381|app: 0|req: 21/43] 10.222.0.113 () {60 vars in 1240 bytes} [Thu Oct 28 09:36:19 2021] POST /volume/v3/40fdc9cb4e8e4e61a9763b94bd3bc97b/volumes => generated 830 bytes in 494 msecs (HTTP/1.1 202) 7 headers in 291 bytes (1 switches on core 0)
Oct 28 09:36:20.089756 dv-cinder-815146-5-iscsi devstack@c-api.service[108381]: INFO cinder.api.openstack.wsgi [req-362ecbd3-80e9-45e3-9556-8238af6b0f93 req-d2d04fef-a00c-435e-95fe-eeca303ae325 tempest-VolumesGetTestJSON-1117031025 tempest-VolumesGetTestJSON-1117031025-project] DELETE http://10.222.0.113/volume/v3/f1d6a1510d0a4144b2af356ab36cc9cc/volumes/0f50fc2f-466a-4b24-a013-17bc2b05f580
Oct 28 09:36:20.090482 dv-cinder-815146-5-iscsi devstack@c-api.service[108381]: DEBUG cinder.api.openstack.wsgi [req-362ecbd3-80e9-45e3-9556-8238af6b0f93 req-d2d04fef-a00c-435e-95fe-eeca303ae325 tempest-VolumesGetTestJSON-1117031025 tempest-VolumesGetTestJSON-1117031025-project] Empty body provided in request {{(pid=108381) get_body /opt/stack/cinder/cinder/api/openstack/wsgi.py:703}}
Oct 28 09:36:20.090880 dv-cinder-815146-5-iscsi devstack@c-api.service[108381]: /usr/local/lib/python3.8/dist-packages/webob/acceptparse.py:1047: DeprecationWarning: The behavior of AcceptValidHeader.best_match is currently being maintained for backward compatibility, but it will be deprecated in the future, as it does not conform to the RFC.
Oct 28 09:36:20.090880 dv-cinder-815146-5-iscsi devstack@c-api.service[108381]: warnings.warn(
Oct 28 09:36:20.091480 dv-cinder-815146-5-iscsi devstack@c-api.service[108381]: DEBUG cinder.api.openstack.wsgi [req-362ecbd3-80e9-45e3-9556-8238af6b0f93 req-d2d04fef-a00c-435e-95fe-eeca303ae325 tempest-VolumesGetTestJSON-1117031025 tempest-VolumesGetTestJSON-1117031025-project] Calling method 'delete' {{(pid=108381) _process_stack /opt/stack/cinder/cinder/api/openstack/wsgi.py:856}}
Oct 28 09:36:20.093176 dv-cinder-815146-5-iscsi devstack@c-api.service[108381]: INFO cinder.api.v3.volumes [req-362ecbd3-80e9-45e3-9556-8238af6b0f93 req-d2d04fef-a00c-435e-95fe-eeca303ae325 tempest-VolumesGetTestJSON-1117031025 tempest-VolumesGetTestJSON-1117031025-project] Delete volume with id: 0f50fc2f-466a-4b24-a013-17bc2b05f580
Oct 28 09:36:20.099647 dv-cinder-815146-5-iscsi devstack@c-api.service[108382]: INFO cinder.api.openstack.wsgi [None req-bf05aa65-e204-4414-812a-f89329040321 tempest-GroupsV320Test-862629560 tempest-GroupsV320Test-862629560-project-admin] http://10.222.0.113/volume/v3/a48d0ffd2bc745f6a51b4eaaec46709b/types/42d1a8cc-2e6a-422b-819b-81d8ca53a49f returned with HTTP 202
Oct 28 09:36:20.104348 dv-cinder-815146-5-iscsi devstack@c-api.service[108382]: [pid: 108382|app: 0|req: 23/44] 10.222.0.113 () {58 vars in 1326 bytes} [Thu Oct 28 09:36:19 2021] DELETE /volume/v3/a48d0ffd2bc745f6a51b4eaaec46709b/types/42d1a8cc-2e6a-422b-819b-81d8ca53a49f => generated 0 bytes in 199 msecs (HTTP/1.1 202) 6 headers in 233 bytes (1 switches on core 0)
Oct 28 09:36:20.111588 dv-cinder-815146-5-iscsi devstack@c-api.service[108382]: INFO cinder.api.openstack.wsgi [None req-2dc0ac15-f5be-4ba2-925a-0be7f3944754 tempest-VolumesTestJSON-1639477506 tempest-VolumesTestJSON-1639477506-project] GET http://10.222.0.113/volume/v3/40fdc9cb4e8e4e61a9763b94bd3bc97b/volumes/f5e880b5-7f45-4047-9a3e-a52d05b1f40b
Oct 28 09:36:20.112144 dv-cinder-815146-5-iscsi devstack@c-api.service[108382]: DEBUG cinder.api.openstack.wsgi [None req-2dc0ac15-f5be-4ba2-925a-0be7f3944754 tempest-VolumesTestJSON-1639477506 tempest-VolumesTestJSON-1639477506-project] Empty body provided in request {{(pid=108382) get_body /opt/stack/cinder/cinder/api/openstack/wsgi.py:703}}
Oct 28 09:36:20.112696 dv-cinder-815146-5-iscsi devstack@c-api.service[108382]: DEBUG cinder.api.openstack.wsgi [None req-2dc0ac15-f5be-4ba2-925a-0be7f3944754 tempest-VolumesTestJSON-1639477506 tempest-VolumesTestJSON-1639477506-project] Calling method 'show' {{(pid=108382) _process_stack /opt/stack/cinder/cinder/api/openstack/wsgi.py:856}}
Oct 28 09:36:20.116740 dv-cinder-815146-5-iscsi devstack@c-api.service[108381]: /usr/local/lib/python3.8/dist-packages/oslo_context/context.py:105: DeprecationWarning: Policy enforcement is depending on the value of is_admin. This key is deprecated. Please update your policy file to use the standard policy values.
Oct 28 09:36:20.116740 dv-cinder-815146-5-iscsi devstack@c-api.service[108381]: warnings.warn('Policy enforcement is depending on the value of '
Oct 28 09:36:20.118826 dv-cinder-815146-5-iscsi devstack@c-api.service[108381]: INFO cinder.volume.api [req-362ecbd3-80e9-45e3-9556-8238af6b0f93 req-d2d04fef-a00c-435e-95fe-eeca303ae325 tempest-VolumesGetTestJSON-1117031025 tempest-VolumesGetTestJSON-1117031025-project] Volume info retrieved successfully.
Oct 28 09:36:20.164122 dv-cinder-815146-5-iscsi devstack@c-api.service[108382]: /usr/local/lib/python3.8/dist-packages/oslo_context/context.py:105: DeprecationWarning: Policy enforcement is depending on the value of is_admin. This key is deprecated. Please update your policy file to use the standard policy values.
Oct 28 09:36:20.164122 dv-cinder-815146-5-iscsi devstack@c-api.service[108382]: warnings.warn('Policy enforcement is depending on the value of '
Oct 28 09:36:20.191171 dv-cinder-815146-5-iscsi devstack@c-api.service[108381]: INFO cinder.volume.api [req-362ecbd3-80e9-45e3-9556-8238af6b0f93 req-d2d04fef-a00c-435e-95fe-eeca303ae325 tempest-VolumesGetTestJSON-1117031025 tempest-VolumesGetTestJSON-1117031025-project] Delete volume request issued successfully.
Oct 28 09:36:20.191849 dv-cinder-815146-5-iscsi devstack@c-api.service[108381]: INFO cinder.api.openstack.wsgi [req-362ecbd3-80e9-45e3-9556-8238af6b0f93 req-d2d04fef-a00c-435e-95fe-eeca303ae325 tempest-VolumesGetTestJSON-1117031025 tempest-VolumesGetTestJSON-1117031025-project] http://10.222.0.113/volume/v3/f1d6a1510d0a4144b2af356ab36cc9cc/volumes/0f50fc2f-466a-4b24-a013-17bc2b05f580 returned with HTTP 202
Oct 28 09:36:20.193471 dv-cinder-815146-5-iscsi devstack@c-api.service[108381]: [pid: 108381|app: 0|req: 22/45] 10.222.0.113 () {62 vars in 1605 bytes} [Thu Oct 28 09:36:20 2021] DELETE /volume/v3/f1d6a1510d0a4144b2af356ab36cc9cc/volumes/0f50fc2f-466a-4b24-a013-17bc2b05f580 => generated 0 bytes in 118 msecs (HTTP/1.1 202) 6 headers in 233 bytes (1 switches on core 0)
Oct 28 09:36:20.200896 dv-cinder-815146-5-iscsi devstack@c-api.service[108381]: INFO cinder.api.openstack.wsgi [None req-ec94d332-d81c-4a7c-9621-59097787ee61 tempest-GroupsV320Test-862629560 tempest-GroupsV320Test-862629560-project-admin] GET http://10.222.0.113/volume/v3/a48d0ffd2bc745f6a51b4eaaec46709b/types/42d1a8cc-2e6a-422b-819b-81d8ca53a49f
Oct 28 09:36:20.203749 dv-cinder-815146-5-iscsi devstack@c-api.service[108381]: DEBUG cinder.api.openstack.wsgi [None req-ec94d332-d81c-4a7c-9621-59097787ee61 tempest-GroupsV320Test-862629560 tempest-GroupsV320Test-862629560-project-admin] Empty body provided in request {{(pid=108381) get_body /opt/stack/cinder/cinder/api/openstack/wsgi.py:703}}
Oct 28 09:36:20.204208 dv-cinder-815146-5-iscsi devstack@c-api.service[108381]: /usr/local/lib/python3.8/dist-packages/webob/acceptparse.py:1047: DeprecationWarning: The behavior of AcceptValidHeader.best_match is currently being maintained for backward compatibility, but it will be deprecated in the future, as it does not conform to the RFC.
Oct 28 09:36:20.204208 dv-cinder-815146-5-iscsi devstack@c-api.service[108381]: warnings.warn(
Oct 28 09:36:20.204769 dv-cinder-815146-5-iscsi devstack@c-api.service[108381]: DEBUG cinder.api.openstack.wsgi [None req-ec94d332-d81c-4a7c-9621-59097787ee61 tempest-GroupsV320Test-862629560 tempest-GroupsV320Test-862629560-project-admin] Calling method 'show' {{(pid=108381) _process_stack /opt/stack/cinder/cinder/api/openstack/wsgi.py:856}}
Oct 28 09:36:20.216702 dv-cinder-815146-5-iscsi devstack@c-api.service[108381]: INFO cinder.api.openstack.wsgi [None req-ec94d332-d81c-4a7c-9621-59097787ee61 tempest-GroupsV320Test-862629560 tempest-GroupsV320Test-862629560-project-admin] http://10.222.0.113/volume/v3/a48d0ffd2bc745f6a51b4eaaec46709b/types/42d1a8cc-2e6a-422b-819b-81d8ca53a49f returned with HTTP 404
Oct 28 09:36:20.218931 dv-cinder-815146-5-iscsi devstack@c-api.service[108382]: INFO cinder.volume.api [None req-2dc0ac15-f5be-4ba2-925a-0be7f3944754 tempest-VolumesTestJSON-1639477506 tempest-VolumesTestJSON-1639477506-project] Volume info retrieved successfully.
Oct 28 09:36:20.219616 dv-cinder-815146-5-iscsi devstack@c-api.service[108381]: [pid: 108381|app: 0|req: 23/46] 10.222.0.113 () {58 vars in 1323 bytes} [Thu Oct 28 09:36:20 2021] GET /volume/v3/a48d0ffd2bc745f6a51b4eaaec46709b/types/42d1a8cc-2e6a-422b-819b-81d8ca53a49f => generated 114 bytes in 25 msecs (HTTP/1.1 404) 7 headers in 292 bytes (1 switches on core 0)
Oct 28 09:36:20.252739 dv-cinder-815146-5-iscsi devstack@c-api.service[108381]: INFO cinder.api.openstack.wsgi [req-3a4fb6a4-afd4-417c-a472-fe891ce8580b req-0318cc0f-e2f5-4977-ae3e-6141daa6ee06 tempest-VolumesSnapshotsTestJSON-1280625998 tempest-VolumesSnapshotsTestJSON-1280625998-project] GET http://10.222.0.113/volume/v3/e7262762ca1f475d98361fd87baa8d4a/snapshots/detail
Oct 28 09:36:20.253207 dv-cinder-815146-5-iscsi devstack@c-api.service[108381]: DEBUG cinder.api.openstack.wsgi [req-3a4fb6a4-afd4-417c-a472-fe891ce8580b req-0318cc0f-e2f5-4977-ae3e-6141daa6ee06 tempest-VolumesSnapshotsTestJSON-1280625998 tempest-VolumesSnapshotsTestJSON-1280625998-project] Empty body provided in request {{(pid=108381) get_body /opt/stack/cinder/cinder/api/openstack/wsgi.py:703}}
Oct 28 09:36:20.253624 dv-cinder-815146-5-iscsi devstack@c-api.service[108381]: DEBUG cinder.api.openstack.wsgi [req-3a4fb6a4-afd4-417c-a472-fe891ce8580b req-0318cc0f-e2f5-4977-ae3e-6141daa6ee06 tempest-VolumesSnapshotsTestJSON-1280625998 tempest-VolumesSnapshotsTestJSON-1280625998-project] Calling method 'detail' {{(pid=108381) _process_stack /opt/stack/cinder/cinder/api/openstack/wsgi.py:856}}
Oct 28 09:36:20.254239 dv-cinder-815146-5-iscsi devstack@c-api.service[108381]: DEBUG cinder.api.api_utils [req-3a4fb6a4-afd4-417c-a472-fe891ce8580b req-0318cc0f-e2f5-4977-ae3e-6141daa6ee06 tempest-VolumesSnapshotsTestJSON-1280625998 tempest-VolumesSnapshotsTestJSON-1280625998-project] Removing options '' from query. {{(pid=108381) remove_invalid_filter_options /opt/stack/cinder/cinder/api/api_utils.py:73}}
Oct 28 09:36:20.257735 dv-cinder-815146-5-iscsi devstack@c-api.service[108382]: INFO cinder.api.openstack.wsgi [None req-2dc0ac15-f5be-4ba2-925a-0be7f3944754 tempest-VolumesTestJSON-1639477506 tempest-VolumesTestJSON-1639477506-project] http://10.222.0.113/volume/v3/40fdc9cb4e8e4e61a9763b94bd3bc97b/volumes/f5e880b5-7f45-4047-9a3e-a52d05b1f40b returned with HTTP 200
Oct 28 09:36:20.258416 dv-cinder-815146-5-iscsi devstack@c-api.service[108382]: [pid: 108382|app: 0|req: 24/47] 10.222.0.113 () {58 vars in 1329 bytes} [Thu Oct 28 09:36:20 2021] GET /volume/v3/40fdc9cb4e8e4e61a9763b94bd3bc97b/volumes/f5e880b5-7f45-4047-9a3e-a52d05b1f40b => generated 898 bytes in 154 msecs (HTTP/1.1 200) 7 headers in 285 bytes (1 switches on core 0)
Oct 28 09:36:20.264405 dv-cinder-815146-5-iscsi devstack@c-api.service[108381]: DEBUG cinder.db.sqlalchemy.api [req-3a4fb6a4-afd4-417c-a472-fe891ce8580b req-0318cc0f-e2f5-4977-ae3e-6141daa6ee06 tempest-VolumesSnapshotsTestJSON-1280625998 tempest-VolumesSnapshotsTestJSON-1280625998-project] Building query based on filter {{(pid=108381) _process_snaps_filters /opt/stack/cinder/cinder/db/sqlalchemy/api.py:3141}}
Oct 28 09:36:20.340217 dv-cinder-815146-5-iscsi devstack@c-api.service[108381]: INFO cinder.volume.api [req-3a4fb6a4-afd4-417c-a472-fe891ce8580b req-0318cc0f-e2f5-4977-ae3e-6141daa6ee06 tempest-VolumesSnapshotsTestJSON-1280625998 tempest-VolumesSnapshotsTestJSON-1280625998-project] Get all snapshots completed successfully.
Oct 28 09:36:20.341198 dv-cinder-815146-5-iscsi devstack@c-api.service[108381]: /usr/local/lib/python3.8/dist-packages/oslo_context/context.py:105: DeprecationWarning: Policy enforcement is depending on the value of is_admin. This key is deprecated. Please update your policy file to use the standard policy values.
Oct 28 09:36:20.341198 dv-cinder-815146-5-iscsi devstack@c-api.service[108381]: warnings.warn('Policy enforcement is depending on the value of '
Oct 28 09:36:20.352895 dv-cinder-815146-5-iscsi devstack@c-api.service[108381]: INFO cinder.api.openstack.wsgi [req-3a4fb6a4-afd4-417c-a472-fe891ce8580b req-0318cc0f-e2f5-4977-ae3e-6141daa6ee06 tempest-VolumesSnapshotsTestJSON-1280625998 tempest-VolumesSnapshotsTestJSON-1280625998-project] http://10.222.0.113/volume/v3/e7262762ca1f475d98361fd87baa8d4a/snapshots/detail returned with HTTP 200
Oct 28 09:36:20.353964 dv-cinder-815146-5-iscsi devstack@c-api.service[108381]: [pid: 108381|app: 0|req: 24/48] 10.222.0.113 () {60 vars in 1499 bytes} [Thu Oct 28 09:36:20 2021] GET /volume/v3/e7262762ca1f475d98361fd87baa8d4a/snapshots/detail => generated 446 bytes in 108 msecs (HTTP/1.1 200) 7 headers in 285 bytes (2 switches on core 0)
Oct 28 09:36:20.414426 dv-cinder-815146-5-iscsi devstack@c-api.service[108382]: INFO cinder.api.openstack.wsgi [req-76a6dc6f-fb4c-4346-8680-4c404842b50b req-72464365-c281-4d60-8768-c75442792790 tempest-VolumesGetTestJSON-1117031025 tempest-VolumesGetTestJSON-1117031025-project] GET http://10.222.0.113/volume/v3/f1d6a1510d0a4144b2af356ab36cc9cc/volumes/0f50fc2f-466a-4b24-a013-17bc2b05f580
Oct 28 09:36:20.415042 dv-cinder-815146-5-iscsi devstack@c-api.service[108382]: DEBUG cinder.api.openstack.wsgi [req-76a6dc6f-fb4c-4346-8680-4c404842b50b req-72464365-c281-4d60-8768-c75442792790 tempest-VolumesGetTestJSON-1117031025 tempest-VolumesGetTestJSON-1117031025-project] Empty body provided in request {{(pid=108382) get_body /opt/stack/cinder/cinder/api/openstack/wsgi.py:703}}
Oct 28 09:36:20.415301 dv-cinder-815146-5-iscsi devstack@c-api.service[108382]: /usr/local/lib/python3.8/dist-packages/webob/acceptparse.py:1047: DeprecationWarning: The behavior of AcceptValidHeader.best_match is currently being maintained for backward compatibility, but it will be deprecated in the future, as it does not conform to the RFC.
Oct 28 09:36:20.415301 dv-cinder-815146-5-iscsi devstack@c-api.service[108382]: warnings.warn(
Oct 28 09:36:20.415626 dv-cinder-815146-5-iscsi devstack@c-api.service[108382]: DEBUG cinder.api.openstack.wsgi [req-76a6dc6f-fb4c-4346-8680-4c404842b50b req-72464365-c281-4d60-8768-c75442792790 tempest-VolumesGetTestJSON-1117031025 tempest-VolumesGetTestJSON-1117031025-project] Calling method 'show' {{(pid=108382) _process_stack /opt/stack/cinder/cinder/api/openstack/wsgi.py:856}}
Oct 28 09:36:20.447788 dv-cinder-815146-5-iscsi devstack@c-api.service[108381]: INFO cinder.api.openstack.wsgi [req-b887cbac-5a2f-456a-b50d-0109673a5b15 req-e9e584d7-d654-4c38-8eac-9228dd897fd4 tempest-VolumesSnapshotsTestJSON-1280625998 tempest-VolumesSnapshotsTestJSON-1280625998-project] GET http://10.222.0.113/volume/v3/e7262762ca1f475d98361fd87baa8d4a/snapshots/d60b0ad4-600e-4f3c-b144-74305df1189e
Oct 28 09:36:20.448337 dv-cinder-815146-5-iscsi devstack@c-api.service[108381]: DEBUG cinder.api.openstack.wsgi [req-b887cbac-5a2f-456a-b50d-0109673a5b15 req-e9e584d7-d654-4c38-8eac-9228dd897fd4 tempest-VolumesSnapshotsTestJSON-1280625998 tempest-VolumesSnapshotsTestJSON-1280625998-project] Empty body provided in request {{(pid=108381) get_body /opt/stack/cinder/cinder/api/openstack/wsgi.py:703}}
Oct 28 09:36:20.448508 dv-cinder-815146-5-iscsi devstack@c-api.service[108381]: /usr/local/lib/python3.8/dist-packages/webob/acceptparse.py:1047: DeprecationWarning: The behavior of AcceptValidHeader.best_match is currently being maintained for backward compatibility, but it will be deprecated in the future, as it does not conform to the RFC.
Oct 28 09:36:20.448508 dv-cinder-815146-5-iscsi devstack@c-api.service[108381]: warnings.warn(
Oct 28 09:36:20.448836 dv-cinder-815146-5-iscsi devstack@c-api.service[108381]: DEBUG cinder.api.openstack.wsgi [req-b887cbac-5a2f-456a-b50d-0109673a5b15 req-e9e584d7-d654-4c38-8eac-9228dd897fd4 tempest-VolumesSnapshotsTestJSON-1280625998 tempest-VolumesSnapshotsTestJSON-1280625998-project] Calling method 'show' {{(pid=108381) _process_stack /opt/stack/cinder/cinder/api/openstack/wsgi.py:856}}
Oct 28 09:36:20.489795 dv-cinder-815146-5-iscsi devstack@c-api.service[108381]: /usr/local/lib/python3.8/dist-packages/oslo_context/context.py:105: DeprecationWarning: Policy enforcement is depending on the value of is_admin. This key is deprecated. Please update your policy file to use the standard policy values.
Oct 28 09:36:20.489795 dv-cinder-815146-5-iscsi devstack@c-api.service[108381]: warnings.warn('Policy enforcement is depending on the value of '
