Oct 27 10:01:10.819341 dv-cinder-815146-2-smb devstack@c-api.service[108188]: WARNING cinder.quota_utils [None req-bad4c981-8da9-46a3-bcb2-c31b683cfa12 tempest-VolumeQuotasNegativeTestJSON-1742927230 tempest-VolumeQuotasNegativeTestJSON-1742927230-project] Quota exceeded for 985fcabd9d4941ffbe57cc22b8472a6b, tried to create 2G volume (1G of 1G already consumed).: cinder.exception.OverQuota: Quota exceeded for resources: ['gigabytes']
Oct 27 10:01:10.828151 dv-cinder-815146-2-smb devstack@c-api.service[108189]: WARNING stevedore.named [None req-ffa2a99e-d121-403d-937d-0c0971efdcfb tempest-GroupSnapshotsTest-872133836 tempest-GroupSnapshotsTest-872133836-project] Could not load cinder.keymgr.conf_key_mgr.ConfKeyManager
Oct 27 10:01:10.828768 dv-cinder-815146-2-smb devstack@c-api.service[108189]: WARNING castellan.key_manager [None req-ffa2a99e-d121-403d-937d-0c0971efdcfb tempest-GroupSnapshotsTest-872133836 tempest-GroupSnapshotsTest-872133836-project] Deprecation Warning : cinder.keymgr.conf_key_mgr.ConfKeyManager is not a stevedore based driver, trying to load it as a class: stevedore.exception.NoMatches: No 'castellan.drivers' driver found, looking for 'cinder.keymgr.conf_key_mgr.ConfKeyManager'
Oct 27 10:01:10.850265 dv-cinder-815146-2-smb devstack@c-api.service[108189]: DEBUG oslo_db.sqlalchemy.engines [None req-ffa2a99e-d121-403d-937d-0c0971efdcfb tempest-GroupSnapshotsTest-872133836 tempest-GroupSnapshotsTest-872133836-project] MySQL server mode set to STRICT_TRANS_TABLES,STRICT_ALL_TABLES,NO_ZERO_IN_DATE,NO_ZERO_DATE,ERROR_FOR_DIVISION_BY_ZERO,TRADITIONAL,NO_ENGINE_SUBSTITUTION {{(pid=108189) _check_effective_sql_mode /usr/local/lib/python3.8/dist-packages/oslo_db/sqlalchemy/engines.py:314}}
Oct 27 10:01:10.851564 dv-cinder-815146-2-smb devstack@c-api.service[108188]: WARNING cinder.volume.api [None req-bad4c981-8da9-46a3-bcb2-c31b683cfa12 tempest-VolumeQuotasNegativeTestJSON-1742927230 tempest-VolumeQuotasNegativeTestJSON-1742927230-project] Task 'cinder.volume.flows.api.create_volume.QuotaReserveTask;volume:create' (8052387e-2519-46c3-ad3f-e6ccaa56bb07) transitioned into state 'FAILURE' from state 'RUNNING'
Oct 27 10:01:10.851564 dv-cinder-815146-2-smb devstack@c-api.service[108188]: Failure: cinder.exception.VolumeSizeExceedsAvailableQuota: Requested volume or snapshot exceeds allowed gigabytes quota. Requested 2G, quota is 1G and 1G has been consumed.
Oct 27 10:01:10.872236 dv-cinder-815146-2-smb devstack@c-api.service[108189]: /usr/local/lib/python3.8/dist-packages/oslo_context/context.py:105: DeprecationWarning: Policy enforcement is depending on the value of is_admin. This key is deprecated. Please update your policy file to use the standard policy values.
Oct 27 10:01:10.872236 dv-cinder-815146-2-smb devstack@c-api.service[108189]: warnings.warn('Policy enforcement is depending on the value of '
Oct 27 10:01:10.877314 dv-cinder-815146-2-smb devstack@c-api.service[108188]: DEBUG cinder.volume.api [None req-bad4c981-8da9-46a3-bcb2-c31b683cfa12 tempest-VolumeQuotasNegativeTestJSON-1742927230 tempest-VolumeQuotasNegativeTestJSON-1742927230-project] Task 'cinder.volume.flows.api.create_volume.QuotaReserveTask;volume:create' (8052387e-2519-46c3-ad3f-e6ccaa56bb07) transitioned into state 'REVERTING' from state 'FAILURE' {{(pid=108188) _task_receiver /usr/local/lib/python3.8/dist-packages/taskflow/listeners/logging.py:190}}
Oct 27 10:01:10.883291 dv-cinder-815146-2-smb devstack@c-api.service[108188]: WARNING cinder.volume.api [None req-bad4c981-8da9-46a3-bcb2-c31b683cfa12 tempest-VolumeQuotasNegativeTestJSON-1742927230 tempest-VolumeQuotasNegativeTestJSON-1742927230-project] Task 'cinder.volume.flows.api.create_volume.QuotaReserveTask;volume:create' (8052387e-2519-46c3-ad3f-e6ccaa56bb07) transitioned into state 'REVERTED' from state 'REVERTING' with result 'None'
Oct 27 10:01:10.903498 dv-cinder-815146-2-smb devstack@c-api.service[108188]: DEBUG cinder.volume.api [None req-bad4c981-8da9-46a3-bcb2-c31b683cfa12 tempest-VolumeQuotasNegativeTestJSON-1742927230 tempest-VolumeQuotasNegativeTestJSON-1742927230-project] Task 'cinder.volume.flows.api.create_volume.ExtractVolumeRequestTask;volume:create' (c4cc318e-1360-4780-b9a6-d30eb5a118d8) transitioned into state 'REVERTING' from state 'SUCCESS' {{(pid=108188) _task_receiver /usr/local/lib/python3.8/dist-packages/taskflow/listeners/logging.py:190}}
Oct 27 10:01:10.906125 dv-cinder-815146-2-smb devstack@c-api.service[108188]: WARNING cinder.volume.api [None req-bad4c981-8da9-46a3-bcb2-c31b683cfa12 tempest-VolumeQuotasNegativeTestJSON-1742927230 tempest-VolumeQuotasNegativeTestJSON-1742927230-project] Task 'cinder.volume.flows.api.create_volume.ExtractVolumeRequestTask;volume:create' (c4cc318e-1360-4780-b9a6-d30eb5a118d8) transitioned into state 'REVERTED' from state 'REVERTING' with result 'None'
Oct 27 10:01:10.919963 dv-cinder-815146-2-smb devstack@c-api.service[108188]: WARNING cinder.volume.api [None req-bad4c981-8da9-46a3-bcb2-c31b683cfa12 tempest-VolumeQuotasNegativeTestJSON-1742927230 tempest-VolumeQuotasNegativeTestJSON-1742927230-project] Flow 'volume_create_api' (ee3211d8-53ab-418e-8258-b438ad338de0) transitioned into state 'REVERTED' from state 'RUNNING'
Oct 27 10:01:10.921644 dv-cinder-815146-2-smb devstack@c-api.service[108188]: INFO cinder.api.middleware.fault [None req-bad4c981-8da9-46a3-bcb2-c31b683cfa12 tempest-VolumeQuotasNegativeTestJSON-1742927230 tempest-VolumeQuotasNegativeTestJSON-1742927230-project] http://10.222.0.74/volume/v3/985fcabd9d4941ffbe57cc22b8472a6b/volumes returned with HTTP 413
Oct 27 10:01:10.924344 dv-cinder-815146-2-smb devstack@c-api.service[108188]: [pid: 108188|app: 0|req: 40/76] 10.222.0.74 () {60 vars in 1234 bytes} [Wed Oct 27 10:01:10 2021] POST /volume/v3/985fcabd9d4941ffbe57cc22b8472a6b/volumes => generated 208 bytes in 478 msecs (HTTP/1.1 413) 8 headers in 323 bytes (1 switches on core 0)
Oct 27 10:01:10.936693 dv-cinder-815146-2-smb devstack@c-api.service[108188]: INFO cinder.api.openstack.wsgi [None req-d0f9cbab-f6e8-4c59-a3fa-1b60b57ad3dd tempest-VolumeQuotasNegativeTestJSON-1457338686 tempest-VolumeQuotasNegativeTestJSON-1457338686-project-admin] PUT http://10.222.0.74/volume/v3/b8e4f660028f4738bba56642fc219c06/os-quota-sets/985fcabd9d4941ffbe57cc22b8472a6b
Oct 27 10:01:10.937605 dv-cinder-815146-2-smb devstack@c-api.service[108188]: /usr/local/lib/python3.8/dist-packages/webob/acceptparse.py:1047: DeprecationWarning: The behavior of AcceptValidHeader.best_match is currently being maintained for backward compatibility, but it will be deprecated in the future, as it does not conform to the RFC.
Oct 27 10:01:10.937605 dv-cinder-815146-2-smb devstack@c-api.service[108188]: warnings.warn(
Oct 27 10:01:10.953187 dv-cinder-815146-2-smb devstack@c-api.service[108188]: DEBUG cinder.api.openstack.wsgi [None req-d0f9cbab-f6e8-4c59-a3fa-1b60b57ad3dd tempest-VolumeQuotasNegativeTestJSON-1457338686 tempest-VolumeQuotasNegativeTestJSON-1457338686-project-admin] Action: 'update', calling method: update, body: {"quota_set": {"volumes": 1, "gigabytes": -1}} {{(pid=108188) _process_stack /opt/stack/cinder/cinder/api/openstack/wsgi.py:854}}
Oct 27 10:01:10.975845 dv-cinder-815146-2-smb devstack@c-api.service[108189]: INFO cinder.api.openstack.wsgi [None req-ffa2a99e-d121-403d-937d-0c0971efdcfb tempest-GroupSnapshotsTest-872133836 tempest-GroupSnapshotsTest-872133836-project] http://10.222.0.74/volume/v3/de8ead94681443a3af26bc4e6eac734c/volumes/8cab4e74-be89-4910-ab9f-450bad7b6520 returned with HTTP 200
Oct 27 10:01:11.001134 dv-cinder-815146-2-smb devstack@c-api.service[108189]: [pid: 108189|app: 0|req: 37/77] 10.222.0.74 () {60 vars in 1365 bytes} [Wed Oct 27 10:01:10 2021] GET /volume/v3/de8ead94681443a3af26bc4e6eac734c/volumes/8cab4e74-be89-4910-ab9f-450bad7b6520 => generated 999 bytes in 306 msecs (HTTP/1.1 200) 7 headers in 286 bytes (1 switches on core 0)
Oct 27 10:01:11.034327 dv-cinder-815146-2-smb devstack@c-api.service[108188]: /usr/local/lib/python3.8/dist-packages/oslo_context/context.py:105: DeprecationWarning: Policy enforcement is depending on the value of is_admin. This key is deprecated. Please update your policy file to use the standard policy values.
Oct 27 10:01:11.034327 dv-cinder-815146-2-smb devstack@c-api.service[108188]: warnings.warn('Policy enforcement is depending on the value of '
Oct 27 10:01:11.165487 dv-cinder-815146-2-smb devstack@c-api.service[108188]: INFO cinder.api.openstack.wsgi [None req-d0f9cbab-f6e8-4c59-a3fa-1b60b57ad3dd tempest-VolumeQuotasNegativeTestJSON-1457338686 tempest-VolumeQuotasNegativeTestJSON-1457338686-project-admin] http://10.222.0.74/volume/v3/b8e4f660028f4738bba56642fc219c06/os-quota-sets/985fcabd9d4941ffbe57cc22b8472a6b returned with HTTP 200
Oct 27 10:01:11.167878 dv-cinder-815146-2-smb devstack@c-api.service[108188]: [pid: 108188|app: 0|req: 41/78] 10.222.0.74 () {60 vars in 1350 bytes} [Wed Oct 27 10:01:10 2021] PUT /volume/v3/b8e4f660028f4738bba56642fc219c06/os-quota-sets/985fcabd9d4941ffbe57cc22b8472a6b => generated 512 bytes in 237 msecs (HTTP/1.1 200) 7 headers in 285 bytes (2 switches on core 0)
Oct 27 10:01:11.177737 dv-cinder-815146-2-smb devstack@c-api.service[108189]: INFO cinder.api.openstack.wsgi [None req-b5cf3014-761f-427f-a394-d8f15dda9e56 tempest-VolumeQuotasNegativeTestJSON-1742927230 tempest-VolumeQuotasNegativeTestJSON-1742927230-project] POST http://10.222.0.74/volume/v3/985fcabd9d4941ffbe57cc22b8472a6b/volumes
Oct 27 10:01:11.178332 dv-cinder-815146-2-smb devstack@c-api.service[108189]: /usr/local/lib/python3.8/dist-packages/webob/acceptparse.py:1047: DeprecationWarning: The behavior of AcceptValidHeader.best_match is currently being maintained for backward compatibility, but it will be deprecated in the future, as it does not conform to the RFC.
Oct 27 10:01:11.178332 dv-cinder-815146-2-smb devstack@c-api.service[108189]: warnings.warn(
Oct 27 10:01:11.178606 dv-cinder-815146-2-smb devstack@c-api.service[108189]: DEBUG cinder.api.openstack.wsgi [None req-b5cf3014-761f-427f-a394-d8f15dda9e56 tempest-VolumeQuotasNegativeTestJSON-1742927230 tempest-VolumeQuotasNegativeTestJSON-1742927230-project] Action: 'create', calling method: create, body: {"volume": {"size": 1}} {{(pid=108189) _process_stack /opt/stack/cinder/cinder/api/openstack/wsgi.py:854}}
Oct 27 10:01:11.179672 dv-cinder-815146-2-smb devstack@c-api.service[108189]: DEBUG cinder.api.v3.volumes [None req-b5cf3014-761f-427f-a394-d8f15dda9e56 tempest-VolumeQuotasNegativeTestJSON-1742927230 tempest-VolumeQuotasNegativeTestJSON-1742927230-project] Create volume request body: {'volume': {'size': 1}} {{(pid=108189) create /opt/stack/cinder/cinder/api/v3/volumes.py:298}}
Oct 27 10:01:11.179990 dv-cinder-815146-2-smb devstack@c-api.service[108189]: INFO cinder.api.v3.volumes [None req-b5cf3014-761f-427f-a394-d8f15dda9e56 tempest-VolumeQuotasNegativeTestJSON-1742927230 tempest-VolumeQuotasNegativeTestJSON-1742927230-project] Create volume of 1 GB
Oct 27 10:01:11.199555 dv-cinder-815146-2-smb devstack@c-api.service[108189]: INFO cinder.volume.api [None req-b5cf3014-761f-427f-a394-d8f15dda9e56 tempest-VolumeQuotasNegativeTestJSON-1742927230 tempest-VolumeQuotasNegativeTestJSON-1742927230-project] Availability Zones retrieved successfully.
Oct 27 10:01:11.234951 dv-cinder-815146-2-smb devstack@c-api.service[108189]: DEBUG cinder.volume.api [None req-b5cf3014-761f-427f-a394-d8f15dda9e56 tempest-VolumeQuotasNegativeTestJSON-1742927230 tempest-VolumeQuotasNegativeTestJSON-1742927230-project] Flow 'volume_create_api' (73de00b5-a01d-4602-9dcc-09a082b3ce00) transitioned into state 'RUNNING' from state 'PENDING' {{(pid=108189) _flow_receiver /usr/local/lib/python3.8/dist-packages/taskflow/listeners/logging.py:141}}
Oct 27 10:01:11.241485 dv-cinder-815146-2-smb devstack@c-api.service[108189]: DEBUG cinder.volume.api [None req-b5cf3014-761f-427f-a394-d8f15dda9e56 tempest-VolumeQuotasNegativeTestJSON-1742927230 tempest-VolumeQuotasNegativeTestJSON-1742927230-project] Task 'cinder.volume.flows.api.create_volume.ExtractVolumeRequestTask;volume:create' (4521e862-a07a-4993-9e9b-aead735a1b20) transitioned into state 'RUNNING' from state 'PENDING' {{(pid=108189) _task_receiver /usr/local/lib/python3.8/dist-packages/taskflow/listeners/logging.py:190}}
Oct 27 10:01:11.244261 dv-cinder-815146-2-smb devstack@c-api.service[108189]: DEBUG cinder.volume.flows.api.create_volume [None req-b5cf3014-761f-427f-a394-d8f15dda9e56 tempest-VolumeQuotasNegativeTestJSON-1742927230 tempest-VolumeQuotasNegativeTestJSON-1742927230-project] Validating volume size '1' using validate_int {{(pid=108189) _extract_size /opt/stack/cinder/cinder/volume/flows/api/create_volume.py:225}}
Oct 27 10:01:11.322555 dv-cinder-815146-2-smb devstack@c-api.service[108189]: DEBUG cinder.volume.api [None req-b5cf3014-761f-427f-a394-d8f15dda9e56 tempest-VolumeQuotasNegativeTestJSON-1742927230 tempest-VolumeQuotasNegativeTestJSON-1742927230-project] Task 'cinder.volume.flows.api.create_volume.ExtractVolumeRequestTask;volume:create' (4521e862-a07a-4993-9e9b-aead735a1b20) transitioned into state 'SUCCESS' from state 'RUNNING' with result '{'size': 1, 'snapshot_id': None, 'source_volid': None, 'volume_type': VolumeType(created_at=2021-10-27T09:51:23Z,deleted=False,deleted_at=None,description='Default Volume Type',extra_specs={},id=7b7f6838-635a-48d9-b1b9-0ba92336cfee,is_public=True,name='__DEFAULT__',projects=[],qos_specs=,qos_specs_id=None,updated_at=2021-10-27T09:51:23Z), 'volume_type_id': '7b7f6838-635a-48d9-b1b9-0ba92336cfee', 'encryption_key_id': None, 'qos_specs': None, 'consistencygroup_id': None, 'cgsnapshot_id': None, 'group_id': None, 'replication_status': 'disabled', 'refresh_az': False, 'backup_id': None, 'multiattach': False, 'availability_zones': ['nova']}' {{(pid=108189) _task_receiver /usr/local/lib/python3.8/dist-packages/taskflow/listeners/logging.py:178}}
Oct 27 10:01:11.326940 dv-cinder-815146-2-smb devstack@c-api.service[108189]: DEBUG cinder.volume.api [None req-b5cf3014-761f-427f-a394-d8f15dda9e56 tempest-VolumeQuotasNegativeTestJSON-1742927230 tempest-VolumeQuotasNegativeTestJSON-1742927230-project] Task 'cinder.volume.flows.api.create_volume.QuotaReserveTask;volume:create' (1429d01f-700f-48ea-ac77-855b1ba8483a) transitioned into state 'RUNNING' from state 'PENDING' {{(pid=108189) _task_receiver /usr/local/lib/python3.8/dist-packages/taskflow/listeners/logging.py:190}}
Oct 27 10:01:11.457739 dv-cinder-815146-2-smb devstack@c-api.service[108189]: WARNING cinder.quota_utils [None req-b5cf3014-761f-427f-a394-d8f15dda9e56 tempest-VolumeQuotasNegativeTestJSON-1742927230 tempest-VolumeQuotasNegativeTestJSON-1742927230-project] Quota exceeded for 985fcabd9d4941ffbe57cc22b8472a6b, tried to create volume (1 volumes already consumed).: cinder.exception.OverQuota: Quota exceeded for resources: ['volumes']
Oct 27 10:01:11.470100 dv-cinder-815146-2-smb devstack@c-api.service[108189]: WARNING cinder.volume.api [None req-b5cf3014-761f-427f-a394-d8f15dda9e56 tempest-VolumeQuotasNegativeTestJSON-1742927230 tempest-VolumeQuotasNegativeTestJSON-1742927230-project] Task 'cinder.volume.flows.api.create_volume.QuotaReserveTask;volume:create' (1429d01f-700f-48ea-ac77-855b1ba8483a) transitioned into state 'FAILURE' from state 'RUNNING'
Oct 27 10:01:11.470100 dv-cinder-815146-2-smb devstack@c-api.service[108189]: Failure: cinder.exception.VolumeLimitExceeded: Maximum number of volumes allowed (1) exceeded for quota 'volumes'.
Oct 27 10:01:11.481228 dv-cinder-815146-2-smb devstack@c-api.service[108189]: DEBUG cinder.volume.api [None req-b5cf3014-761f-427f-a394-d8f15dda9e56 tempest-VolumeQuotasNegativeTestJSON-1742927230 tempest-VolumeQuotasNegativeTestJSON-1742927230-project] Task 'cinder.volume.flows.api.create_volume.QuotaReserveTask;volume:create' (1429d01f-700f-48ea-ac77-855b1ba8483a) transitioned into state 'REVERTING' from state 'FAILURE' {{(pid=108189) _task_receiver /usr/local/lib/python3.8/dist-packages/taskflow/listeners/logging.py:190}}
Oct 27 10:01:11.492974 dv-cinder-815146-2-smb devstack@c-api.service[108189]: WARNING cinder.volume.api [None req-b5cf3014-761f-427f-a394-d8f15dda9e56 tempest-VolumeQuotasNegativeTestJSON-1742927230 tempest-VolumeQuotasNegativeTestJSON-1742927230-project] Task 'cinder.volume.flows.api.create_volume.QuotaReserveTask;volume:create' (1429d01f-700f-48ea-ac77-855b1ba8483a) transitioned into state 'REVERTED' from state 'REVERTING' with result 'None'
Oct 27 10:01:11.495326 dv-cinder-815146-2-smb devstack@c-api.service[108189]: DEBUG cinder.volume.api [None req-b5cf3014-761f-427f-a394-d8f15dda9e56 tempest-VolumeQuotasNegativeTestJSON-1742927230 tempest-VolumeQuotasNegativeTestJSON-1742927230-project] Task 'cinder.volume.flows.api.create_volume.ExtractVolumeRequestTask;volume:create' (4521e862-a07a-4993-9e9b-aead735a1b20) transitioned into state 'REVERTING' from state 'SUCCESS' {{(pid=108189) _task_receiver /usr/local/lib/python3.8/dist-packages/taskflow/listeners/logging.py:190}}
Oct 27 10:01:11.502310 dv-cinder-815146-2-smb devstack@c-api.service[108189]: WARNING cinder.volume.api [None req-b5cf3014-761f-427f-a394-d8f15dda9e56 tempest-VolumeQuotasNegativeTestJSON-1742927230 tempest-VolumeQuotasNegativeTestJSON-1742927230-project] Task 'cinder.volume.flows.api.create_volume.ExtractVolumeRequestTask;volume:create' (4521e862-a07a-4993-9e9b-aead735a1b20) transitioned into state 'REVERTED' from state 'REVERTING' with result 'None'
Oct 27 10:01:11.508234 dv-cinder-815146-2-smb devstack@c-api.service[108189]: WARNING cinder.volume.api [None req-b5cf3014-761f-427f-a394-d8f15dda9e56 tempest-VolumeQuotasNegativeTestJSON-1742927230 tempest-VolumeQuotasNegativeTestJSON-1742927230-project] Flow 'volume_create_api' (73de00b5-a01d-4602-9dcc-09a082b3ce00) transitioned into state 'REVERTED' from state 'RUNNING'
Oct 27 10:01:11.509094 dv-cinder-815146-2-smb devstack@c-api.service[108189]: INFO cinder.api.middleware.fault [None req-b5cf3014-761f-427f-a394-d8f15dda9e56 tempest-VolumeQuotasNegativeTestJSON-1742927230 tempest-VolumeQuotasNegativeTestJSON-1742927230-project] http://10.222.0.74/volume/v3/985fcabd9d4941ffbe57cc22b8472a6b/volumes returned with HTTP 413
Oct 27 10:01:11.511222 dv-cinder-815146-2-smb devstack@c-api.service[108189]: [pid: 108189|app: 0|req: 38/79] 10.222.0.74 () {60 vars in 1234 bytes} [Wed Oct 27 10:01:11 2021] POST /volume/v3/985fcabd9d4941ffbe57cc22b8472a6b/volumes => generated 150 bytes in 338 msecs (HTTP/1.1 413) 8 headers in 323 bytes (1 switches on core 0)
Oct 27 10:01:11.520953 dv-cinder-815146-2-smb devstack@c-api.service[108188]: INFO cinder.api.openstack.wsgi [None req-d9da5a05-a7a3-4f7a-81fa-ff7ceb5cd81c tempest-VolumeQuotasNegativeTestJSON-1457338686 tempest-VolumeQuotasNegativeTestJSON-1457338686-project-admin] PUT http://10.222.0.74/volume/v3/b8e4f660028f4738bba56642fc219c06/os-quota-sets/985fcabd9d4941ffbe57cc22b8472a6b
Oct 27 10:01:11.522669 dv-cinder-815146-2-smb devstack@c-api.service[108188]: DEBUG cinder.api.openstack.wsgi [None req-d9da5a05-a7a3-4f7a-81fa-ff7ceb5cd81c tempest-VolumeQuotasNegativeTestJSON-1457338686 tempest-VolumeQuotasNegativeTestJSON-1457338686-project-admin] Action: 'update', calling method: update, body: {"quota_set": {"gigabytes": 1}} {{(pid=108188) _process_stack /opt/stack/cinder/cinder/api/openstack/wsgi.py:854}}
Oct 27 10:01:11.691153 dv-cinder-815146-2-smb devstack@c-api.service[108188]: INFO cinder.api.openstack.wsgi [None req-d9da5a05-a7a3-4f7a-81fa-ff7ceb5cd81c tempest-VolumeQuotasNegativeTestJSON-1457338686 tempest-VolumeQuotasNegativeTestJSON-1457338686-project-admin] http://10.222.0.74/volume/v3/b8e4f660028f4738bba56642fc219c06/os-quota-sets/985fcabd9d4941ffbe57cc22b8472a6b returned with HTTP 200
Oct 27 10:01:11.693306 dv-cinder-815146-2-smb devstack@c-api.service[108188]: [pid: 108188|app: 0|req: 42/80] 10.222.0.74 () {60 vars in 1350 bytes} [Wed Oct 27 10:01:11 2021] PUT /volume/v3/b8e4f660028f4738bba56642fc219c06/os-quota-sets/985fcabd9d4941ffbe57cc22b8472a6b => generated 511 bytes in 177 msecs (HTTP/1.1 200) 7 headers in 285 bytes (1 switches on core 0)
Oct 27 10:01:11.707356 dv-cinder-815146-2-smb devstack@c-api.service[108189]: INFO cinder.api.openstack.wsgi [None req-8069340b-513b-4fd5-9eba-5c73db85bb6e tempest-VolumeQuotasNegativeTestJSON-1742927230 tempest-VolumeQuotasNegativeTestJSON-1742927230-project] POST http://10.222.0.74/volume/v3/985fcabd9d4941ffbe57cc22b8472a6b/volumes/b584feac-edee-45f2-83ca-a3a1abd8011b/action
Oct 27 10:01:11.708030 dv-cinder-815146-2-smb devstack@c-api.service[108189]: /usr/local/lib/python3.8/dist-packages/webob/acceptparse.py:1047: DeprecationWarning: The behavior of AcceptValidHeader.best_match is currently being maintained for backward compatibility, but it will be deprecated in the future, as it does not conform to the RFC.
Oct 27 10:01:11.708030 dv-cinder-815146-2-smb devstack@c-api.service[108189]: warnings.warn(
Oct 27 10:01:11.708659 dv-cinder-815146-2-smb devstack@c-api.service[108189]: DEBUG cinder.api.openstack.wsgi [None req-8069340b-513b-4fd5-9eba-5c73db85bb6e tempest-VolumeQuotasNegativeTestJSON-1742927230 tempest-VolumeQuotasNegativeTestJSON-1742927230-project] Action body: b'{"os-extend": {"new_size": 2}}' {{(pid=108189) get_method /opt/stack/cinder/cinder/api/openstack/wsgi.py:971}}
Oct 27 10:01:11.709145 dv-cinder-815146-2-smb devstack@c-api.service[108189]: DEBUG cinder.api.openstack.wsgi [None req-8069340b-513b-4fd5-9eba-5c73db85bb6e tempest-VolumeQuotasNegativeTestJSON-1742927230 tempest-VolumeQuotasNegativeTestJSON-1742927230-project] Action: 'action', calling method: _extend, body: {"os-extend": {"new_size": 2}} {{(pid=108189) _process_stack /opt/stack/cinder/cinder/api/openstack/wsgi.py:854}}
Oct 27 10:01:11.759324 dv-cinder-815146-2-smb devstack@c-api.service[108189]: /usr/local/lib/python3.8/dist-packages/oslo_context/context.py:105: DeprecationWarning: Policy enforcement is depending on the value of is_admin. This key is deprecated. Please update your policy file to use the standard policy values.
Oct 27 10:01:11.759324 dv-cinder-815146-2-smb devstack@c-api.service[108189]: warnings.warn('Policy enforcement is depending on the value of '
Oct 27 10:01:11.762692 dv-cinder-815146-2-smb devstack@c-api.service[108189]: INFO cinder.volume.api [None req-8069340b-513b-4fd5-9eba-5c73db85bb6e tempest-VolumeQuotasNegativeTestJSON-1742927230 tempest-VolumeQuotasNegativeTestJSON-1742927230-project] Volume info retrieved successfully.
Oct 27 10:01:11.875580 dv-cinder-815146-2-smb devstack@c-api.service[108189]: ERROR cinder.volume.api [None req-8069340b-513b-4fd5-9eba-5c73db85bb6e tempest-VolumeQuotasNegativeTestJSON-1742927230 tempest-VolumeQuotasNegativeTestJSON-1742927230-project] Quota exceeded for 985fcabd9d4941ffbe57cc22b8472a6b, tried to extend volume by 1G, (1G of 1G already consumed).: cinder.exception.OverQuota: Quota exceeded for resources: ['gigabytes']
Oct 27 10:01:11.891364 dv-cinder-815146-2-smb devstack@c-api.service[108189]: INFO cinder.api.middleware.fault [None req-8069340b-513b-4fd5-9eba-5c73db85bb6e tempest-VolumeQuotasNegativeTestJSON-1742927230 tempest-VolumeQuotasNegativeTestJSON-1742927230-project] http://10.222.0.74/volume/v3/985fcabd9d4941ffbe57cc22b8472a6b/volumes/b584feac-edee-45f2-83ca-a3a1abd8011b/action returned with HTTP 413
Oct 27 10:01:11.893382 dv-cinder-815146-2-smb devstack@c-api.service[108189]: [pid: 108189|app: 0|req: 39/81] 10.222.0.74 () {60 vars in 1366 bytes} [Wed Oct 27 10:01:11 2021] POST /volume/v3/985fcabd9d4941ffbe57cc22b8472a6b/volumes/b584feac-edee-45f2-83ca-a3a1abd8011b/action => generated 208 bytes in 194 msecs (HTTP/1.1 413) 8 headers in 323 bytes (1 switches on core 0)
Oct 27 10:01:11.906304 dv-cinder-815146-2-smb devstack@c-api.service[108188]: INFO cinder.api.openstack.wsgi [None req-258df38c-692c-4e28-8d55-dac7350b2aec tempest-VolumeQuotasNegativeTestJSON-1742927230 tempest-VolumeQuotasNegativeTestJSON-1742927230-project] DELETE http://10.222.0.74/volume/v3/985fcabd9d4941ffbe57cc22b8472a6b/volumes/b584feac-edee-45f2-83ca-a3a1abd8011b
Oct 27 10:01:11.910542 dv-cinder-815146-2-smb devstack@c-api.service[108188]: DEBUG cinder.api.openstack.wsgi [None req-258df38c-692c-4e28-8d55-dac7350b2aec tempest-VolumeQuotasNegativeTestJSON-1742927230 tempest-VolumeQuotasNegativeTestJSON-1742927230-project] Empty body provided in request {{(pid=108188) get_body /opt/stack/cinder/cinder/api/openstack/wsgi.py:703}}
Oct 27 10:01:11.912672 dv-cinder-815146-2-smb devstack@c-api.service[108188]: DEBUG cinder.api.openstack.wsgi [None req-258df38c-692c-4e28-8d55-dac7350b2aec tempest-VolumeQuotasNegativeTestJSON-1742927230 tempest-VolumeQuotasNegativeTestJSON-1742927230-project] Calling method 'delete' {{(pid=108188) _process_stack /opt/stack/cinder/cinder/api/openstack/wsgi.py:856}}
Oct 27 10:01:11.913287 dv-cinder-815146-2-smb devstack@c-api.service[108188]: INFO cinder.api.v3.volumes [None req-258df38c-692c-4e28-8d55-dac7350b2aec tempest-VolumeQuotasNegativeTestJSON-1742927230 tempest-VolumeQuotasNegativeTestJSON-1742927230-project] Delete volume with id: b584feac-edee-45f2-83ca-a3a1abd8011b
Oct 27 10:01:11.954804 dv-cinder-815146-2-smb devstack@c-api.service[108188]: /usr/local/lib/python3.8/dist-packages/oslo_context/context.py:105: DeprecationWarning: Policy enforcement is depending on the value of is_admin. This key is deprecated. Please update your policy file to use the standard policy values.
Oct 27 10:01:11.954804 dv-cinder-815146-2-smb devstack@c-api.service[108188]: warnings.warn('Policy enforcement is depending on the value of '
Oct 27 10:01:11.962562 dv-cinder-815146-2-smb devstack@c-api.service[108188]: INFO cinder.volume.api [None req-258df38c-692c-4e28-8d55-dac7350b2aec tempest-VolumeQuotasNegativeTestJSON-1742927230 tempest-VolumeQuotasNegativeTestJSON-1742927230-project] Volume info retrieved successfully.
Oct 27 10:01:12.001212 dv-cinder-815146-2-smb devstack@c-api.service[108189]: INFO cinder.api.openstack.wsgi [None req-50872ce6-77ad-45d9-9b0c-b86742f25188 tempest-GroupSnapshotsTest-872133836 tempest-GroupSnapshotsTest-872133836-project] GET http://10.222.0.74/volume/v3/de8ead94681443a3af26bc4e6eac734c/volumes/8cab4e74-be89-4910-ab9f-450bad7b6520
Oct 27 10:01:12.002190 dv-cinder-815146-2-smb devstack@c-api.service[108189]: DEBUG cinder.api.openstack.wsgi [None req-50872ce6-77ad-45d9-9b0c-b86742f25188 tempest-GroupSnapshotsTest-872133836 tempest-GroupSnapshotsTest-872133836-project] Empty body provided in request {{(pid=108189) get_body /opt/stack/cinder/cinder/api/openstack/wsgi.py:703}}
Oct 27 10:01:12.002589 dv-cinder-815146-2-smb devstack@c-api.service[108189]: /usr/local/lib/python3.8/dist-packages/webob/acceptparse.py:1047: DeprecationWarning: The behavior of AcceptValidHeader.best_match is currently being maintained for backward compatibility, but it will be deprecated in the future, as it does not conform to the RFC.
Oct 27 10:01:12.002589 dv-cinder-815146-2-smb devstack@c-api.service[108189]: warnings.warn(
Oct 27 10:01:12.003210 dv-cinder-815146-2-smb devstack@c-api.service[108189]: DEBUG cinder.api.openstack.wsgi [None req-50872ce6-77ad-45d9-9b0c-b86742f25188 tempest-GroupSnapshotsTest-872133836 tempest-GroupSnapshotsTest-872133836-project] Calling method 'show' {{(pid=108189) _process_stack /opt/stack/cinder/cinder/api/openstack/wsgi.py:856}}
Oct 27 10:01:12.033987 dv-cinder-815146-2-smb devstack@c-api.service[108189]: INFO cinder.api.openstack.wsgi [None req-50872ce6-77ad-45d9-9b0c-b86742f25188 tempest-GroupSnapshotsTest-872133836 tempest-GroupSnapshotsTest-872133836-project] http://10.222.0.74/volume/v3/de8ead94681443a3af26bc4e6eac734c/volumes/8cab4e74-be89-4910-ab9f-450bad7b6520 returned with HTTP 404
Oct 27 10:01:12.036228 dv-cinder-815146-2-smb devstack@c-api.service[108189]: [pid: 108189|app: 0|req: 40/82] 10.222.0.74 () {60 vars in 1365 bytes} [Wed Oct 27 10:01:11 2021] GET /volume/v3/de8ead94681443a3af26bc4e6eac734c/volumes/8cab4e74-be89-4910-ab9f-450bad7b6520 => generated 109 bytes in 40 msecs (HTTP/1.1 404) 7 headers in 293 bytes (1 switches on core 0)
Oct 27 10:01:12.048493 dv-cinder-815146-2-smb devstack@c-api.service[108188]: INFO cinder.volume.api [None req-258df38c-692c-4e28-8d55-dac7350b2aec tempest-VolumeQuotasNegativeTestJSON-1742927230 tempest-VolumeQuotasNegativeTestJSON-1742927230-project] Delete volume request issued successfully.
Oct 27 10:01:12.049624 dv-cinder-815146-2-smb devstack@c-api.service[108188]: INFO cinder.api.openstack.wsgi [None req-258df38c-692c-4e28-8d55-dac7350b2aec tempest-VolumeQuotasNegativeTestJSON-1742927230 tempest-VolumeQuotasNegativeTestJSON-1742927230-project] http://10.222.0.74/volume/v3/985fcabd9d4941ffbe57cc22b8472a6b/volumes/b584feac-edee-45f2-83ca-a3a1abd8011b returned with HTTP 202
Oct 27 10:01:12.055271 dv-cinder-815146-2-smb devstack@c-api.service[108188]: [pid: 108188|app: 0|req: 43/83] 10.222.0.74 () {58 vars in 1327 bytes} [Wed Oct 27 10:01:11 2021] DELETE /volume/v3/985fcabd9d4941ffbe57cc22b8472a6b/volumes/b584feac-edee-45f2-83ca-a3a1abd8011b => generated 0 bytes in 158 msecs (HTTP/1.1 202) 6 headers in 233 bytes (1 switches on core 0)
Oct 27 10:01:12.072727 dv-cinder-815146-2-smb devstack@c-api.service[108188]: INFO cinder.api.openstack.wsgi [None req-815e99ea-d83d-45a3-b51e-c93f0bafe7b4 tempest-VolumeQuotasNegativeTestJSON-1742927230 tempest-VolumeQuotasNegativeTestJSON-1742927230-project] GET http://10.222.0.74/volume/v3/985fcabd9d4941ffbe57cc22b8472a6b/volumes/b584feac-edee-45f2-83ca-a3a1abd8011b
Oct 27 10:01:12.074914 dv-cinder-815146-2-smb devstack@c-api.service[108189]: INFO cinder.api.openstack.wsgi [None req-3716e0e1-c44c-43f7-ab63-602a9f662227 tempest-GroupSnapshotsTest-872133836 tempest-GroupSnapshotsTest-872133836-project] GET http://10.222.0.74/volume/v3/de8ead94681443a3af26bc4e6eac734c/groups/220cde87-aa28-46ed-aff2-928684309936
Oct 27 10:01:12.075384 dv-cinder-815146-2-smb devstack@c-api.service[108188]: DEBUG cinder.api.openstack.wsgi [None req-815e99ea-d83d-45a3-b51e-c93f0bafe7b4 tempest-VolumeQuotasNegativeTestJSON-1742927230 tempest-VolumeQuotasNegativeTestJSON-1742927230-project] Empty body provided in request {{(pid=108188) get_body /opt/stack/cinder/cinder/api/openstack/wsgi.py:703}}
Oct 27 10:01:12.075642 dv-cinder-815146-2-smb devstack@c-api.service[108188]: /usr/local/lib/python3.8/dist-packages/webob/acceptparse.py:1047: DeprecationWarning: The behavior of AcceptValidHeader.best_match is currently being maintained for backward compatibility, but it will be deprecated in the future, as it does not conform to the RFC.
Oct 27 10:01:12.075642 dv-cinder-815146-2-smb devstack@c-api.service[108188]: warnings.warn(
Oct 27 10:01:12.075965 dv-cinder-815146-2-smb devstack@c-api.service[108188]: DEBUG cinder.api.openstack.wsgi [None req-815e99ea-d83d-45a3-b51e-c93f0bafe7b4 tempest-VolumeQuotasNegativeTestJSON-1742927230 tempest-VolumeQuotasNegativeTestJSON-1742927230-project] Calling method 'show' {{(pid=108188) _process_stack /opt/stack/cinder/cinder/api/openstack/wsgi.py:856}}
Oct 27 10:01:12.076277 dv-cinder-815146-2-smb devstack@c-api.service[108189]: DEBUG cinder.api.openstack.wsgi [None req-3716e0e1-c44c-43f7-ab63-602a9f662227 tempest-GroupSnapshotsTest-872133836 tempest-GroupSnapshotsTest-872133836-project] Empty body provided in request {{(pid=108189) get_body /opt/stack/cinder/cinder/api/openstack/wsgi.py:703}}
Oct 27 10:01:12.076713 dv-cinder-815146-2-smb devstack@c-api.service[108189]: DEBUG cinder.api.openstack.wsgi [None req-3716e0e1-c44c-43f7-ab63-602a9f662227 tempest-GroupSnapshotsTest-872133836 tempest-GroupSnapshotsTest-872133836-project] Calling method 'version_select' {{(pid=108189) _process_stack /opt/stack/cinder/cinder/api/openstack/wsgi.py:856}}
Oct 27 10:01:12.077126 dv-cinder-815146-2-smb devstack@c-api.service[108189]: DEBUG cinder.api.v3.groups [None req-3716e0e1-c44c-43f7-ab63-602a9f662227 tempest-GroupSnapshotsTest-872133836 tempest-GroupSnapshotsTest-872133836-project] show called for member 220cde87-aa28-46ed-aff2-928684309936 {{(pid=108189) show /opt/stack/cinder/cinder/api/v3/groups.py:58}}
Oct 27 10:01:12.098977 dv-cinder-815146-2-smb devstack@c-api.service[108189]: INFO cinder.api.openstack.wsgi [None req-3716e0e1-c44c-43f7-ab63-602a9f662227 tempest-GroupSnapshotsTest-872133836 tempest-GroupSnapshotsTest-872133836-project] http://10.222.0.74/volume/v3/de8ead94681443a3af26bc4e6eac734c/groups/220cde87-aa28-46ed-aff2-928684309936 returned with HTTP 404
Oct 27 10:01:12.105199 dv-cinder-815146-2-smb devstack@c-api.service[108189]: [pid: 108189|app: 0|req: 41/84] 10.222.0.74 () {60 vars in 1362 bytes} [Wed Oct 27 10:01:12 2021] GET /volume/v3/de8ead94681443a3af26bc4e6eac734c/groups/220cde87-aa28-46ed-aff2-928684309936 => generated 108 bytes in 65 msecs (HTTP/1.1 404) 7 headers in 293 bytes (1 switches on core 0)
Oct 27 10:01:12.115627 dv-cinder-815146-2-smb devstack@c-api.service[108188]: /usr/local/lib/python3.8/dist-packages/oslo_context/context.py:105: DeprecationWarning: Policy enforcement is depending on the value of is_admin. This key is deprecated. Please update your policy file to use the standard policy values.
Oct 27 10:01:12.115627 dv-cinder-815146-2-smb devstack@c-api.service[108188]: warnings.warn('Policy enforcement is depending on the value of '
Oct 27 10:01:12.121396 dv-cinder-815146-2-smb devstack@c-api.service[108189]: INFO cinder.api.openstack.wsgi [None req-de2929cb-f56a-48e4-b0c6-b411fb7d8db6 tempest-GroupSnapshotsTest-1293790427 tempest-GroupSnapshotsTest-1293790427-project-admin] DELETE http://10.222.0.74/volume/v3/a9f90979f0d74cd7b42b2d4e6a5f47d3/group_types/dd9786ad-caf8-4240-a923-c6def61adb92
Oct 27 10:01:12.121927 dv-cinder-815146-2-smb devstack@c-api.service[108189]: DEBUG cinder.api.openstack.wsgi [None req-de2929cb-f56a-48e4-b0c6-b411fb7d8db6 tempest-GroupSnapshotsTest-1293790427 tempest-GroupSnapshotsTest-1293790427-project-admin] Empty body provided in request {{(pid=108189) get_body /opt/stack/cinder/cinder/api/openstack/wsgi.py:703}}
Oct 27 10:01:12.122356 dv-cinder-815146-2-smb devstack@c-api.service[108189]: DEBUG cinder.api.openstack.wsgi [None req-de2929cb-f56a-48e4-b0c6-b411fb7d8db6 tempest-GroupSnapshotsTest-1293790427 tempest-GroupSnapshotsTest-1293790427-project-admin] Calling method 'version_select' {{(pid=108189) _process_stack /opt/stack/cinder/cinder/api/openstack/wsgi.py:856}}
Oct 27 10:01:12.129131 dv-cinder-815146-2-smb devstack@c-api.service[108188]: INFO cinder.volume.api [None req-815e99ea-d83d-45a3-b51e-c93f0bafe7b4 tempest-VolumeQuotasNegativeTestJSON-1742927230 tempest-VolumeQuotasNegativeTestJSON-1742927230-project] Volume info retrieved successfully.
Oct 27 10:01:12.159820 dv-cinder-815146-2-smb devstack@c-api.service[108188]: INFO cinder.api.openstack.wsgi [None req-815e99ea-d83d-45a3-b51e-c93f0bafe7b4 tempest-VolumeQuotasNegativeTestJSON-1742927230 tempest-VolumeQuotasNegativeTestJSON-1742927230-project] http://10.222.0.74/volume/v3/985fcabd9d4941ffbe57cc22b8472a6b/volumes/b584feac-edee-45f2-83ca-a3a1abd8011b returned with HTTP 200
Oct 27 10:01:12.169088 dv-cinder-815146-2-smb devstack@c-api.service[108188]: [pid: 108188|app: 0|req: 44/85] 10.222.0.74 () {58 vars in 1324 bytes} [Wed Oct 27 10:01:12 2021] GET /volume/v3/985fcabd9d4941ffbe57cc22b8472a6b/volumes/b584feac-edee-45f2-83ca-a3a1abd8011b => generated 920 bytes in 110 msecs (HTTP/1.1 200) 7 headers in 285 bytes (2 switches on core 0)
Oct 27 10:01:12.229545 dv-cinder-815146-2-smb devstack@c-api.service[108189]: INFO cinder.api.openstack.wsgi [None req-de2929cb-f56a-48e4-b0c6-b411fb7d8db6 tempest-GroupSnapshotsTest-1293790427 tempest-GroupSnapshotsTest-1293790427-project-admin] http://10.222.0.74/volume/v3/a9f90979f0d74cd7b42b2d4e6a5f47d3/group_types/dd9786ad-caf8-4240-a923-c6def61adb92 returned with HTTP 202
Oct 27 10:01:12.232830 dv-cinder-815146-2-smb devstack@c-api.service[108189]: [pid: 108189|app: 0|req: 42/86] 10.222.0.74 () {60 vars in 1380 bytes} [Wed Oct 27 10:01:12 2021] DELETE /volume/v3/a9f90979f0d74cd7b42b2d4e6a5f47d3/group_types/dd9786ad-caf8-4240-a923-c6def61adb92 => generated 0 bytes in 123 msecs (HTTP/1.1 202) 6 headers in 234 bytes (2 switches on core 0)
Oct 27 10:01:12.245597 dv-cinder-815146-2-smb devstack@c-api.service[108188]: INFO cinder.api.openstack.wsgi [None req-db6524af-4183-4cd0-8652-0393f39607d1 tempest-GroupSnapshotsTest-1293790427 tempest-GroupSnapshotsTest-1293790427-project-admin] POST http://10.222.0.74/volume/v3/a9f90979f0d74cd7b42b2d4e6a5f47d3/types
Oct 27 10:01:12.246007 dv-cinder-815146-2-smb devstack@c-api.service[108188]: /usr/local/lib/python3.8/dist-packages/webob/acceptparse.py:1047: DeprecationWarning: The behavior of AcceptValidHeader.best_match is currently being maintained for backward compatibility, but it will be deprecated in the future, as it does not conform to the RFC.
Oct 27 10:01:12.246007 dv-cinder-815146-2-smb devstack@c-api.service[108188]: warnings.warn(
Oct 27 10:01:12.246437 dv-cinder-815146-2-smb devstack@c-api.service[108188]: DEBUG cinder.api.openstack.wsgi [None req-db6524af-4183-4cd0-8652-0393f39607d1 tempest-GroupSnapshotsTest-1293790427 tempest-GroupSnapshotsTest-1293790427-project-admin] Action: 'create', calling method: _create, body: {"volume_type": {"name": "tempest-GroupSnapshotsTest-volume-type-1581167594"}} {{(pid=108188) _process_stack /opt/stack/cinder/cinder/api/openstack/wsgi.py:854}}
Oct 27 10:01:12.334385 dv-cinder-815146-2-smb devstack@c-api.service[108188]: INFO cinder.api.openstack.wsgi [None req-db6524af-4183-4cd0-8652-0393f39607d1 tempest-GroupSnapshotsTest-1293790427 tempest-GroupSnapshotsTest-1293790427-project-admin] http://10.222.0.74/volume/v3/a9f90979f0d74cd7b42b2d4e6a5f47d3/types returned with HTTP 200
Oct 27 10:01:12.345712 dv-cinder-815146-2-smb devstack@c-api.service[108188]: [pid: 108188|app: 0|req: 45/87] 10.222.0.74 () {60 vars in 1228 bytes} [Wed Oct 27 10:01:12 2021] POST /volume/v3/a9f90979f0d74cd7b42b2d4e6a5f47d3/types => generated 224 bytes in 105 msecs (HTTP/1.1 200) 7 headers in 285 bytes (1 switches on core 0)
Oct 27 10:01:12.347360 dv-cinder-815146-2-smb devstack@c-api.service[108189]: INFO cinder.api.openstack.wsgi [None req-ae090c49-3741-4776-a430-9ba88eb7a207 tempest-GroupSnapshotsTest-1293790427 tempest-GroupSnapshotsTest-1293790427-project-admin] POST http://10.222.0.74/volume/v3/a9f90979f0d74cd7b42b2d4e6a5f47d3/group_types
Oct 27 10:01:12.348585 dv-cinder-815146-2-smb devstack@c-api.service[108189]: DEBUG cinder.api.openstack.wsgi [None req-ae090c49-3741-4776-a430-9ba88eb7a207 tempest-GroupSnapshotsTest-1293790427 tempest-GroupSnapshotsTest-1293790427-project-admin] Action: 'create', calling method: version_select, body: {"group_type": {"name": "tempest-GroupSnapshotsTest-group-type-1765646289"}} {{(pid=108189) _process_stack /opt/stack/cinder/cinder/api/openstack/wsgi.py:854}}
Oct 27 10:01:12.404409 dv-cinder-815146-2-smb devstack@c-api.service[108189]: INFO cinder.api.openstack.wsgi [None req-ae090c49-3741-4776-a430-9ba88eb7a207 tempest-GroupSnapshotsTest-1293790427 tempest-GroupSnapshotsTest-1293790427-project-admin] http://10.222.0.74/volume/v3/a9f90979f0d74cd7b42b2d4e6a5f47d3/group_types returned with HTTP 202
Oct 27 10:01:12.415848 dv-cinder-815146-2-smb devstack@c-api.service[108189]: [pid: 108189|app: 0|req: 43/88] 10.222.0.74 () {62 vars in 1287 bytes} [Wed Oct 27 10:01:12 2021] POST /volume/v3/a9f90979f0d74cd7b42b2d4e6a5f47d3/group_types => generated 181 bytes in 73 msecs (HTTP/1.1 202) 7 headers in 292 bytes (1 switches on core 0)
Oct 27 10:01:12.424903 dv-cinder-815146-2-smb devstack@c-api.service[108188]: INFO cinder.api.openstack.wsgi [None req-29b5743b-bfd6-4e4e-8098-810a9d48cf81 tempest-GroupSnapshotsTest-872133836 tempest-GroupSnapshotsTest-872133836-project] POST http://10.222.0.74/volume/v3/de8ead94681443a3af26bc4e6eac734c/groups
Oct 27 10:01:12.426080 dv-cinder-815146-2-smb devstack@c-api.service[108188]: DEBUG cinder.api.openstack.wsgi [None req-29b5743b-bfd6-4e4e-8098-810a9d48cf81 tempest-GroupSnapshotsTest-872133836 tempest-GroupSnapshotsTest-872133836-project] Action: 'create', calling method: version_select, body: {"group": {"group_type": "b778fbd6-9608-49ba-a6e4-9f92a9d14886", "volume_types": ["a0778490-7f5e-417f-8dcc-a19d937b7e67"], "name": "tempest-GroupSnapshotsTest-Group-475076219"}} {{(pid=108188) _process_stack /opt/stack/cinder/cinder/api/openstack/wsgi.py:854}}
Oct 27 10:01:12.427244 dv-cinder-815146-2-smb devstack@c-api.service[108188]: DEBUG cinder.api.v3.groups [None req-29b5743b-bfd6-4e4e-8098-810a9d48cf81 tempest-GroupSnapshotsTest-872133836 tempest-GroupSnapshotsTest-872133836-project] Creating new group {'group': {'group_type': 'b778fbd6-9608-49ba-a6e4-9f92a9d14886', 'volume_types': ['a0778490-7f5e-417f-8dcc-a19d937b7e67'], 'name': 'tempest-GroupSnapshotsTest-Group-475076219'}} {{(pid=108188) create /opt/stack/cinder/cinder/api/v3/groups.py:190}}
Oct 27 10:01:12.444004 dv-cinder-815146-2-smb devstack@c-api.service[108188]: INFO cinder.api.v3.groups [None req-29b5743b-bfd6-4e4e-8098-810a9d48cf81 tempest-GroupSnapshotsTest-872133836 tempest-GroupSnapshotsTest-872133836-project] Creating group tempest-GroupSnapshotsTest-Group-475076219.
Oct 27 10:01:12.510485 dv-cinder-815146-2-smb devstack@c-api.service[108188]: DEBUG cinder.volume.api [None req-29b5743b-bfd6-4e4e-8098-810a9d48cf81 tempest-GroupSnapshotsTest-872133836 tempest-GroupSnapshotsTest-872133836-project] Availability zone cache updated, next update will occur around 2021-10-27 11:01:12.509766. {{(pid=108188) list_availability_zones /opt/stack/cinder/cinder/volume/api.py:148}}
Oct 27 10:01:12.511199 dv-cinder-815146-2-smb devstack@c-api.service[108188]: INFO cinder.volume.api [None req-29b5743b-bfd6-4e4e-8098-810a9d48cf81 tempest-GroupSnapshotsTest-872133836 tempest-GroupSnapshotsTest-872133836-project] Availability Zones retrieved successfully.
Oct 27 10:01:12.569180 dv-cinder-815146-2-smb devstack@c-api.service[108188]: DEBUG cinder.quota [None req-29b5743b-bfd6-4e4e-8098-810a9d48cf81 tempest-GroupSnapshotsTest-872133836 tempest-GroupSnapshotsTest-872133836-project] Created reservations ['501d28d4-7924-480c-b8b6-055f79529b81'] {{(pid=108188) reserve /opt/stack/cinder/cinder/quota.py:755}}
Oct 27 10:01:12.718578 dv-cinder-815146-2-smb devstack@c-api.service[108188]: INFO cinder.api.openstack.wsgi [None req-29b5743b-bfd6-4e4e-8098-810a9d48cf81 tempest-GroupSnapshotsTest-872133836 tempest-GroupSnapshotsTest-872133836-project] http://10.222.0.74/volume/v3/de8ead94681443a3af26bc4e6eac734c/groups returned with HTTP 202
Oct 27 10:01:12.729559 dv-cinder-815146-2-smb devstack@c-api.service[108188]: [pid: 108188|app: 0|req: 46/89] 10.222.0.74 () {62 vars in 1273 bytes} [Wed Oct 27 10:01:12 2021] POST /volume/v3/de8ead94681443a3af26bc4e6eac734c/groups => generated 111 bytes in 302 msecs (HTTP/1.1 202) 7 headers in 292 bytes (1 switches on core 0)
Oct 27 10:01:12.734538 dv-cinder-815146-2-smb devstack@c-api.service[108189]: INFO cinder.api.openstack.wsgi [None req-da8d7bf3-f2b2-4a3c-b777-f9d7de62ee66 tempest-GroupSnapshotsTest-872133836 tempest-GroupSnapshotsTest-872133836-project] GET http://10.222.0.74/volume/v3/de8ead94681443a3af26bc4e6eac734c/groups/35c33075-e8ca-42e7-830d-31feba8583b0
Oct 27 10:01:12.735036 dv-cinder-815146-2-smb devstack@c-api.service[108189]: DEBUG cinder.api.openstack.wsgi [None req-da8d7bf3-f2b2-4a3c-b777-f9d7de62ee66 tempest-GroupSnapshotsTest-872133836 tempest-GroupSnapshotsTest-872133836-project] Empty body provided in request {{(pid=108189) get_body /opt/stack/cinder/cinder/api/openstack/wsgi.py:703}}
Oct 27 10:01:12.735449 dv-cinder-815146-2-smb devstack@c-api.service[108189]: DEBUG cinder.api.openstack.wsgi [None req-da8d7bf3-f2b2-4a3c-b777-f9d7de62ee66 tempest-GroupSnapshotsTest-872133836 tempest-GroupSnapshotsTest-872133836-project] Calling method 'version_select' {{(pid=108189) _process_stack /opt/stack/cinder/cinder/api/openstack/wsgi.py:856}}
Oct 27 10:01:12.735793 dv-cinder-815146-2-smb devstack@c-api.service[108189]: DEBUG cinder.api.v3.groups [None req-da8d7bf3-f2b2-4a3c-b777-f9d7de62ee66 tempest-GroupSnapshotsTest-872133836 tempest-GroupSnapshotsTest-872133836-project] show called for member 35c33075-e8ca-42e7-830d-31feba8583b0 {{(pid=108189) show /opt/stack/cinder/cinder/api/v3/groups.py:58}}
Oct 27 10:01:12.777380 dv-cinder-815146-2-smb devstack@c-api.service[108189]: /usr/local/lib/python3.8/dist-packages/oslo_context/context.py:105: DeprecationWarning: Policy enforcement is depending on the value of is_admin. This key is deprecated. Please update your policy file to use the standard policy values.
Oct 27 10:01:12.777380 dv-cinder-815146-2-smb devstack@c-api.service[108189]: warnings.warn('Policy enforcement is depending on the value of '
Oct 27 10:01:12.859453 dv-cinder-815146-2-smb devstack@c-api.service[108189]: INFO cinder.api.openstack.wsgi [None req-da8d7bf3-f2b2-4a3c-b777-f9d7de62ee66 tempest-GroupSnapshotsTest-872133836 tempest-GroupSnapshotsTest-872133836-project] http://10.222.0.74/volume/v3/de8ead94681443a3af26bc4e6eac734c/groups/35c33075-e8ca-42e7-830d-31feba8583b0 returned with HTTP 200
Oct 27 10:01:12.865247 dv-cinder-815146-2-smb devstack@c-api.service[108189]: [pid: 108189|app: 0|req: 44/90] 10.222.0.74 () {60 vars in 1362 bytes} [Wed Oct 27 10:01:12 2021] GET /volume/v3/de8ead94681443a3af26bc4e6eac734c/groups/35c33075-e8ca-42e7-830d-31feba8583b0 => generated 391 bytes in 136 msecs (HTTP/1.1 200) 7 headers in 286 bytes (1 switches on core 0)
Oct 27 10:01:13.194186 dv-cinder-815146-2-smb devstack@c-api.service[108188]: INFO cinder.api.openstack.wsgi [None req-7aa5ca58-bda2-4192-846a-3c0262c60480 tempest-VolumeQuotasNegativeTestJSON-1742927230 tempest-VolumeQuotasNegativeTestJSON-1742927230-project] GET http://10.222.0.74/volume/v3/985fcabd9d4941ffbe57cc22b8472a6b/volumes/b584feac-edee-45f2-83ca-a3a1abd8011b
Oct 27 10:01:13.195860 dv-cinder-815146-2-smb devstack@c-api.service[108188]: DEBUG cinder.api.openstack.wsgi [None req-7aa5ca58-bda2-4192-846a-3c0262c60480 tempest-VolumeQuotasNegativeTestJSON-1742927230 tempest-VolumeQuotasNegativeTestJSON-1742927230-project] Empty body provided in request {{(pid=108188) get_body /opt/stack/cinder/cinder/api/openstack/wsgi.py:703}}
Oct 27 10:01:13.196377 dv-cinder-815146-2-smb devstack@c-api.service[108188]: /usr/local/lib/python3.8/dist-packages/webob/acceptparse.py:1047: DeprecationWarning: The behavior of AcceptValidHeader.best_match is currently being maintained for backward compatibility, but it will be deprecated in the future, as it does not conform to the RFC.
Oct 27 10:01:13.196377 dv-cinder-815146-2-smb devstack@c-api.service[108188]: warnings.warn(
Oct 27 10:01:13.197041 dv-cinder-815146-2-smb devstack@c-api.service[108188]: DEBUG cinder.api.openstack.wsgi [None req-7aa5ca58-bda2-4192-846a-3c0262c60480 tempest-VolumeQuotasNegativeTestJSON-1742927230 tempest-VolumeQuotasNegativeTestJSON-1742927230-project] Calling method 'show' {{(pid=108188) _process_stack /opt/stack/cinder/cinder/api/openstack/wsgi.py:856}}
Oct 27 10:01:13.244470 dv-cinder-815146-2-smb devstack@c-api.service[108188]: INFO cinder.api.openstack.wsgi [None req-7aa5ca58-bda2-4192-846a-3c0262c60480 tempest-VolumeQuotasNegativeTestJSON-1742927230 tempest-VolumeQuotasNegativeTestJSON-1742927230-project] http://10.222.0.74/volume/v3/985fcabd9d4941ffbe57cc22b8472a6b/volumes/b584feac-edee-45f2-83ca-a3a1abd8011b returned with HTTP 404
Oct 27 10:01:13.249377 dv-cinder-815146-2-smb devstack@c-api.service[108188]: [pid: 108188|app: 0|req: 47/91] 10.222.0.74 () {58 vars in 1324 bytes} [Wed Oct 27 10:01:13 2021] GET /volume/v3/985fcabd9d4941ffbe57cc22b8472a6b/volumes/b584feac-edee-45f2-83ca-a3a1abd8011b => generated 109 bytes in 68 msecs (HTTP/1.1 404) 7 headers in 292 bytes (1 switches on core 0)
Oct 27 10:01:13.256283 dv-cinder-815146-2-smb devstack@c-api.service[108189]: INFO cinder.api.openstack.wsgi [None req-dde3e9fe-f88e-4376-b74e-d5635172501d tempest-VolumeQuotasNegativeTestJSON-1457338686 tempest-VolumeQuotasNegativeTestJSON-1457338686-project-admin] PUT http://10.222.0.74/volume/v3/b8e4f660028f4738bba56642fc219c06/os-quota-sets/985fcabd9d4941ffbe57cc22b8472a6b
Oct 27 10:01:13.257322 dv-cinder-815146-2-smb devstack@c-api.service[108189]: /usr/local/lib/python3.8/dist-packages/webob/acceptparse.py:1047: DeprecationWarning: The behavior of AcceptValidHeader.best_match is currently being maintained for backward compatibility, but it will be deprecated in the future, as it does not conform to the RFC.
Oct 27 10:01:13.257322 dv-cinder-815146-2-smb devstack@c-api.service[108189]: warnings.warn(
Oct 27 10:01:13.257884 dv-cinder-815146-2-smb devstack@c-api.service[108189]: DEBUG cinder.api.openstack.wsgi [None req-dde3e9fe-f88e-4376-b74e-d5635172501d tempest-VolumeQuotasNegativeTestJSON-1457338686 tempest-VolumeQuotasNegativeTestJSON-1457338686-project-admin] Action: 'update', calling method: update, body: {"quota_set": {"volumes": 10, "per_volume_gigabytes": -1, "snapshots": 10, "gigabytes": 1000, "backups": 10, "backup_gigabytes": 1000}} {{(pid=108189) _process_stack /opt/stack/cinder/cinder/api/openstack/wsgi.py:854}}
Oct 27 10:01:13.330334 dv-cinder-815146-2-smb devstack@c-api.service[108189]: /usr/local/lib/python3.8/dist-packages/oslo_context/context.py:105: DeprecationWarning: Policy enforcement is depending on the value of is_admin. This key is deprecated. Please update your policy file to use the standard policy values.
Oct 27 10:01:13.330334 dv-cinder-815146-2-smb devstack@c-api.service[108189]: warnings.warn('Policy enforcement is depending on the value of '
