Aug 30 01:14:33.028679 dv-cinder-815146-13-smb neutron-server[114388]: INFO neutron.wsgi [None req-15ceab18-f063-4340-b329-2bd270e49cf1 tempest-AttachVolumeShelveTestJSON-540832596 tempest-AttachVolumeShelveTestJSON-540832596-project] 10.222.0.16 "POST /networking/v2.0/floatingips HTTP/1.1" status: 201 len: 692 time: 7.6059389
Aug 30 01:14:33.127515 dv-cinder-815146-13-smb neutron-server[114388]: INFO neutron.wsgi [req-f4e6a9b0-d77f-42c8-9d97-fdb6141c5da0 req-a2b41238-25b8-484b-8334-2a3a34b68d7b service neutron] 10.222.0.84 "GET /networking/v2.0/networks/acdda853-55cc-4edc-b50c-c0094431787a?fields=provider%3Aphysical_network&fields=provider%3Anetwork_type HTTP/1.1" status: 200 len: 281 time: 0.2892196
Aug 30 01:14:33.203950 dv-cinder-815146-13-smb neutron-server[114390]: DEBUG neutron.plugins.ml2.rpc [None req-b3b786e5-aa7f-4573-b0b6-4bdebe5bf8cb None None] Device c5b739af-2497-42b9-bafb-21125471954b up at agent ovs-agent-dv-cinder-815146-13-smb {{(pid=114390) update_device_up /opt/stack/neutron/neutron/plugins/ml2/rpc.py:296}}
Aug 30 01:14:33.205295 dv-cinder-815146-13-smb neutron-server[114389]: DEBUG neutron_lib.callbacks.manager [None req-d522caee-3dab-4f02-9017-011b52ae2ea3 admin admin] Publish callbacks [] for security_group (None), before_create {{(pid=114389) _notify_loop /usr/local/lib/python3.8/dist-packages/neutron_lib/callbacks/manager.py:176}}
Aug 30 01:14:33.423993 dv-cinder-815146-13-smb neutron-server[114389]: INFO neutron.wsgi [req-7f5bf700-c269-485d-a370-9004965068b4 req-d7defbe6-8e3d-4062-b244-3050c90096a5 tempest-DeleteServersTestJSON-322273774 tempest-DeleteServersTestJSON-322273774-project] 10.222.0.16 "GET /networking/v2.0/ports?device_id=f20a1a84-6e78-43cf-90fe-688c39c7c67a HTTP/1.1" status: 200 len: 210 time: 0.2126570
Aug 30 01:14:33.499459 dv-cinder-815146-13-smb neutron-server[114390]: DEBUG neutron.db.provisioning_blocks [None req-b3b786e5-aa7f-4573-b0b6-4bdebe5bf8cb None None] Provisioning complete for port c5b739af-2497-42b9-bafb-21125471954b triggered by entity L2. {{(pid=114390) provisioning_complete /opt/stack/neutron/neutron/db/provisioning_blocks.py:144}}
Aug 30 01:14:33.499992 dv-cinder-815146-13-smb neutron-server[114390]: DEBUG neutron_lib.callbacks.manager [None req-b3b786e5-aa7f-4573-b0b6-4bdebe5bf8cb None None] Publish callbacks ['neutron.plugins.ml2.plugin.Ml2Plugin._port_provisioned-3618147'] for port (c5b739af-2497-42b9-bafb-21125471954b), provisioning_complete {{(pid=114390) _notify_loop /usr/local/lib/python3.8/dist-packages/neutron_lib/callbacks/manager.py:176}}
Aug 30 01:14:33.558264 dv-cinder-815146-13-smb neutron-server[114388]: DEBUG neutron.pecan_wsgi.hooks.policy_enforcement [req-83d19105-55e1-43f7-934d-524303158716 req-a72fa16b-1019-4092-938e-844a59d90cde service neutron] Attributes excluded by policy engine: ['standard_attr_id'] {{(pid=114388) _exclude_attributes_by_policy /opt/stack/neutron/neutron/pecan_wsgi/hooks/policy_enforcement.py:259}}
Aug 30 01:14:33.568498 dv-cinder-815146-13-smb neutron-server[114388]: INFO neutron.wsgi [req-83d19105-55e1-43f7-934d-524303158716 req-a72fa16b-1019-4092-938e-844a59d90cde service neutron] 10.222.0.84 "GET /networking/v2.0/ports?tenant_id=038604204df04c48a3176646016677ac&device_id=5b878cdd-e553-46f1-aa44-60cdae8e4f5b HTTP/1.1" status: 200 len: 1128 time: 0.1517568
Aug 30 01:14:33.732183 dv-cinder-815146-13-smb neutron-server[114390]: DEBUG neutron.plugins.ml2.plugin [None req-b3b786e5-aa7f-4573-b0b6-4bdebe5bf8cb None None] Current status of the port c5b739af-2497-42b9-bafb-21125471954b is: ACTIVE; New status is: ACTIVE {{(pid=114390) _update_individual_port_db_status /opt/stack/neutron/neutron/plugins/ml2/plugin.py:2302}}
Aug 30 01:14:33.733373 dv-cinder-815146-13-smb neutron-server[114390]: DEBUG neutron.plugins.ml2.rpc [None req-b3b786e5-aa7f-4573-b0b6-4bdebe5bf8cb None None] Device 8f750108-8668-4305-bba7-baec4852895d up at agent ovs-agent-dv-cinder-815146-13-smb {{(pid=114390) update_device_up /opt/stack/neutron/neutron/plugins/ml2/rpc.py:296}}
Aug 30 01:14:33.740025 dv-cinder-815146-13-smb neutron-server[114389]: DEBUG neutron.pecan_wsgi.hooks.policy_enforcement [req-f6f0af40-e39f-4038-ba37-3ef025422708 req-8110e54f-2c61-4591-b55f-712dc04332c1 tempest-AttachVolumeNegativeTest-1948957823 tempest-AttachVolumeNegativeTest-1948957823-project] Attributes excluded by policy engine: ['standard_attr_id', 'vlan_transparent', 'provider:network_type', 'provider:physical_network', 'provider:segmentation_id'] {{(pid=114389) _exclude_attributes_by_policy /opt/stack/neutron/neutron/pecan_wsgi/hooks/policy_enforcement.py:259}}
Aug 30 01:14:33.742209 dv-cinder-815146-13-smb neutron-server[114389]: INFO neutron.wsgi [req-f6f0af40-e39f-4038-ba37-3ef025422708 req-8110e54f-2c61-4591-b55f-712dc04332c1 tempest-AttachVolumeNegativeTest-1948957823 tempest-AttachVolumeNegativeTest-1948957823-project] 10.222.0.16 "GET /networking/v2.0/networks?id=e1e8d4e3-3648-45a2-b510-49a9aa7c4c69 HTTP/1.1" status: 200 len: 814 time: 0.7301509
Aug 30 01:14:33.817387 dv-cinder-815146-13-smb neutron-server[114388]: DEBUG dbcounter [-] [114388] Writing DB stats neutron:SELECT=92,neutron:DELETE=5,neutron:UPDATE=2,neutron:INSERT=1 {{(pid=114388) stat_writer /usr/local/lib/python3.8/dist-packages/dbcounter.py:114}}
Aug 30 01:14:33.838713 dv-cinder-815146-13-smb neutron-server[114389]: DEBUG neutron.pecan_wsgi.hooks.quota_enforcement [req-53ed0ebf-edec-41c7-b4bb-9a1f5aaf4291 req-d6d3f3f0-aa93-442e-a6d2-112c16285465 tempest-DeleteServersTestJSON-322273774 tempest-DeleteServersTestJSON-322273774-project] Made reservation on behalf of 935757e55bdc49e6a89b468d3c16e2ae for: {'port': 1} {{(pid=114389) before /opt/stack/neutron/neutron/pecan_wsgi/hooks/quota_enforcement.py:53}}
Aug 30 01:14:33.857412 dv-cinder-815146-13-smb neutron-server[114389]: DEBUG neutron_lib.callbacks.manager [req-53ed0ebf-edec-41c7-b4bb-9a1f5aaf4291 req-d6d3f3f0-aa93-442e-a6d2-112c16285465 tempest-DeleteServersTestJSON-322273774 tempest-DeleteServersTestJSON-322273774-project] Publish callbacks ['neutron.plugins.ml2.plugin.SecurityGroupDbMixin._ensure_default_security_group_handler-3726386'] for port (None), before_create {{(pid=114389) _notify_loop /usr/local/lib/python3.8/dist-packages/neutron_lib/callbacks/manager.py:176}}
Aug 30 01:14:33.916641 dv-cinder-815146-13-smb neutron-server[114390]: DEBUG neutron.db.provisioning_blocks [None req-b3b786e5-aa7f-4573-b0b6-4bdebe5bf8cb None None] Provisioning complete for port 8f750108-8668-4305-bba7-baec4852895d triggered by entity L2. {{(pid=114390) provisioning_complete /opt/stack/neutron/neutron/db/provisioning_blocks.py:144}}
Aug 30 01:14:33.916641 dv-cinder-815146-13-smb neutron-server[114390]: DEBUG neutron_lib.callbacks.manager [None req-b3b786e5-aa7f-4573-b0b6-4bdebe5bf8cb None None] Publish callbacks ['neutron.plugins.ml2.plugin.Ml2Plugin._port_provisioned-3618147'] for port (8f750108-8668-4305-bba7-baec4852895d), provisioning_complete {{(pid=114390) _notify_loop /usr/local/lib/python3.8/dist-packages/neutron_lib/callbacks/manager.py:176}}
Aug 30 01:14:33.957820 dv-cinder-815146-13-smb neutron-server[114389]: INFO neutron.wsgi [req-f6f0af40-e39f-4038-ba37-3ef025422708 req-c22ca97e-fb8b-4fec-a6b6-59cc6a05d241 tempest-AttachVolumeNegativeTest-1948957823 tempest-AttachVolumeNegativeTest-1948957823-project] 10.222.0.16 "GET /networking/v2.0/quotas/fa97c815ed7241968ed773a1442cd2b2 HTTP/1.1" status: 200 len: 375 time: 0.0968232
Aug 30 01:14:34.063137 dv-cinder-815146-13-smb neutron-server[114388]: DEBUG neutron.pecan_wsgi.hooks.policy_enforcement [req-83d19105-55e1-43f7-934d-524303158716 req-80dc9a97-8f7a-4df0-97b5-782c9833dea5 service neutron] Attributes excluded by policy engine: ['standard_attr_id', 'vlan_transparent'] {{(pid=114388) _exclude_attributes_by_policy /opt/stack/neutron/neutron/pecan_wsgi/hooks/policy_enforcement.py:259}}
Aug 30 01:14:34.067457 dv-cinder-815146-13-smb neutron-server[114388]: INFO neutron.wsgi [req-83d19105-55e1-43f7-934d-524303158716 req-80dc9a97-8f7a-4df0-97b5-782c9833dea5 service neutron] 10.222.0.84 "GET /networking/v2.0/networks?id=acdda853-55cc-4edc-b50c-c0094431787a HTTP/1.1" status: 200 len: 919 time: 0.4967990
Aug 30 01:14:34.073863 dv-cinder-815146-13-smb neutron-server[114389]: INFO neutron.wsgi [req-86dada23-9583-4f59-bcb8-da70de0b0da6 req-954f0353-5a38-44d8-bb4b-66041924edab tempest-AttachVolumeShelveTestJSON-540832596 tempest-AttachVolumeShelveTestJSON-540832596-project] 10.222.0.16 "GET /networking/v2.0/security-groups?name=tempest-securitygroup--619421676&fields=id&tenant_id=af7cf649edeb4f1e93f42a6a8d962820 HTTP/1.1" status: 200 len: 267 time: 0.3288529
Aug 30 01:14:34.086186 dv-cinder-815146-13-smb neutron-server[114390]: DEBUG neutron.plugins.ml2.plugin [None req-b3b786e5-aa7f-4573-b0b6-4bdebe5bf8cb None None] Current status of the port 8f750108-8668-4305-bba7-baec4852895d is: ACTIVE; New status is: ACTIVE {{(pid=114390) _update_individual_port_db_status /opt/stack/neutron/neutron/plugins/ml2/plugin.py:2302}}
Aug 30 01:14:34.237170 dv-cinder-815146-13-smb neutron-server[114390]: DEBUG neutron_lib.callbacks.manager [None req-c1f222bf-15c9-4ef1-887c-61f8d4128dde None None] Publish callbacks ['neutron.services.segments.db._update_segment_host_mapping_for_agent-8783574682929', 'neutron.plugins.ml2.plugin.Ml2Plugin._retry_binding_revived_agents-3618497'] for agent (b1e6dab0-b7db-4374-8409-8a0bb5abe627), after_update {{(pid=114390) _notify_loop /usr/local/lib/python3.8/dist-packages/neutron_lib/callbacks/manager.py:176}}
Aug 30 01:14:34.239565 dv-cinder-815146-13-smb neutron-server[114388]: DEBUG dbcounter [-] [114388] Writing DB stats neutron:SELECT=99,neutron:UPDATE=1 {{(pid=114388) stat_writer /usr/local/lib/python3.8/dist-packages/dbcounter.py:114}}
Aug 30 01:14:34.242912 dv-cinder-815146-13-smb neutron-server[114388]: INFO neutron.wsgi [req-83d19105-55e1-43f7-934d-524303158716 req-0d7abc4e-8b66-4b36-af3e-d4c8c4bd81e0 service neutron] 10.222.0.84 "GET /networking/v2.0/floatingips?fixed_ip_address=172.20.0.14&port_id=cfd00c1e-7ee8-43d6-8404-35c5c49b7b08 HTTP/1.1" status: 200 len: 217 time: 0.0890889
Aug 30 01:14:34.298896 dv-cinder-815146-13-smb neutron-server[114390]: DEBUG neutron_lib.callbacks.manager [None req-18f32cbd-841c-483e-998d-883f48daec38 None None] Publish callbacks ['neutron.services.segments.db._update_segment_host_mapping_for_agent-8783574682929', 'neutron.plugins.ml2.plugin.Ml2Plugin._retry_binding_revived_agents-3618497'] for agent (f989431c-1dbf-49b1-8b09-24091f11c0e9), after_update {{(pid=114390) _notify_loop /usr/local/lib/python3.8/dist-packages/neutron_lib/callbacks/manager.py:176}}
Aug 30 01:14:34.300387 dv-cinder-815146-13-smb neutron-server[114390]: DEBUG neutron_lib.callbacks.manager [None req-b3b786e5-aa7f-4573-b0b6-4bdebe5bf8cb None None] Publish callbacks ['neutron.services.segments.db._update_segment_host_mapping_for_agent-8783574682929', 'neutron.plugins.ml2.plugin.Ml2Plugin._retry_binding_revived_agents-3618497'] for agent (ef70b943-de80-4ca2-9a0a-36a3bcc34b43), after_update {{(pid=114390) _notify_loop /usr/local/lib/python3.8/dist-packages/neutron_lib/callbacks/manager.py:176}}
Aug 30 01:14:34.390705 dv-cinder-815146-13-smb neutron-server[114388]: DEBUG neutron.notifiers.nova [req-f5f1538c-b8c2-4def-b9a5-deb2051f26f1 req-e5e44f29-4c84-4c01-be7e-9c9ec9def0f3 service neutron] Ignoring state change previous_port_status: DOWN current_port_status: DOWN port_id 77bb167a-c942-4a1e-b0b8-0e7987a4687f {{(pid=114388) record_port_status_changed /opt/stack/neutron/neutron/notifiers/nova.py:233}}
Aug 30 01:14:34.402197 dv-cinder-815146-13-smb neutron-server[114388]: DEBUG neutron.pecan_wsgi.hooks.policy_enforcement [req-83d19105-55e1-43f7-934d-524303158716 req-a22f7ac4-6fa3-4bd5-9e9d-bd53ce90bf4c service neutron] Attributes excluded by policy engine: ['standard_attr_id', 'shared', 'segment_id'] {{(pid=114388) _exclude_attributes_by_policy /opt/stack/neutron/neutron/pecan_wsgi/hooks/policy_enforcement.py:259}}
Aug 30 01:14:34.407887 dv-cinder-815146-13-smb neutron-server[114388]: INFO neutron.wsgi [req-83d19105-55e1-43f7-934d-524303158716 req-a22f7ac4-6fa3-4bd5-9e9d-bd53ce90bf4c service neutron] 10.222.0.84 "GET /networking/v2.0/subnets?id=f55b2bd9-5e8c-409c-847f-be5ab8edd267 HTTP/1.1" status: 200 len: 857 time: 0.1490679
Aug 30 01:14:34.407887 dv-cinder-815146-13-smb neutron-server[114388]: DEBUG neutron_lib.callbacks.manager [req-f5f1538c-b8c2-4def-b9a5-deb2051f26f1 req-e5e44f29-4c84-4c01-be7e-9c9ec9def0f3 service neutron] Publish callbacks [] for port (77bb167a-c942-4a1e-b0b8-0e7987a4687f), precommit_update {{(pid=114388) _notify_loop /usr/local/lib/python3.8/dist-packages/neutron_lib/callbacks/manager.py:176}}
Aug 30 01:14:34.516990 dv-cinder-815146-13-smb neutron-server[114388]: DEBUG neutron.db.provisioning_blocks [req-f5f1538c-b8c2-4def-b9a5-deb2051f26f1 req-e5e44f29-4c84-4c01-be7e-9c9ec9def0f3 service neutron] Transition to ACTIVE for port object 77bb167a-c942-4a1e-b0b8-0e7987a4687f will not be triggered until provisioned by entity L2. {{(pid=114388) add_provisioning_component /opt/stack/neutron/neutron/db/provisioning_blocks.py:74}}
Aug 30 01:14:34.530807 dv-cinder-815146-13-smb neutron-server[114388]: DEBUG neutron.pecan_wsgi.hooks.policy_enforcement [req-83d19105-55e1-43f7-934d-524303158716 req-4d1ce541-c9ac-4e16-a259-a7b1bddeced8 service neutron] Attributes excluded by policy engine: ['standard_attr_id'] {{(pid=114388) _exclude_attributes_by_policy /opt/stack/neutron/neutron/pecan_wsgi/hooks/policy_enforcement.py:259}}
Aug 30 01:14:34.532504 dv-cinder-815146-13-smb neutron-server[114388]: INFO neutron.wsgi [req-83d19105-55e1-43f7-934d-524303158716 req-4d1ce541-c9ac-4e16-a259-a7b1bddeced8 service neutron] 10.222.0.84 "GET /networking/v2.0/ports?network_id=acdda853-55cc-4edc-b50c-c0094431787a&device_owner=network%3Adhcp HTTP/1.1" status: 200 len: 1211 time: 0.1215372
Aug 30 01:14:34.546081 dv-cinder-815146-13-smb neutron-server[114390]: DEBUG dbcounter [-] [114390] Writing DB stats neutron:SELECT=100 {{(pid=114390) stat_writer /usr/local/lib/python3.8/dist-packages/dbcounter.py:114}}
Aug 30 01:14:34.573162 dv-cinder-815146-13-smb neutron-server[114389]: INFO neutron.wsgi [req-f6f0af40-e39f-4038-ba37-3ef025422708 req-01a89934-1cb2-4421-94fe-bf69dc5d7b1b tempest-AttachVolumeNegativeTest-1948957823 tempest-AttachVolumeNegativeTest-1948957823-project] 10.222.0.16 "GET /networking/v2.0/ports?tenant_id=fa97c815ed7241968ed773a1442cd2b2&fields=id HTTP/1.1" status: 200 len: 302 time: 0.6010971
Aug 30 01:14:34.613515 dv-cinder-815146-13-smb neutron-server[114389]: DEBUG neutron_lib.callbacks.manager [None req-d522caee-3dab-4f02-9017-011b52ae2ea3 admin admin] Publish callbacks [] for security_group (0d355241-15af-4cb0-9cdd-dcb9e022993a), precommit_create {{(pid=114389) _notify_loop /usr/local/lib/python3.8/dist-packages/neutron_lib/callbacks/manager.py:176}}
Aug 30 01:14:34.745830 dv-cinder-815146-13-smb neutron-server[114388]: INFO neutron.wsgi [req-83d19105-55e1-43f7-934d-524303158716 req-cb2aaeaa-cbbd-4b8e-a875-8508175dd056 service neutron] 10.222.0.84 "GET /networking/v2.0/networks/acdda853-55cc-4edc-b50c-c0094431787a?fields=segments HTTP/1.1" status: 200 len: 212 time: 0.1892109
Aug 30 01:14:34.871979 dv-cinder-815146-13-smb neutron-server[114389]: DEBUG neutron.pecan_wsgi.hooks.policy_enforcement [req-86dada23-9583-4f59-bcb8-da70de0b0da6 req-03b9a20b-75dc-43be-b12b-957207020918 tempest-AttachVolumeShelveTestJSON-540832596 tempest-AttachVolumeShelveTestJSON-540832596-project] Attributes excluded by policy engine: ['standard_attr_id', 'vlan_transparent', 'provider:network_type', 'provider:physical_network', 'provider:segmentation_id'] {{(pid=114389) _exclude_attributes_by_policy /opt/stack/neutron/neutron/pecan_wsgi/hooks/policy_enforcement.py:259}}
Aug 30 01:14:34.873611 dv-cinder-815146-13-smb neutron-server[114389]: INFO neutron.wsgi [req-86dada23-9583-4f59-bcb8-da70de0b0da6 req-03b9a20b-75dc-43be-b12b-957207020918 tempest-AttachVolumeShelveTestJSON-540832596 tempest-AttachVolumeShelveTestJSON-540832596-project] 10.222.0.16 "GET /networking/v2.0/networks?id=ab58e974-48a9-4d23-b13d-e4beebabff6a HTTP/1.1" status: 200 len: 817 time: 0.7986982
Aug 30 01:14:34.892033 dv-cinder-815146-13-smb neutron-server[114389]: DEBUG neutron.db.db_base_plugin_common [req-53ed0ebf-edec-41c7-b4bb-9a1f5aaf4291 req-d6d3f3f0-aa93-442e-a6d2-112c16285465 tempest-DeleteServersTestJSON-322273774 tempest-DeleteServersTestJSON-322273774-project] Allocated IP 172.20.0.7 (1cb7106a-3222-4a54-91c9-bd664c9c8fc6/9141fe51-1b66-4fce-b9ae-a1609252a4d4/ca3c9aa1-c29d-4efe-9e78-b15a5bbae1e2) {{(pid=114389) _store_ip_allocation /opt/stack/neutron/neutron/db/db_base_plugin_common.py:131}}
Aug 30 01:14:34.915005 dv-cinder-815146-13-smb neutron-server[114389]: INFO neutron.wsgi [req-f6f0af40-e39f-4038-ba37-3ef025422708 req-29e8068c-6644-43a0-abbf-4ab993477378 service neutron] 10.222.0.16 "GET /networking/v2.0/networks/e1e8d4e3-3648-45a2-b510-49a9aa7c4c69?fields=segments HTTP/1.1" status: 200 len: 212 time: 0.3062584
Aug 30 01:14:34.921629 dv-cinder-815146-13-smb neutron-server[114389]: INFO neutron.wsgi [req-86dada23-9583-4f59-bcb8-da70de0b0da6 req-d602e7ea-e8f8-472a-98c1-d7e868da683b tempest-AttachVolumeShelveTestJSON-540832596 tempest-AttachVolumeShelveTestJSON-540832596-project] 10.222.0.16 "GET /networking/v2.0/quotas/af7cf649edeb4f1e93f42a6a8d962820 HTTP/1.1" status: 200 len: 375 time: 0.0364680
Aug 30 01:14:34.996853 dv-cinder-815146-13-smb neutron-server[114388]: DEBUG neutron_lib.callbacks.manager [req-f5f1538c-b8c2-4def-b9a5-deb2051f26f1 req-e5e44f29-4c84-4c01-be7e-9c9ec9def0f3 service neutron] Publish callbacks ['neutron.plugins.ml2.plugin.SecurityGroupServerNotifierRpcMixin._notify_sg_on_port_change-3726449', 'neutron.plugins.ml2.ovo_rpc._ObjectChangeHandler.handle_event-56430', 'neutron.api.rpc.agentnotifiers.dhcp_rpc_agent_api.DhcpAgentNotifyAPI._native_event_send_dhcp_notification-528213', 'neutron.db.l3_db.L3RpcNotifierMixin._notify_gateway_port_ip_changed-8783574609538', 'neutron.db.l3_dvrscheduler_db._notify_l3_agent_port_update-8783574166568', 'neutron.db.l3_hascheduler_db._notify_l3_agent_ha_port_update-8783574166586', 'neutron.services.segments.plugin.NovaSegmentNotifier._notify_port_updated-2040400'] for port (77bb167a-c942-4a1e-b0b8-0e7987a4687f), after_update {{(pid=114388) _notify_loop /usr/local/lib/python3.8/dist-packages/neutron_lib/callbacks/manager.py:176}}
Aug 30 01:14:35.098139 dv-cinder-815146-13-smb neutron-server[114389]: INFO neutron.wsgi [req-86dada23-9583-4f59-bcb8-da70de0b0da6 req-f7ff6730-0c50-4504-b00d-34587bca61eb tempest-AttachVolumeShelveTestJSON-540832596 tempest-AttachVolumeShelveTestJSON-540832596-project] 10.222.0.16 "GET /networking/v2.0/ports?tenant_id=af7cf649edeb4f1e93f42a6a8d962820&fields=id HTTP/1.1" status: 200 len: 302 time: 0.1626749
Aug 30 01:14:35.238557 dv-cinder-815146-13-smb neutron-server[114389]: INFO neutron.wsgi [req-f6f0af40-e39f-4038-ba37-3ef025422708 req-8f541c3e-7953-456b-b290-1d3873d54e0a service neutron] 10.222.0.16 "GET /networking/v2.0/networks/e1e8d4e3-3648-45a2-b510-49a9aa7c4c69?fields=provider%3Aphysical_network&fields=provider%3Anetwork_type HTTP/1.1" status: 200 len: 281 time: 0.3129988
Aug 30 01:14:35.290679 dv-cinder-815146-13-smb neutron-server[114389]: DEBUG neutron_lib.callbacks.manager [None req-d522caee-3dab-4f02-9017-011b52ae2ea3 admin admin] Publish callbacks ['neutron.plugins.ml2.ovo_rpc._ObjectChangeHandler.handle_event-444152'] for security_group (0d355241-15af-4cb0-9cdd-dcb9e022993a), after_create {{(pid=114389) _notify_loop /usr/local/lib/python3.8/dist-packages/neutron_lib/callbacks/manager.py:176}}
Aug 30 01:14:35.362773 dv-cinder-815146-13-smb neutron-server[114388]: DEBUG neutron.api.rpc.handlers.resources_rpc [None req-e5e44f29-4c84-4c01-be7e-9c9ec9def0f3 service neutron] Pushing event updated for resources: {'Port': ['ID=77bb167a-c942-4a1e-b0b8-0e7987a4687f,revision_number=2']} {{(pid=114388) push /opt/stack/neutron/neutron/api/rpc/handlers/resources_rpc.py:237}}
Aug 30 01:14:35.368348 dv-cinder-815146-13-smb neutron-server[114389]: INFO neutron.wsgi [None req-d522caee-3dab-4f02-9017-011b52ae2ea3 admin admin] 10.222.0.16 "GET /networking/v2.0/security-groups?tenant_id=aeea2ff9432240b28f75fbfaa0781ae0&name=default HTTP/1.1" status: 200 len: 2996 time: 2.3418589
Aug 30 01:14:35.376693 dv-cinder-815146-13-smb neutron-server[114388]: DEBUG neutron.wsgi [-] (114388) accepted ('10.222.0.16', 34090) {{(pid=114388) server /usr/local/lib/python3.8/dist-packages/eventlet/wsgi.py:1004}}
Aug 30 01:14:35.402201 dv-cinder-815146-13-smb neutron-server[114389]: DEBUG neutron.api.rpc.handlers.resources_rpc [None req-d522caee-3dab-4f02-9017-011b52ae2ea3 admin admin] Pushing event updated for resources: {'SecurityGroup': ['ID=0d355241-15af-4cb0-9cdd-dcb9e022993a,revision_number=1']} {{(pid=114389) push /opt/stack/neutron/neutron/api/rpc/handlers/resources_rpc.py:237}}
Aug 30 01:14:35.440580 dv-cinder-815146-13-smb neutron-server[114389]: DEBUG neutron_lib.callbacks.manager [req-53ed0ebf-edec-41c7-b4bb-9a1f5aaf4291 req-d6d3f3f0-aa93-442e-a6d2-112c16285465 tempest-DeleteServersTestJSON-322273774 tempest-DeleteServersTestJSON-322273774-project] Publish callbacks [] for port (ca3c9aa1-c29d-4efe-9e78-b15a5bbae1e2), precommit_create {{(pid=114389) _notify_loop /usr/local/lib/python3.8/dist-packages/neutron_lib/callbacks/manager.py:176}}
Aug 30 01:14:35.470753 dv-cinder-815146-13-smb neutron-server[114389]: INFO neutron.wsgi [req-86dada23-9583-4f59-bcb8-da70de0b0da6 req-8a63fdb7-929c-47f3-b1ea-0e08b3224454 service neutron] 10.222.0.16 "GET /networking/v2.0/networks/ab58e974-48a9-4d23-b13d-e4beebabff6a?fields=segments HTTP/1.1" status: 200 len: 212 time: 0.3313339
Aug 30 01:14:35.487916 dv-cinder-815146-13-smb neutron-server[114388]: DEBUG neutron.plugins.ml2.managers [req-f5f1538c-b8c2-4def-b9a5-deb2051f26f1 req-e5e44f29-4c84-4c01-be7e-9c9ec9def0f3 service neutron] Attempting to bind port 77bb167a-c942-4a1e-b0b8-0e7987a4687f on host hv-cinder-81514 for vnic_type normal with profile {{(pid=114388) bind_port /opt/stack/neutron/neutron/plugins/ml2/managers.py:810}}
Aug 30 01:14:35.488312 dv-cinder-815146-13-smb neutron-server[114388]: DEBUG neutron.plugins.ml2.managers [req-f5f1538c-b8c2-4def-b9a5-deb2051f26f1 req-e5e44f29-4c84-4c01-be7e-9c9ec9def0f3 service neutron] Attempting to bind port 77bb167a-c942-4a1e-b0b8-0e7987a4687f by drivers openvswitch,hyperv on host hv-cinder-81514 at level 0 using segments [{'id': '14259996-77a0-4a85-b0e0-7a7bff058cd1', 'network_type': 'vlan', 'physical_network': 'physnet1', 'segmentation_id': 913, 'network_id': 'acdda853-55cc-4edc-b50c-c0094431787a'}] {{(pid=114388) _bind_port_level /opt/stack/neutron/neutron/plugins/ml2/managers.py:835}}
Aug 30 01:14:35.488737 dv-cinder-815146-13-smb neutron-server[114388]: DEBUG neutron.plugins.ml2.drivers.mech_agent [req-f5f1538c-b8c2-4def-b9a5-deb2051f26f1 req-e5e44f29-4c84-4c01-be7e-9c9ec9def0f3 service neutron] Attempting to bind port 77bb167a-c942-4a1e-b0b8-0e7987a4687f on network acdda853-55cc-4edc-b50c-c0094431787a {{(pid=114388) bind_port /opt/stack/neutron/neutron/plugins/ml2/drivers/mech_agent.py:91}}
Aug 30 01:14:35.507707 dv-cinder-815146-13-smb neutron-server[114388]: DEBUG neutron.plugins.ml2.drivers.mech_agent [req-f5f1538c-b8c2-4def-b9a5-deb2051f26f1 req-e5e44f29-4c84-4c01-be7e-9c9ec9def0f3 service neutron] Port 77bb167a-c942-4a1e-b0b8-0e7987a4687f on network acdda853-55cc-4edc-b50c-c0094431787a not bound, no agent of type Open vSwitch agent registered on host hv-cinder-81514 {{(pid=114388) bind_port /opt/stack/neutron/neutron/plugins/ml2/drivers/mech_agent.py:103}}
Aug 30 01:14:35.508083 dv-cinder-815146-13-smb neutron-server[114388]: DEBUG neutron.plugins.ml2.drivers.mech_agent [req-f5f1538c-b8c2-4def-b9a5-deb2051f26f1 req-e5e44f29-4c84-4c01-be7e-9c9ec9def0f3 service neutron] Attempting to bind port 77bb167a-c942-4a1e-b0b8-0e7987a4687f on network acdda853-55cc-4edc-b50c-c0094431787a {{(pid=114388) bind_port /opt/stack/neutron/neutron/plugins/ml2/drivers/mech_agent.py:91}}
Aug 30 01:14:35.539230 dv-cinder-815146-13-smb neutron-server[114388]: DEBUG neutron.plugins.ml2.drivers.mech_agent [req-f5f1538c-b8c2-4def-b9a5-deb2051f26f1 req-e5e44f29-4c84-4c01-be7e-9c9ec9def0f3 service neutron] Checking agent: {'id': 'b1e6dab0-b7db-4374-8409-8a0bb5abe627', 'agent_type': 'HyperV agent', 'binary': 'neutron-hyperv-agent', 'topic': 'N/A', 'host': 'hv-cinder-81514', 'admin_state_up': True, 'created_at': datetime.datetime(2022, 8, 30, 1, 12, 4), 'started_at': datetime.datetime(2022, 8, 30, 1, 12, 4), 'heartbeat_timestamp': datetime.datetime(2022, 8, 30, 1, 14, 34), 'description': None, 'resources_synced': None, 'availability_zone': None, 'alive': True, 'configurations': {'vswitch_mappings': {'physnet1$': 'br-data'}}, 'resource_versions': {}} {{(pid=114388) bind_port /opt/stack/neutron/neutron/plugins/ml2/drivers/mech_agent.py:110}}
Aug 30 01:14:35.539657 dv-cinder-815146-13-smb neutron-server[114388]: DEBUG neutron.plugins.ml2.drivers.mech_agent [req-f5f1538c-b8c2-4def-b9a5-deb2051f26f1 req-e5e44f29-4c84-4c01-be7e-9c9ec9def0f3 service neutron] Checking segment: {'id': '14259996-77a0-4a85-b0e0-7a7bff058cd1', 'network_type': 'vlan', 'physical_network': 'physnet1', 'segmentation_id': 913, 'network_id': 'acdda853-55cc-4edc-b50c-c0094431787a'} for mappings: {'physnet1$': 'br-data'} with network types: ['local', 'flat', 'vlan'] {{(pid=114388) check_segment_for_agent /opt/stack/neutron/neutron/plugins/ml2/drivers/mech_agent.py:373}}
Aug 30 01:14:35.539995 dv-cinder-815146-13-smb neutron-server[114388]: DEBUG neutron.plugins.ml2.drivers.mech_agent [req-f5f1538c-b8c2-4def-b9a5-deb2051f26f1 req-e5e44f29-4c84-4c01-be7e-9c9ec9def0f3 service neutron] Bound using segment: {'id': '14259996-77a0-4a85-b0e0-7a7bff058cd1', 'network_type': 'vlan', 'physical_network': 'physnet1', 'segmentation_id': 913, 'network_id': 'acdda853-55cc-4edc-b50c-c0094431787a'} {{(pid=114388) bind_port /opt/stack/neutron/neutron/plugins/ml2/drivers/mech_agent.py:120}}
Aug 30 01:14:35.540501 dv-cinder-815146-13-smb neutron-server[114388]: DEBUG neutron.plugins.ml2.managers [req-f5f1538c-b8c2-4def-b9a5-deb2051f26f1 req-e5e44f29-4c84-4c01-be7e-9c9ec9def0f3 service neutron] Bound port: 77bb167a-c942-4a1e-b0b8-0e7987a4687f, host: hv-cinder-81514, vif_type: hyperv, vif_details: {"connectivity": "legacy", "port_filter": false}, binding_levels: [{'bound_driver': 'hyperv', 'bound_segment': {'id': '14259996-77a0-4a85-b0e0-7a7bff058cd1', 'network_type': 'vlan', 'physical_network': 'physnet1', 'segmentation_id': 913, 'network_id': 'acdda853-55cc-4edc-b50c-c0094431787a'}}] {{(pid=114388) _bind_port_level /opt/stack/neutron/neutron/plugins/ml2/managers.py:947}}
Aug 30 01:14:35.540892 dv-cinder-815146-13-smb neutron-server[114388]: DEBUG neutron_lib.callbacks.manager [req-f5f1538c-b8c2-4def-b9a5-deb2051f26f1 req-e5e44f29-4c84-4c01-be7e-9c9ec9def0f3 service neutron] Publish callbacks ['neutron.plugins.ml2.plugin.SecurityGroupDbMixin._ensure_default_security_group_handler-3726386'] for port (77bb167a-c942-4a1e-b0b8-0e7987a4687f), before_update {{(pid=114388) _notify_loop /usr/local/lib/python3.8/dist-packages/neutron_lib/callbacks/manager.py:176}}
Aug 30 01:14:35.589491 dv-cinder-815146-13-smb neutron-server[114388]: DEBUG neutron_lib.callbacks.manager [None req-21198c2c-3ff6-40e7-b76b-a4cbaf468906 admin admin] Publish callbacks [] for security_group (0d355241-15af-4cb0-9cdd-dcb9e022993a), before_delete {{(pid=114388) _notify_loop /usr/local/lib/python3.8/dist-packages/neutron_lib/callbacks/manager.py:176}}
Aug 30 01:14:35.603914 dv-cinder-815146-13-smb neutron-server[114388]: INFO neutron.wsgi [req-83d19105-55e1-43f7-934d-524303158716 req-4b8f134f-2d3e-40ad-b769-a7d46832fcc3 service neutron] 10.222.0.84 "GET /networking/v2.0/networks/acdda853-55cc-4edc-b50c-c0094431787a?fields=provider%3Aphysical_network&fields=provider%3Anetwork_type HTTP/1.1" status: 200 len: 281 time: 0.2420948
Aug 30 01:14:35.642094 dv-cinder-815146-13-smb neutron-server[114388]: DEBUG neutron_lib.callbacks.manager [None req-21198c2c-3ff6-40e7-b76b-a4cbaf468906 admin admin] Publish callbacks [] for security_group (0d355241-15af-4cb0-9cdd-dcb9e022993a), precommit_delete {{(pid=114388) _notify_loop /usr/local/lib/python3.8/dist-packages/neutron_lib/callbacks/manager.py:176}}
Aug 30 01:14:35.654581 dv-cinder-815146-13-smb neutron-server[114389]: INFO neutron.wsgi [req-86dada23-9583-4f59-bcb8-da70de0b0da6 req-4e178fec-cd47-4f1b-bafc-99369a96d1c1 service neutron] 10.222.0.16 "GET /networking/v2.0/networks/ab58e974-48a9-4d23-b13d-e4beebabff6a?fields=provider%3Aphysical_network&fields=provider%3Anetwork_type HTTP/1.1" status: 200 len: 281 time: 0.1819785
Aug 30 01:14:35.790681 dv-cinder-815146-13-smb neutron-server[114388]: DEBUG neutron.plugins.ml2.db [req-f5f1538c-b8c2-4def-b9a5-deb2051f26f1 req-e5e44f29-4c84-4c01-be7e-9c9ec9def0f3 service neutron] For port 77bb167a-c942-4a1e-b0b8-0e7987a4687f, host hv-cinder-81514, cleared binding levels {{(pid=114388) clear_binding_levels /opt/stack/neutron/neutron/plugins/ml2/db.py:87}}
Aug 30 01:14:35.799411 dv-cinder-815146-13-smb neutron-server[114388]: DEBUG neutron.plugins.ml2.db [req-f5f1538c-b8c2-4def-b9a5-deb2051f26f1 req-e5e44f29-4c84-4c01-be7e-9c9ec9def0f3 service neutron] For port 77bb167a-c942-4a1e-b0b8-0e7987a4687f, host hv-cinder-81514, set binding levels [PortBindingLevel(driver='hyperv',host='hv-cinder-81514',level=0,port_id=77bb167a-c942-4a1e-b0b8-0e7987a4687f,segment=NetworkSegment(14259996-77a0-4a85-b0e0-7a7bff058cd1),segment_id=14259996-77a0-4a85-b0e0-7a7bff058cd1)] {{(pid=114388) set_binding_levels /opt/stack/neutron/neutron/plugins/ml2/db.py:59}}
Aug 30 01:14:35.830002 dv-cinder-815146-13-smb neutron-server[114389]: DEBUG neutron_lib.callbacks.manager [req-53ed0ebf-edec-41c7-b4bb-9a1f5aaf4291 req-d6d3f3f0-aa93-442e-a6d2-112c16285465 tempest-DeleteServersTestJSON-322273774 tempest-DeleteServersTestJSON-322273774-project] Publish callbacks ['neutron.plugins.ml2.plugin.SecurityGroupServerNotifierRpcMixin._notify_sg_on_port_change-3726449', 'neutron.plugins.ml2.ovo_rpc._ObjectChangeHandler.handle_event-56430', 'neutron.api.rpc.agentnotifiers.dhcp_rpc_agent_api.DhcpAgentNotifyAPI._native_event_send_dhcp_notification-528213', 'neutron.db.l3_dvrscheduler_db._notify_l3_agent_new_port-8783574166550'] for port (ca3c9aa1-c29d-4efe-9e78-b15a5bbae1e2), after_create {{(pid=114389) _notify_loop /usr/local/lib/python3.8/dist-packages/neutron_lib/callbacks/manager.py:176}}
Aug 30 01:14:35.982175 dv-cinder-815146-13-smb neutron-server[114389]: DEBUG neutron.pecan_wsgi.hooks.policy_enforcement [req-a997921f-7208-48e6-8423-d2787de2c857 req-71181149-e73c-415a-a28a-6da9fc07c39c tempest-ServerRescueNegativeTestJSON-677583077 tempest-ServerRescueNegativeTestJSON-677583077-project] Attributes excluded by policy engine: ['standard_attr_id', 'binding:profile', 'binding:host_id', 'binding:vif_type', 'binding:vif_details'] {{(pid=114389) _exclude_attributes_by_policy /opt/stack/neutron/neutron/pecan_wsgi/hooks/policy_enforcement.py:259}}
Aug 30 01:14:35.994003 dv-cinder-815146-13-smb neutron-server[114389]: INFO neutron.wsgi [req-a997921f-7208-48e6-8423-d2787de2c857 req-71181149-e73c-415a-a28a-6da9fc07c39c tempest-ServerRescueNegativeTestJSON-677583077 tempest-ServerRescueNegativeTestJSON-677583077-project] 10.222.0.16 "GET /networking/v2.0/ports?device_id=e160589c-f46c-4307-8e10-7ba5468ab83c HTTP/1.1" status: 200 len: 944 time: 0.2528157
Aug 30 01:14:35.997663 dv-cinder-815146-13-smb neutron-server[114388]: DEBUG neutron_lib.callbacks.manager [req-f5f1538c-b8c2-4def-b9a5-deb2051f26f1 req-e5e44f29-4c84-4c01-be7e-9c9ec9def0f3 service neutron] Publish callbacks ['neutron.plugins.ml2.plugin.SecurityGroupServerNotifierRpcMixin._notify_sg_on_port_change-3726449', 'neutron.plugins.ml2.ovo_rpc._ObjectChangeHandler.handle_event-56430', 'neutron.api.rpc.agentnotifiers.dhcp_rpc_agent_api.DhcpAgentNotifyAPI._native_event_send_dhcp_notification-528213', 'neutron.db.l3_db.L3RpcNotifierMixin._notify_gateway_port_ip_changed-8783574609538', 'neutron.db.l3_dvrscheduler_db._notify_l3_agent_port_update-8783574166568', 'neutron.db.l3_hascheduler_db._notify_l3_agent_ha_port_update-8783574166586', 'neutron.services.segments.plugin.NovaSegmentNotifier._notify_port_updated-2040400'] for port (77bb167a-c942-4a1e-b0b8-0e7987a4687f), after_update {{(pid=114388) _notify_loop /usr/local/lib/python3.8/dist-packages/neutron_lib/callbacks/manager.py:176}}
Aug 30 01:14:36.001547 dv-cinder-815146-13-smb neutron-server[114388]: DEBUG neutron_lib.callbacks.manager [None req-21198c2c-3ff6-40e7-b76b-a4cbaf468906 admin admin] Publish callbacks ['neutron.plugins.ml2.ovo_rpc._ObjectChangeHandler.handle_event-444152'] for security_group (0d355241-15af-4cb0-9cdd-dcb9e022993a), after_delete {{(pid=114388) _notify_loop /usr/local/lib/python3.8/dist-packages/neutron_lib/callbacks/manager.py:176}}
Aug 30 01:14:36.012928 dv-cinder-815146-13-smb neutron-server[114388]: DEBUG neutron_lib.callbacks.manager [None req-21198c2c-3ff6-40e7-b76b-a4cbaf468906 admin admin] Publish callbacks [] for security_group (None), before_response {{(pid=114388) _notify_loop /usr/local/lib/python3.8/dist-packages/neutron_lib/callbacks/manager.py:176}}
Aug 30 01:14:36.012928 dv-cinder-815146-13-smb neutron-server[114388]: INFO neutron.wsgi [None req-21198c2c-3ff6-40e7-b76b-a4cbaf468906 admin admin] 10.222.0.16 "DELETE /networking/v2.0/security-groups/0d355241-15af-4cb0-9cdd-dcb9e022993a HTTP/1.1" status: 204 len: 168 time: 0.6281354
Aug 30 01:14:36.086835 dv-cinder-815146-13-smb neutron-server[114388]: DEBUG neutron.pecan_wsgi.hooks.policy_enforcement [req-f5f1538c-b8c2-4def-b9a5-deb2051f26f1 req-e5e44f29-4c84-4c01-be7e-9c9ec9def0f3 service neutron] Attributes excluded by policy engine: ['standard_attr_id'] {{(pid=114388) _exclude_attributes_by_policy /opt/stack/neutron/neutron/pecan_wsgi/hooks/policy_enforcement.py:259}}
Aug 30 01:14:36.087576 dv-cinder-815146-13-smb neutron-server[114388]: DEBUG neutron_lib.callbacks.manager [req-f5f1538c-b8c2-4def-b9a5-deb2051f26f1 req-e5e44f29-4c84-4c01-be7e-9c9ec9def0f3 service neutron] Publish callbacks ['neutron.notifiers.nova.Notifier._send_nova_notification-32970', 'neutron.api.rpc.agentnotifiers.dhcp_rpc_agent_api.DhcpAgentNotifyAPI._send_dhcp_notification-528199'] for port (None), before_response {{(pid=114388) _notify_loop /usr/local/lib/python3.8/dist-packages/neutron_lib/callbacks/manager.py:176}}
Aug 30 01:14:36.089130 dv-cinder-815146-13-smb neutron-server[114388]: INFO neutron.wsgi [req-f5f1538c-b8c2-4def-b9a5-deb2051f26f1 req-e5e44f29-4c84-4c01-be7e-9c9ec9def0f3 service neutron] 10.222.0.84 "PUT /networking/v2.0/ports/77bb167a-c942-4a1e-b0b8-0e7987a4687f HTTP/1.1" status: 200 len: 1094 time: 3.9490917
Aug 30 01:14:36.089605 dv-cinder-815146-13-smb neutron-server[114388]: DEBUG neutron.notifiers.nova [-] Sending events: [{'name': 'network-changed', 'server_uuid': 'e160589c-f46c-4307-8e10-7ba5468ab83c', 'tag': '77bb167a-c942-4a1e-b0b8-0e7987a4687f'}] {{(pid=114388) send_events /opt/stack/neutron/neutron/notifiers/nova.py:271}}
Aug 30 01:14:36.090086 dv-cinder-815146-13-smb neutron-server[114389]: DEBUG neutron.scheduler.dhcp_agent_scheduler [req-53ed0ebf-edec-41c7-b4bb-9a1f5aaf4291 req-d6d3f3f0-aa93-442e-a6d2-112c16285465 tempest-DeleteServersTestJSON-322273774 tempest-DeleteServersTestJSON-322273774-project] Network 1cb7106a-3222-4a54-91c9-bd664c9c8fc6 is already hosted by enough agents. {{(pid=114389) _get_dhcp_agents_hosting_network /opt/stack/neutron/neutron/scheduler/dhcp_agent_scheduler.py:275}}
Aug 30 01:14:36.098757 dv-cinder-815146-13-smb neutron-server[114388]: DEBUG novaclient.v2.client [-] REQ: curl -g -i --cacert "/opt/stack/data/ca-bundle.pem" -X POST http://10.222.0.16/compute/v2.1/os-server-external-events -H "Accept: application/json" -H "Content-Type: application/json" -H "User-Agent: python-novaclient" -H "X-Auth-Token: {SHA256}af14617043bfd7f04d794dfe7c85fe8d84a09a51d77511759f2fa806d08f2577" -H "X-OpenStack-Nova-API-Version: 2.1" -H "X-OpenStack-Request-ID: req-f8837b65-6d70-45dc-ad2d-f5562e2c6dab" -d '{"events": [{"name": "network-changed", "server_uuid": "e160589c-f46c-4307-8e10-7ba5468ab83c", "tag": "77bb167a-c942-4a1e-b0b8-0e7987a4687f"}]}' {{(pid=114388) _http_log_request /usr/local/lib/python3.8/dist-packages/keystoneauth1/session.py:519}}
Aug 30 01:14:36.114227 dv-cinder-815146-13-smb neutron-server[114389]: DEBUG neutron.scheduler.base_scheduler [req-53ed0ebf-edec-41c7-b4bb-9a1f5aaf4291 req-d6d3f3f0-aa93-442e-a6d2-112c16285465 tempest-DeleteServersTestJSON-322273774 tempest-DeleteServersTestJSON-322273774-project] Resources bound (agent type, host, resource id): {{(pid=114389) schedule /opt/stack/neutron/neutron/scheduler/base_scheduler.py:57}}
Aug 30 01:14:36.122639 dv-cinder-815146-13-smb neutron-server[114389]: DEBUG neutron.api.rpc.handlers.resources_rpc [None req-d6d3f3f0-aa93-442e-a6d2-112c16285465 tempest-DeleteServersTestJSON-322273774 tempest-DeleteServersTestJSON-322273774-project] Pushing event updated for resources: {'Port': ['ID=ca3c9aa1-c29d-4efe-9e78-b15a5bbae1e2,revision_number=1']} {{(pid=114389) push /opt/stack/neutron/neutron/api/rpc/handlers/resources_rpc.py:237}}
Aug 30 01:14:36.145208 dv-cinder-815146-13-smb neutron-server[114389]: DEBUG neutron.wsgi [-] (114389) accepted ('10.222.0.16', 34108) {{(pid=114389) server /usr/local/lib/python3.8/dist-packages/eventlet/wsgi.py:1004}}
Aug 30 01:14:36.145208 dv-cinder-815146-13-smb neutron-server[114389]: DEBUG neutron.db.l3_dvrscheduler_db [req-53ed0ebf-edec-41c7-b4bb-9a1f5aaf4291 req-d6d3f3f0-aa93-442e-a6d2-112c16285465 tempest-DeleteServersTestJSON-322273774 tempest-DeleteServersTestJSON-322273774-project] Received port after_create {{(pid=114389) _notify_l3_agent_new_port /opt/stack/neutron/neutron/db/l3_dvrscheduler_db.py:538}}
Aug 30 01:14:36.145208 dv-cinder-815146-13-smb neutron-server[114389]: DEBUG neutron.pecan_wsgi.hooks.policy_enforcement [req-53ed0ebf-edec-41c7-b4bb-9a1f5aaf4291 req-d6d3f3f0-aa93-442e-a6d2-112c16285465 tempest-DeleteServersTestJSON-322273774 tempest-DeleteServersTestJSON-322273774-project] Attributes excluded by policy engine: ['standard_attr_id', 'binding:profile', 'binding:host_id', 'binding:vif_type', 'binding:vif_details', 'network'] {{(pid=114389) _exclude_attributes_by_policy /opt/stack/neutron/neutron/pecan_wsgi/hooks/policy_enforcement.py:259}}
Aug 30 01:14:36.145208 dv-cinder-815146-13-smb neutron-server[114389]: DEBUG neutron_lib.callbacks.manager [req-53ed0ebf-edec-41c7-b4bb-9a1f5aaf4291 req-d6d3f3f0-aa93-442e-a6d2-112c16285465 tempest-DeleteServersTestJSON-322273774 tempest-DeleteServersTestJSON-322273774-project] Publish callbacks ['neutron.notifiers.nova.Notifier._send_nova_notification-32970', 'neutron.api.rpc.agentnotifiers.dhcp_rpc_agent_api.DhcpAgentNotifyAPI._send_dhcp_notification-528199'] for port (None), before_response {{(pid=114389) _notify_loop /usr/local/lib/python3.8/dist-packages/neutron_lib/callbacks/manager.py:176}}
Aug 30 01:14:36.167074 dv-cinder-815146-13-smb neutron-server[114388]: DEBUG neutron.api.rpc.handlers.resources_rpc [None req-21198c2c-3ff6-40e7-b76b-a4cbaf468906 admin admin] Pushing event deleted for resources: {'SecurityGroup': ['ID=0d355241-15af-4cb0-9cdd-dcb9e022993a,revision_number=None']} {{(pid=114388) push /opt/stack/neutron/neutron/api/rpc/handlers/resources_rpc.py:237}}
Aug 30 01:14:36.248239 dv-cinder-815146-13-smb neutron-server[114389]: INFO neutron.wsgi [req-a997921f-7208-48e6-8423-d2787de2c857 req-eaa7643d-b2d6-497b-ad1d-ad7843bcd4c2 tempest-ServerRescueNegativeTestJSON-677583077 tempest-ServerRescueNegativeTestJSON-677583077-project] 10.222.0.16 "GET /networking/v2.0/security-groups?id=8cf8a319-b468-45fd-bb29-70257f1dc3f5&fields=id&fields=name HTTP/1.1" status: 200 len: 286 time: 0.2532010
Aug 30 01:14:36.261801 dv-cinder-815146-13-smb neutron-server[114388]: DEBUG neutron.api.rpc.handlers.resources_rpc [None req-e5e44f29-4c84-4c01-be7e-9c9ec9def0f3 service neutron] Pushing event updated for resources: {'Port': ['ID=77bb167a-c942-4a1e-b0b8-0e7987a4687f,revision_number=3']} {{(pid=114388) push /opt/stack/neutron/neutron/api/rpc/handlers/resources_rpc.py:237}}
Aug 30 01:14:36.508576 dv-cinder-815146-13-smb neutron-server[114390]: DEBUG neutron.db.provisioning_blocks [None req-847c791e-5910-4cbe-ac11-89fe510dfcb3 None None] Provisioning complete for port ca3c9aa1-c29d-4efe-9e78-b15a5bbae1e2 triggered by entity DHCP. {{(pid=114390) provisioning_complete /opt/stack/neutron/neutron/db/provisioning_blocks.py:144}}
Aug 30 01:14:36.509252 dv-cinder-815146-13-smb neutron-server[114390]: DEBUG neutron_lib.callbacks.manager [None req-847c791e-5910-4cbe-ac11-89fe510dfcb3 None None] Publish callbacks ['neutron.plugins.ml2.plugin.Ml2Plugin._port_provisioned-3618147'] for port (ca3c9aa1-c29d-4efe-9e78-b15a5bbae1e2), provisioning_complete {{(pid=114390) _notify_loop /usr/local/lib/python3.8/dist-packages/neutron_lib/callbacks/manager.py:176}}
Aug 30 01:14:36.524700 dv-cinder-815146-13-smb neutron-server[114388]: DEBUG neutron.pecan_wsgi.hooks.policy_enforcement [req-f5f1538c-b8c2-4def-b9a5-deb2051f26f1 req-24c3a613-b7e1-4452-923e-8890d6c22212 service neutron] Attributes excluded by policy engine: ['standard_attr_id'] {{(pid=114388) _exclude_attributes_by_policy /opt/stack/neutron/neutron/pecan_wsgi/hooks/policy_enforcement.py:259}}
Aug 30 01:14:36.526482 dv-cinder-815146-13-smb neutron-server[114388]: INFO neutron.wsgi [req-f5f1538c-b8c2-4def-b9a5-deb2051f26f1 req-24c3a613-b7e1-4452-923e-8890d6c22212 service neutron] 10.222.0.84 "GET /networking/v2.0/ports?tenant_id=038604204df04c48a3176646016677ac&device_id=e160589c-f46c-4307-8e10-7ba5468ab83c HTTP/1.1" status: 200 len: 1128 time: 0.1244817
Aug 30 01:14:36.551050 dv-cinder-815146-13-smb neutron-server[114389]: INFO neutron.wsgi [req-53ed0ebf-edec-41c7-b4bb-9a1f5aaf4291 req-d6d3f3f0-aa93-442e-a6d2-112c16285465 tempest-DeleteServersTestJSON-322273774 tempest-DeleteServersTestJSON-322273774-project] 10.222.0.84 "POST /networking/v2.0/ports HTTP/1.1" status: 201 len: 933 time: 3.7165496
Aug 30 01:14:36.597057 dv-cinder-815146-13-smb neutron-server[114389]: DEBUG neutron.pecan_wsgi.hooks.policy_enforcement [req-2e8eac91-db23-4430-ab6a-df10683ea293 req-43dfcd12-9abb-4ca5-b101-7020056a45a9 tempest-DeleteServersTestJSON-322273774 tempest-DeleteServersTestJSON-322273774-project] Attributes excluded by policy engine: ['standard_attr_id', 'binding:profile', 'binding:host_id', 'binding:vif_type', 'binding:vif_details'] {{(pid=114389) _exclude_attributes_by_policy /opt/stack/neutron/neutron/pecan_wsgi/hooks/policy_enforcement.py:259}}
Aug 30 01:14:36.603885 dv-cinder-815146-13-smb neutron-server[114389]: INFO neutron.wsgi [req-2e8eac91-db23-4430-ab6a-df10683ea293 req-43dfcd12-9abb-4ca5-b101-7020056a45a9 tempest-DeleteServersTestJSON-322273774 tempest-DeleteServersTestJSON-322273774-project] 10.222.0.16 "GET /networking/v2.0/ports?device_id=f20a1a84-6e78-43cf-90fe-688c39c7c67a HTTP/1.1" status: 200 len: 931 time: 0.1811268
Aug 30 01:14:36.615134 dv-cinder-815146-13-smb neutron-server[114390]: DEBUG neutron.plugins.ml2.plugin [None req-847c791e-5910-4cbe-ac11-89fe510dfcb3 None None] Port ca3c9aa1-c29d-4efe-9e78-b15a5bbae1e2 cannot update to ACTIVE because it is not bound. {{(pid=114390) _port_provisioned /opt/stack/neutron/neutron/plugins/ml2/plugin.py:348}}
Aug 30 01:14:36.635338 dv-cinder-815146-13-smb neutron-server[114389]: DEBUG neutron_lib.callbacks.manager [None req-f20e65d2-2f53-47b0-a783-1a143e1435fb admin admin] Publish callbacks [] for security_group (None), before_create {{(pid=114389) _notify_loop /usr/local/lib/python3.8/dist-packages/neutron_lib/callbacks/manager.py:176}}
Aug 30 01:14:36.655782 dv-cinder-815146-13-smb neutron-server[114389]: DEBUG neutron.api.v2.base [req-53ed0ebf-edec-41c7-b4bb-9a1f5aaf4291 req-1d2aaffc-4e54-48ae-95ef-9a6800efc384 service neutron] Request body: {'port': {'device_id': 'f20a1a84-6e78-43cf-90fe-688c39c7c67a', 'device_owner': 'compute:nova', 'binding:host_id': 'hv-cinder-81514'}} {{(pid=114389) prepare_request_body /opt/stack/neutron/neutron/api/v2/base.py:730}}
Aug 30 01:14:36.656223 dv-cinder-815146-13-smb neutron-server[114388]: INFO neutron.wsgi [req-f5f1538c-b8c2-4def-b9a5-deb2051f26f1 req-1a2f28be-aa35-4a7b-925c-51e8ed1f3d68 service neutron] 10.222.0.84 "GET /networking/v2.0/floatingips?fixed_ip_address=172.20.0.11&port_id=77bb167a-c942-4a1e-b0b8-0e7987a4687f HTTP/1.1" status: 200 len: 217 time: 0.0732865
Aug 30 01:14:36.742958 dv-cinder-815146-13-smb neutron-server[114389]: INFO neutron.wsgi [req-07f1affd-1002-4679-a8d6-a4d96ebac79c req-7b3de667-5ed5-444d-809f-0df2052b637b tempest-AttachVolumeNegativeTest-1948957823 tempest-AttachVolumeNegativeTest-1948957823-project] 10.222.0.16 "GET /networking/v2.0/ports?device_id=c380e134-fcf3-481b-b7fc-baef4668ba33 HTTP/1.1" status: 200 len: 210 time: 0.2309628
Aug 30 01:14:36.743986 dv-cinder-815146-13-smb neutron-server[114388]: DEBUG neutron.pecan_wsgi.hooks.policy_enforcement [req-f5f1538c-b8c2-4def-b9a5-deb2051f26f1 req-31963c6d-038f-468c-a858-b12c8d6f3341 service neutron] Attributes excluded by policy engine: ['standard_attr_id', 'shared', 'segment_id'] {{(pid=114388) _exclude_attributes_by_policy /opt/stack/neutron/neutron/pecan_wsgi/hooks/policy_enforcement.py:259}}
Aug 30 01:14:36.746252 dv-cinder-815146-13-smb neutron-server[114388]: INFO neutron.wsgi [req-f5f1538c-b8c2-4def-b9a5-deb2051f26f1 req-31963c6d-038f-468c-a858-b12c8d6f3341 service neutron] 10.222.0.84 "GET /networking/v2.0/subnets?id=f55b2bd9-5e8c-409c-847f-be5ab8edd267 HTTP/1.1" status: 200 len: 857 time: 0.0764678
Aug 30 01:14:36.751573 dv-cinder-815146-13-smb neutron-server[114389]: DEBUG dbcounter [-] [114389] Writing DB stats neutron:INSERT=10,neutron:SELECT=88,neutron:UPDATE=2 {{(pid=114389) stat_writer /usr/local/lib/python3.8/dist-packages/dbcounter.py:114}}
Aug 30 01:14:36.868984 dv-cinder-815146-13-smb neutron-server[114388]: DEBUG neutron.pecan_wsgi.hooks.policy_enforcement [req-f5f1538c-b8c2-4def-b9a5-deb2051f26f1 req-dcd11bdd-df60-402b-988e-6adadc9647a5 service neutron] Attributes excluded by policy engine: ['standard_attr_id'] {{(pid=114388) _exclude_attributes_by_policy /opt/stack/neutron/neutron/pecan_wsgi/hooks/policy_enforcement.py:259}}
Aug 30 01:14:36.892352 dv-cinder-815146-13-smb neutron-server[114388]: INFO neutron.wsgi [req-f5f1538c-b8c2-4def-b9a5-deb2051f26f1 req-dcd11bdd-df60-402b-988e-6adadc9647a5 service neutron] 10.222.0.84 "GET /networking/v2.0/ports?network_id=acdda853-55cc-4edc-b50c-c0094431787a&device_owner=network%3Adhcp HTTP/1.1" status: 200 len: 1211 time: 0.1387823
Aug 30 01:14:36.895040 dv-cinder-815146-13-smb neutron-server[114389]: INFO neutron.wsgi [req-2e8eac91-db23-4430-ab6a-df10683ea293 req-565ada62-f750-4422-b5be-9a32c8526e9b tempest-DeleteServersTestJSON-322273774 tempest-DeleteServersTestJSON-322273774-project] 10.222.0.16 "GET /networking/v2.0/security-groups?id=a6b5864d-6804-453a-ad9c-120cc787968c&fields=id&fields=name HTTP/1.1" status: 200 len: 286 time: 0.2795031
Aug 30 01:14:36.964676 dv-cinder-815146-13-smb neutron-server[114388]: DEBUG novaclient.v2.client [-] RESP: [200] Connection: close Content-Length: 179 Content-Type: application/json Date: Tue, 30 Aug 2022 01:14:36 GMT OpenStack-API-Version: compute 2.1 Server: Apache/2.4.41 (Ubuntu) Vary: OpenStack-API-Version,X-OpenStack-Nova-API-Version X-OpenStack-Nova-API-Version: 2.1 x-compute-request-id: req-da6c2875-f657-451a-8053-1eadfac7721d x-openstack-request-id: req-da6c2875-f657-451a-8053-1eadfac7721d {{(pid=114388) _http_log_response /usr/local/lib/python3.8/dist-packages/keystoneauth1/session.py:550}}
Aug 30 01:14:36.965056 dv-cinder-815146-13-smb neutron-server[114388]: DEBUG novaclient.v2.client [-] RESP BODY: {"events": [{"name": "network-changed", "server_uuid": "e160589c-f46c-4307-8e10-7ba5468ab83c", "tag": "77bb167a-c942-4a1e-b0b8-0e7987a4687f", "status": "completed", "code": 200}]} {{(pid=114388) _http_log_response /usr/local/lib/python3.8/dist-packages/keystoneauth1/session.py:582}}
Aug 30 01:14:36.965343 dv-cinder-815146-13-smb neutron-server[114388]: DEBUG novaclient.v2.client [-] POST call to compute for http://10.222.0.16/compute/v2.1/os-server-external-events used request id req-da6c2875-f657-451a-8053-1eadfac7721d {{(pid=114388) request /usr/local/lib/python3.8/dist-packages/keystoneauth1/session.py:954}}
Aug 30 01:14:36.965786 dv-cinder-815146-13-smb neutron-server[114388]: INFO neutron.notifiers.nova [-] Nova event matching ['req-da6c2875-f657-451a-8053-1eadfac7721d'] response: {'name': 'network-changed', 'server_uuid': 'e160589c-f46c-4307-8e10-7ba5468ab83c', 'tag': '77bb167a-c942-4a1e-b0b8-0e7987a4687f', 'status': 'completed', 'code': 200}
Aug 30 01:14:37.077656 dv-cinder-815146-13-smb neutron-server[114390]: DEBUG dbcounter [-] [114390] Writing DB stats neutron:SELECT=97,neutron:UPDATE=3 {{(pid=114390) stat_writer /usr/local/lib/python3.8/dist-packages/dbcounter.py:114}}
Aug 30 01:14:37.093410 dv-cinder-815146-13-smb neutron-server[114389]: INFO neutron.wsgi [req-cd00ff23-b5a3-4636-87f2-a0f295b4a24b req-2edf8c9d-2670-47f0-9e01-b4c6136433e4 tempest-AttachVolumeShelveTestJSON-540832596 tempest-AttachVolumeShelveTestJSON-540832596-project] 10.222.0.16 "GET /networking/v2.0/ports?device_id=0ccae5dd-64d6-4ef5-9b04-84153b447beb HTTP/1.1" status: 200 len: 210 time: 0.1228588
Aug 30 01:14:37.140092 dv-cinder-815146-13-smb neutron-server[114389]: DEBUG neutron_lib.callbacks.manager [req-53ed0ebf-edec-41c7-b4bb-9a1f5aaf4291 req-1d2aaffc-4e54-48ae-95ef-9a6800efc384 service neutron] Publish callbacks ['neutron.plugins.ml2.plugin.SecurityGroupDbMixin._ensure_default_security_group_handler-3726386'] for port (ca3c9aa1-c29d-4efe-9e78-b15a5bbae1e2), before_update {{(pid=114389) _notify_loop /usr/local/lib/python3.8/dist-packages/neutron_lib/callbacks/manager.py:176}}
