Aug 30 00:47:45.514684 dv-cinder-815146-13-iscsi devstack@keystone.service[81442]: DEBUG keystone.server.flask.request_processing.middleware.auth_context [None req-e9d44b39-3337-43e7-b3ff-4baf0af058a8 None admin] RBAC: auth_context: {'token': , 'domain_id': None, 'trust_id': None, 'trustor_id': None, 'trustee_id': None, 'domain_name': None, 'group_ids': [], 'user_id': 'd9331e55306b44e2a9e5ecea982fbc2f', 'user_domain_id': 'default', 'system_scope': 'all', 'project_id': None, 'project_domain_id': None, 'roles': ['admin', 'member', 'reader'], 'is_admin_project': True, 'service_user_id': None, 'service_user_domain_id': None, 'service_project_id': None, 'service_project_domain_id': None, 'service_roles': []} {{(pid=81442) fill_context /opt/stack/keystone/keystone/server/flask/request_processing/middleware/auth_context.py:478}}
Aug 30 00:47:45.515305 dv-cinder-815146-13-iscsi devstack@keystone.service[81442]: DEBUG keystone.server.flask.request_processing.req_logging [None req-e9d44b39-3337-43e7-b3ff-4baf0af058a8 None admin] REQUEST_METHOD: `GET` {{(pid=81442) log_request_info /opt/stack/keystone/keystone/server/flask/request_processing/req_logging.py:27}}
Aug 30 00:47:45.515581 dv-cinder-815146-13-iscsi devstack@keystone.service[81442]: DEBUG keystone.server.flask.request_processing.req_logging [None req-e9d44b39-3337-43e7-b3ff-4baf0af058a8 None admin] SCRIPT_NAME: `/identity` {{(pid=81442) log_request_info /opt/stack/keystone/keystone/server/flask/request_processing/req_logging.py:28}}
Aug 30 00:47:45.515855 dv-cinder-815146-13-iscsi devstack@keystone.service[81442]: DEBUG keystone.server.flask.request_processing.req_logging [None req-e9d44b39-3337-43e7-b3ff-4baf0af058a8 None admin] PATH_INFO: `/v3/roles` {{(pid=81442) log_request_info /opt/stack/keystone/keystone/server/flask/request_processing/req_logging.py:29}}
Aug 30 00:47:45.517151 dv-cinder-815146-13-iscsi devstack@keystone.service[81442]: DEBUG keystone.common.rbac_enforcer.enforcer [None req-e9d44b39-3337-43e7-b3ff-4baf0af058a8 None admin] RBAC: Adding query filter params (name=member) {{(pid=81442) _extract_filter_values /opt/stack/keystone/keystone/common/rbac_enforcer/enforcer.py:167}}
Aug 30 00:47:45.517460 dv-cinder-815146-13-iscsi devstack@keystone.service[81442]: DEBUG keystone.common.rbac_enforcer.enforcer [None req-e9d44b39-3337-43e7-b3ff-4baf0af058a8 None admin] RBAC: Authorizing `identity:list_roles()` {{(pid=81442) enforce_call /opt/stack/keystone/keystone/common/rbac_enforcer/enforcer.py:449}}
Aug 30 00:47:45.518851 dv-cinder-815146-13-iscsi devstack@keystone.service[81442]: DEBUG keystone.common.rbac_enforcer.enforcer [None req-e9d44b39-3337-43e7-b3ff-4baf0af058a8 None admin] RBAC: Authorization granted {{(pid=81442) enforce_call /opt/stack/keystone/keystone/common/rbac_enforcer/enforcer.py:457}}
Aug 30 00:47:45.535254 dv-cinder-815146-13-iscsi devstack@keystone.service[81442]: [pid: 81442|app: 0|req: 80/163] 10.222.0.78 () {56 vars in 1101 bytes} [Tue Aug 30 00:47:45 2022] GET /identity/v3/roles?name=member => generated 341 bytes in 241 msecs (HTTP/1.1 200) 5 headers in 177 bytes (1 switches on core 0)
Aug 30 00:47:45.536715 dv-cinder-815146-13-iscsi devstack@keystone.service[81442]: DEBUG keystone.server.flask.request_processing.req_logging [None req-deca19d6-4b14-438e-a87b-1ada8fdf8008 None None] REQUEST_METHOD: `POST` {{(pid=81442) log_request_info /opt/stack/keystone/keystone/server/flask/request_processing/req_logging.py:27}}
Aug 30 00:47:45.536831 dv-cinder-815146-13-iscsi devstack@keystone.service[81442]: DEBUG keystone.server.flask.request_processing.req_logging [None req-deca19d6-4b14-438e-a87b-1ada8fdf8008 None None] SCRIPT_NAME: `/identity` {{(pid=81442) log_request_info /opt/stack/keystone/keystone/server/flask/request_processing/req_logging.py:28}}
Aug 30 00:47:45.537035 dv-cinder-815146-13-iscsi devstack@keystone.service[81442]: DEBUG keystone.server.flask.request_processing.req_logging [None req-deca19d6-4b14-438e-a87b-1ada8fdf8008 None None] PATH_INFO: `/v3/auth/tokens` {{(pid=81442) log_request_info /opt/stack/keystone/keystone/server/flask/request_processing/req_logging.py:29}}
Aug 30 00:47:45.570795 dv-cinder-815146-13-iscsi devstack@keystone.service[81442]: DEBUG keystone.auth.core [None req-deca19d6-4b14-438e-a87b-1ada8fdf8008 None None] MFA Rules not processed for user `d9331e55306b44e2a9e5ecea982fbc2f`. Rule list: `[]` (Enabled: `True`). {{(pid=81442) check_auth_methods_against_rules /opt/stack/keystone/keystone/auth/core.py:438}}
Aug 30 00:47:45.572004 dv-cinder-815146-13-iscsi devstack@keystone.service[81442]: DEBUG keystone.common.fernet_utils [None req-deca19d6-4b14-438e-a87b-1ada8fdf8008 None None] Loaded 2 Fernet keys from /etc/keystone/fernet-keys/, but `[fernet_tokens] max_active_keys = 3`; perhaps there have not been enough key rotations to reach `max_active_keys` yet? {{(pid=81442) load_keys /opt/stack/keystone/keystone/common/fernet_utils.py:286}}
Aug 30 00:47:45.605718 dv-cinder-815146-13-iscsi devstack@keystone.service[81443]: DEBUG keystone.server.flask.request_processing.middleware.auth_context [None req-0daaac84-cb16-4a82-a01c-6deda1bc6016 None admin] Validating token access rules against request {{(pid=81443) validate_allowed_request /usr/local/lib/python3.8/dist-packages/keystonemiddleware/auth_token/__init__.py:545}}
Aug 30 00:47:45.649813 dv-cinder-815146-13-iscsi devstack@keystone.service[81443]: DEBUG keystone.server.flask.request_processing.middleware.auth_context [None req-afba251d-d63e-4570-8315-943c26f45faf None admin] RBAC: auth_context: {'token': , 'domain_id': None, 'trust_id': None, 'trustor_id': None, 'trustee_id': None, 'domain_name': None, 'group_ids': [], 'user_id': 'd9331e55306b44e2a9e5ecea982fbc2f', 'user_domain_id': 'default', 'system_scope': 'all', 'project_id': None, 'project_domain_id': None, 'roles': ['admin', 'member', 'reader'], 'is_admin_project': True, 'service_user_id': None, 'service_user_domain_id': None, 'service_project_id': None, 'service_project_domain_id': None, 'service_roles': []} {{(pid=81443) fill_context /opt/stack/keystone/keystone/server/flask/request_processing/middleware/auth_context.py:478}}
Aug 30 00:47:45.650818 dv-cinder-815146-13-iscsi devstack@keystone.service[81443]: DEBUG keystone.server.flask.request_processing.req_logging [None req-afba251d-d63e-4570-8315-943c26f45faf None admin] REQUEST_METHOD: `GET` {{(pid=81443) log_request_info /opt/stack/keystone/keystone/server/flask/request_processing/req_logging.py:27}}
Aug 30 00:47:45.651296 dv-cinder-815146-13-iscsi devstack@keystone.service[81443]: DEBUG keystone.server.flask.request_processing.req_logging [None req-afba251d-d63e-4570-8315-943c26f45faf None admin] SCRIPT_NAME: `/identity` {{(pid=81443) log_request_info /opt/stack/keystone/keystone/server/flask/request_processing/req_logging.py:28}}
Aug 30 00:47:45.652073 dv-cinder-815146-13-iscsi devstack@keystone.service[81443]: DEBUG keystone.server.flask.request_processing.req_logging [None req-afba251d-d63e-4570-8315-943c26f45faf None admin] PATH_INFO: `/v3/projects/09da17aa18cc4293b57f7e462cfd17c4` {{(pid=81443) log_request_info /opt/stack/keystone/keystone/server/flask/request_processing/req_logging.py:29}}
Aug 30 00:47:45.653847 dv-cinder-815146-13-iscsi devstack@keystone.service[81443]: DEBUG keystone.common.rbac_enforcer.enforcer [None req-afba251d-d63e-4570-8315-943c26f45faf None admin] RBAC: Authorizing `identity:get_project(project_id=09da17aa18cc4293b57f7e462cfd17c4)` {{(pid=81443) enforce_call /opt/stack/keystone/keystone/common/rbac_enforcer/enforcer.py:449}}
Aug 30 00:47:45.656155 dv-cinder-815146-13-iscsi devstack@keystone.service[81443]: DEBUG keystone.common.rbac_enforcer.enforcer [None req-afba251d-d63e-4570-8315-943c26f45faf None admin] RBAC: Authorization granted {{(pid=81443) enforce_call /opt/stack/keystone/keystone/common/rbac_enforcer/enforcer.py:457}}
Aug 30 00:47:45.658735 dv-cinder-815146-13-iscsi devstack@keystone.service[81443]: [pid: 81443|app: 0|req: 84/164] 10.222.0.78 () {56 vars in 1186 bytes} [Tue Aug 30 00:47:45 2022] GET /identity/v3/projects/09da17aa18cc4293b57f7e462cfd17c4 => generated 298 bytes in 172 msecs (HTTP/1.1 200) 5 headers in 177 bytes (1 switches on core 0)
Aug 30 00:47:45.665475 dv-cinder-815146-13-iscsi devstack@keystone.service[81443]: DEBUG keystone.server.flask.request_processing.middleware.auth_context [None req-afba251d-d63e-4570-8315-943c26f45faf None admin] Authenticating user token {{(pid=81443) process_request /usr/local/lib/python3.8/dist-packages/keystonemiddleware/auth_token/__init__.py:407}}
Aug 30 00:47:45.717672 dv-cinder-815146-13-iscsi devstack@keystone.service[81442]: DEBUG dbcounter [-] [81442] Writing DB stats keystone:SELECT=100 {{(pid=81442) stat_writer /usr/local/lib/python3.8/dist-packages/dbcounter.py:114}}
Aug 30 00:47:45.725042 dv-cinder-815146-13-iscsi devstack@keystone.service[81443]: DEBUG dbcounter [-] [81443] Writing DB stats keystone:SELECT=100 {{(pid=81443) stat_writer /usr/local/lib/python3.8/dist-packages/dbcounter.py:114}}
Aug 30 00:47:45.752671 dv-cinder-815146-13-iscsi devstack@keystone.service[81442]: [pid: 81442|app: 0|req: 81/165] 10.222.0.78 () {58 vars in 1024 bytes} [Tue Aug 30 00:47:45 2022] POST /identity/v3/auth/tokens => generated 799 bytes in 217 msecs (HTTP/1.1 201) 6 headers in 363 bytes (1 switches on core 0)
Aug 30 00:47:45.753559 dv-cinder-815146-13-iscsi devstack@keystone.service[81442]: DEBUG keystone.server.flask.request_processing.middleware.auth_context [None req-deca19d6-4b14-438e-a87b-1ada8fdf8008 None None] Authenticating user token {{(pid=81442) process_request /usr/local/lib/python3.8/dist-packages/keystonemiddleware/auth_token/__init__.py:407}}
Aug 30 00:47:45.783861 dv-cinder-815146-13-iscsi devstack@keystone.service[81443]: DEBUG keystone.server.flask.request_processing.middleware.auth_context [None req-afba251d-d63e-4570-8315-943c26f45faf None admin] Validating token access rules against request {{(pid=81443) validate_allowed_request /usr/local/lib/python3.8/dist-packages/keystonemiddleware/auth_token/__init__.py:545}}
Aug 30 00:47:45.821883 dv-cinder-815146-13-iscsi devstack@keystone.service[81443]: DEBUG keystone.server.flask.request_processing.middleware.auth_context [None req-8ef92749-394c-40ef-bddd-d6010dc10577 None admin] RBAC: auth_context: {'token': , 'domain_id': None, 'trust_id': None, 'trustor_id': None, 'trustee_id': None, 'domain_name': None, 'group_ids': [], 'user_id': 'd9331e55306b44e2a9e5ecea982fbc2f', 'user_domain_id': 'default', 'system_scope': 'all', 'project_id': None, 'project_domain_id': None, 'roles': ['admin', 'member', 'reader'], 'is_admin_project': True, 'service_user_id': None, 'service_user_domain_id': None, 'service_project_id': None, 'service_project_domain_id': None, 'service_roles': []} {{(pid=81443) fill_context /opt/stack/keystone/keystone/server/flask/request_processing/middleware/auth_context.py:478}}
Aug 30 00:47:45.822845 dv-cinder-815146-13-iscsi devstack@keystone.service[81443]: DEBUG keystone.server.flask.request_processing.req_logging [None req-8ef92749-394c-40ef-bddd-d6010dc10577 None admin] REQUEST_METHOD: `GET` {{(pid=81443) log_request_info /opt/stack/keystone/keystone/server/flask/request_processing/req_logging.py:27}}
Aug 30 00:47:45.823331 dv-cinder-815146-13-iscsi devstack@keystone.service[81443]: DEBUG keystone.server.flask.request_processing.req_logging [None req-8ef92749-394c-40ef-bddd-d6010dc10577 None admin] SCRIPT_NAME: `/identity` {{(pid=81443) log_request_info /opt/stack/keystone/keystone/server/flask/request_processing/req_logging.py:28}}
Aug 30 00:47:45.823789 dv-cinder-815146-13-iscsi devstack@keystone.service[81443]: DEBUG keystone.server.flask.request_processing.req_logging [None req-8ef92749-394c-40ef-bddd-d6010dc10577 None admin] PATH_INFO: `/v3/users/d9331e55306b44e2a9e5ecea982fbc2f` {{(pid=81443) log_request_info /opt/stack/keystone/keystone/server/flask/request_processing/req_logging.py:29}}
Aug 30 00:47:45.825175 dv-cinder-815146-13-iscsi devstack@keystone.service[81443]: DEBUG keystone.common.rbac_enforcer.enforcer [None req-8ef92749-394c-40ef-bddd-d6010dc10577 None admin] RBAC: Authorizing `identity:get_user(user_id=d9331e55306b44e2a9e5ecea982fbc2f)` {{(pid=81443) enforce_call /opt/stack/keystone/keystone/common/rbac_enforcer/enforcer.py:449}}
Aug 30 00:47:45.827131 dv-cinder-815146-13-iscsi devstack@keystone.service[81443]: DEBUG keystone.common.rbac_enforcer.enforcer [None req-8ef92749-394c-40ef-bddd-d6010dc10577 None admin] RBAC: Authorization granted {{(pid=81443) enforce_call /opt/stack/keystone/keystone/common/rbac_enforcer/enforcer.py:457}}
Aug 30 00:47:45.829593 dv-cinder-815146-13-iscsi devstack@keystone.service[81443]: [pid: 81443|app: 0|req: 85/166] 10.222.0.78 () {56 vars in 1177 bytes} [Tue Aug 30 00:47:45 2022] GET /identity/v3/users/d9331e55306b44e2a9e5ecea982fbc2f => generated 247 bytes in 170 msecs (HTTP/1.1 200) 5 headers in 177 bytes (1 switches on core 0)
Aug 30 00:47:45.831149 dv-cinder-815146-13-iscsi devstack@keystone.service[81443]: DEBUG keystone.server.flask.request_processing.middleware.auth_context [None req-8ef92749-394c-40ef-bddd-d6010dc10577 None admin] Authenticating user token {{(pid=81443) process_request /usr/local/lib/python3.8/dist-packages/keystonemiddleware/auth_token/__init__.py:407}}
Aug 30 00:47:45.943727 dv-cinder-815146-13-iscsi devstack@keystone.service[81443]: DEBUG keystone.server.flask.request_processing.middleware.auth_context [None req-8ef92749-394c-40ef-bddd-d6010dc10577 None admin] Validating token access rules against request {{(pid=81443) validate_allowed_request /usr/local/lib/python3.8/dist-packages/keystonemiddleware/auth_token/__init__.py:545}}
Aug 30 00:47:45.964774 dv-cinder-815146-13-iscsi devstack@keystone.service[81443]: DEBUG dbcounter [-] [81443] Writing DB stats keystone:SELECT=100 {{(pid=81443) stat_writer /usr/local/lib/python3.8/dist-packages/dbcounter.py:114}}
Aug 30 00:47:45.984912 dv-cinder-815146-13-iscsi devstack@keystone.service[81443]: DEBUG keystone.server.flask.request_processing.middleware.auth_context [None req-06e15994-7b03-415b-9c32-63ec5d348f87 None admin] RBAC: auth_context: {'token': , 'domain_id': None, 'trust_id': None, 'trustor_id': None, 'trustee_id': None, 'domain_name': None, 'group_ids': [], 'user_id': 'd9331e55306b44e2a9e5ecea982fbc2f', 'user_domain_id': 'default', 'system_scope': 'all', 'project_id': None, 'project_domain_id': None, 'roles': ['admin', 'member', 'reader'], 'is_admin_project': True, 'service_user_id': None, 'service_user_domain_id': None, 'service_project_id': None, 'service_project_domain_id': None, 'service_roles': []} {{(pid=81443) fill_context /opt/stack/keystone/keystone/server/flask/request_processing/middleware/auth_context.py:478}}
Aug 30 00:47:45.987308 dv-cinder-815146-13-iscsi devstack@keystone.service[81443]: DEBUG keystone.server.flask.request_processing.req_logging [None req-06e15994-7b03-415b-9c32-63ec5d348f87 None admin] REQUEST_METHOD: `GET` {{(pid=81443) log_request_info /opt/stack/keystone/keystone/server/flask/request_processing/req_logging.py:27}}
Aug 30 00:47:45.987787 dv-cinder-815146-13-iscsi devstack@keystone.service[81443]: DEBUG keystone.server.flask.request_processing.req_logging [None req-06e15994-7b03-415b-9c32-63ec5d348f87 None admin] SCRIPT_NAME: `/identity` {{(pid=81443) log_request_info /opt/stack/keystone/keystone/server/flask/request_processing/req_logging.py:28}}
Aug 30 00:47:45.988272 dv-cinder-815146-13-iscsi devstack@keystone.service[81443]: DEBUG keystone.server.flask.request_processing.req_logging [None req-06e15994-7b03-415b-9c32-63ec5d348f87 None admin] PATH_INFO: `/v3/role_assignments` {{(pid=81443) log_request_info /opt/stack/keystone/keystone/server/flask/request_processing/req_logging.py:29}}
Aug 30 00:47:45.989213 dv-cinder-815146-13-iscsi devstack@keystone.service[81443]: DEBUG keystone.common.rbac_enforcer.enforcer [None req-06e15994-7b03-415b-9c32-63ec5d348f87 None admin] RBAC: Adding query filter params (role.id=e407aec03c22425591fa0e52a40edbc1, scope.project.id=09da17aa18cc4293b57f7e462cfd17c4, user.id=42f1327f05514bbeb23ec0f553202fb7) {{(pid=81443) _extract_filter_values /opt/stack/keystone/keystone/common/rbac_enforcer/enforcer.py:167}}
Aug 30 00:47:45.989862 dv-cinder-815146-13-iscsi devstack@keystone.service[81443]: DEBUG keystone.common.rbac_enforcer.enforcer [None req-06e15994-7b03-415b-9c32-63ec5d348f87 None admin] RBAC: Authorizing `identity:list_role_assignments()` {{(pid=81443) enforce_call /opt/stack/keystone/keystone/common/rbac_enforcer/enforcer.py:449}}
Aug 30 00:47:45.991695 dv-cinder-815146-13-iscsi devstack@keystone.service[81443]: DEBUG keystone.common.rbac_enforcer.enforcer [None req-06e15994-7b03-415b-9c32-63ec5d348f87 None admin] RBAC: Authorization granted {{(pid=81443) enforce_call /opt/stack/keystone/keystone/common/rbac_enforcer/enforcer.py:457}}
Aug 30 00:47:45.998767 dv-cinder-815146-13-iscsi devstack@keystone.service[81443]: [pid: 81443|app: 0|req: 86/167] 10.222.0.78 () {56 vars in 1374 bytes} [Tue Aug 30 00:47:45 2022] GET /identity/v3/role_assignments?user.id=42f1327f05514bbeb23ec0f553202fb7&scope.project.id=09da17aa18cc4293b57f7e462cfd17c4&role.id=e407aec03c22425591fa0e52a40edbc1 => generated 608 bytes in 168 msecs (HTTP/1.1 200) 5 headers in 177 bytes (1 switches on core 0)
Aug 30 00:47:45.999906 dv-cinder-815146-13-iscsi devstack@keystone.service[81443]: DEBUG keystone.server.flask.request_processing.middleware.auth_context [None req-06e15994-7b03-415b-9c32-63ec5d348f87 None admin] Authenticating user token {{(pid=81443) process_request /usr/local/lib/python3.8/dist-packages/keystonemiddleware/auth_token/__init__.py:407}}
Aug 30 00:47:46.023683 dv-cinder-815146-13-iscsi devstack@keystone.service[81442]: DEBUG keystone.server.flask.request_processing.middleware.auth_context [None req-deca19d6-4b14-438e-a87b-1ada8fdf8008 None None] Validating token access rules against request {{(pid=81442) validate_allowed_request /usr/local/lib/python3.8/dist-packages/keystonemiddleware/auth_token/__init__.py:545}}
Aug 30 00:47:46.120541 dv-cinder-815146-13-iscsi devstack@keystone.service[81442]: DEBUG keystone.server.flask.request_processing.middleware.auth_context [None req-926ee66c-a6fa-44d6-b959-69c6dff71136 None admin] RBAC: auth_context: {'token': , 'domain_id': None, 'trust_id': None, 'trustor_id': None, 'trustee_id': None, 'domain_name': None, 'group_ids': [], 'user_id': 'd9331e55306b44e2a9e5ecea982fbc2f', 'user_domain_id': 'default', 'system_scope': 'all', 'project_id': None, 'project_domain_id': None, 'roles': ['admin', 'member', 'reader'], 'is_admin_project': True, 'service_user_id': None, 'service_user_domain_id': None, 'service_project_id': None, 'service_project_domain_id': None, 'service_roles': []} {{(pid=81442) fill_context /opt/stack/keystone/keystone/server/flask/request_processing/middleware/auth_context.py:478}}
Aug 30 00:47:46.121211 dv-cinder-815146-13-iscsi devstack@keystone.service[81442]: DEBUG keystone.server.flask.request_processing.req_logging [None req-926ee66c-a6fa-44d6-b959-69c6dff71136 None admin] REQUEST_METHOD: `GET` {{(pid=81442) log_request_info /opt/stack/keystone/keystone/server/flask/request_processing/req_logging.py:27}}
Aug 30 00:47:46.121491 dv-cinder-815146-13-iscsi devstack@keystone.service[81442]: DEBUG keystone.server.flask.request_processing.req_logging [None req-926ee66c-a6fa-44d6-b959-69c6dff71136 None admin] SCRIPT_NAME: `/identity` {{(pid=81442) log_request_info /opt/stack/keystone/keystone/server/flask/request_processing/req_logging.py:28}}
Aug 30 00:47:46.121815 dv-cinder-815146-13-iscsi devstack@keystone.service[81442]: DEBUG keystone.server.flask.request_processing.req_logging [None req-926ee66c-a6fa-44d6-b959-69c6dff71136 None admin] PATH_INFO: `/v3/users/42f1327f05514bbeb23ec0f553202fb7` {{(pid=81442) log_request_info /opt/stack/keystone/keystone/server/flask/request_processing/req_logging.py:29}}
Aug 30 00:47:46.122550 dv-cinder-815146-13-iscsi devstack@keystone.service[81443]: DEBUG keystone.server.flask.request_processing.middleware.auth_context [None req-06e15994-7b03-415b-9c32-63ec5d348f87 None admin] Validating token access rules against request {{(pid=81443) validate_allowed_request /usr/local/lib/python3.8/dist-packages/keystonemiddleware/auth_token/__init__.py:545}}
Aug 30 00:47:46.122968 dv-cinder-815146-13-iscsi devstack@keystone.service[81442]: DEBUG keystone.common.rbac_enforcer.enforcer [None req-926ee66c-a6fa-44d6-b959-69c6dff71136 None admin] RBAC: Authorizing `identity:get_user(user_id=42f1327f05514bbeb23ec0f553202fb7)` {{(pid=81442) enforce_call /opt/stack/keystone/keystone/common/rbac_enforcer/enforcer.py:449}}
Aug 30 00:47:46.124422 dv-cinder-815146-13-iscsi devstack@keystone.service[81442]: DEBUG keystone.common.rbac_enforcer.enforcer [None req-926ee66c-a6fa-44d6-b959-69c6dff71136 None admin] RBAC: Authorization granted {{(pid=81442) enforce_call /opt/stack/keystone/keystone/common/rbac_enforcer/enforcer.py:457}}
Aug 30 00:47:46.126935 dv-cinder-815146-13-iscsi devstack@keystone.service[81442]: [pid: 81442|app: 0|req: 82/168] 10.222.0.78 () {56 vars in 1177 bytes} [Tue Aug 30 00:47:45 2022] GET /identity/v3/users/42f1327f05514bbeb23ec0f553202fb7 => generated 275 bytes in 373 msecs (HTTP/1.1 200) 5 headers in 177 bytes (1 switches on core 0)
Aug 30 00:47:46.132218 dv-cinder-815146-13-iscsi devstack@keystone.service[81442]: DEBUG keystone.server.flask.request_processing.middleware.auth_context [None req-926ee66c-a6fa-44d6-b959-69c6dff71136 None admin] Authenticating user token {{(pid=81442) process_request /usr/local/lib/python3.8/dist-packages/keystonemiddleware/auth_token/__init__.py:407}}
Aug 30 00:47:46.164837 dv-cinder-815146-13-iscsi devstack@keystone.service[81443]: DEBUG keystone.server.flask.request_processing.middleware.auth_context [None req-e111f06e-c0c1-4862-8459-c730b392efdc None admin] RBAC: auth_context: {'token': , 'domain_id': None, 'trust_id': None, 'trustor_id': None, 'trustee_id': None, 'domain_name': None, 'group_ids': [], 'user_id': 'd9331e55306b44e2a9e5ecea982fbc2f', 'user_domain_id': 'default', 'system_scope': 'all', 'project_id': None, 'project_domain_id': None, 'roles': ['admin', 'member', 'reader'], 'is_admin_project': True, 'service_user_id': None, 'service_user_domain_id': None, 'service_project_id': None, 'service_project_domain_id': None, 'service_roles': []} {{(pid=81443) fill_context /opt/stack/keystone/keystone/server/flask/request_processing/middleware/auth_context.py:478}}
Aug 30 00:47:46.166111 dv-cinder-815146-13-iscsi devstack@keystone.service[81443]: DEBUG keystone.server.flask.request_processing.req_logging [None req-e111f06e-c0c1-4862-8459-c730b392efdc None admin] REQUEST_METHOD: `GET` {{(pid=81443) log_request_info /opt/stack/keystone/keystone/server/flask/request_processing/req_logging.py:27}}
Aug 30 00:47:46.166647 dv-cinder-815146-13-iscsi devstack@keystone.service[81443]: DEBUG keystone.server.flask.request_processing.req_logging [None req-e111f06e-c0c1-4862-8459-c730b392efdc None admin] SCRIPT_NAME: `/identity` {{(pid=81443) log_request_info /opt/stack/keystone/keystone/server/flask/request_processing/req_logging.py:28}}
Aug 30 00:47:46.167129 dv-cinder-815146-13-iscsi devstack@keystone.service[81443]: DEBUG keystone.server.flask.request_processing.req_logging [None req-e111f06e-c0c1-4862-8459-c730b392efdc None admin] PATH_INFO: `/v3/auth/tokens` {{(pid=81443) log_request_info /opt/stack/keystone/keystone/server/flask/request_processing/req_logging.py:29}}
Aug 30 00:47:46.230021 dv-cinder-815146-13-iscsi devstack@keystone.service[81443]: DEBUG dbcounter [-] [81443] Writing DB stats keystone:SELECT=100 {{(pid=81443) stat_writer /usr/local/lib/python3.8/dist-packages/dbcounter.py:114}}
Aug 30 00:47:46.235002 dv-cinder-815146-13-iscsi devstack@keystone.service[81442]: DEBUG dbcounter [-] [81442] Writing DB stats keystone:SELECT=100 {{(pid=81442) stat_writer /usr/local/lib/python3.8/dist-packages/dbcounter.py:114}}
Aug 30 00:47:46.264827 dv-cinder-815146-13-iscsi devstack@keystone.service[81443]: DEBUG keystone.common.rbac_enforcer.enforcer [None req-e111f06e-c0c1-4862-8459-c730b392efdc None admin] RBAC: Authorizing `identity:validate_token()` {{(pid=81443) enforce_call /opt/stack/keystone/keystone/common/rbac_enforcer/enforcer.py:449}}
Aug 30 00:47:46.267346 dv-cinder-815146-13-iscsi devstack@keystone.service[81443]: DEBUG keystone.common.rbac_enforcer.enforcer [None req-e111f06e-c0c1-4862-8459-c730b392efdc None admin] RBAC: Authorization granted {{(pid=81443) enforce_call /opt/stack/keystone/keystone/common/rbac_enforcer/enforcer.py:457}}
Aug 30 00:47:46.296967 dv-cinder-815146-13-iscsi devstack@keystone.service[81442]: DEBUG keystone.server.flask.request_processing.middleware.auth_context [None req-926ee66c-a6fa-44d6-b959-69c6dff71136 None admin] Validating token access rules against request {{(pid=81442) validate_allowed_request /usr/local/lib/python3.8/dist-packages/keystonemiddleware/auth_token/__init__.py:545}}
Aug 30 00:47:46.346511 dv-cinder-815146-13-iscsi devstack@keystone.service[81442]: DEBUG keystone.server.flask.request_processing.middleware.auth_context [None req-5e356353-8221-444a-8d7b-7d3fc776ff23 None admin] RBAC: auth_context: {'token': , 'domain_id': None, 'trust_id': None, 'trustor_id': None, 'trustee_id': None, 'domain_name': None, 'group_ids': [], 'user_id': 'd9331e55306b44e2a9e5ecea982fbc2f', 'user_domain_id': 'default', 'system_scope': 'all', 'project_id': None, 'project_domain_id': None, 'roles': ['admin', 'member', 'reader'], 'is_admin_project': True, 'service_user_id': None, 'service_user_domain_id': None, 'service_project_id': None, 'service_project_domain_id': None, 'service_roles': []} {{(pid=81442) fill_context /opt/stack/keystone/keystone/server/flask/request_processing/middleware/auth_context.py:478}}
Aug 30 00:47:46.347196 dv-cinder-815146-13-iscsi devstack@keystone.service[81442]: DEBUG keystone.server.flask.request_processing.req_logging [None req-5e356353-8221-444a-8d7b-7d3fc776ff23 None admin] REQUEST_METHOD: `GET` {{(pid=81442) log_request_info /opt/stack/keystone/keystone/server/flask/request_processing/req_logging.py:27}}
Aug 30 00:47:46.347509 dv-cinder-815146-13-iscsi devstack@keystone.service[81442]: DEBUG keystone.server.flask.request_processing.req_logging [None req-5e356353-8221-444a-8d7b-7d3fc776ff23 None admin] SCRIPT_NAME: `/identity` {{(pid=81442) log_request_info /opt/stack/keystone/keystone/server/flask/request_processing/req_logging.py:28}}
Aug 30 00:47:46.348098 dv-cinder-815146-13-iscsi devstack@keystone.service[81442]: DEBUG keystone.server.flask.request_processing.req_logging [None req-5e356353-8221-444a-8d7b-7d3fc776ff23 None admin] PATH_INFO: `/v3/auth/tokens` {{(pid=81442) log_request_info /opt/stack/keystone/keystone/server/flask/request_processing/req_logging.py:29}}
Aug 30 00:47:46.401229 dv-cinder-815146-13-iscsi devstack@keystone.service[81443]: [pid: 81443|app: 0|req: 87/169] 10.222.0.78 () {58 vars in 1282 bytes} [Tue Aug 30 00:47:45 2022] GET /identity/v3/auth/tokens => generated 799 bytes in 402 msecs (HTTP/1.1 200) 6 headers in 358 bytes (1 switches on core 0)
Aug 30 00:47:46.402431 dv-cinder-815146-13-iscsi devstack@keystone.service[81443]: DEBUG keystone.server.flask.request_processing.middleware.auth_context [None req-e111f06e-c0c1-4862-8459-c730b392efdc None admin] Authenticating user token {{(pid=81443) process_request /usr/local/lib/python3.8/dist-packages/keystonemiddleware/auth_token/__init__.py:407}}
Aug 30 00:47:46.431657 dv-cinder-815146-13-iscsi devstack@keystone.service[81442]: DEBUG keystone.common.rbac_enforcer.enforcer [None req-5e356353-8221-444a-8d7b-7d3fc776ff23 None admin] RBAC: Authorizing `identity:validate_token()` {{(pid=81442) enforce_call /opt/stack/keystone/keystone/common/rbac_enforcer/enforcer.py:449}}
Aug 30 00:47:46.433217 dv-cinder-815146-13-iscsi devstack@keystone.service[81442]: DEBUG keystone.common.rbac_enforcer.enforcer [None req-5e356353-8221-444a-8d7b-7d3fc776ff23 None admin] RBAC: Authorization granted {{(pid=81442) enforce_call /opt/stack/keystone/keystone/common/rbac_enforcer/enforcer.py:457}}
Aug 30 00:47:46.490894 dv-cinder-815146-13-iscsi devstack@keystone.service[81443]: DEBUG dbcounter [-] [81443] Writing DB stats keystone:SELECT=100 {{(pid=81443) stat_writer /usr/local/lib/python3.8/dist-packages/dbcounter.py:114}}
Aug 30 00:47:46.508693 dv-cinder-815146-13-iscsi devstack@keystone.service[81442]: DEBUG dbcounter [-] [81442] Writing DB stats keystone:SELECT=100 {{(pid=81442) stat_writer /usr/local/lib/python3.8/dist-packages/dbcounter.py:114}}
Aug 30 00:47:46.513373 dv-cinder-815146-13-iscsi devstack@keystone.service[81443]: DEBUG keystone.server.flask.request_processing.middleware.auth_context [None req-e111f06e-c0c1-4862-8459-c730b392efdc None admin] Validating token access rules against request {{(pid=81443) validate_allowed_request /usr/local/lib/python3.8/dist-packages/keystonemiddleware/auth_token/__init__.py:545}}
Aug 30 00:47:46.554431 dv-cinder-815146-13-iscsi devstack@keystone.service[81443]: DEBUG keystone.server.flask.request_processing.middleware.auth_context [None req-a0a4df1f-91a1-4f16-9c01-7507a3c8a2b5 None admin] RBAC: auth_context: {'token': , 'domain_id': None, 'trust_id': None, 'trustor_id': None, 'trustee_id': None, 'domain_name': None, 'group_ids': [], 'user_id': 'd9331e55306b44e2a9e5ecea982fbc2f', 'user_domain_id': 'default', 'system_scope': 'all', 'project_id': None, 'project_domain_id': None, 'roles': ['admin', 'member', 'reader'], 'is_admin_project': True, 'service_user_id': None, 'service_user_domain_id': None, 'service_project_id': None, 'service_project_domain_id': None, 'service_roles': []} {{(pid=81443) fill_context /opt/stack/keystone/keystone/server/flask/request_processing/middleware/auth_context.py:478}}
Aug 30 00:47:46.555442 dv-cinder-815146-13-iscsi devstack@keystone.service[81443]: DEBUG keystone.server.flask.request_processing.req_logging [None req-a0a4df1f-91a1-4f16-9c01-7507a3c8a2b5 None admin] REQUEST_METHOD: `GET` {{(pid=81443) log_request_info /opt/stack/keystone/keystone/server/flask/request_processing/req_logging.py:27}}
Aug 30 00:47:46.555916 dv-cinder-815146-13-iscsi devstack@keystone.service[81443]: DEBUG keystone.server.flask.request_processing.req_logging [None req-a0a4df1f-91a1-4f16-9c01-7507a3c8a2b5 None admin] SCRIPT_NAME: `/identity` {{(pid=81443) log_request_info /opt/stack/keystone/keystone/server/flask/request_processing/req_logging.py:28}}
Aug 30 00:47:46.556389 dv-cinder-815146-13-iscsi devstack@keystone.service[81443]: DEBUG keystone.server.flask.request_processing.req_logging [None req-a0a4df1f-91a1-4f16-9c01-7507a3c8a2b5 None admin] PATH_INFO: `/v3/roles/anotherrole` {{(pid=81443) log_request_info /opt/stack/keystone/keystone/server/flask/request_processing/req_logging.py:29}}
Aug 30 00:47:46.575464 dv-cinder-815146-13-iscsi devstack@keystone.service[81442]: [pid: 81442|app: 0|req: 83/170] 10.222.0.78 () {58 vars in 1282 bytes} [Tue Aug 30 00:47:46 2022] GET /identity/v3/auth/tokens => generated 799 bytes in 444 msecs (HTTP/1.1 200) 6 headers in 358 bytes (1 switches on core 0)
Aug 30 00:47:46.576324 dv-cinder-815146-13-iscsi devstack@keystone.service[81442]: DEBUG keystone.server.flask.request_processing.middleware.auth_context [None req-5e356353-8221-444a-8d7b-7d3fc776ff23 None admin] Authenticating user token {{(pid=81442) process_request /usr/local/lib/python3.8/dist-packages/keystonemiddleware/auth_token/__init__.py:407}}
Aug 30 00:47:46.579289 dv-cinder-815146-13-iscsi devstack@keystone.service[81443]: DEBUG keystone.common.rbac_enforcer.enforcer [None req-a0a4df1f-91a1-4f16-9c01-7507a3c8a2b5 None admin] Extracting inferred target data resulted in "NOT FOUND (404)". {{(pid=81443) enforce_call /opt/stack/keystone/keystone/common/rbac_enforcer/enforcer.py:409}}
Aug 30 00:47:46.589107 dv-cinder-815146-13-iscsi devstack@keystone.service[81443]: ERROR keystone.server.flask.application [None req-a0a4df1f-91a1-4f16-9c01-7507a3c8a2b5 None admin] Could not find role: anotherrole.: keystone.exception.RoleNotFound: Could not find role: anotherrole.
Aug 30 00:47:46.589107 dv-cinder-815146-13-iscsi devstack@keystone.service[81443]: ERROR keystone.server.flask.application
Traceback (most recent call last):
Aug 30 00:47:46.589107 dv-cinder-815146-13-iscsi devstack@keystone.service[81443]: ERROR keystone.server.flask.application
File "/usr/local/lib/python3.8/dist-packages/flask/app.py", line 1820, in full_dispatch_request
Aug 30 00:47:46.589107 dv-cinder-815146-13-iscsi devstack@keystone.service[81443]: ERROR keystone.server.flask.application rv = self.dispatch_request()
Aug 30 00:47:46.589107 dv-cinder-815146-13-iscsi devstack@keystone.service[81443]: ERROR keystone.server.flask.application
File "/usr/local/lib/python3.8/dist-packages/flask/app.py", line 1796, in dispatch_request
Aug 30 00:47:46.589107 dv-cinder-815146-13-iscsi devstack@keystone.service[81443]: ERROR keystone.server.flask.application return self.ensure_sync(self.view_functions[rule.endpoint])(**view_args)
Aug 30 00:47:46.589107 dv-cinder-815146-13-iscsi devstack@keystone.service[81443]: ERROR keystone.server.flask.application
File "/usr/local/lib/python3.8/dist-packages/flask_restful/__init__.py", line 467, in wrapper
Aug 30 00:47:46.589107 dv-cinder-815146-13-iscsi devstack@keystone.service[81443]: ERROR keystone.server.flask.application resp = resource(*args, **kwargs)
Aug 30 00:47:46.589107 dv-cinder-815146-13-iscsi devstack@keystone.service[81443]: ERROR keystone.server.flask.application
File "/usr/local/lib/python3.8/dist-packages/flask/views.py", line 107, in view
Aug 30 00:47:46.589107 dv-cinder-815146-13-iscsi devstack@keystone.service[81443]: ERROR keystone.server.flask.application return current_app.ensure_sync(self.dispatch_request)(**kwargs)
Aug 30 00:47:46.589107 dv-cinder-815146-13-iscsi devstack@keystone.service[81443]: ERROR keystone.server.flask.application
File "/usr/local/lib/python3.8/dist-packages/flask_restful/__init__.py", line 582, in dispatch_request
Aug 30 00:47:46.589107 dv-cinder-815146-13-iscsi devstack@keystone.service[81443]: ERROR keystone.server.flask.application resp = meth(*args, **kwargs)
Aug 30 00:47:46.589107 dv-cinder-815146-13-iscsi devstack@keystone.service[81443]: ERROR keystone.server.flask.application
File "/opt/stack/keystone/keystone/api/roles.py", line 50, in get
Aug 30 00:47:46.589107 dv-cinder-815146-13-iscsi devstack@keystone.service[81443]: ERROR keystone.server.flask.application return self._get_role(role_id)
Aug 30 00:47:46.589107 dv-cinder-815146-13-iscsi devstack@keystone.service[81443]: ERROR keystone.server.flask.application
File "/opt/stack/keystone/keystone/api/roles.py", line 70, in _get_role
Aug 30 00:47:46.589107 dv-cinder-815146-13-iscsi devstack@keystone.service[81443]: ERROR keystone.server.flask.application ENFORCER.enforce_call(action='identity:get_role')
Aug 30 00:47:46.589986 dv-cinder-815146-13-iscsi devstack@keystone.service[81443]: ERROR keystone.server.flask.application
File "/opt/stack/keystone/keystone/common/rbac_enforcer/enforcer.py", line 402, in enforce_call
Aug 30 00:47:46.589986 dv-cinder-815146-13-iscsi devstack@keystone.service[81443]: ERROR keystone.server.flask.application policy_dict.update(cls._extract_member_target_data(
Aug 30 00:47:46.589986 dv-cinder-815146-13-iscsi devstack@keystone.service[81443]: ERROR keystone.server.flask.application
File "/opt/stack/keystone/keystone/common/rbac_enforcer/enforcer.py", line 234, in _extract_member_target_data
Aug 30 00:47:46.589986 dv-cinder-815146-13-iscsi devstack@keystone.service[81443]: ERROR keystone.server.flask.application member_name: func(flask.request.view_args[key])
Aug 30 00:47:46.589986 dv-cinder-815146-13-iscsi devstack@keystone.service[81443]: ERROR keystone.server.flask.application
File "/opt/stack/keystone/keystone/common/manager.py", line 115, in wrapped
Aug 30 00:47:46.589986 dv-cinder-815146-13-iscsi devstack@keystone.service[81443]: ERROR keystone.server.flask.application __ret_val = __f(*args, **kwargs)
Aug 30 00:47:46.589986 dv-cinder-815146-13-iscsi devstack@keystone.service[81443]: ERROR keystone.server.flask.application
File "/usr/local/lib/python3.8/dist-packages/decorator.py", line 232, in fun
Aug 30 00:47:46.589986 dv-cinder-815146-13-iscsi devstack@keystone.service[81443]: ERROR keystone.server.flask.application return caller(func, *(extras + args), **kw)
Aug 30 00:47:46.589986 dv-cinder-815146-13-iscsi devstack@keystone.service[81443]: ERROR keystone.server.flask.application
File "/usr/local/lib/python3.8/dist-packages/dogpile/cache/region.py", line 1577, in get_or_create_for_user_func
Aug 30 00:47:46.589986 dv-cinder-815146-13-iscsi devstack@keystone.service[81443]: ERROR keystone.server.flask.application return self.get_or_create(
Aug 30 00:47:46.589986 dv-cinder-815146-13-iscsi devstack@keystone.service[81443]: ERROR keystone.server.flask.application
File "/usr/local/lib/python3.8/dist-packages/dogpile/cache/region.py", line 1042, in get_or_create
Aug 30 00:47:46.589986 dv-cinder-815146-13-iscsi devstack@keystone.service[81443]: ERROR keystone.server.flask.application with Lock(
Aug 30 00:47:46.589986 dv-cinder-815146-13-iscsi devstack@keystone.service[81443]: ERROR keystone.server.flask.application
File "/usr/local/lib/python3.8/dist-packages/dogpile/lock.py", line 185, in __enter__
Aug 30 00:47:46.589986 dv-cinder-815146-13-iscsi devstack@keystone.service[81443]: ERROR keystone.server.flask.application return self._enter()
Aug 30 00:47:46.589986 dv-cinder-815146-13-iscsi devstack@keystone.service[81443]: ERROR keystone.server.flask.application
File "/usr/local/lib/python3.8/dist-packages/dogpile/lock.py", line 94, in _enter
Aug 30 00:47:46.589986 dv-cinder-815146-13-iscsi devstack@keystone.service[81443]: ERROR keystone.server.flask.application generated = self._enter_create(value, createdtime)
Aug 30 00:47:46.590853 dv-cinder-815146-13-iscsi devstack@keystone.service[81443]: ERROR keystone.server.flask.application
File "/usr/local/lib/python3.8/dist-packages/dogpile/lock.py", line 178, in _enter_create
Aug 30 00:47:46.590853 dv-cinder-815146-13-iscsi devstack@keystone.service[81443]: ERROR keystone.server.flask.application return self.creator()
Aug 30 00:47:46.590853 dv-cinder-815146-13-iscsi devstack@keystone.service[81443]: ERROR keystone.server.flask.application
File "/usr/local/lib/python3.8/dist-packages/dogpile/cache/region.py", line 995, in gen_value
Aug 30 00:47:46.590853 dv-cinder-815146-13-iscsi devstack@keystone.service[81443]: ERROR keystone.server.flask.application created_value = creator(
Aug 30 00:47:46.590853 dv-cinder-815146-13-iscsi devstack@keystone.service[81443]: ERROR keystone.server.flask.application
File "/opt/stack/keystone/keystone/assignment/core.py", line 1276, in get_role
Aug 30 00:47:46.590853 dv-cinder-815146-13-iscsi devstack@keystone.service[81443]: ERROR keystone.server.flask.application return self.driver.get_role(role_id)
Aug 30 00:47:46.590853 dv-cinder-815146-13-iscsi devstack@keystone.service[81443]: ERROR keystone.server.flask.application
File "/opt/stack/keystone/keystone/assignment/role_backends/sql.py", line 70, in get_role
Aug 30 00:47:46.590853 dv-cinder-815146-13-iscsi devstack@keystone.service[81443]: ERROR keystone.server.flask.application return self._get_role(session, role_id).to_dict()
Aug 30 00:47:46.590853 dv-cinder-815146-13-iscsi devstack@keystone.service[81443]: ERROR keystone.server.flask.application
File "/opt/stack/keystone/keystone/assignment/role_backends/sql.py", line 65, in _get_role
Aug 30 00:47:46.590853 dv-cinder-815146-13-iscsi devstack@keystone.service[81443]: ERROR keystone.server.flask.application raise exception.RoleNotFound(role_id=role_id)
Aug 30 00:47:46.590853 dv-cinder-815146-13-iscsi devstack@keystone.service[81443]: ERROR keystone.server.flask.application keystone.exception.RoleNotFound: Could not find role: anotherrole.
Aug 30 00:47:46.590853 dv-cinder-815146-13-iscsi devstack@keystone.service[81443]: ERROR keystone.server.flask.application
Aug 30 00:47:46.593195 dv-cinder-815146-13-iscsi devstack@keystone.service[81443]: [pid: 81443|app: 0|req: 88/171] 10.222.0.78 () {56 vars in 1114 bytes} [Tue Aug 30 00:47:46 2022] GET /identity/v3/roles/anotherrole => generated 89 bytes in 191 msecs (HTTP/1.1 404) 5 headers in 183 bytes (1 switches on core 0)
Aug 30 00:47:46.594212 dv-cinder-815146-13-iscsi devstack@keystone.service[81443]: DEBUG keystone.server.flask.request_processing.middleware.auth_context [None req-a0a4df1f-91a1-4f16-9c01-7507a3c8a2b5 None admin] Authenticating user token {{(pid=81443) process_request /usr/local/lib/python3.8/dist-packages/keystonemiddleware/auth_token/__init__.py:407}}
Aug 30 00:47:46.682876 dv-cinder-815146-13-iscsi devstack@keystone.service[81442]: DEBUG keystone.server.flask.request_processing.middleware.auth_context [None req-5e356353-8221-444a-8d7b-7d3fc776ff23 None admin] Validating token access rules against request {{(pid=81442) validate_allowed_request /usr/local/lib/python3.8/dist-packages/keystonemiddleware/auth_token/__init__.py:545}}
Aug 30 00:47:46.720917 dv-cinder-815146-13-iscsi devstack@keystone.service[81442]: DEBUG keystone.server.flask.request_processing.middleware.auth_context [None req-4c5f5b6d-be73-467b-b22b-f772fa86c988 None admin] RBAC: auth_context: {'token': , 'domain_id': None, 'trust_id': None, 'trustor_id': None, 'trustee_id': None, 'domain_name': None, 'group_ids': [], 'user_id': 'd9331e55306b44e2a9e5ecea982fbc2f', 'user_domain_id': 'default', 'system_scope': 'all', 'project_id': None, 'project_domain_id': None, 'roles': ['admin', 'member', 'reader'], 'is_admin_project': True, 'service_user_id': None, 'service_user_domain_id': None, 'service_project_id': None, 'service_project_domain_id': None, 'service_roles': []} {{(pid=81442) fill_context /opt/stack/keystone/keystone/server/flask/request_processing/middleware/auth_context.py:478}}
Aug 30 00:47:46.721580 dv-cinder-815146-13-iscsi devstack@keystone.service[81442]: DEBUG keystone.server.flask.request_processing.req_logging [None req-4c5f5b6d-be73-467b-b22b-f772fa86c988 None admin] REQUEST_METHOD: `GET` {{(pid=81442) log_request_info /opt/stack/keystone/keystone/server/flask/request_processing/req_logging.py:27}}
Aug 30 00:47:46.721855 dv-cinder-815146-13-iscsi devstack@keystone.service[81442]: DEBUG keystone.server.flask.request_processing.req_logging [None req-4c5f5b6d-be73-467b-b22b-f772fa86c988 None admin] SCRIPT_NAME: `/identity` {{(pid=81442) log_request_info /opt/stack/keystone/keystone/server/flask/request_processing/req_logging.py:28}}
Aug 30 00:47:46.722119 dv-cinder-815146-13-iscsi devstack@keystone.service[81442]: DEBUG keystone.server.flask.request_processing.req_logging [None req-4c5f5b6d-be73-467b-b22b-f772fa86c988 None admin] PATH_INFO: `/v3/projects/09da17aa18cc4293b57f7e462cfd17c4` {{(pid=81442) log_request_info /opt/stack/keystone/keystone/server/flask/request_processing/req_logging.py:29}}
Aug 30 00:47:46.723326 dv-cinder-815146-13-iscsi devstack@keystone.service[81442]: DEBUG keystone.common.rbac_enforcer.enforcer [None req-4c5f5b6d-be73-467b-b22b-f772fa86c988 None admin] RBAC: Authorizing `identity:get_project(project_id=09da17aa18cc4293b57f7e462cfd17c4)` {{(pid=81442) enforce_call /opt/stack/keystone/keystone/common/rbac_enforcer/enforcer.py:449}}
Aug 30 00:47:46.724807 dv-cinder-815146-13-iscsi devstack@keystone.service[81442]: DEBUG keystone.common.rbac_enforcer.enforcer [None req-4c5f5b6d-be73-467b-b22b-f772fa86c988 None admin] RBAC: Authorization granted {{(pid=81442) enforce_call /opt/stack/keystone/keystone/common/rbac_enforcer/enforcer.py:457}}
Aug 30 00:47:46.726378 dv-cinder-815146-13-iscsi devstack@keystone.service[81442]: [pid: 81442|app: 0|req: 84/172] 10.222.0.78 () {56 vars in 1186 bytes} [Tue Aug 30 00:47:46 2022] GET /identity/v3/projects/09da17aa18cc4293b57f7e462cfd17c4 => generated 298 bytes in 150 msecs (HTTP/1.1 200) 5 headers in 177 bytes (1 switches on core 0)
Aug 30 00:47:46.727184 dv-cinder-815146-13-iscsi devstack@keystone.service[81442]: DEBUG keystone.server.flask.request_processing.middleware.auth_context [None req-4c5f5b6d-be73-467b-b22b-f772fa86c988 None admin] Authenticating user token {{(pid=81442) process_request /usr/local/lib/python3.8/dist-packages/keystonemiddleware/auth_token/__init__.py:407}}
Aug 30 00:47:46.740056 dv-cinder-815146-13-iscsi devstack@keystone.service[81443]: DEBUG keystone.server.flask.request_processing.middleware.auth_context [None req-a0a4df1f-91a1-4f16-9c01-7507a3c8a2b5 None admin] Validating token access rules against request {{(pid=81443) validate_allowed_request /usr/local/lib/python3.8/dist-packages/keystonemiddleware/auth_token/__init__.py:545}}
Aug 30 00:47:46.753642 dv-cinder-815146-13-iscsi devstack@keystone.service[81442]: DEBUG dbcounter [-] [81442] Writing DB stats keystone:SELECT=100 {{(pid=81442) stat_writer /usr/local/lib/python3.8/dist-packages/dbcounter.py:114}}
Aug 30 00:47:46.793052 dv-cinder-815146-13-iscsi devstack@keystone.service[81443]: DEBUG keystone.server.flask.request_processing.middleware.auth_context [None req-ab5658e9-56c6-4ce9-a6ac-16e9018c555e None admin] RBAC: auth_context: {'token': , 'domain_id': None, 'trust_id': None, 'trustor_id': None, 'trustee_id': None, 'domain_name': None, 'group_ids': [], 'user_id': 'd9331e55306b44e2a9e5ecea982fbc2f', 'user_domain_id': 'default', 'system_scope': 'all', 'project_id': None, 'project_domain_id': None, 'roles': ['admin', 'member', 'reader'], 'is_admin_project': True, 'service_user_id': None, 'service_user_domain_id': None, 'service_project_id': None, 'service_project_domain_id': None, 'service_roles': []} {{(pid=81443) fill_context /opt/stack/keystone/keystone/server/flask/request_processing/middleware/auth_context.py:478}}
Aug 30 00:47:46.793985 dv-cinder-815146-13-iscsi devstack@keystone.service[81443]: DEBUG keystone.server.flask.request_processing.req_logging [None req-ab5658e9-56c6-4ce9-a6ac-16e9018c555e None admin] REQUEST_METHOD: `GET` {{(pid=81443) log_request_info /opt/stack/keystone/keystone/server/flask/request_processing/req_logging.py:27}}
Aug 30 00:47:46.794421 dv-cinder-815146-13-iscsi devstack@keystone.service[81443]: DEBUG keystone.server.flask.request_processing.req_logging [None req-ab5658e9-56c6-4ce9-a6ac-16e9018c555e None admin] SCRIPT_NAME: `/identity` {{(pid=81443) log_request_info /opt/stack/keystone/keystone/server/flask/request_processing/req_logging.py:28}}
Aug 30 00:47:46.794730 dv-cinder-815146-13-iscsi devstack@keystone.service[81443]: DEBUG keystone.server.flask.request_processing.req_logging [None req-ab5658e9-56c6-4ce9-a6ac-16e9018c555e None admin] PATH_INFO: `/v3/projects/995702045b32430d903551357300fd16` {{(pid=81443) log_request_info /opt/stack/keystone/keystone/server/flask/request_processing/req_logging.py:29}}
Aug 30 00:47:46.795981 dv-cinder-815146-13-iscsi devstack@keystone.service[81443]: DEBUG keystone.common.rbac_enforcer.enforcer [None req-ab5658e9-56c6-4ce9-a6ac-16e9018c555e None admin] RBAC: Authorizing `identity:get_project(project_id=995702045b32430d903551357300fd16)` {{(pid=81443) enforce_call /opt/stack/keystone/keystone/common/rbac_enforcer/enforcer.py:449}}
Aug 30 00:47:46.797658 dv-cinder-815146-13-iscsi devstack@keystone.service[81443]: DEBUG keystone.common.rbac_enforcer.enforcer [None req-ab5658e9-56c6-4ce9-a6ac-16e9018c555e None admin] RBAC: Authorization granted {{(pid=81443) enforce_call /opt/stack/keystone/keystone/common/rbac_enforcer/enforcer.py:457}}
Aug 30 00:47:46.799551 dv-cinder-815146-13-iscsi devstack@keystone.service[81443]: [pid: 81443|app: 0|req: 89/173] 10.222.0.78 () {56 vars in 1186 bytes} [Tue Aug 30 00:47:46 2022] GET /identity/v3/projects/995702045b32430d903551357300fd16 => generated 312 bytes in 206 msecs (HTTP/1.1 200) 5 headers in 177 bytes (1 switches on core 0)
Aug 30 00:47:46.800797 dv-cinder-815146-13-iscsi devstack@keystone.service[81443]: DEBUG keystone.server.flask.request_processing.middleware.auth_context [None req-ab5658e9-56c6-4ce9-a6ac-16e9018c555e None admin] Authenticating user token {{(pid=81443) process_request /usr/local/lib/python3.8/dist-packages/keystonemiddleware/auth_token/__init__.py:407}}
Aug 30 00:47:46.818778 dv-cinder-815146-13-iscsi devstack@keystone.service[81443]: DEBUG dbcounter [-] [81443] Writing DB stats keystone:SELECT=100 {{(pid=81443) stat_writer /usr/local/lib/python3.8/dist-packages/dbcounter.py:114}}
Aug 30 00:47:46.838244 dv-cinder-815146-13-iscsi devstack@keystone.service[81442]: DEBUG keystone.server.flask.request_processing.middleware.auth_context [None req-4c5f5b6d-be73-467b-b22b-f772fa86c988 None admin] Validating token access rules against request {{(pid=81442) validate_allowed_request /usr/local/lib/python3.8/dist-packages/keystonemiddleware/auth_token/__init__.py:545}}
Aug 30 00:47:46.877858 dv-cinder-815146-13-iscsi devstack@keystone.service[81442]: DEBUG keystone.server.flask.request_processing.middleware.auth_context [None req-e6774a93-e3ed-476d-bbd2-a6aa20781b2d None admin] RBAC: auth_context: {'token': , 'domain_id': None, 'trust_id': None, 'trustor_id': None, 'trustee_id': None, 'domain_name': None, 'group_ids': [], 'user_id': 'd9331e55306b44e2a9e5ecea982fbc2f', 'user_domain_id': 'default', 'system_scope': 'all', 'project_id': None, 'project_domain_id': None, 'roles': ['admin', 'member', 'reader'], 'is_admin_project': True, 'service_user_id': None, 'service_user_domain_id': None, 'service_project_id': None, 'service_project_domain_id': None, 'service_roles': []} {{(pid=81442) fill_context /opt/stack/keystone/keystone/server/flask/request_processing/middleware/auth_context.py:478}}
