May 26 12:20:11.785108 dv-cinder-815146-11-smb devstack@keystone.service[80181]: DEBUG keystone.server.flask.request_processing.req_logging [None req-e5787d19-a0c8-497a-a9cb-18051cfaf297 None admin] PATH_INFO: `/v3/users/f227769089e8416f9b64e59fe2e31b0b` {{(pid=80181) log_request_info /opt/stack/keystone/keystone/server/flask/request_processing/req_logging.py:29}}
May 26 12:20:11.787070 dv-cinder-815146-11-smb devstack@keystone.service[80180]: DEBUG keystone.server.flask.request_processing.middleware.auth_context [None req-0967cb5c-df0b-4d91-a6a9-ad4d94718009 None None] Validating token access rules against request {{(pid=80180) validate_allowed_request /usr/local/lib/python3.8/dist-packages/keystonemiddleware/auth_token/__init__.py:545}}
May 26 12:20:11.829687 dv-cinder-815146-11-smb devstack@keystone.service[80180]: DEBUG keystone.server.flask.request_processing.middleware.auth_context [None req-bcb0cf62-b413-428a-8561-db136cba9a68 None admin] RBAC: auth_context: {'token': , 'domain_id': None, 'trust_id': None, 'trustor_id': None, 'trustee_id': None, 'domain_name': None, 'group_ids': [], 'user_id': '25194ab74edc4c009c8aaa9efa80932f', 'user_domain_id': 'default', 'system_scope': 'all', 'project_id': None, 'project_domain_id': None, 'roles': ['admin', 'member', 'reader'], 'is_admin_project': True, 'service_user_id': None, 'service_user_domain_id': None, 'service_project_id': None, 'service_project_domain_id': None, 'service_roles': []} {{(pid=80180) fill_context /opt/stack/keystone/keystone/server/flask/request_processing/middleware/auth_context.py:478}}
May 26 12:20:11.831037 dv-cinder-815146-11-smb devstack@keystone.service[80180]: DEBUG keystone.server.flask.request_processing.req_logging [None req-bcb0cf62-b413-428a-8561-db136cba9a68 None admin] REQUEST_METHOD: `GET` {{(pid=80180) log_request_info /opt/stack/keystone/keystone/server/flask/request_processing/req_logging.py:27}}
May 26 12:20:11.831425 dv-cinder-815146-11-smb devstack@keystone.service[80180]: DEBUG keystone.server.flask.request_processing.req_logging [None req-bcb0cf62-b413-428a-8561-db136cba9a68 None admin] SCRIPT_NAME: `/identity` {{(pid=80180) log_request_info /opt/stack/keystone/keystone/server/flask/request_processing/req_logging.py:28}}
May 26 12:20:11.831846 dv-cinder-815146-11-smb devstack@keystone.service[80180]: DEBUG keystone.server.flask.request_processing.req_logging [None req-bcb0cf62-b413-428a-8561-db136cba9a68 None admin] PATH_INFO: `/v3/roles` {{(pid=80180) log_request_info /opt/stack/keystone/keystone/server/flask/request_processing/req_logging.py:29}}
May 26 12:20:11.832761 dv-cinder-815146-11-smb devstack@keystone.service[80180]: DEBUG keystone.common.rbac_enforcer.enforcer [None req-bcb0cf62-b413-428a-8561-db136cba9a68 None admin] RBAC: Adding query filter params (name=admin) {{(pid=80180) _extract_filter_values /opt/stack/keystone/keystone/common/rbac_enforcer/enforcer.py:167}}
May 26 12:20:11.833242 dv-cinder-815146-11-smb devstack@keystone.service[80180]: DEBUG keystone.common.rbac_enforcer.enforcer [None req-bcb0cf62-b413-428a-8561-db136cba9a68 None admin] RBAC: Authorizing `identity:list_roles()` {{(pid=80180) enforce_call /opt/stack/keystone/keystone/common/rbac_enforcer/enforcer.py:449}}
May 26 12:20:11.835627 dv-cinder-815146-11-smb devstack@keystone.service[80180]: DEBUG keystone.common.rbac_enforcer.enforcer [None req-bcb0cf62-b413-428a-8561-db136cba9a68 None admin] RBAC: Authorization granted {{(pid=80180) enforce_call /opt/stack/keystone/keystone/common/rbac_enforcer/enforcer.py:457}}
May 26 12:20:11.845612 dv-cinder-815146-11-smb devstack@keystone.service[80181]: DEBUG keystone.common.rbac_enforcer.enforcer [None req-e5787d19-a0c8-497a-a9cb-18051cfaf297 None admin] RBAC: Authorizing `identity:get_user(user_id=f227769089e8416f9b64e59fe2e31b0b)` {{(pid=80181) enforce_call /opt/stack/keystone/keystone/common/rbac_enforcer/enforcer.py:449}}
May 26 12:20:11.846095 dv-cinder-815146-11-smb devstack@keystone.service[80180]: [pid: 80180|app: 0|req: 63/117] 10.222.0.16 () {56 vars in 1099 bytes} [Thu May 26 12:20:11 2022] GET /identity/v3/roles?name=admin => generated 339 bytes in 192 msecs (HTTP/1.1 200) 5 headers in 177 bytes (1 switches on core 0)
May 26 12:20:11.847130 dv-cinder-815146-11-smb devstack@keystone.service[80181]: DEBUG keystone.common.rbac_enforcer.enforcer [None req-e5787d19-a0c8-497a-a9cb-18051cfaf297 None admin] RBAC: Authorization granted {{(pid=80181) enforce_call /opt/stack/keystone/keystone/common/rbac_enforcer/enforcer.py:457}}
May 26 12:20:11.847471 dv-cinder-815146-11-smb devstack@keystone.service[80180]: DEBUG keystone.server.flask.request_processing.req_logging [None req-7a8df074-6fc2-45b7-bb31-973d8f633cb6 None None] REQUEST_METHOD: `POST` {{(pid=80180) log_request_info /opt/stack/keystone/keystone/server/flask/request_processing/req_logging.py:27}}
May 26 12:20:11.847863 dv-cinder-815146-11-smb devstack@keystone.service[80180]: DEBUG keystone.server.flask.request_processing.req_logging [None req-7a8df074-6fc2-45b7-bb31-973d8f633cb6 None None] SCRIPT_NAME: `/identity` {{(pid=80180) log_request_info /opt/stack/keystone/keystone/server/flask/request_processing/req_logging.py:28}}
May 26 12:20:11.848243 dv-cinder-815146-11-smb devstack@keystone.service[80180]: DEBUG keystone.server.flask.request_processing.req_logging [None req-7a8df074-6fc2-45b7-bb31-973d8f633cb6 None None] PATH_INFO: `/v3/auth/tokens` {{(pid=80180) log_request_info /opt/stack/keystone/keystone/server/flask/request_processing/req_logging.py:29}}
May 26 12:20:11.849015 dv-cinder-815146-11-smb devstack@keystone.service[80181]: [pid: 80181|app: 0|req: 55/118] 10.222.0.16 () {56 vars in 1177 bytes} [Thu May 26 12:20:11 2022] GET /identity/v3/users/f227769089e8416f9b64e59fe2e31b0b => generated 289 bytes in 280 msecs (HTTP/1.1 200) 5 headers in 177 bytes (1 switches on core 0)
May 26 12:20:11.857905 dv-cinder-815146-11-smb devstack@keystone.service[80181]: DEBUG keystone.server.flask.request_processing.middleware.auth_context [None req-e5787d19-a0c8-497a-a9cb-18051cfaf297 None admin] Authenticating user token {{(pid=80181) process_request /usr/local/lib/python3.8/dist-packages/keystonemiddleware/auth_token/__init__.py:407}}
May 26 12:20:11.867079 dv-cinder-815146-11-smb devstack@keystone.service[80180]: DEBUG keystone.auth.core [None req-7a8df074-6fc2-45b7-bb31-973d8f633cb6 None None] MFA Rules not processed for user `25194ab74edc4c009c8aaa9efa80932f`. Rule list: `[]` (Enabled: `True`). {{(pid=80180) check_auth_methods_against_rules /opt/stack/keystone/keystone/auth/core.py:438}}
May 26 12:20:11.869310 dv-cinder-815146-11-smb devstack@keystone.service[80180]: DEBUG keystone.common.fernet_utils [None req-7a8df074-6fc2-45b7-bb31-973d8f633cb6 None None] Loaded 2 Fernet keys from /etc/keystone/fernet-keys/, but `[fernet_tokens] max_active_keys = 3`; perhaps there have not been enough key rotations to reach `max_active_keys` yet? {{(pid=80180) load_keys /opt/stack/keystone/keystone/common/fernet_utils.py:286}}
May 26 12:20:11.881217 dv-cinder-815146-11-smb devstack@keystone.service[80180]: DEBUG dbcounter [-] [80180] Writing DB stats keystone:SELECT=99,keystone:INSERT=1 {{(pid=80180) stat_writer /usr/local/lib/python3.8/dist-packages/dbcounter.py:114}}
May 26 12:20:11.964794 dv-cinder-815146-11-smb devstack@keystone.service[80180]: [pid: 80180|app: 0|req: 64/119] 10.222.0.16 () {58 vars in 1023 bytes} [Thu May 26 12:20:11 2022] POST /identity/v3/auth/tokens => generated 799 bytes in 118 msecs (HTTP/1.1 201) 6 headers in 363 bytes (1 switches on core 0)
May 26 12:20:11.966617 dv-cinder-815146-11-smb devstack@keystone.service[80180]: DEBUG keystone.server.flask.request_processing.middleware.auth_context [None req-7a8df074-6fc2-45b7-bb31-973d8f633cb6 None None] Authenticating user token {{(pid=80180) process_request /usr/local/lib/python3.8/dist-packages/keystonemiddleware/auth_token/__init__.py:407}}
May 26 12:20:11.984357 dv-cinder-815146-11-smb devstack@keystone.service[80181]: DEBUG dbcounter [-] [80181] Writing DB stats keystone:SELECT=100 {{(pid=80181) stat_writer /usr/local/lib/python3.8/dist-packages/dbcounter.py:114}}
May 26 12:20:12.010018 dv-cinder-815146-11-smb devstack@keystone.service[80181]: DEBUG keystone.server.flask.request_processing.middleware.auth_context [None req-e5787d19-a0c8-497a-a9cb-18051cfaf297 None admin] Validating token access rules against request {{(pid=80181) validate_allowed_request /usr/local/lib/python3.8/dist-packages/keystonemiddleware/auth_token/__init__.py:545}}
May 26 12:20:12.047634 dv-cinder-815146-11-smb devstack@keystone.service[80181]: DEBUG keystone.server.flask.request_processing.middleware.auth_context [None req-6f270e11-8120-4ee8-b2c8-3b95c27f35e3 None admin] RBAC: auth_context: {'token': , 'domain_id': None, 'trust_id': None, 'trustor_id': None, 'trustee_id': None, 'domain_name': None, 'group_ids': [], 'user_id': '25194ab74edc4c009c8aaa9efa80932f', 'user_domain_id': 'default', 'system_scope': 'all', 'project_id': None, 'project_domain_id': None, 'roles': ['admin', 'member', 'reader'], 'is_admin_project': True, 'service_user_id': None, 'service_user_domain_id': None, 'service_project_id': None, 'service_project_domain_id': None, 'service_roles': []} {{(pid=80181) fill_context /opt/stack/keystone/keystone/server/flask/request_processing/middleware/auth_context.py:478}}
May 26 12:20:12.048366 dv-cinder-815146-11-smb devstack@keystone.service[80181]: DEBUG keystone.server.flask.request_processing.req_logging [None req-6f270e11-8120-4ee8-b2c8-3b95c27f35e3 None admin] REQUEST_METHOD: `GET` {{(pid=80181) log_request_info /opt/stack/keystone/keystone/server/flask/request_processing/req_logging.py:27}}
May 26 12:20:12.048650 dv-cinder-815146-11-smb devstack@keystone.service[80181]: DEBUG keystone.server.flask.request_processing.req_logging [None req-6f270e11-8120-4ee8-b2c8-3b95c27f35e3 None admin] SCRIPT_NAME: `/identity` {{(pid=80181) log_request_info /opt/stack/keystone/keystone/server/flask/request_processing/req_logging.py:28}}
May 26 12:20:12.048959 dv-cinder-815146-11-smb devstack@keystone.service[80181]: DEBUG keystone.server.flask.request_processing.req_logging [None req-6f270e11-8120-4ee8-b2c8-3b95c27f35e3 None admin] PATH_INFO: `/v3/auth/tokens` {{(pid=80181) log_request_info /opt/stack/keystone/keystone/server/flask/request_processing/req_logging.py:29}}
May 26 12:20:12.090753 dv-cinder-815146-11-smb devstack@keystone.service[80180]: DEBUG keystone.server.flask.request_processing.middleware.auth_context [None req-7a8df074-6fc2-45b7-bb31-973d8f633cb6 None None] Validating token access rules against request {{(pid=80180) validate_allowed_request /usr/local/lib/python3.8/dist-packages/keystonemiddleware/auth_token/__init__.py:545}}
May 26 12:20:12.133761 dv-cinder-815146-11-smb devstack@keystone.service[80180]: DEBUG keystone.server.flask.request_processing.middleware.auth_context [None req-538ac53e-f15a-4002-91ef-dc7cd77bf8e9 None admin] RBAC: auth_context: {'token': , 'domain_id': None, 'trust_id': None, 'trustor_id': None, 'trustee_id': None, 'domain_name': None, 'group_ids': [], 'user_id': '25194ab74edc4c009c8aaa9efa80932f', 'user_domain_id': 'default', 'system_scope': 'all', 'project_id': None, 'project_domain_id': None, 'roles': ['admin', 'member', 'reader'], 'is_admin_project': True, 'service_user_id': None, 'service_user_domain_id': None, 'service_project_id': None, 'service_project_domain_id': None, 'service_roles': []} {{(pid=80180) fill_context /opt/stack/keystone/keystone/server/flask/request_processing/middleware/auth_context.py:478}}
May 26 12:20:12.135720 dv-cinder-815146-11-smb devstack@keystone.service[80180]: DEBUG keystone.server.flask.request_processing.req_logging [None req-538ac53e-f15a-4002-91ef-dc7cd77bf8e9 None admin] REQUEST_METHOD: `GET` {{(pid=80180) log_request_info /opt/stack/keystone/keystone/server/flask/request_processing/req_logging.py:27}}
May 26 12:20:12.136303 dv-cinder-815146-11-smb devstack@keystone.service[80180]: DEBUG keystone.server.flask.request_processing.req_logging [None req-538ac53e-f15a-4002-91ef-dc7cd77bf8e9 None admin] SCRIPT_NAME: `/identity` {{(pid=80180) log_request_info /opt/stack/keystone/keystone/server/flask/request_processing/req_logging.py:28}}
May 26 12:20:12.136960 dv-cinder-815146-11-smb devstack@keystone.service[80180]: DEBUG keystone.server.flask.request_processing.req_logging [None req-538ac53e-f15a-4002-91ef-dc7cd77bf8e9 None admin] PATH_INFO: `/v3/users/25194ab74edc4c009c8aaa9efa80932f` {{(pid=80180) log_request_info /opt/stack/keystone/keystone/server/flask/request_processing/req_logging.py:29}}
May 26 12:20:12.138411 dv-cinder-815146-11-smb devstack@keystone.service[80180]: DEBUG keystone.common.rbac_enforcer.enforcer [None req-538ac53e-f15a-4002-91ef-dc7cd77bf8e9 None admin] RBAC: Authorizing `identity:get_user(user_id=25194ab74edc4c009c8aaa9efa80932f)` {{(pid=80180) enforce_call /opt/stack/keystone/keystone/common/rbac_enforcer/enforcer.py:449}}
May 26 12:20:12.140154 dv-cinder-815146-11-smb devstack@keystone.service[80180]: DEBUG keystone.common.rbac_enforcer.enforcer [None req-538ac53e-f15a-4002-91ef-dc7cd77bf8e9 None admin] RBAC: Authorization granted {{(pid=80180) enforce_call /opt/stack/keystone/keystone/common/rbac_enforcer/enforcer.py:457}}
May 26 12:20:12.142780 dv-cinder-815146-11-smb devstack@keystone.service[80180]: [pid: 80180|app: 0|req: 65/120] 10.222.0.16 () {56 vars in 1177 bytes} [Thu May 26 12:20:11 2022] GET /identity/v3/users/25194ab74edc4c009c8aaa9efa80932f => generated 247 bytes in 177 msecs (HTTP/1.1 200) 5 headers in 177 bytes (1 switches on core 0)
May 26 12:20:12.144303 dv-cinder-815146-11-smb devstack@keystone.service[80180]: DEBUG keystone.server.flask.request_processing.req_logging [None req-0cd851b0-c29b-4be2-8fe2-12981bd16efe None None] REQUEST_METHOD: `GET` {{(pid=80180) log_request_info /opt/stack/keystone/keystone/server/flask/request_processing/req_logging.py:27}}
May 26 12:20:12.144808 dv-cinder-815146-11-smb devstack@keystone.service[80180]: DEBUG keystone.server.flask.request_processing.req_logging [None req-0cd851b0-c29b-4be2-8fe2-12981bd16efe None None] SCRIPT_NAME: `/identity` {{(pid=80180) log_request_info /opt/stack/keystone/keystone/server/flask/request_processing/req_logging.py:28}}
May 26 12:20:12.145308 dv-cinder-815146-11-smb devstack@keystone.service[80180]: DEBUG keystone.server.flask.request_processing.req_logging [None req-0cd851b0-c29b-4be2-8fe2-12981bd16efe None None] PATH_INFO: `/` {{(pid=80180) log_request_info /opt/stack/keystone/keystone/server/flask/request_processing/req_logging.py:29}}
May 26 12:20:12.146755 dv-cinder-815146-11-smb devstack@keystone.service[80180]: [pid: 80180|app: 0|req: 66/121] 10.222.0.16 () {54 vars in 926 bytes} [Thu May 26 12:20:12 2022] GET /identity => generated 270 bytes in 3 msecs (HTTP/1.1 300) 6 headers in 234 bytes (1 switches on core 0)
May 26 12:20:12.147632 dv-cinder-815146-11-smb devstack@keystone.service[80180]: DEBUG keystone.server.flask.request_processing.middleware.auth_context [None req-0cd851b0-c29b-4be2-8fe2-12981bd16efe None None] Authenticating user token {{(pid=80180) process_request /usr/local/lib/python3.8/dist-packages/keystonemiddleware/auth_token/__init__.py:407}}
May 26 12:20:12.149229 dv-cinder-815146-11-smb devstack@keystone.service[80181]: DEBUG keystone.common.rbac_enforcer.enforcer [None req-6f270e11-8120-4ee8-b2c8-3b95c27f35e3 None admin] RBAC: Authorizing `identity:validate_token()` {{(pid=80181) enforce_call /opt/stack/keystone/keystone/common/rbac_enforcer/enforcer.py:449}}
May 26 12:20:12.151049 dv-cinder-815146-11-smb devstack@keystone.service[80181]: DEBUG keystone.common.rbac_enforcer.enforcer [None req-6f270e11-8120-4ee8-b2c8-3b95c27f35e3 None admin] RBAC: Authorization granted {{(pid=80181) enforce_call /opt/stack/keystone/keystone/common/rbac_enforcer/enforcer.py:457}}
May 26 12:20:12.158150 dv-cinder-815146-11-smb devstack@keystone.service[80180]: DEBUG dbcounter [-] [80180] Writing DB stats keystone:SELECT=100 {{(pid=80180) stat_writer /usr/local/lib/python3.8/dist-packages/dbcounter.py:114}}
May 26 12:20:12.255327 dv-cinder-815146-11-smb devstack@keystone.service[80181]: DEBUG dbcounter [-] [80181] Writing DB stats keystone:SELECT=100 {{(pid=80181) stat_writer /usr/local/lib/python3.8/dist-packages/dbcounter.py:114}}
May 26 12:20:12.267718 dv-cinder-815146-11-smb devstack@keystone.service[80180]: DEBUG keystone.server.flask.request_processing.middleware.auth_context [None req-0cd851b0-c29b-4be2-8fe2-12981bd16efe None None] Validating token access rules against request {{(pid=80180) validate_allowed_request /usr/local/lib/python3.8/dist-packages/keystonemiddleware/auth_token/__init__.py:545}}
May 26 12:20:12.277708 dv-cinder-815146-11-smb devstack@keystone.service[80181]: [pid: 80181|app: 0|req: 56/122] 10.222.0.16 () {58 vars in 1282 bytes} [Thu May 26 12:20:11 2022] GET /identity/v3/auth/tokens => generated 799 bytes in 420 msecs (HTTP/1.1 200) 6 headers in 358 bytes (1 switches on core 0)
May 26 12:20:12.278905 dv-cinder-815146-11-smb devstack@keystone.service[80181]: DEBUG keystone.server.flask.request_processing.middleware.auth_context [None req-6f270e11-8120-4ee8-b2c8-3b95c27f35e3 None admin] Authenticating user token {{(pid=80181) process_request /usr/local/lib/python3.8/dist-packages/keystonemiddleware/auth_token/__init__.py:407}}
May 26 12:20:12.311591 dv-cinder-815146-11-smb devstack@keystone.service[80180]: DEBUG keystone.server.flask.request_processing.middleware.auth_context [None req-ed96b402-9323-4e1d-9ed9-290ffb19da50 None admin] RBAC: auth_context: {'token': , 'domain_id': None, 'trust_id': None, 'trustor_id': None, 'trustee_id': None, 'domain_name': None, 'group_ids': [], 'user_id': '25194ab74edc4c009c8aaa9efa80932f', 'user_domain_id': 'default', 'system_scope': 'all', 'project_id': None, 'project_domain_id': None, 'roles': ['admin', 'member', 'reader'], 'is_admin_project': True, 'service_user_id': None, 'service_user_domain_id': None, 'service_project_id': None, 'service_project_domain_id': None, 'service_roles': []} {{(pid=80180) fill_context /opt/stack/keystone/keystone/server/flask/request_processing/middleware/auth_context.py:478}}
May 26 12:20:12.312339 dv-cinder-815146-11-smb devstack@keystone.service[80180]: DEBUG keystone.server.flask.request_processing.req_logging [None req-ed96b402-9323-4e1d-9ed9-290ffb19da50 None admin] REQUEST_METHOD: `GET` {{(pid=80180) log_request_info /opt/stack/keystone/keystone/server/flask/request_processing/req_logging.py:27}}
May 26 12:20:12.312626 dv-cinder-815146-11-smb devstack@keystone.service[80180]: DEBUG keystone.server.flask.request_processing.req_logging [None req-ed96b402-9323-4e1d-9ed9-290ffb19da50 None admin] SCRIPT_NAME: `/identity` {{(pid=80180) log_request_info /opt/stack/keystone/keystone/server/flask/request_processing/req_logging.py:28}}
May 26 12:20:12.313232 dv-cinder-815146-11-smb devstack@keystone.service[80180]: DEBUG keystone.server.flask.request_processing.req_logging [None req-ed96b402-9323-4e1d-9ed9-290ffb19da50 None admin] PATH_INFO: `/v3/roles/anotherrole` {{(pid=80180) log_request_info /opt/stack/keystone/keystone/server/flask/request_processing/req_logging.py:29}}
May 26 12:20:12.326727 dv-cinder-815146-11-smb devstack@keystone.service[80180]: DEBUG keystone.common.rbac_enforcer.enforcer [None req-ed96b402-9323-4e1d-9ed9-290ffb19da50 None admin] Extracting inferred target data resulted in "NOT FOUND (404)". {{(pid=80180) enforce_call /opt/stack/keystone/keystone/common/rbac_enforcer/enforcer.py:409}}
May 26 12:20:12.336973 dv-cinder-815146-11-smb devstack@keystone.service[80180]: ERROR keystone.server.flask.application [None req-ed96b402-9323-4e1d-9ed9-290ffb19da50 None admin] Could not find role: anotherrole.: keystone.exception.RoleNotFound: Could not find role: anotherrole.
May 26 12:20:12.336973 dv-cinder-815146-11-smb devstack@keystone.service[80180]: ERROR keystone.server.flask.application
Traceback (most recent call last):
May 26 12:20:12.336973 dv-cinder-815146-11-smb devstack@keystone.service[80180]: ERROR keystone.server.flask.application
File "/usr/local/lib/python3.8/dist-packages/flask/app.py", line 1523, in full_dispatch_request
May 26 12:20:12.336973 dv-cinder-815146-11-smb devstack@keystone.service[80180]: ERROR keystone.server.flask.application rv = self.dispatch_request()
May 26 12:20:12.336973 dv-cinder-815146-11-smb devstack@keystone.service[80180]: ERROR keystone.server.flask.application
File "/usr/local/lib/python3.8/dist-packages/flask/app.py", line 1509, in dispatch_request
May 26 12:20:12.336973 dv-cinder-815146-11-smb devstack@keystone.service[80180]: ERROR keystone.server.flask.application return self.ensure_sync(self.view_functions[rule.endpoint])(**req.view_args)
May 26 12:20:12.336973 dv-cinder-815146-11-smb devstack@keystone.service[80180]: ERROR keystone.server.flask.application
File "/usr/local/lib/python3.8/dist-packages/flask_restful/__init__.py", line 467, in wrapper
May 26 12:20:12.336973 dv-cinder-815146-11-smb devstack@keystone.service[80180]: ERROR keystone.server.flask.application resp = resource(*args, **kwargs)
May 26 12:20:12.336973 dv-cinder-815146-11-smb devstack@keystone.service[80180]: ERROR keystone.server.flask.application
File "/usr/local/lib/python3.8/dist-packages/flask/views.py", line 84, in view
May 26 12:20:12.336973 dv-cinder-815146-11-smb devstack@keystone.service[80180]: ERROR keystone.server.flask.application return current_app.ensure_sync(self.dispatch_request)(*args, **kwargs)
May 26 12:20:12.336973 dv-cinder-815146-11-smb devstack@keystone.service[80180]: ERROR keystone.server.flask.application
File "/usr/local/lib/python3.8/dist-packages/flask_restful/__init__.py", line 582, in dispatch_request
May 26 12:20:12.336973 dv-cinder-815146-11-smb devstack@keystone.service[80180]: ERROR keystone.server.flask.application resp = meth(*args, **kwargs)
May 26 12:20:12.336973 dv-cinder-815146-11-smb devstack@keystone.service[80180]: ERROR keystone.server.flask.application
File "/opt/stack/keystone/keystone/api/roles.py", line 50, in get
May 26 12:20:12.336973 dv-cinder-815146-11-smb devstack@keystone.service[80180]: ERROR keystone.server.flask.application return self._get_role(role_id)
May 26 12:20:12.336973 dv-cinder-815146-11-smb devstack@keystone.service[80180]: ERROR keystone.server.flask.application
File "/opt/stack/keystone/keystone/api/roles.py", line 70, in _get_role
May 26 12:20:12.336973 dv-cinder-815146-11-smb devstack@keystone.service[80180]: ERROR keystone.server.flask.application ENFORCER.enforce_call(action='identity:get_role')
May 26 12:20:12.337848 dv-cinder-815146-11-smb devstack@keystone.service[80180]: ERROR keystone.server.flask.application
File "/opt/stack/keystone/keystone/common/rbac_enforcer/enforcer.py", line 402, in enforce_call
May 26 12:20:12.337848 dv-cinder-815146-11-smb devstack@keystone.service[80180]: ERROR keystone.server.flask.application policy_dict.update(cls._extract_member_target_data(
May 26 12:20:12.337848 dv-cinder-815146-11-smb devstack@keystone.service[80180]: ERROR keystone.server.flask.application
File "/opt/stack/keystone/keystone/common/rbac_enforcer/enforcer.py", line 234, in _extract_member_target_data
May 26 12:20:12.337848 dv-cinder-815146-11-smb devstack@keystone.service[80180]: ERROR keystone.server.flask.application member_name: func(flask.request.view_args[key])
May 26 12:20:12.337848 dv-cinder-815146-11-smb devstack@keystone.service[80180]: ERROR keystone.server.flask.application
File "/opt/stack/keystone/keystone/common/manager.py", line 115, in wrapped
May 26 12:20:12.337848 dv-cinder-815146-11-smb devstack@keystone.service[80180]: ERROR keystone.server.flask.application __ret_val = __f(*args, **kwargs)
May 26 12:20:12.337848 dv-cinder-815146-11-smb devstack@keystone.service[80180]: ERROR keystone.server.flask.application
File "/usr/local/lib/python3.8/dist-packages/decorator.py", line 232, in fun
May 26 12:20:12.337848 dv-cinder-815146-11-smb devstack@keystone.service[80180]: ERROR keystone.server.flask.application return caller(func, *(extras + args), **kw)
May 26 12:20:12.337848 dv-cinder-815146-11-smb devstack@keystone.service[80180]: ERROR keystone.server.flask.application
File "/usr/local/lib/python3.8/dist-packages/dogpile/cache/region.py", line 1577, in get_or_create_for_user_func
May 26 12:20:12.337848 dv-cinder-815146-11-smb devstack@keystone.service[80180]: ERROR keystone.server.flask.application return self.get_or_create(
May 26 12:20:12.337848 dv-cinder-815146-11-smb devstack@keystone.service[80180]: ERROR keystone.server.flask.application
File "/usr/local/lib/python3.8/dist-packages/dogpile/cache/region.py", line 1042, in get_or_create
May 26 12:20:12.337848 dv-cinder-815146-11-smb devstack@keystone.service[80180]: ERROR keystone.server.flask.application with Lock(
May 26 12:20:12.337848 dv-cinder-815146-11-smb devstack@keystone.service[80180]: ERROR keystone.server.flask.application
File "/usr/local/lib/python3.8/dist-packages/dogpile/lock.py", line 185, in __enter__
May 26 12:20:12.337848 dv-cinder-815146-11-smb devstack@keystone.service[80180]: ERROR keystone.server.flask.application return self._enter()
May 26 12:20:12.337848 dv-cinder-815146-11-smb devstack@keystone.service[80180]: ERROR keystone.server.flask.application
File "/usr/local/lib/python3.8/dist-packages/dogpile/lock.py", line 94, in _enter
May 26 12:20:12.337848 dv-cinder-815146-11-smb devstack@keystone.service[80180]: ERROR keystone.server.flask.application generated = self._enter_create(value, createdtime)
May 26 12:20:12.338683 dv-cinder-815146-11-smb devstack@keystone.service[80180]: ERROR keystone.server.flask.application
File "/usr/local/lib/python3.8/dist-packages/dogpile/lock.py", line 178, in _enter_create
May 26 12:20:12.338683 dv-cinder-815146-11-smb devstack@keystone.service[80180]: ERROR keystone.server.flask.application return self.creator()
May 26 12:20:12.338683 dv-cinder-815146-11-smb devstack@keystone.service[80180]: ERROR keystone.server.flask.application
File "/usr/local/lib/python3.8/dist-packages/dogpile/cache/region.py", line 995, in gen_value
May 26 12:20:12.338683 dv-cinder-815146-11-smb devstack@keystone.service[80180]: ERROR keystone.server.flask.application created_value = creator(
May 26 12:20:12.338683 dv-cinder-815146-11-smb devstack@keystone.service[80180]: ERROR keystone.server.flask.application
File "/opt/stack/keystone/keystone/assignment/core.py", line 1276, in get_role
May 26 12:20:12.338683 dv-cinder-815146-11-smb devstack@keystone.service[80180]: ERROR keystone.server.flask.application return self.driver.get_role(role_id)
May 26 12:20:12.338683 dv-cinder-815146-11-smb devstack@keystone.service[80180]: ERROR keystone.server.flask.application
File "/opt/stack/keystone/keystone/assignment/role_backends/sql.py", line 70, in get_role
May 26 12:20:12.338683 dv-cinder-815146-11-smb devstack@keystone.service[80180]: ERROR keystone.server.flask.application return self._get_role(session, role_id).to_dict()
May 26 12:20:12.338683 dv-cinder-815146-11-smb devstack@keystone.service[80180]: ERROR keystone.server.flask.application
File "/opt/stack/keystone/keystone/assignment/role_backends/sql.py", line 65, in _get_role
May 26 12:20:12.338683 dv-cinder-815146-11-smb devstack@keystone.service[80180]: ERROR keystone.server.flask.application raise exception.RoleNotFound(role_id=role_id)
May 26 12:20:12.338683 dv-cinder-815146-11-smb devstack@keystone.service[80180]: ERROR keystone.server.flask.application keystone.exception.RoleNotFound: Could not find role: anotherrole.
May 26 12:20:12.338683 dv-cinder-815146-11-smb devstack@keystone.service[80180]: ERROR keystone.server.flask.application
May 26 12:20:12.338683 dv-cinder-815146-11-smb devstack@keystone.service[80180]: [pid: 80180|app: 0|req: 67/123] 10.222.0.16 () {56 vars in 1114 bytes} [Thu May 26 12:20:12 2022] GET /identity/v3/roles/anotherrole => generated 89 bytes in 191 msecs (HTTP/1.1 404) 5 headers in 183 bytes (1 switches on core 0)
May 26 12:20:12.342041 dv-cinder-815146-11-smb devstack@keystone.service[80180]: DEBUG keystone.server.flask.request_processing.req_logging [None req-1785370d-96f2-4554-80a5-4c9bca7b692b None None] REQUEST_METHOD: `POST` {{(pid=80180) log_request_info /opt/stack/keystone/keystone/server/flask/request_processing/req_logging.py:27}}
May 26 12:20:12.342530 dv-cinder-815146-11-smb devstack@keystone.service[80180]: DEBUG keystone.server.flask.request_processing.req_logging [None req-1785370d-96f2-4554-80a5-4c9bca7b692b None None] SCRIPT_NAME: `/identity` {{(pid=80180) log_request_info /opt/stack/keystone/keystone/server/flask/request_processing/req_logging.py:28}}
May 26 12:20:12.342997 dv-cinder-815146-11-smb devstack@keystone.service[80180]: DEBUG keystone.server.flask.request_processing.req_logging [None req-1785370d-96f2-4554-80a5-4c9bca7b692b None None] PATH_INFO: `/v3/auth/tokens` {{(pid=80180) log_request_info /opt/stack/keystone/keystone/server/flask/request_processing/req_logging.py:29}}
May 26 12:20:12.371063 dv-cinder-815146-11-smb devstack@keystone.service[80180]: DEBUG keystone.auth.core [None req-1785370d-96f2-4554-80a5-4c9bca7b692b None None] MFA Rules not processed for user `25194ab74edc4c009c8aaa9efa80932f`. Rule list: `[]` (Enabled: `True`). {{(pid=80180) check_auth_methods_against_rules /opt/stack/keystone/keystone/auth/core.py:438}}
May 26 12:20:12.372594 dv-cinder-815146-11-smb devstack@keystone.service[80180]: DEBUG keystone.common.fernet_utils [None req-1785370d-96f2-4554-80a5-4c9bca7b692b None None] Loaded 2 Fernet keys from /etc/keystone/fernet-keys/, but `[fernet_tokens] max_active_keys = 3`; perhaps there have not been enough key rotations to reach `max_active_keys` yet? {{(pid=80180) load_keys /opt/stack/keystone/keystone/common/fernet_utils.py:286}}
May 26 12:20:12.406492 dv-cinder-815146-11-smb devstack@keystone.service[80181]: DEBUG keystone.server.flask.request_processing.middleware.auth_context [None req-6f270e11-8120-4ee8-b2c8-3b95c27f35e3 None admin] Validating token access rules against request {{(pid=80181) validate_allowed_request /usr/local/lib/python3.8/dist-packages/keystonemiddleware/auth_token/__init__.py:545}}
May 26 12:20:12.435662 dv-cinder-815146-11-smb devstack@keystone.service[80180]: DEBUG dbcounter [-] [80180] Writing DB stats keystone:SELECT=100 {{(pid=80180) stat_writer /usr/local/lib/python3.8/dist-packages/dbcounter.py:114}}
May 26 12:20:12.446429 dv-cinder-815146-11-smb devstack@keystone.service[80180]: [pid: 80180|app: 0|req: 68/124] 10.222.0.16 () {58 vars in 1023 bytes} [Thu May 26 12:20:12 2022] POST /identity/v3/auth/tokens => generated 799 bytes in 107 msecs (HTTP/1.1 201) 6 headers in 363 bytes (1 switches on core 0)
May 26 12:20:12.447554 dv-cinder-815146-11-smb devstack@keystone.service[80180]: DEBUG keystone.server.flask.request_processing.middleware.auth_context [None req-1785370d-96f2-4554-80a5-4c9bca7b692b None None] Authenticating user token {{(pid=80180) process_request /usr/local/lib/python3.8/dist-packages/keystonemiddleware/auth_token/__init__.py:407}}
May 26 12:20:12.455274 dv-cinder-815146-11-smb devstack@keystone.service[80181]: DEBUG keystone.server.flask.request_processing.middleware.auth_context [None req-431df6aa-9eab-444b-b659-4655f8f1a424 None admin] RBAC: auth_context: {'token': , 'domain_id': None, 'trust_id': None, 'trustor_id': None, 'trustee_id': None, 'domain_name': None, 'group_ids': [], 'user_id': '25194ab74edc4c009c8aaa9efa80932f', 'user_domain_id': 'default', 'system_scope': 'all', 'project_id': None, 'project_domain_id': None, 'roles': ['admin', 'member', 'reader'], 'is_admin_project': True, 'service_user_id': None, 'service_user_domain_id': None, 'service_project_id': None, 'service_project_domain_id': None, 'service_roles': []} {{(pid=80181) fill_context /opt/stack/keystone/keystone/server/flask/request_processing/middleware/auth_context.py:478}}
May 26 12:20:12.459706 dv-cinder-815146-11-smb devstack@keystone.service[80181]: DEBUG keystone.server.flask.request_processing.req_logging [None req-431df6aa-9eab-444b-b659-4655f8f1a424 None admin] REQUEST_METHOD: `GET` {{(pid=80181) log_request_info /opt/stack/keystone/keystone/server/flask/request_processing/req_logging.py:27}}
May 26 12:20:12.460203 dv-cinder-815146-11-smb devstack@keystone.service[80181]: DEBUG keystone.server.flask.request_processing.req_logging [None req-431df6aa-9eab-444b-b659-4655f8f1a424 None admin] SCRIPT_NAME: `/identity` {{(pid=80181) log_request_info /opt/stack/keystone/keystone/server/flask/request_processing/req_logging.py:28}}
May 26 12:20:12.460725 dv-cinder-815146-11-smb devstack@keystone.service[80181]: DEBUG keystone.server.flask.request_processing.req_logging [None req-431df6aa-9eab-444b-b659-4655f8f1a424 None admin] PATH_INFO: `/v3/projects/6ae47773ffcf4aad9f7fb9bf16e40752` {{(pid=80181) log_request_info /opt/stack/keystone/keystone/server/flask/request_processing/req_logging.py:29}}
May 26 12:20:12.463779 dv-cinder-815146-11-smb devstack@keystone.service[80181]: DEBUG keystone.common.rbac_enforcer.enforcer [None req-431df6aa-9eab-444b-b659-4655f8f1a424 None admin] RBAC: Authorizing `identity:get_project(project_id=6ae47773ffcf4aad9f7fb9bf16e40752)` {{(pid=80181) enforce_call /opt/stack/keystone/keystone/common/rbac_enforcer/enforcer.py:449}}
May 26 12:20:12.466164 dv-cinder-815146-11-smb devstack@keystone.service[80181]: DEBUG keystone.common.rbac_enforcer.enforcer [None req-431df6aa-9eab-444b-b659-4655f8f1a424 None admin] RBAC: Authorization granted {{(pid=80181) enforce_call /opt/stack/keystone/keystone/common/rbac_enforcer/enforcer.py:457}}
May 26 12:20:12.470224 dv-cinder-815146-11-smb devstack@keystone.service[80181]: [pid: 80181|app: 0|req: 57/125] 10.222.0.16 () {56 vars in 1186 bytes} [Thu May 26 12:20:12 2022] GET /identity/v3/projects/6ae47773ffcf4aad9f7fb9bf16e40752 => generated 298 bytes in 192 msecs (HTTP/1.1 200) 5 headers in 177 bytes (1 switches on core 0)
May 26 12:20:12.475710 dv-cinder-815146-11-smb devstack@keystone.service[80181]: DEBUG keystone.server.flask.request_processing.middleware.auth_context [None req-431df6aa-9eab-444b-b659-4655f8f1a424 None admin] Authenticating user token {{(pid=80181) process_request /usr/local/lib/python3.8/dist-packages/keystonemiddleware/auth_token/__init__.py:407}}
May 26 12:20:12.532649 dv-cinder-815146-11-smb devstack@keystone.service[80181]: DEBUG dbcounter [-] [80181] Writing DB stats keystone:SELECT=100 {{(pid=80181) stat_writer /usr/local/lib/python3.8/dist-packages/dbcounter.py:114}}
May 26 12:20:12.580253 dv-cinder-815146-11-smb devstack@keystone.service[80180]: DEBUG keystone.server.flask.request_processing.middleware.auth_context [None req-1785370d-96f2-4554-80a5-4c9bca7b692b None None] Validating token access rules against request {{(pid=80180) validate_allowed_request /usr/local/lib/python3.8/dist-packages/keystonemiddleware/auth_token/__init__.py:545}}
May 26 12:20:12.593575 dv-cinder-815146-11-smb devstack@keystone.service[80181]: DEBUG keystone.server.flask.request_processing.middleware.auth_context [None req-431df6aa-9eab-444b-b659-4655f8f1a424 None admin] Validating token access rules against request {{(pid=80181) validate_allowed_request /usr/local/lib/python3.8/dist-packages/keystonemiddleware/auth_token/__init__.py:545}}
May 26 12:20:12.626982 dv-cinder-815146-11-smb devstack@keystone.service[80180]: DEBUG keystone.server.flask.request_processing.middleware.auth_context [None req-f2ca64ea-3685-4b0f-aa7c-050683630af4 None admin] RBAC: auth_context: {'token': , 'domain_id': None, 'trust_id': None, 'trustor_id': None, 'trustee_id': None, 'domain_name': None, 'group_ids': [], 'user_id': '25194ab74edc4c009c8aaa9efa80932f', 'user_domain_id': 'default', 'system_scope': 'all', 'project_id': None, 'project_domain_id': None, 'roles': ['admin', 'member', 'reader'], 'is_admin_project': True, 'service_user_id': None, 'service_user_domain_id': None, 'service_project_id': None, 'service_project_domain_id': None, 'service_roles': []} {{(pid=80180) fill_context /opt/stack/keystone/keystone/server/flask/request_processing/middleware/auth_context.py:478}}
May 26 12:20:12.628318 dv-cinder-815146-11-smb devstack@keystone.service[80180]: DEBUG keystone.server.flask.request_processing.req_logging [None req-f2ca64ea-3685-4b0f-aa7c-050683630af4 None admin] REQUEST_METHOD: `GET` {{(pid=80180) log_request_info /opt/stack/keystone/keystone/server/flask/request_processing/req_logging.py:27}}
May 26 12:20:12.628866 dv-cinder-815146-11-smb devstack@keystone.service[80180]: DEBUG keystone.server.flask.request_processing.req_logging [None req-f2ca64ea-3685-4b0f-aa7c-050683630af4 None admin] SCRIPT_NAME: `/identity` {{(pid=80180) log_request_info /opt/stack/keystone/keystone/server/flask/request_processing/req_logging.py:28}}
May 26 12:20:12.629383 dv-cinder-815146-11-smb devstack@keystone.service[80180]: DEBUG keystone.server.flask.request_processing.req_logging [None req-f2ca64ea-3685-4b0f-aa7c-050683630af4 None admin] PATH_INFO: `/v3/projects/6ae47773ffcf4aad9f7fb9bf16e40752` {{(pid=80180) log_request_info /opt/stack/keystone/keystone/server/flask/request_processing/req_logging.py:29}}
May 26 12:20:12.630892 dv-cinder-815146-11-smb devstack@keystone.service[80180]: DEBUG keystone.common.rbac_enforcer.enforcer [None req-f2ca64ea-3685-4b0f-aa7c-050683630af4 None admin] RBAC: Authorizing `identity:get_project(project_id=6ae47773ffcf4aad9f7fb9bf16e40752)` {{(pid=80180) enforce_call /opt/stack/keystone/keystone/common/rbac_enforcer/enforcer.py:449}}
May 26 12:20:12.632750 dv-cinder-815146-11-smb devstack@keystone.service[80180]: DEBUG keystone.common.rbac_enforcer.enforcer [None req-f2ca64ea-3685-4b0f-aa7c-050683630af4 None admin] RBAC: Authorization granted {{(pid=80180) enforce_call /opt/stack/keystone/keystone/common/rbac_enforcer/enforcer.py:457}}
May 26 12:20:12.633370 dv-cinder-815146-11-smb devstack@keystone.service[80181]: DEBUG keystone.server.flask.request_processing.middleware.auth_context [None req-6c0a082d-09fc-47a6-ad8f-7a61e3ec3bc1 None admin] RBAC: auth_context: {'token': , 'domain_id': None, 'trust_id': None, 'trustor_id': None, 'trustee_id': None, 'domain_name': None, 'group_ids': [], 'user_id': '25194ab74edc4c009c8aaa9efa80932f', 'user_domain_id': 'default', 'system_scope': 'all', 'project_id': None, 'project_domain_id': None, 'roles': ['admin', 'member', 'reader'], 'is_admin_project': True, 'service_user_id': None, 'service_user_domain_id': None, 'service_project_id': None, 'service_project_domain_id': None, 'service_roles': []} {{(pid=80181) fill_context /opt/stack/keystone/keystone/server/flask/request_processing/middleware/auth_context.py:478}}
May 26 12:20:12.634041 dv-cinder-815146-11-smb devstack@keystone.service[80181]: DEBUG keystone.server.flask.request_processing.req_logging [None req-6c0a082d-09fc-47a6-ad8f-7a61e3ec3bc1 None admin] REQUEST_METHOD: `GET` {{(pid=80181) log_request_info /opt/stack/keystone/keystone/server/flask/request_processing/req_logging.py:27}}
May 26 12:20:12.634330 dv-cinder-815146-11-smb devstack@keystone.service[80181]: DEBUG keystone.server.flask.request_processing.req_logging [None req-6c0a082d-09fc-47a6-ad8f-7a61e3ec3bc1 None admin] SCRIPT_NAME: `/identity` {{(pid=80181) log_request_info /opt/stack/keystone/keystone/server/flask/request_processing/req_logging.py:28}}
May 26 12:20:12.634608 dv-cinder-815146-11-smb devstack@keystone.service[80181]: DEBUG keystone.server.flask.request_processing.req_logging [None req-6c0a082d-09fc-47a6-ad8f-7a61e3ec3bc1 None admin] PATH_INFO: `/v3/roles` {{(pid=80181) log_request_info /opt/stack/keystone/keystone/server/flask/request_processing/req_logging.py:29}}
May 26 12:20:12.635358 dv-cinder-815146-11-smb devstack@keystone.service[80181]: DEBUG keystone.common.rbac_enforcer.enforcer [None req-6c0a082d-09fc-47a6-ad8f-7a61e3ec3bc1 None admin] RBAC: Adding query filter params (name=anotherrole) {{(pid=80181) _extract_filter_values /opt/stack/keystone/keystone/common/rbac_enforcer/enforcer.py:167}}
May 26 12:20:12.635668 dv-cinder-815146-11-smb devstack@keystone.service[80181]: DEBUG keystone.common.rbac_enforcer.enforcer [None req-6c0a082d-09fc-47a6-ad8f-7a61e3ec3bc1 None admin] RBAC: Authorizing `identity:list_roles()` {{(pid=80181) enforce_call /opt/stack/keystone/keystone/common/rbac_enforcer/enforcer.py:449}}
May 26 12:20:12.636453 dv-cinder-815146-11-smb devstack@keystone.service[80180]: [pid: 80180|app: 0|req: 69/126] 10.222.0.16 () {56 vars in 1186 bytes} [Thu May 26 12:20:12 2022] GET /identity/v3/projects/6ae47773ffcf4aad9f7fb9bf16e40752 => generated 298 bytes in 189 msecs (HTTP/1.1 200) 5 headers in 177 bytes (1 switches on core 0)
May 26 12:20:12.637329 dv-cinder-815146-11-smb devstack@keystone.service[80181]: DEBUG keystone.common.rbac_enforcer.enforcer [None req-6c0a082d-09fc-47a6-ad8f-7a61e3ec3bc1 None admin] RBAC: Authorization granted {{(pid=80181) enforce_call /opt/stack/keystone/keystone/common/rbac_enforcer/enforcer.py:457}}
May 26 12:20:12.637680 dv-cinder-815146-11-smb devstack@keystone.service[80180]: DEBUG keystone.server.flask.request_processing.middleware.auth_context [None req-f2ca64ea-3685-4b0f-aa7c-050683630af4 None admin] Authenticating user token {{(pid=80180) process_request /usr/local/lib/python3.8/dist-packages/keystonemiddleware/auth_token/__init__.py:407}}
May 26 12:20:12.648923 dv-cinder-815146-11-smb devstack@keystone.service[80181]: [pid: 80181|app: 0|req: 58/127] 10.222.0.16 () {56 vars in 1111 bytes} [Thu May 26 12:20:12 2022] GET /identity/v3/roles?name=anotherrole => generated 334 bytes in 177 msecs (HTTP/1.1 200) 5 headers in 177 bytes (1 switches on core 0)
May 26 12:20:12.650019 dv-cinder-815146-11-smb devstack@keystone.service[80181]: DEBUG keystone.server.flask.request_processing.middleware.auth_context [None req-6c0a082d-09fc-47a6-ad8f-7a61e3ec3bc1 None admin] Authenticating user token {{(pid=80181) process_request /usr/local/lib/python3.8/dist-packages/keystonemiddleware/auth_token/__init__.py:407}}
May 26 12:20:12.718363 dv-cinder-815146-11-smb devstack@keystone.service[80180]: DEBUG dbcounter [-] [80180] Writing DB stats keystone:SELECT=100 {{(pid=80180) stat_writer /usr/local/lib/python3.8/dist-packages/dbcounter.py:114}}
May 26 12:20:12.760137 dv-cinder-815146-11-smb devstack@keystone.service[80180]: DEBUG keystone.server.flask.request_processing.middleware.auth_context [None req-f2ca64ea-3685-4b0f-aa7c-050683630af4 None admin] Validating token access rules against request {{(pid=80180) validate_allowed_request /usr/local/lib/python3.8/dist-packages/keystonemiddleware/auth_token/__init__.py:545}}
May 26 12:20:12.771091 dv-cinder-815146-11-smb devstack@keystone.service[80181]: DEBUG keystone.server.flask.request_processing.middleware.auth_context [None req-6c0a082d-09fc-47a6-ad8f-7a61e3ec3bc1 None admin] Validating token access rules against request {{(pid=80181) validate_allowed_request /usr/local/lib/python3.8/dist-packages/keystonemiddleware/auth_token/__init__.py:545}}
May 26 12:20:12.785854 dv-cinder-815146-11-smb devstack@keystone.service[80181]: DEBUG dbcounter [-] [80181] Writing DB stats keystone:SELECT=100 {{(pid=80181) stat_writer /usr/local/lib/python3.8/dist-packages/dbcounter.py:114}}
May 26 12:20:12.798769 dv-cinder-815146-11-smb devstack@keystone.service[80180]: DEBUG keystone.server.flask.request_processing.middleware.auth_context [None req-f8d385e9-1b08-4afd-ab52-22fc44668089 None admin] RBAC: auth_context: {'token': , 'domain_id': None, 'trust_id': None, 'trustor_id': None, 'trustee_id': None, 'domain_name': None, 'group_ids': [], 'user_id': '25194ab74edc4c009c8aaa9efa80932f', 'user_domain_id': 'default', 'system_scope': 'all', 'project_id': None, 'project_domain_id': None, 'roles': ['admin', 'member', 'reader'], 'is_admin_project': True, 'service_user_id': None, 'service_user_domain_id': None, 'service_project_id': None, 'service_project_domain_id': None, 'service_roles': []} {{(pid=80180) fill_context /opt/stack/keystone/keystone/server/flask/request_processing/middleware/auth_context.py:478}}
May 26 12:20:12.799660 dv-cinder-815146-11-smb devstack@keystone.service[80180]: DEBUG keystone.server.flask.request_processing.req_logging [None req-f8d385e9-1b08-4afd-ab52-22fc44668089 None admin] REQUEST_METHOD: `GET` {{(pid=80180) log_request_info /opt/stack/keystone/keystone/server/flask/request_processing/req_logging.py:27}}
May 26 12:20:12.799949 dv-cinder-815146-11-smb devstack@keystone.service[80180]: DEBUG keystone.server.flask.request_processing.req_logging [None req-f8d385e9-1b08-4afd-ab52-22fc44668089 None admin] SCRIPT_NAME: `/identity` {{(pid=80180) log_request_info /opt/stack/keystone/keystone/server/flask/request_processing/req_logging.py:28}}
May 26 12:20:12.800223 dv-cinder-815146-11-smb devstack@keystone.service[80180]: DEBUG keystone.server.flask.request_processing.req_logging [None req-f8d385e9-1b08-4afd-ab52-22fc44668089 None admin] PATH_INFO: `/v3/roles/member` {{(pid=80180) log_request_info /opt/stack/keystone/keystone/server/flask/request_processing/req_logging.py:29}}
May 26 12:20:12.811226 dv-cinder-815146-11-smb devstack@keystone.service[80180]: DEBUG keystone.common.rbac_enforcer.enforcer [None req-f8d385e9-1b08-4afd-ab52-22fc44668089 None admin] Extracting inferred target data resulted in "NOT FOUND (404)". {{(pid=80180) enforce_call /opt/stack/keystone/keystone/common/rbac_enforcer/enforcer.py:409}}
May 26 12:20:12.811592 dv-cinder-815146-11-smb devstack@keystone.service[80181]: DEBUG keystone.server.flask.request_processing.middleware.auth_context [None req-49e3b6b3-5b72-4f18-ab7e-ab02347d30f6 None admin] RBAC: auth_context: {'token': , 'domain_id': None, 'trust_id': None, 'trustor_id': None, 'trustee_id': None, 'domain_name': None, 'group_ids': [], 'user_id': '25194ab74edc4c009c8aaa9efa80932f', 'user_domain_id': 'default', 'system_scope': 'all', 'project_id': None, 'project_domain_id': None, 'roles': ['admin', 'member', 'reader'], 'is_admin_project': True, 'service_user_id': None, 'service_user_domain_id': None, 'service_project_id': None, 'service_project_domain_id': None, 'service_roles': []} {{(pid=80181) fill_context /opt/stack/keystone/keystone/server/flask/request_processing/middleware/auth_context.py:478}}
May 26 12:20:12.812699 dv-cinder-815146-11-smb devstack@keystone.service[80181]: DEBUG keystone.server.flask.request_processing.req_logging [None req-49e3b6b3-5b72-4f18-ab7e-ab02347d30f6 None admin] REQUEST_METHOD: `PUT` {{(pid=80181) log_request_info /opt/stack/keystone/keystone/server/flask/request_processing/req_logging.py:27}}
May 26 12:20:12.813229 dv-cinder-815146-11-smb devstack@keystone.service[80181]: DEBUG keystone.server.flask.request_processing.req_logging [None req-49e3b6b3-5b72-4f18-ab7e-ab02347d30f6 None admin] SCRIPT_NAME: `/identity` {{(pid=80181) log_request_info /opt/stack/keystone/keystone/server/flask/request_processing/req_logging.py:28}}
May 26 12:20:12.813746 dv-cinder-815146-11-smb devstack@keystone.service[80181]: DEBUG keystone.server.flask.request_processing.req_logging [None req-49e3b6b3-5b72-4f18-ab7e-ab02347d30f6 None admin] PATH_INFO: `/v3/projects/6ae47773ffcf4aad9f7fb9bf16e40752/users/25194ab74edc4c009c8aaa9efa80932f/roles/1a8e523ecbc84d818c2a9af0fb54da74` {{(pid=80181) log_request_info /opt/stack/keystone/keystone/server/flask/request_processing/req_logging.py:29}}
May 26 12:20:12.815999 dv-cinder-815146-11-smb devstack@keystone.service[80181]: DEBUG keystone.common.rbac_enforcer.enforcer [None req-49e3b6b3-5b72-4f18-ab7e-ab02347d30f6 None admin] RBAC: Authorizing `identity:create_grant(project_id=6ae47773ffcf4aad9f7fb9bf16e40752, user_id=25194ab74edc4c009c8aaa9efa80932f, role_id=1a8e523ecbc84d818c2a9af0fb54da74)` {{(pid=80181) enforce_call /opt/stack/keystone/keystone/common/rbac_enforcer/enforcer.py:449}}
May 26 12:20:12.817785 dv-cinder-815146-11-smb devstack@keystone.service[80181]: DEBUG keystone.common.rbac_enforcer.enforcer [None req-49e3b6b3-5b72-4f18-ab7e-ab02347d30f6 None admin] RBAC: Authorization granted {{(pid=80181) enforce_call /opt/stack/keystone/keystone/common/rbac_enforcer/enforcer.py:457}}
May 26 12:20:12.819317 dv-cinder-815146-11-smb devstack@keystone.service[80180]: ERROR keystone.server.flask.application [None req-f8d385e9-1b08-4afd-ab52-22fc44668089 None admin] Could not find role: member.: keystone.exception.RoleNotFound: Could not find role: member.
May 26 12:20:12.819317 dv-cinder-815146-11-smb devstack@keystone.service[80180]: ERROR keystone.server.flask.application
Traceback (most recent call last):
May 26 12:20:12.819317 dv-cinder-815146-11-smb devstack@keystone.service[80180]: ERROR keystone.server.flask.application
File "/usr/local/lib/python3.8/dist-packages/flask/app.py", line 1523, in full_dispatch_request
May 26 12:20:12.819317 dv-cinder-815146-11-smb devstack@keystone.service[80180]: ERROR keystone.server.flask.application rv = self.dispatch_request()
May 26 12:20:12.819317 dv-cinder-815146-11-smb devstack@keystone.service[80180]: ERROR keystone.server.flask.application
File "/usr/local/lib/python3.8/dist-packages/flask/app.py", line 1509, in dispatch_request
May 26 12:20:12.819317 dv-cinder-815146-11-smb devstack@keystone.service[80180]: ERROR keystone.server.flask.application return self.ensure_sync(self.view_functions[rule.endpoint])(**req.view_args)
May 26 12:20:12.819317 dv-cinder-815146-11-smb devstack@keystone.service[80180]: ERROR keystone.server.flask.application
File "/usr/local/lib/python3.8/dist-packages/flask_restful/__init__.py", line 467, in wrapper
May 26 12:20:12.819317 dv-cinder-815146-11-smb devstack@keystone.service[80180]: ERROR keystone.server.flask.application resp = resource(*args, **kwargs)
May 26 12:20:12.819317 dv-cinder-815146-11-smb devstack@keystone.service[80180]: ERROR keystone.server.flask.application
File "/usr/local/lib/python3.8/dist-packages/flask/views.py", line 84, in view
