May 26 12:35:09.012354 dv-cinder-815146-11-smb devstack@c-api.service[110797]: INFO cinder.api.middleware.fault [None req-681c0d32-f789-47b8-818f-16b5fd39fbca tempest-VolumeSnapshotQuotasNegativeTestJSON-1089781835 tempest-VolumeSnapshotQuotasNegativeTestJSON-1089781835-project] http://10.222.0.16/volume/v3/30e104d95f584145bcb3e26301ead424/snapshots returned with HTTP 413
May 26 12:35:09.014928 dv-cinder-815146-11-smb devstack@c-api.service[110797]: [pid: 110797|app: 0|req: 57/115] 10.222.0.16 () {60 vars in 1240 bytes} [Thu May 26 12:35:08 2022] POST /volume/v3/30e104d95f584145bcb3e26301ead424/snapshots => generated 133 bytes in 96 msecs (HTTP/1.1 413) 8 headers in 323 bytes (2 switches on core 0)
May 26 12:35:09.020218 dv-cinder-815146-11-smb devstack@c-api.service[110797]: DEBUG cinder.api.middleware.request_id [None req-98f569ea-7a1f-4c27-958b-114940458bdd None None] RequestId filter calling following filter/app {{(pid=110797) _context_setter /opt/stack/cinder/cinder/api/middleware/request_id.py:62}}
May 26 12:35:09.025911 dv-cinder-815146-11-smb devstack@c-api.service[110797]: INFO cinder.api.openstack.wsgi [None req-98f569ea-7a1f-4c27-958b-114940458bdd tempest-VolumeSnapshotQuotasNegativeTestJSON-1089781835 tempest-VolumeSnapshotQuotasNegativeTestJSON-1089781835-project] DELETE http://10.222.0.16/volume/v3/30e104d95f584145bcb3e26301ead424/snapshots/cbfada99-3abc-419f-bd63-a0b062892c46
May 26 12:35:09.026621 dv-cinder-815146-11-smb devstack@c-api.service[110797]: DEBUG cinder.api.openstack.wsgi [None req-98f569ea-7a1f-4c27-958b-114940458bdd tempest-VolumeSnapshotQuotasNegativeTestJSON-1089781835 tempest-VolumeSnapshotQuotasNegativeTestJSON-1089781835-project] Empty body provided in request {{(pid=110797) get_body /opt/stack/cinder/cinder/api/openstack/wsgi.py:715}}
May 26 12:35:09.027563 dv-cinder-815146-11-smb devstack@c-api.service[110797]: DEBUG cinder.api.openstack.wsgi [None req-98f569ea-7a1f-4c27-958b-114940458bdd tempest-VolumeSnapshotQuotasNegativeTestJSON-1089781835 tempest-VolumeSnapshotQuotasNegativeTestJSON-1089781835-project] Calling method 'delete' {{(pid=110797) _process_stack /opt/stack/cinder/cinder/api/openstack/wsgi.py:868}}
May 26 12:35:09.029002 dv-cinder-815146-11-smb devstack@c-api.service[110797]: INFO cinder.api.v2.snapshots [None req-98f569ea-7a1f-4c27-958b-114940458bdd tempest-VolumeSnapshotQuotasNegativeTestJSON-1089781835 tempest-VolumeSnapshotQuotasNegativeTestJSON-1089781835-project] Delete snapshot with id: cbfada99-3abc-419f-bd63-a0b062892c46
May 26 12:35:09.040190 dv-cinder-815146-11-smb devstack@c-api.service[110797]: /usr/local/lib/python3.8/dist-packages/oslo_context/context.py:100: DeprecationWarning: Policy enforcement is depending on the value of is_admin. This key is deprecated. Please update your policy file to use the standard policy values.
May 26 12:35:09.040190 dv-cinder-815146-11-smb devstack@c-api.service[110797]: warnings.warn('Policy enforcement is depending on the value of '
May 26 12:35:09.041596 dv-cinder-815146-11-smb devstack@c-api.service[110797]: INFO cinder.volume.api [None req-98f569ea-7a1f-4c27-958b-114940458bdd tempest-VolumeSnapshotQuotasNegativeTestJSON-1089781835 tempest-VolumeSnapshotQuotasNegativeTestJSON-1089781835-project] Snapshot retrieved successfully.
May 26 12:35:09.062461 dv-cinder-815146-11-smb devstack@c-api.service[110798]: /usr/local/lib/python3.8/dist-packages/oslo_context/context.py:100: DeprecationWarning: Policy enforcement is depending on the value of is_admin. This key is deprecated. Please update your policy file to use the standard policy values.
May 26 12:35:09.062461 dv-cinder-815146-11-smb devstack@c-api.service[110798]: warnings.warn('Policy enforcement is depending on the value of '
May 26 12:35:09.084600 dv-cinder-815146-11-smb devstack@c-api.service[110797]: INFO cinder.volume.api [None req-98f569ea-7a1f-4c27-958b-114940458bdd tempest-VolumeSnapshotQuotasNegativeTestJSON-1089781835 tempest-VolumeSnapshotQuotasNegativeTestJSON-1089781835-project] Snapshot delete request issued successfully.
May 26 12:35:09.085425 dv-cinder-815146-11-smb devstack@c-api.service[110797]: INFO cinder.api.openstack.wsgi [None req-98f569ea-7a1f-4c27-958b-114940458bdd tempest-VolumeSnapshotQuotasNegativeTestJSON-1089781835 tempest-VolumeSnapshotQuotasNegativeTestJSON-1089781835-project] http://10.222.0.16/volume/v3/30e104d95f584145bcb3e26301ead424/snapshots/cbfada99-3abc-419f-bd63-a0b062892c46 returned with HTTP 202
May 26 12:35:09.087028 dv-cinder-815146-11-smb devstack@c-api.service[110797]: [pid: 110797|app: 0|req: 58/116] 10.222.0.16 () {58 vars in 1333 bytes} [Thu May 26 12:35:09 2022] DELETE /volume/v3/30e104d95f584145bcb3e26301ead424/snapshots/cbfada99-3abc-419f-bd63-a0b062892c46 => generated 0 bytes in 68 msecs (HTTP/1.1 202) 6 headers in 233 bytes (1 switches on core 0)
May 26 12:35:09.092542 dv-cinder-815146-11-smb devstack@c-api.service[110797]: DEBUG cinder.api.middleware.request_id [None req-e5ae4efb-2ded-4797-8f8d-46ab60ca5b1a None None] RequestId filter calling following filter/app {{(pid=110797) _context_setter /opt/stack/cinder/cinder/api/middleware/request_id.py:62}}
May 26 12:35:09.105481 dv-cinder-815146-11-smb devstack@c-api.service[110798]: INFO cinder.volume.api [None req-cb34e04b-151e-4a50-9dfd-893f646e8d2d tempest-GroupSnapshotsTest-516543772 tempest-GroupSnapshotsTest-516543772-project] Volume info retrieved successfully.
May 26 12:35:09.110011 dv-cinder-815146-11-smb devstack@c-api.service[110798]: WARNING stevedore.named [None req-cb34e04b-151e-4a50-9dfd-893f646e8d2d tempest-GroupSnapshotsTest-516543772 tempest-GroupSnapshotsTest-516543772-project] Could not load cinder.keymgr.conf_key_mgr.ConfKeyManager
May 26 12:35:09.110506 dv-cinder-815146-11-smb devstack@c-api.service[110798]: WARNING castellan.key_manager [None req-cb34e04b-151e-4a50-9dfd-893f646e8d2d tempest-GroupSnapshotsTest-516543772 tempest-GroupSnapshotsTest-516543772-project] Deprecation Warning : cinder.keymgr.conf_key_mgr.ConfKeyManager is not a stevedore based driver, trying to load it as a class: stevedore.exception.NoMatches: No 'castellan.drivers' driver found, looking for 'cinder.keymgr.conf_key_mgr.ConfKeyManager'
May 26 12:35:09.114089 dv-cinder-815146-11-smb devstack@c-api.service[110797]: INFO cinder.api.openstack.wsgi [None req-e5ae4efb-2ded-4797-8f8d-46ab60ca5b1a tempest-VolumeSnapshotQuotasNegativeTestJSON-1089781835 tempest-VolumeSnapshotQuotasNegativeTestJSON-1089781835-project] GET http://10.222.0.16/volume/v3/30e104d95f584145bcb3e26301ead424/snapshots/cbfada99-3abc-419f-bd63-a0b062892c46
May 26 12:35:09.116872 dv-cinder-815146-11-smb devstack@c-api.service[110797]: DEBUG cinder.api.openstack.wsgi [None req-e5ae4efb-2ded-4797-8f8d-46ab60ca5b1a tempest-VolumeSnapshotQuotasNegativeTestJSON-1089781835 tempest-VolumeSnapshotQuotasNegativeTestJSON-1089781835-project] Empty body provided in request {{(pid=110797) get_body /opt/stack/cinder/cinder/api/openstack/wsgi.py:715}}
May 26 12:35:09.116872 dv-cinder-815146-11-smb devstack@c-api.service[110797]: DEBUG cinder.api.openstack.wsgi [None req-e5ae4efb-2ded-4797-8f8d-46ab60ca5b1a tempest-VolumeSnapshotQuotasNegativeTestJSON-1089781835 tempest-VolumeSnapshotQuotasNegativeTestJSON-1089781835-project] Calling method 'show' {{(pid=110797) _process_stack /opt/stack/cinder/cinder/api/openstack/wsgi.py:868}}
May 26 12:35:09.127154 dv-cinder-815146-11-smb devstack@c-api.service[110798]: DEBUG oslo_db.sqlalchemy.engines [None req-cb34e04b-151e-4a50-9dfd-893f646e8d2d tempest-GroupSnapshotsTest-516543772 tempest-GroupSnapshotsTest-516543772-project] MySQL server mode set to STRICT_TRANS_TABLES,STRICT_ALL_TABLES,NO_ZERO_IN_DATE,NO_ZERO_DATE,ERROR_FOR_DIVISION_BY_ZERO,TRADITIONAL,NO_ENGINE_SUBSTITUTION {{(pid=110798) _check_effective_sql_mode /usr/local/lib/python3.8/dist-packages/oslo_db/sqlalchemy/engines.py:314}}
May 26 12:35:09.134553 dv-cinder-815146-11-smb devstack@c-api.service[110798]: /usr/local/lib/python3.8/dist-packages/oslo_context/context.py:100: DeprecationWarning: Policy enforcement is depending on the value of is_admin. This key is deprecated. Please update your policy file to use the standard policy values.
May 26 12:35:09.134553 dv-cinder-815146-11-smb devstack@c-api.service[110798]: warnings.warn('Policy enforcement is depending on the value of '
May 26 12:35:09.138944 dv-cinder-815146-11-smb devstack@c-api.service[110797]: /usr/local/lib/python3.8/dist-packages/oslo_context/context.py:100: DeprecationWarning: Policy enforcement is depending on the value of is_admin. This key is deprecated. Please update your policy file to use the standard policy values.
May 26 12:35:09.138944 dv-cinder-815146-11-smb devstack@c-api.service[110797]: warnings.warn('Policy enforcement is depending on the value of '
May 26 12:35:09.141637 dv-cinder-815146-11-smb devstack@c-api.service[110797]: INFO cinder.volume.api [None req-e5ae4efb-2ded-4797-8f8d-46ab60ca5b1a tempest-VolumeSnapshotQuotasNegativeTestJSON-1089781835 tempest-VolumeSnapshotQuotasNegativeTestJSON-1089781835-project] Snapshot retrieved successfully.
May 26 12:35:09.149060 dv-cinder-815146-11-smb devstack@c-api.service[110797]: INFO cinder.api.openstack.wsgi [None req-e5ae4efb-2ded-4797-8f8d-46ab60ca5b1a tempest-VolumeSnapshotQuotasNegativeTestJSON-1089781835 tempest-VolumeSnapshotQuotasNegativeTestJSON-1089781835-project] http://10.222.0.16/volume/v3/30e104d95f584145bcb3e26301ead424/snapshots/cbfada99-3abc-419f-bd63-a0b062892c46 returned with HTTP 200
May 26 12:35:09.150295 dv-cinder-815146-11-smb devstack@c-api.service[110797]: [pid: 110797|app: 0|req: 59/117] 10.222.0.16 () {58 vars in 1330 bytes} [Thu May 26 12:35:09 2022] GET /volume/v3/30e104d95f584145bcb3e26301ead424/snapshots/cbfada99-3abc-419f-bd63-a0b062892c46 => generated 547 bytes in 60 msecs (HTTP/1.1 200) 7 headers in 285 bytes (2 switches on core 0)
May 26 12:35:09.158423 dv-cinder-815146-11-smb devstack@c-api.service[110798]: INFO cinder.api.openstack.wsgi [None req-cb34e04b-151e-4a50-9dfd-893f646e8d2d tempest-GroupSnapshotsTest-516543772 tempest-GroupSnapshotsTest-516543772-project] http://10.222.0.16/volume/v3/896dcea7331d41808d26c7ef8a14775b/volumes/2dd9aee7-263c-4970-8079-8eb7eb2bdea4 returned with HTTP 200
May 26 12:35:09.170108 dv-cinder-815146-11-smb devstack@c-api.service[110798]: [pid: 110798|app: 0|req: 59/118] 10.222.0.16 () {60 vars in 1365 bytes} [Thu May 26 12:35:09 2022] GET /volume/v3/896dcea7331d41808d26c7ef8a14775b/volumes/2dd9aee7-263c-4970-8079-8eb7eb2bdea4 => generated 992 bytes in 167 msecs (HTTP/1.1 200) 7 headers in 286 bytes (2 switches on core 0)
May 26 12:35:09.172677 dv-cinder-815146-11-smb devstack@c-api.service[110797]: DEBUG cinder.api.middleware.request_id [None req-8f84328b-9f88-4858-837d-dfb50d852692 None None] RequestId filter calling following filter/app {{(pid=110797) _context_setter /opt/stack/cinder/cinder/api/middleware/request_id.py:62}}
May 26 12:35:09.176424 dv-cinder-815146-11-smb devstack@c-api.service[110797]: INFO cinder.api.openstack.wsgi [None req-8f84328b-9f88-4858-837d-dfb50d852692 tempest-GroupSnapshotsTest-516543772 tempest-GroupSnapshotsTest-516543772-project] GET http://10.222.0.16/volume/v3/896dcea7331d41808d26c7ef8a14775b/groups/6f00ea46-a8a5-48e0-9c80-f1cdec61082e
May 26 12:35:09.177040 dv-cinder-815146-11-smb devstack@c-api.service[110797]: DEBUG cinder.api.openstack.wsgi [None req-8f84328b-9f88-4858-837d-dfb50d852692 tempest-GroupSnapshotsTest-516543772 tempest-GroupSnapshotsTest-516543772-project] Empty body provided in request {{(pid=110797) get_body /opt/stack/cinder/cinder/api/openstack/wsgi.py:715}}
May 26 12:35:09.177578 dv-cinder-815146-11-smb devstack@c-api.service[110797]: DEBUG cinder.api.openstack.wsgi [None req-8f84328b-9f88-4858-837d-dfb50d852692 tempest-GroupSnapshotsTest-516543772 tempest-GroupSnapshotsTest-516543772-project] Calling method 'version_select' {{(pid=110797) _process_stack /opt/stack/cinder/cinder/api/openstack/wsgi.py:868}}
May 26 12:35:09.178027 dv-cinder-815146-11-smb devstack@c-api.service[110797]: DEBUG cinder.api.v3.groups [None req-8f84328b-9f88-4858-837d-dfb50d852692 tempest-GroupSnapshotsTest-516543772 tempest-GroupSnapshotsTest-516543772-project] show called for member 6f00ea46-a8a5-48e0-9c80-f1cdec61082e {{(pid=110797) show /opt/stack/cinder/cinder/api/v3/groups.py:58}}
May 26 12:35:09.185108 dv-cinder-815146-11-smb devstack@c-api.service[110797]: /usr/local/lib/python3.8/dist-packages/oslo_context/context.py:100: DeprecationWarning: Policy enforcement is depending on the value of is_admin. This key is deprecated. Please update your policy file to use the standard policy values.
May 26 12:35:09.185108 dv-cinder-815146-11-smb devstack@c-api.service[110797]: warnings.warn('Policy enforcement is depending on the value of '
May 26 12:35:09.202748 dv-cinder-815146-11-smb devstack@c-api.service[110797]: INFO cinder.api.openstack.wsgi [None req-8f84328b-9f88-4858-837d-dfb50d852692 tempest-GroupSnapshotsTest-516543772 tempest-GroupSnapshotsTest-516543772-project] http://10.222.0.16/volume/v3/896dcea7331d41808d26c7ef8a14775b/groups/6f00ea46-a8a5-48e0-9c80-f1cdec61082e returned with HTTP 200
May 26 12:35:09.203094 dv-cinder-815146-11-smb devstack@c-api.service[110797]: [pid: 110797|app: 0|req: 60/119] 10.222.0.16 () {60 vars in 1362 bytes} [Thu May 26 12:35:09 2022] GET /volume/v3/896dcea7331d41808d26c7ef8a14775b/groups/6f00ea46-a8a5-48e0-9c80-f1cdec61082e => generated 418 bytes in 32 msecs (HTTP/1.1 200) 7 headers in 286 bytes (1 switches on core 0)
May 26 12:35:09.211566 dv-cinder-815146-11-smb devstack@c-api.service[110798]: DEBUG cinder.api.middleware.request_id [None req-885dc8f3-c3d6-47bb-ba1c-8580ab8b7d53 None None] RequestId filter calling following filter/app {{(pid=110798) _context_setter /opt/stack/cinder/cinder/api/middleware/request_id.py:62}}
May 26 12:35:09.215768 dv-cinder-815146-11-smb devstack@c-api.service[110798]: INFO cinder.api.openstack.wsgi [None req-885dc8f3-c3d6-47bb-ba1c-8580ab8b7d53 tempest-GroupSnapshotsTest-516543772 tempest-GroupSnapshotsTest-516543772-project] GET http://10.222.0.16/volume/v3/896dcea7331d41808d26c7ef8a14775b/volumes/detail
May 26 12:35:09.216344 dv-cinder-815146-11-smb devstack@c-api.service[110798]: DEBUG cinder.api.openstack.wsgi [None req-885dc8f3-c3d6-47bb-ba1c-8580ab8b7d53 tempest-GroupSnapshotsTest-516543772 tempest-GroupSnapshotsTest-516543772-project] Empty body provided in request {{(pid=110798) get_body /opt/stack/cinder/cinder/api/openstack/wsgi.py:715}}
May 26 12:35:09.217523 dv-cinder-815146-11-smb devstack@c-api.service[110798]: DEBUG cinder.api.openstack.wsgi [None req-885dc8f3-c3d6-47bb-ba1c-8580ab8b7d53 tempest-GroupSnapshotsTest-516543772 tempest-GroupSnapshotsTest-516543772-project] Calling method 'detail' {{(pid=110798) _process_stack /opt/stack/cinder/cinder/api/openstack/wsgi.py:868}}
May 26 12:35:09.217974 dv-cinder-815146-11-smb devstack@c-api.service[110798]: DEBUG cinder.api.api_utils [None req-885dc8f3-c3d6-47bb-ba1c-8580ab8b7d53 tempest-GroupSnapshotsTest-516543772 tempest-GroupSnapshotsTest-516543772-project] Removing options '' from query. {{(pid=110798) remove_invalid_filter_options /opt/stack/cinder/cinder/api/api_utils.py:73}}
May 26 12:35:09.219683 dv-cinder-815146-11-smb devstack@c-api.service[110798]: DEBUG cinder.volume.api [None req-885dc8f3-c3d6-47bb-ba1c-8580ab8b7d53 tempest-GroupSnapshotsTest-516543772 tempest-GroupSnapshotsTest-516543772-project] Searching by: MultiDict([('no_migration_targets', True)]). {{(pid=110798) get_all /opt/stack/cinder/cinder/volume/api.py:664}}
May 26 12:35:09.304602 dv-cinder-815146-11-smb devstack@c-api.service[110798]: INFO cinder.volume.api [None req-885dc8f3-c3d6-47bb-ba1c-8580ab8b7d53 tempest-GroupSnapshotsTest-516543772 tempest-GroupSnapshotsTest-516543772-project] Get all volumes completed successfully.
May 26 12:35:09.306127 dv-cinder-815146-11-smb devstack@c-api.service[110798]: WARNING stevedore.named [None req-885dc8f3-c3d6-47bb-ba1c-8580ab8b7d53 tempest-GroupSnapshotsTest-516543772 tempest-GroupSnapshotsTest-516543772-project] Could not load cinder.keymgr.conf_key_mgr.ConfKeyManager
May 26 12:35:09.306518 dv-cinder-815146-11-smb devstack@c-api.service[110798]: WARNING castellan.key_manager [None req-885dc8f3-c3d6-47bb-ba1c-8580ab8b7d53 tempest-GroupSnapshotsTest-516543772 tempest-GroupSnapshotsTest-516543772-project] Deprecation Warning : cinder.keymgr.conf_key_mgr.ConfKeyManager is not a stevedore based driver, trying to load it as a class: stevedore.exception.NoMatches: No 'castellan.drivers' driver found, looking for 'cinder.keymgr.conf_key_mgr.ConfKeyManager'
May 26 12:35:09.333495 dv-cinder-815146-11-smb devstack@c-api.service[110798]: DEBUG oslo_db.sqlalchemy.engines [None req-885dc8f3-c3d6-47bb-ba1c-8580ab8b7d53 tempest-GroupSnapshotsTest-516543772 tempest-GroupSnapshotsTest-516543772-project] MySQL server mode set to STRICT_TRANS_TABLES,STRICT_ALL_TABLES,NO_ZERO_IN_DATE,NO_ZERO_DATE,ERROR_FOR_DIVISION_BY_ZERO,TRADITIONAL,NO_ENGINE_SUBSTITUTION {{(pid=110798) _check_effective_sql_mode /usr/local/lib/python3.8/dist-packages/oslo_db/sqlalchemy/engines.py:314}}
May 26 12:35:09.339950 dv-cinder-815146-11-smb devstack@c-api.service[110798]: /usr/local/lib/python3.8/dist-packages/oslo_context/context.py:100: DeprecationWarning: Policy enforcement is depending on the value of is_admin. This key is deprecated. Please update your policy file to use the standard policy values.
May 26 12:35:09.339950 dv-cinder-815146-11-smb devstack@c-api.service[110798]: warnings.warn('Policy enforcement is depending on the value of '
May 26 12:35:09.343417 dv-cinder-815146-11-smb devstack@c-api.service[110797]: DEBUG cinder.api.middleware.request_id [None req-448dc605-cdfe-417f-898e-7cdc22220661 None None] RequestId filter calling following filter/app {{(pid=110797) _context_setter /opt/stack/cinder/cinder/api/middleware/request_id.py:62}}
May 26 12:35:09.347723 dv-cinder-815146-11-smb devstack@c-api.service[110797]: INFO cinder.api.openstack.wsgi [None req-448dc605-cdfe-417f-898e-7cdc22220661 tempest-SnapshotMetadataTestJSON-1208459363 tempest-SnapshotMetadataTestJSON-1208459363-project] GET http://10.222.0.16/volume/v3/7c021f5a675444baaf2b84ae84d5d646/snapshots/15ae82ed-68c5-4a6d-9d0c-9252524c16cc
May 26 12:35:09.348171 dv-cinder-815146-11-smb devstack@c-api.service[110797]: DEBUG cinder.api.openstack.wsgi [None req-448dc605-cdfe-417f-898e-7cdc22220661 tempest-SnapshotMetadataTestJSON-1208459363 tempest-SnapshotMetadataTestJSON-1208459363-project] Empty body provided in request {{(pid=110797) get_body /opt/stack/cinder/cinder/api/openstack/wsgi.py:715}}
May 26 12:35:09.348623 dv-cinder-815146-11-smb devstack@c-api.service[110797]: DEBUG cinder.api.openstack.wsgi [None req-448dc605-cdfe-417f-898e-7cdc22220661 tempest-SnapshotMetadataTestJSON-1208459363 tempest-SnapshotMetadataTestJSON-1208459363-project] Calling method 'show' {{(pid=110797) _process_stack /opt/stack/cinder/cinder/api/openstack/wsgi.py:868}}
May 26 12:35:09.372144 dv-cinder-815146-11-smb devstack@c-api.service[110798]: WARNING stevedore.named [None req-885dc8f3-c3d6-47bb-ba1c-8580ab8b7d53 tempest-GroupSnapshotsTest-516543772 tempest-GroupSnapshotsTest-516543772-project] Could not load cinder.keymgr.conf_key_mgr.ConfKeyManager
May 26 12:35:09.375818 dv-cinder-815146-11-smb devstack@c-api.service[110798]: WARNING castellan.key_manager [None req-885dc8f3-c3d6-47bb-ba1c-8580ab8b7d53 tempest-GroupSnapshotsTest-516543772 tempest-GroupSnapshotsTest-516543772-project] Deprecation Warning : cinder.keymgr.conf_key_mgr.ConfKeyManager is not a stevedore based driver, trying to load it as a class: stevedore.exception.NoMatches: No 'castellan.drivers' driver found, looking for 'cinder.keymgr.conf_key_mgr.ConfKeyManager'
May 26 12:35:09.381449 dv-cinder-815146-11-smb devstack@c-api.service[110797]: /usr/local/lib/python3.8/dist-packages/oslo_context/context.py:100: DeprecationWarning: Policy enforcement is depending on the value of is_admin. This key is deprecated. Please update your policy file to use the standard policy values.
May 26 12:35:09.381449 dv-cinder-815146-11-smb devstack@c-api.service[110797]: warnings.warn('Policy enforcement is depending on the value of '
May 26 12:35:09.383014 dv-cinder-815146-11-smb devstack@c-api.service[110797]: INFO cinder.volume.api [None req-448dc605-cdfe-417f-898e-7cdc22220661 tempest-SnapshotMetadataTestJSON-1208459363 tempest-SnapshotMetadataTestJSON-1208459363-project] Snapshot retrieved successfully.
May 26 12:35:09.384305 dv-cinder-815146-11-smb devstack@c-api.service[110797]: INFO cinder.api.openstack.wsgi [None req-448dc605-cdfe-417f-898e-7cdc22220661 tempest-SnapshotMetadataTestJSON-1208459363 tempest-SnapshotMetadataTestJSON-1208459363-project] http://10.222.0.16/volume/v3/7c021f5a675444baaf2b84ae84d5d646/snapshots/15ae82ed-68c5-4a6d-9d0c-9252524c16cc returned with HTTP 200
May 26 12:35:09.391275 dv-cinder-815146-11-smb devstack@c-api.service[110797]: [pid: 110797|app: 0|req: 61/120] 10.222.0.16 () {58 vars in 1330 bytes} [Thu May 26 12:35:09 2022] GET /volume/v3/7c021f5a675444baaf2b84ae84d5d646/snapshots/15ae82ed-68c5-4a6d-9d0c-9252524c16cc => generated 536 bytes in 43 msecs (HTTP/1.1 200) 7 headers in 285 bytes (2 switches on core 0)
May 26 12:35:09.392914 dv-cinder-815146-11-smb devstack@c-api.service[110797]: DEBUG cinder.api.middleware.request_id [None req-fedebff2-4032-46d9-9ca3-aae11a6f5ff6 None None] RequestId filter calling following filter/app {{(pid=110797) _context_setter /opt/stack/cinder/cinder/api/middleware/request_id.py:62}}
May 26 12:35:09.393949 dv-cinder-815146-11-smb devstack@c-api.service[110798]: DEBUG oslo_db.sqlalchemy.engines [None req-885dc8f3-c3d6-47bb-ba1c-8580ab8b7d53 tempest-GroupSnapshotsTest-516543772 tempest-GroupSnapshotsTest-516543772-project] MySQL server mode set to STRICT_TRANS_TABLES,STRICT_ALL_TABLES,NO_ZERO_IN_DATE,NO_ZERO_DATE,ERROR_FOR_DIVISION_BY_ZERO,TRADITIONAL,NO_ENGINE_SUBSTITUTION {{(pid=110798) _check_effective_sql_mode /usr/local/lib/python3.8/dist-packages/oslo_db/sqlalchemy/engines.py:314}}
May 26 12:35:09.397365 dv-cinder-815146-11-smb devstack@c-api.service[110798]: DEBUG dbcounter [-] [110798] Writing DB stats cinder:SELECT=96,cinder:UPDATE=4 {{(pid=110798) stat_writer /usr/local/lib/python3.8/dist-packages/dbcounter.py:114}}
May 26 12:35:09.403525 dv-cinder-815146-11-smb devstack@c-api.service[110798]: /usr/local/lib/python3.8/dist-packages/oslo_context/context.py:100: DeprecationWarning: Policy enforcement is depending on the value of is_admin. This key is deprecated. Please update your policy file to use the standard policy values.
May 26 12:35:09.403525 dv-cinder-815146-11-smb devstack@c-api.service[110798]: warnings.warn('Policy enforcement is depending on the value of '
May 26 12:35:09.412679 dv-cinder-815146-11-smb devstack@c-api.service[110797]: INFO cinder.api.openstack.wsgi [None req-fedebff2-4032-46d9-9ca3-aae11a6f5ff6 tempest-SnapshotMetadataTestJSON-1208459363 tempest-SnapshotMetadataTestJSON-1208459363-project] POST http://10.222.0.16/volume/v3/7c021f5a675444baaf2b84ae84d5d646/snapshots/15ae82ed-68c5-4a6d-9d0c-9252524c16cc/metadata
May 26 12:35:09.413439 dv-cinder-815146-11-smb devstack@c-api.service[110797]: DEBUG cinder.api.openstack.wsgi [None req-fedebff2-4032-46d9-9ca3-aae11a6f5ff6 tempest-SnapshotMetadataTestJSON-1208459363 tempest-SnapshotMetadataTestJSON-1208459363-project] Action: 'create', calling method: create, body: {"metadata": {"key1": "value1", "key2": "value2", "key3": "value3"}} {{(pid=110797) _process_stack /opt/stack/cinder/cinder/api/openstack/wsgi.py:866}}
May 26 12:35:09.422292 dv-cinder-815146-11-smb devstack@c-api.service[110798]: INFO cinder.api.openstack.wsgi [None req-885dc8f3-c3d6-47bb-ba1c-8580ab8b7d53 tempest-GroupSnapshotsTest-516543772 tempest-GroupSnapshotsTest-516543772-project] http://10.222.0.16/volume/v3/896dcea7331d41808d26c7ef8a14775b/volumes/detail returned with HTTP 200
May 26 12:35:09.423465 dv-cinder-815146-11-smb devstack@c-api.service[110798]: [pid: 110798|app: 0|req: 60/121] 10.222.0.16 () {60 vars in 1275 bytes} [Thu May 26 12:35:09 2022] GET /volume/v3/896dcea7331d41808d26c7ef8a14775b/volumes/detail => generated 1985 bytes in 213 msecs (HTTP/1.1 200) 7 headers in 287 bytes (1 switches on core 0)
May 26 12:35:09.436295 dv-cinder-815146-11-smb devstack@c-api.service[110798]: DEBUG cinder.api.middleware.request_id [None req-09d8e986-0ec3-4c5f-b417-dc812b64c87a None None] RequestId filter calling following filter/app {{(pid=110798) _context_setter /opt/stack/cinder/cinder/api/middleware/request_id.py:62}}
May 26 12:35:09.440519 dv-cinder-815146-11-smb devstack@c-api.service[110798]: INFO cinder.api.openstack.wsgi [None req-09d8e986-0ec3-4c5f-b417-dc812b64c87a tempest-GroupSnapshotsTest-516543772 tempest-GroupSnapshotsTest-516543772-project] POST http://10.222.0.16/volume/v3/896dcea7331d41808d26c7ef8a14775b/groups/6f00ea46-a8a5-48e0-9c80-f1cdec61082e/action
May 26 12:35:09.441420 dv-cinder-815146-11-smb devstack@c-api.service[110798]: DEBUG cinder.api.openstack.wsgi [None req-09d8e986-0ec3-4c5f-b417-dc812b64c87a tempest-GroupSnapshotsTest-516543772 tempest-GroupSnapshotsTest-516543772-project] Action body: b'{"delete": {"delete-volumes": true}}' {{(pid=110798) get_method /opt/stack/cinder/cinder/api/openstack/wsgi.py:983}}
May 26 12:35:09.441668 dv-cinder-815146-11-smb devstack@c-api.service[110798]: DEBUG cinder.api.openstack.wsgi [None req-09d8e986-0ec3-4c5f-b417-dc812b64c87a tempest-GroupSnapshotsTest-516543772 tempest-GroupSnapshotsTest-516543772-project] Action: 'action', calling method: version_select, body: {"delete": {"delete-volumes": true}} {{(pid=110798) _process_stack /opt/stack/cinder/cinder/api/openstack/wsgi.py:866}}
May 26 12:35:09.442466 dv-cinder-815146-11-smb devstack@c-api.service[110798]: DEBUG cinder.api.v3.groups [None req-09d8e986-0ec3-4c5f-b417-dc812b64c87a tempest-GroupSnapshotsTest-516543772 tempest-GroupSnapshotsTest-516543772-project] delete called for group 6f00ea46-a8a5-48e0-9c80-f1cdec61082e {{(pid=110798) _delete /opt/stack/cinder/cinder/api/v3/groups.py:117}}
May 26 12:35:09.442748 dv-cinder-815146-11-smb devstack@c-api.service[110798]: INFO cinder.api.v3.groups [None req-09d8e986-0ec3-4c5f-b417-dc812b64c87a tempest-GroupSnapshotsTest-516543772 tempest-GroupSnapshotsTest-516543772-project] Delete group with id: 6f00ea46-a8a5-48e0-9c80-f1cdec61082e
May 26 12:35:09.450015 dv-cinder-815146-11-smb devstack@c-api.service[110797]: /usr/local/lib/python3.8/dist-packages/oslo_context/context.py:100: DeprecationWarning: Policy enforcement is depending on the value of is_admin. This key is deprecated. Please update your policy file to use the standard policy values.
May 26 12:35:09.450015 dv-cinder-815146-11-smb devstack@c-api.service[110797]: warnings.warn('Policy enforcement is depending on the value of '
May 26 12:35:09.453506 dv-cinder-815146-11-smb devstack@c-api.service[110797]: INFO cinder.volume.api [None req-fedebff2-4032-46d9-9ca3-aae11a6f5ff6 tempest-SnapshotMetadataTestJSON-1208459363 tempest-SnapshotMetadataTestJSON-1208459363-project] Snapshot retrieved successfully.
May 26 12:35:09.459138 dv-cinder-815146-11-smb devstack@c-api.service[110798]: /usr/local/lib/python3.8/dist-packages/oslo_context/context.py:100: DeprecationWarning: Policy enforcement is depending on the value of is_admin. This key is deprecated. Please update your policy file to use the standard policy values.
May 26 12:35:09.459138 dv-cinder-815146-11-smb devstack@c-api.service[110798]: warnings.warn('Policy enforcement is depending on the value of '
May 26 12:35:09.591308 dv-cinder-815146-11-smb devstack@c-api.service[110797]: INFO cinder.volume.api [None req-fedebff2-4032-46d9-9ca3-aae11a6f5ff6 tempest-SnapshotMetadataTestJSON-1208459363 tempest-SnapshotMetadataTestJSON-1208459363-project] Update snapshot metadata completed successfully.
May 26 12:35:09.592790 dv-cinder-815146-11-smb devstack@c-api.service[110797]: INFO cinder.api.openstack.wsgi [None req-fedebff2-4032-46d9-9ca3-aae11a6f5ff6 tempest-SnapshotMetadataTestJSON-1208459363 tempest-SnapshotMetadataTestJSON-1208459363-project] http://10.222.0.16/volume/v3/7c021f5a675444baaf2b84ae84d5d646/snapshots/15ae82ed-68c5-4a6d-9d0c-9252524c16cc/metadata returned with HTTP 200
May 26 12:35:09.594183 dv-cinder-815146-11-smb devstack@c-api.service[110797]: [pid: 110797|app: 0|req: 62/122] 10.222.0.16 () {60 vars in 1378 bytes} [Thu May 26 12:35:09 2022] POST /volume/v3/7c021f5a675444baaf2b84ae84d5d646/snapshots/15ae82ed-68c5-4a6d-9d0c-9252524c16cc/metadata => generated 136 bytes in 202 msecs (HTTP/1.1 200) 7 headers in 285 bytes (2 switches on core 0)
May 26 12:35:09.599239 dv-cinder-815146-11-smb devstack@c-api.service[110797]: DEBUG cinder.api.middleware.request_id [None req-199ac391-4764-48e5-8aa8-7226d6b09c48 None None] RequestId filter calling following filter/app {{(pid=110797) _context_setter /opt/stack/cinder/cinder/api/middleware/request_id.py:62}}
May 26 12:35:09.603830 dv-cinder-815146-11-smb devstack@c-api.service[110797]: INFO cinder.api.openstack.wsgi [None req-199ac391-4764-48e5-8aa8-7226d6b09c48 tempest-SnapshotMetadataTestJSON-1208459363 tempest-SnapshotMetadataTestJSON-1208459363-project] GET http://10.222.0.16/volume/v3/7c021f5a675444baaf2b84ae84d5d646/snapshots/15ae82ed-68c5-4a6d-9d0c-9252524c16cc/metadata
May 26 12:35:09.606887 dv-cinder-815146-11-smb devstack@c-api.service[110797]: DEBUG cinder.api.openstack.wsgi [None req-199ac391-4764-48e5-8aa8-7226d6b09c48 tempest-SnapshotMetadataTestJSON-1208459363 tempest-SnapshotMetadataTestJSON-1208459363-project] Empty body provided in request {{(pid=110797) get_body /opt/stack/cinder/cinder/api/openstack/wsgi.py:715}}
May 26 12:35:09.609295 dv-cinder-815146-11-smb devstack@c-api.service[110797]: DEBUG cinder.api.openstack.wsgi [None req-199ac391-4764-48e5-8aa8-7226d6b09c48 tempest-SnapshotMetadataTestJSON-1208459363 tempest-SnapshotMetadataTestJSON-1208459363-project] Calling method 'index' {{(pid=110797) _process_stack /opt/stack/cinder/cinder/api/openstack/wsgi.py:868}}
May 26 12:35:09.626383 dv-cinder-815146-11-smb devstack@c-api.service[110797]: /usr/local/lib/python3.8/dist-packages/oslo_context/context.py:100: DeprecationWarning: Policy enforcement is depending on the value of is_admin. This key is deprecated. Please update your policy file to use the standard policy values.
May 26 12:35:09.626383 dv-cinder-815146-11-smb devstack@c-api.service[110797]: warnings.warn('Policy enforcement is depending on the value of '
May 26 12:35:09.628544 dv-cinder-815146-11-smb devstack@c-api.service[110797]: INFO cinder.volume.api [None req-199ac391-4764-48e5-8aa8-7226d6b09c48 tempest-SnapshotMetadataTestJSON-1208459363 tempest-SnapshotMetadataTestJSON-1208459363-project] Snapshot retrieved successfully.
May 26 12:35:09.631493 dv-cinder-815146-11-smb devstack@c-api.service[110797]: INFO cinder.volume.api [None req-199ac391-4764-48e5-8aa8-7226d6b09c48 tempest-SnapshotMetadataTestJSON-1208459363 tempest-SnapshotMetadataTestJSON-1208459363-project] Get snapshot metadata completed successfully.
May 26 12:35:09.644324 dv-cinder-815146-11-smb devstack@c-api.service[110797]: INFO cinder.api.openstack.wsgi [None req-199ac391-4764-48e5-8aa8-7226d6b09c48 tempest-SnapshotMetadataTestJSON-1208459363 tempest-SnapshotMetadataTestJSON-1208459363-project] http://10.222.0.16/volume/v3/7c021f5a675444baaf2b84ae84d5d646/snapshots/15ae82ed-68c5-4a6d-9d0c-9252524c16cc/metadata returned with HTTP 200
May 26 12:35:09.645819 dv-cinder-815146-11-smb devstack@c-api.service[110797]: [pid: 110797|app: 0|req: 63/123] 10.222.0.16 () {58 vars in 1357 bytes} [Thu May 26 12:35:09 2022] GET /volume/v3/7c021f5a675444baaf2b84ae84d5d646/snapshots/15ae82ed-68c5-4a6d-9d0c-9252524c16cc/metadata => generated 136 bytes in 47 msecs (HTTP/1.1 200) 7 headers in 285 bytes (2 switches on core 0)
May 26 12:35:09.653278 dv-cinder-815146-11-smb devstack@c-api.service[110797]: DEBUG cinder.api.middleware.request_id [None req-534d6e85-a856-4f0e-b6b2-e38536ad3c99 None None] RequestId filter calling following filter/app {{(pid=110797) _context_setter /opt/stack/cinder/cinder/api/middleware/request_id.py:62}}
May 26 12:35:09.660468 dv-cinder-815146-11-smb devstack@c-api.service[110797]: INFO cinder.api.openstack.wsgi [None req-534d6e85-a856-4f0e-b6b2-e38536ad3c99 tempest-SnapshotMetadataTestJSON-1208459363 tempest-SnapshotMetadataTestJSON-1208459363-project] PUT http://10.222.0.16/volume/v3/7c021f5a675444baaf2b84ae84d5d646/snapshots/15ae82ed-68c5-4a6d-9d0c-9252524c16cc/metadata
May 26 12:35:09.664342 dv-cinder-815146-11-smb devstack@c-api.service[110797]: DEBUG cinder.api.openstack.wsgi [None req-534d6e85-a856-4f0e-b6b2-e38536ad3c99 tempest-SnapshotMetadataTestJSON-1208459363 tempest-SnapshotMetadataTestJSON-1208459363-project] Action: 'update_all', calling method: update_all, body: {"metadata": {"key3": "value3_update", "key4": "value4"}} {{(pid=110797) _process_stack /opt/stack/cinder/cinder/api/openstack/wsgi.py:866}}
May 26 12:35:09.665796 dv-cinder-815146-11-smb devstack@c-api.service[110798]: INFO cinder.api.openstack.wsgi [None req-09d8e986-0ec3-4c5f-b417-dc812b64c87a tempest-GroupSnapshotsTest-516543772 tempest-GroupSnapshotsTest-516543772-project] http://10.222.0.16/volume/v3/896dcea7331d41808d26c7ef8a14775b/groups/6f00ea46-a8a5-48e0-9c80-f1cdec61082e/action returned with HTTP 202
May 26 12:35:09.668297 dv-cinder-815146-11-smb devstack@c-api.service[110798]: [pid: 110798|app: 0|req: 61/124] 10.222.0.16 () {62 vars in 1404 bytes} [Thu May 26 12:35:09 2022] POST /volume/v3/896dcea7331d41808d26c7ef8a14775b/groups/6f00ea46-a8a5-48e0-9c80-f1cdec61082e/action => generated 0 bytes in 233 msecs (HTTP/1.1 202) 6 headers in 234 bytes (2 switches on core 0)
May 26 12:35:09.673565 dv-cinder-815146-11-smb devstack@c-api.service[110798]: DEBUG cinder.api.middleware.request_id [None req-b8021344-2a68-4a14-8101-28c52bff1d52 None None] RequestId filter calling following filter/app {{(pid=110798) _context_setter /opt/stack/cinder/cinder/api/middleware/request_id.py:62}}
May 26 12:35:09.681387 dv-cinder-815146-11-smb devstack@c-api.service[110798]: INFO cinder.api.openstack.wsgi [None req-b8021344-2a68-4a14-8101-28c52bff1d52 tempest-GroupSnapshotsTest-516543772 tempest-GroupSnapshotsTest-516543772-project] GET http://10.222.0.16/volume/v3/896dcea7331d41808d26c7ef8a14775b/volumes/2dd9aee7-263c-4970-8079-8eb7eb2bdea4
May 26 12:35:09.682772 dv-cinder-815146-11-smb devstack@c-api.service[110798]: DEBUG cinder.api.openstack.wsgi [None req-b8021344-2a68-4a14-8101-28c52bff1d52 tempest-GroupSnapshotsTest-516543772 tempest-GroupSnapshotsTest-516543772-project] Empty body provided in request {{(pid=110798) get_body /opt/stack/cinder/cinder/api/openstack/wsgi.py:715}}
May 26 12:35:09.688461 dv-cinder-815146-11-smb devstack@c-api.service[110798]: DEBUG cinder.api.openstack.wsgi [None req-b8021344-2a68-4a14-8101-28c52bff1d52 tempest-GroupSnapshotsTest-516543772 tempest-GroupSnapshotsTest-516543772-project] Calling method 'show' {{(pid=110798) _process_stack /opt/stack/cinder/cinder/api/openstack/wsgi.py:868}}
May 26 12:35:09.700190 dv-cinder-815146-11-smb devstack@c-api.service[110797]: /usr/local/lib/python3.8/dist-packages/oslo_context/context.py:100: DeprecationWarning: Policy enforcement is depending on the value of is_admin. This key is deprecated. Please update your policy file to use the standard policy values.
May 26 12:35:09.700190 dv-cinder-815146-11-smb devstack@c-api.service[110797]: warnings.warn('Policy enforcement is depending on the value of '
May 26 12:35:09.702677 dv-cinder-815146-11-smb devstack@c-api.service[110797]: INFO cinder.volume.api [None req-534d6e85-a856-4f0e-b6b2-e38536ad3c99 tempest-SnapshotMetadataTestJSON-1208459363 tempest-SnapshotMetadataTestJSON-1208459363-project] Snapshot retrieved successfully.
May 26 12:35:09.720079 dv-cinder-815146-11-smb devstack@c-api.service[110798]: /usr/local/lib/python3.8/dist-packages/oslo_context/context.py:100: DeprecationWarning: Policy enforcement is depending on the value of is_admin. This key is deprecated. Please update your policy file to use the standard policy values.
May 26 12:35:09.720079 dv-cinder-815146-11-smb devstack@c-api.service[110798]: warnings.warn('Policy enforcement is depending on the value of '
May 26 12:35:09.740989 dv-cinder-815146-11-smb devstack@c-api.service[110798]: INFO cinder.volume.api [None req-b8021344-2a68-4a14-8101-28c52bff1d52 tempest-GroupSnapshotsTest-516543772 tempest-GroupSnapshotsTest-516543772-project] Volume info retrieved successfully.
May 26 12:35:09.745639 dv-cinder-815146-11-smb devstack@c-api.service[110798]: WARNING stevedore.named [None req-b8021344-2a68-4a14-8101-28c52bff1d52 tempest-GroupSnapshotsTest-516543772 tempest-GroupSnapshotsTest-516543772-project] Could not load cinder.keymgr.conf_key_mgr.ConfKeyManager
May 26 12:35:09.748304 dv-cinder-815146-11-smb devstack@c-api.service[110798]: WARNING castellan.key_manager [None req-b8021344-2a68-4a14-8101-28c52bff1d52 tempest-GroupSnapshotsTest-516543772 tempest-GroupSnapshotsTest-516543772-project] Deprecation Warning : cinder.keymgr.conf_key_mgr.ConfKeyManager is not a stevedore based driver, trying to load it as a class: stevedore.exception.NoMatches: No 'castellan.drivers' driver found, looking for 'cinder.keymgr.conf_key_mgr.ConfKeyManager'
May 26 12:35:09.763162 dv-cinder-815146-11-smb devstack@c-api.service[110798]: DEBUG oslo_db.sqlalchemy.engines [None req-b8021344-2a68-4a14-8101-28c52bff1d52 tempest-GroupSnapshotsTest-516543772 tempest-GroupSnapshotsTest-516543772-project] MySQL server mode set to STRICT_TRANS_TABLES,STRICT_ALL_TABLES,NO_ZERO_IN_DATE,NO_ZERO_DATE,ERROR_FOR_DIVISION_BY_ZERO,TRADITIONAL,NO_ENGINE_SUBSTITUTION {{(pid=110798) _check_effective_sql_mode /usr/local/lib/python3.8/dist-packages/oslo_db/sqlalchemy/engines.py:314}}
May 26 12:35:09.775931 dv-cinder-815146-11-smb devstack@c-api.service[110798]: /usr/local/lib/python3.8/dist-packages/oslo_context/context.py:100: DeprecationWarning: Policy enforcement is depending on the value of is_admin. This key is deprecated. Please update your policy file to use the standard policy values.
May 26 12:35:09.775931 dv-cinder-815146-11-smb devstack@c-api.service[110798]: warnings.warn('Policy enforcement is depending on the value of '
May 26 12:35:09.794214 dv-cinder-815146-11-smb devstack@c-api.service[110797]: DEBUG dbcounter [-] [110797] Writing DB stats cinder:SELECT=82,cinder:UPDATE=14,cinder:INSERT=4 {{(pid=110797) stat_writer /usr/local/lib/python3.8/dist-packages/dbcounter.py:114}}
May 26 12:35:09.798938 dv-cinder-815146-11-smb devstack@c-api.service[110797]: INFO cinder.volume.api [None req-534d6e85-a856-4f0e-b6b2-e38536ad3c99 tempest-SnapshotMetadataTestJSON-1208459363 tempest-SnapshotMetadataTestJSON-1208459363-project] Update snapshot metadata completed successfully.
May 26 12:35:09.799614 dv-cinder-815146-11-smb devstack@c-api.service[110797]: INFO cinder.api.openstack.wsgi [None req-534d6e85-a856-4f0e-b6b2-e38536ad3c99 tempest-SnapshotMetadataTestJSON-1208459363 tempest-SnapshotMetadataTestJSON-1208459363-project] http://10.222.0.16/volume/v3/7c021f5a675444baaf2b84ae84d5d646/snapshots/15ae82ed-68c5-4a6d-9d0c-9252524c16cc/metadata returned with HTTP 200
May 26 12:35:09.800741 dv-cinder-815146-11-smb devstack@c-api.service[110797]: [pid: 110797|app: 0|req: 64/125] 10.222.0.16 () {60 vars in 1377 bytes} [Thu May 26 12:35:09 2022] PUT /volume/v3/7c021f5a675444baaf2b84ae84d5d646/snapshots/15ae82ed-68c5-4a6d-9d0c-9252524c16cc/metadata => generated 57 bytes in 148 msecs (HTTP/1.1 200) 7 headers in 284 bytes (1 switches on core 0)
May 26 12:35:09.806354 dv-cinder-815146-11-smb devstack@c-api.service[110797]: DEBUG cinder.api.middleware.request_id [None req-2b885de2-99db-47bd-b9f9-f8ce96759e8a None None] RequestId filter calling following filter/app {{(pid=110797) _context_setter /opt/stack/cinder/cinder/api/middleware/request_id.py:62}}
May 26 12:35:09.811292 dv-cinder-815146-11-smb devstack@c-api.service[110797]: INFO cinder.api.openstack.wsgi [None req-2b885de2-99db-47bd-b9f9-f8ce96759e8a tempest-SnapshotMetadataTestJSON-1208459363 tempest-SnapshotMetadataTestJSON-1208459363-project] GET http://10.222.0.16/volume/v3/7c021f5a675444baaf2b84ae84d5d646/snapshots/15ae82ed-68c5-4a6d-9d0c-9252524c16cc/metadata
May 26 12:35:09.811982 dv-cinder-815146-11-smb devstack@c-api.service[110798]: INFO cinder.api.openstack.wsgi [None req-b8021344-2a68-4a14-8101-28c52bff1d52 tempest-GroupSnapshotsTest-516543772 tempest-GroupSnapshotsTest-516543772-project] http://10.222.0.16/volume/v3/896dcea7331d41808d26c7ef8a14775b/volumes/2dd9aee7-263c-4970-8079-8eb7eb2bdea4 returned with HTTP 200
May 26 12:35:09.813623 dv-cinder-815146-11-smb devstack@c-api.service[110797]: DEBUG cinder.api.openstack.wsgi [None req-2b885de2-99db-47bd-b9f9-f8ce96759e8a tempest-SnapshotMetadataTestJSON-1208459363 tempest-SnapshotMetadataTestJSON-1208459363-project] Empty body provided in request {{(pid=110797) get_body /opt/stack/cinder/cinder/api/openstack/wsgi.py:715}}
May 26 12:35:09.814349 dv-cinder-815146-11-smb devstack@c-api.service[110797]: DEBUG cinder.api.openstack.wsgi [None req-2b885de2-99db-47bd-b9f9-f8ce96759e8a tempest-SnapshotMetadataTestJSON-1208459363 tempest-SnapshotMetadataTestJSON-1208459363-project] Calling method 'index' {{(pid=110797) _process_stack /opt/stack/cinder/cinder/api/openstack/wsgi.py:868}}
May 26 12:35:09.815082 dv-cinder-815146-11-smb devstack@c-api.service[110798]: [pid: 110798|app: 0|req: 62/126] 10.222.0.16 () {60 vars in 1365 bytes} [Thu May 26 12:35:09 2022] GET /volume/v3/896dcea7331d41808d26c7ef8a14775b/volumes/2dd9aee7-263c-4970-8079-8eb7eb2bdea4 => generated 991 bytes in 142 msecs (HTTP/1.1 200) 7 headers in 286 bytes (1 switches on core 0)
May 26 12:35:09.828242 dv-cinder-815146-11-smb devstack@c-api.service[110797]: /usr/local/lib/python3.8/dist-packages/oslo_context/context.py:100: DeprecationWarning: Policy enforcement is depending on the value of is_admin. This key is deprecated. Please update your policy file to use the standard policy values.
May 26 12:35:09.828242 dv-cinder-815146-11-smb devstack@c-api.service[110797]: warnings.warn('Policy enforcement is depending on the value of '
May 26 12:35:09.829796 dv-cinder-815146-11-smb devstack@c-api.service[110797]: INFO cinder.volume.api [None req-2b885de2-99db-47bd-b9f9-f8ce96759e8a tempest-SnapshotMetadataTestJSON-1208459363 tempest-SnapshotMetadataTestJSON-1208459363-project] Snapshot retrieved successfully.
May 26 12:35:09.832059 dv-cinder-815146-11-smb devstack@c-api.service[110797]: INFO cinder.volume.api [None req-2b885de2-99db-47bd-b9f9-f8ce96759e8a tempest-SnapshotMetadataTestJSON-1208459363 tempest-SnapshotMetadataTestJSON-1208459363-project] Get snapshot metadata completed successfully.
May 26 12:35:09.832859 dv-cinder-815146-11-smb devstack@c-api.service[110797]: INFO cinder.api.openstack.wsgi [None req-2b885de2-99db-47bd-b9f9-f8ce96759e8a tempest-SnapshotMetadataTestJSON-1208459363 tempest-SnapshotMetadataTestJSON-1208459363-project] http://10.222.0.16/volume/v3/7c021f5a675444baaf2b84ae84d5d646/snapshots/15ae82ed-68c5-4a6d-9d0c-9252524c16cc/metadata returned with HTTP 200
May 26 12:35:09.834160 dv-cinder-815146-11-smb devstack@c-api.service[110797]: [pid: 110797|app: 0|req: 65/127] 10.222.0.16 () {58 vars in 1357 bytes} [Thu May 26 12:35:09 2022] GET /volume/v3/7c021f5a675444baaf2b84ae84d5d646/snapshots/15ae82ed-68c5-4a6d-9d0c-9252524c16cc/metadata => generated 57 bytes in 29 msecs (HTTP/1.1 200) 7 headers in 284 bytes (1 switches on core 0)
May 26 12:35:09.840362 dv-cinder-815146-11-smb devstack@c-api.service[110798]: DEBUG cinder.api.middleware.request_id [None req-bba077d4-0e18-4a5a-bd51-1fc0bf727611 None None] RequestId filter calling following filter/app {{(pid=110798) _context_setter /opt/stack/cinder/cinder/api/middleware/request_id.py:62}}
May 26 12:35:09.847802 dv-cinder-815146-11-smb devstack@c-api.service[110798]: INFO cinder.api.openstack.wsgi [None req-bba077d4-0e18-4a5a-bd51-1fc0bf727611 tempest-SnapshotMetadataTestJSON-1208459363 tempest-SnapshotMetadataTestJSON-1208459363-project] DELETE http://10.222.0.16/volume/v3/7c021f5a675444baaf2b84ae84d5d646/snapshots/15ae82ed-68c5-4a6d-9d0c-9252524c16cc/metadata/key3
May 26 12:35:09.848709 dv-cinder-815146-11-smb devstack@c-api.service[110798]: DEBUG cinder.api.openstack.wsgi [None req-bba077d4-0e18-4a5a-bd51-1fc0bf727611 tempest-SnapshotMetadataTestJSON-1208459363 tempest-SnapshotMetadataTestJSON-1208459363-project] Empty body provided in request {{(pid=110798) get_body /opt/stack/cinder/cinder/api/openstack/wsgi.py:715}}
May 26 12:35:09.849413 dv-cinder-815146-11-smb devstack@c-api.service[110798]: DEBUG cinder.api.openstack.wsgi [None req-bba077d4-0e18-4a5a-bd51-1fc0bf727611 tempest-SnapshotMetadataTestJSON-1208459363 tempest-SnapshotMetadataTestJSON-1208459363-project] Calling method 'delete' {{(pid=110798) _process_stack /opt/stack/cinder/cinder/api/openstack/wsgi.py:868}}
May 26 12:35:09.864452 dv-cinder-815146-11-smb devstack@c-api.service[110798]: /usr/local/lib/python3.8/dist-packages/oslo_context/context.py:100: DeprecationWarning: Policy enforcement is depending on the value of is_admin. This key is deprecated. Please update your policy file to use the standard policy values.
May 26 12:35:09.864452 dv-cinder-815146-11-smb devstack@c-api.service[110798]: warnings.warn('Policy enforcement is depending on the value of '
May 26 12:35:09.866047 dv-cinder-815146-11-smb devstack@c-api.service[110798]: INFO cinder.volume.api [None req-bba077d4-0e18-4a5a-bd51-1fc0bf727611 tempest-SnapshotMetadataTestJSON-1208459363 tempest-SnapshotMetadataTestJSON-1208459363-project] Snapshot retrieved successfully.
May 26 12:35:09.868724 dv-cinder-815146-11-smb devstack@c-api.service[110798]: INFO cinder.volume.api [None req-bba077d4-0e18-4a5a-bd51-1fc0bf727611 tempest-SnapshotMetadataTestJSON-1208459363 tempest-SnapshotMetadataTestJSON-1208459363-project] Get snapshot metadata completed successfully.
May 26 12:35:09.896542 dv-cinder-815146-11-smb devstack@c-api.service[110798]: INFO cinder.volume.api [None req-bba077d4-0e18-4a5a-bd51-1fc0bf727611 tempest-SnapshotMetadataTestJSON-1208459363 tempest-SnapshotMetadataTestJSON-1208459363-project] Delete snapshot metadata completed successfully.
May 26 12:35:09.897630 dv-cinder-815146-11-smb devstack@c-api.service[110798]: INFO cinder.api.openstack.wsgi [None req-bba077d4-0e18-4a5a-bd51-1fc0bf727611 tempest-SnapshotMetadataTestJSON-1208459363 tempest-SnapshotMetadataTestJSON-1208459363-project] http://10.222.0.16/volume/v3/7c021f5a675444baaf2b84ae84d5d646/snapshots/15ae82ed-68c5-4a6d-9d0c-9252524c16cc/metadata/key3 returned with HTTP 200
May 26 12:35:09.898501 dv-cinder-815146-11-smb devstack@c-api.service[110798]: [pid: 110798|app: 0|req: 63/128] 10.222.0.16 () {58 vars in 1375 bytes} [Thu May 26 12:35:09 2022] DELETE /volume/v3/7c021f5a675444baaf2b84ae84d5d646/snapshots/15ae82ed-68c5-4a6d-9d0c-9252524c16cc/metadata/key3 => generated 0 bytes in 60 msecs (HTTP/1.1 200) 6 headers in 227 bytes (1 switches on core 0)
May 26 12:35:09.903694 dv-cinder-815146-11-smb devstack@c-api.service[110797]: DEBUG cinder.api.middleware.request_id [None req-99a938ac-b015-4322-ac93-465a2a6b7de6 None None] RequestId filter calling following filter/app {{(pid=110797) _context_setter /opt/stack/cinder/cinder/api/middleware/request_id.py:62}}
May 26 12:35:09.917143 dv-cinder-815146-11-smb devstack@c-api.service[110797]: INFO cinder.api.openstack.wsgi [None req-99a938ac-b015-4322-ac93-465a2a6b7de6 tempest-SnapshotMetadataTestJSON-1208459363 tempest-SnapshotMetadataTestJSON-1208459363-project] GET http://10.222.0.16/volume/v3/7c021f5a675444baaf2b84ae84d5d646/snapshots/15ae82ed-68c5-4a6d-9d0c-9252524c16cc/metadata
May 26 12:35:09.919268 dv-cinder-815146-11-smb devstack@c-api.service[110797]: DEBUG cinder.api.openstack.wsgi [None req-99a938ac-b015-4322-ac93-465a2a6b7de6 tempest-SnapshotMetadataTestJSON-1208459363 tempest-SnapshotMetadataTestJSON-1208459363-project] Empty body provided in request {{(pid=110797) get_body /opt/stack/cinder/cinder/api/openstack/wsgi.py:715}}
May 26 12:35:09.920102 dv-cinder-815146-11-smb devstack@c-api.service[110797]: DEBUG cinder.api.openstack.wsgi [None req-99a938ac-b015-4322-ac93-465a2a6b7de6 tempest-SnapshotMetadataTestJSON-1208459363 tempest-SnapshotMetadataTestJSON-1208459363-project] Calling method 'index' {{(pid=110797) _process_stack /opt/stack/cinder/cinder/api/openstack/wsgi.py:868}}
May 26 12:35:09.936062 dv-cinder-815146-11-smb devstack@c-api.service[110797]: /usr/local/lib/python3.8/dist-packages/oslo_context/context.py:100: DeprecationWarning: Policy enforcement is depending on the value of is_admin. This key is deprecated. Please update your policy file to use the standard policy values.
May 26 12:35:09.936062 dv-cinder-815146-11-smb devstack@c-api.service[110797]: warnings.warn('Policy enforcement is depending on the value of '
May 26 12:35:09.937278 dv-cinder-815146-11-smb devstack@c-api.service[110797]: INFO cinder.volume.api [None req-99a938ac-b015-4322-ac93-465a2a6b7de6 tempest-SnapshotMetadataTestJSON-1208459363 tempest-SnapshotMetadataTestJSON-1208459363-project] Snapshot retrieved successfully.
May 26 12:35:09.939390 dv-cinder-815146-11-smb devstack@c-api.service[110797]: INFO cinder.volume.api [None req-99a938ac-b015-4322-ac93-465a2a6b7de6 tempest-SnapshotMetadataTestJSON-1208459363 tempest-SnapshotMetadataTestJSON-1208459363-project] Get snapshot metadata completed successfully.
