Oct 22 18:51:48.775988 dv-cinder-815146-1-smb devstack@c-api.service[119059]: /usr/local/lib/python3.8/dist-packages/oslo_policy/policy.py:785: UserWarning: Policy "volume_extension:default_set_or_update":"rule:system_or_domain_or_project_admin" was deprecated in X in favor of "volume_extension:default_set_or_update":"rule:admin_api". Reason: Default policies now support the three Keystone default roles, namely 'admin', 'member', and 'reader' to implement three Cinder "personas". See "Policy Personas and Permissions" in the "Cinder Service Configuration" documentation (Xena release) for details.. Either ensure your deployment is ready for the new default or copy/paste the deprecated policy into your policy file and maintain it manually.
Oct 22 18:51:48.775988 dv-cinder-815146-1-smb devstack@c-api.service[119059]: warnings.warn(deprecated_msg)
Oct 22 18:51:48.775988 dv-cinder-815146-1-smb devstack@c-api.service[119059]: /usr/local/lib/python3.8/dist-packages/oslo_policy/policy.py:785: UserWarning: Policy "volume_extension:default_get":"rule:system_or_domain_or_project_admin" was deprecated in X in favor of "volume_extension:default_get":"rule:admin_api". Reason: Default policies now support the three Keystone default roles, namely 'admin', 'member', and 'reader' to implement three Cinder "personas". See "Policy Personas and Permissions" in the "Cinder Service Configuration" documentation (Xena release) for details.. Either ensure your deployment is ready for the new default or copy/paste the deprecated policy into your policy file and maintain it manually.
Oct 22 18:51:48.775988 dv-cinder-815146-1-smb devstack@c-api.service[119059]: warnings.warn(deprecated_msg)
Oct 22 18:51:48.775988 dv-cinder-815146-1-smb devstack@c-api.service[119059]: /usr/local/lib/python3.8/dist-packages/oslo_policy/policy.py:785: UserWarning: Policy "volume_extension:default_get_all":"role:admin and system_scope:all" was deprecated in X in favor of "volume_extension:default_get_all":"rule:admin_api". Reason: Default policies now support the three Keystone default roles, namely 'admin', 'member', and 'reader' to implement three Cinder "personas". See "Policy Personas and Permissions" in the "Cinder Service Configuration" documentation (Xena release) for details.. Either ensure your deployment is ready for the new default or copy/paste the deprecated policy into your policy file and maintain it manually.
Oct 22 18:51:48.776634 dv-cinder-815146-1-smb devstack@c-api.service[119059]: warnings.warn(deprecated_msg)
Oct 22 18:51:48.776634 dv-cinder-815146-1-smb devstack@c-api.service[119059]: /usr/local/lib/python3.8/dist-packages/oslo_policy/policy.py:785: UserWarning: Policy "volume_extension:default_unset":"rule:system_or_domain_or_project_admin" was deprecated in X in favor of "volume_extension:default_unset":"rule:admin_api". Reason: Default policies now support the three Keystone default roles, namely 'admin', 'member', and 'reader' to implement three Cinder "personas". See "Policy Personas and Permissions" in the "Cinder Service Configuration" documentation (Xena release) for details.. Either ensure your deployment is ready for the new default or copy/paste the deprecated policy into your policy file and maintain it manually.
Oct 22 18:51:48.776634 dv-cinder-815146-1-smb devstack@c-api.service[119059]: warnings.warn(deprecated_msg)
Oct 22 18:51:49.214586 dv-cinder-815146-1-smb devstack@c-api.service[119059]: INFO cinder.api.openstack.wsgi [req-cca4b5ac-e0d2-4285-8cf8-fa30c19fcd20 req-57621ba7-2faf-45bd-bb05-82e7ce73fd9e admin admin] POST http://10.222.0.32/volume/v3/05b34cd25af940c683b6d85476a7617c/types/36cf8799-492b-4562-8326-a30eaea6b23e/extra_specs
Oct 22 18:51:49.216211 dv-cinder-815146-1-smb devstack@c-api.service[119059]: /usr/local/lib/python3.8/dist-packages/webob/acceptparse.py:1047: DeprecationWarning: The behavior of AcceptValidHeader.best_match is currently being maintained for backward compatibility, but it will be deprecated in the future, as it does not conform to the RFC.
Oct 22 18:51:49.216211 dv-cinder-815146-1-smb devstack@c-api.service[119059]: warnings.warn(
Oct 22 18:51:49.216672 dv-cinder-815146-1-smb devstack@c-api.service[119059]: DEBUG cinder.api.openstack.wsgi [req-cca4b5ac-e0d2-4285-8cf8-fa30c19fcd20 req-57621ba7-2faf-45bd-bb05-82e7ce73fd9e admin admin] Action: 'create', calling method: create, body: {"extra_specs": {"volume_backend_name": "lvmdriver-1"}} {{(pid=119059) _process_stack /opt/stack/cinder/cinder/api/openstack/wsgi.py:854}}
Oct 22 18:51:49.218639 dv-cinder-815146-1-smb devstack@c-api.service[119059]: /usr/local/lib/python3.8/dist-packages/oslo_context/context.py:105: DeprecationWarning: Policy enforcement is depending on the value of is_admin. This key is deprecated. Please update your policy file to use the standard policy values.
Oct 22 18:51:49.218639 dv-cinder-815146-1-smb devstack@c-api.service[119059]: warnings.warn('Policy enforcement is depending on the value of '
Oct 22 18:51:49.226810 dv-cinder-815146-1-smb devstack@c-api.service[119059]: DEBUG oslo_db.sqlalchemy.engines [req-cca4b5ac-e0d2-4285-8cf8-fa30c19fcd20 req-57621ba7-2faf-45bd-bb05-82e7ce73fd9e admin admin] MySQL server mode set to STRICT_TRANS_TABLES,STRICT_ALL_TABLES,NO_ZERO_IN_DATE,NO_ZERO_DATE,ERROR_FOR_DIVISION_BY_ZERO,TRADITIONAL,NO_ENGINE_SUBSTITUTION {{(pid=119059) _check_effective_sql_mode /usr/local/lib/python3.8/dist-packages/oslo_db/sqlalchemy/engines.py:314}}
Oct 22 18:51:49.394660 dv-cinder-815146-1-smb devstack@c-api.service[119059]: INFO cinder.api.openstack.wsgi [req-cca4b5ac-e0d2-4285-8cf8-fa30c19fcd20 req-57621ba7-2faf-45bd-bb05-82e7ce73fd9e admin admin] http://10.222.0.32/volume/v3/05b34cd25af940c683b6d85476a7617c/types/36cf8799-492b-4562-8326-a30eaea6b23e/extra_specs returned with HTTP 200
Oct 22 18:51:49.395457 dv-cinder-815146-1-smb devstack@c-api.service[119059]: [pid: 119059|app: 0|req: 1/3] 10.222.0.32 () {62 vars in 1454 bytes} [Fri Oct 22 18:51:48 2021] POST /volume/v3/05b34cd25af940c683b6d85476a7617c/types/36cf8799-492b-4562-8326-a30eaea6b23e/extra_specs => generated 55 bytes in 668 msecs (HTTP/1.1 200) 7 headers in 284 bytes (1 switches on core 0)
Oct 22 18:52:46.055718 dv-cinder-815146-1-smb devstack@c-api.service[119058]: INFO cinder.api.openstack.wsgi [None req-cca4b5ac-e0d2-4285-8cf8-fa30c19fcd20 admin admin] GET http://10.222.0.32/volume//
Oct 22 18:52:46.065618 dv-cinder-815146-1-smb devstack@c-api.service[119058]: DEBUG cinder.api.openstack.wsgi [None req-cca4b5ac-e0d2-4285-8cf8-fa30c19fcd20 admin admin] Empty body provided in request {{(pid=119058) get_body /opt/stack/cinder/cinder/api/openstack/wsgi.py:703}}
Oct 22 18:52:46.065618 dv-cinder-815146-1-smb devstack@c-api.service[119058]: DEBUG cinder.api.openstack.wsgi [None req-cca4b5ac-e0d2-4285-8cf8-fa30c19fcd20 admin admin] Calling method 'all' {{(pid=119058) _process_stack /opt/stack/cinder/cinder/api/openstack/wsgi.py:856}}
Oct 22 18:52:46.065618 dv-cinder-815146-1-smb devstack@c-api.service[119058]: INFO cinder.api.openstack.wsgi [None req-cca4b5ac-e0d2-4285-8cf8-fa30c19fcd20 admin admin] http://10.222.0.32/volume// returned with HTTP 300
Oct 22 18:52:46.065618 dv-cinder-815146-1-smb devstack@c-api.service[119058]: [pid: 119058|app: 0|req: 3/4] 10.222.0.32 () {56 vars in 1098 bytes} [Fri Oct 22 18:52:46 2021] GET /volume/ => generated 386 bytes in 4 msecs (HTTP/1.1 300) 5 headers in 169 bytes (1 switches on core 0)
Oct 22 18:55:42.260104 dv-cinder-815146-1-smb devstack@c-api.service[119059]: INFO cinder.api.openstack.wsgi [None req-1072b3c2-2bfb-4fd2-bdfd-7e61adfd2c75 tempest-verify_tempest_config-2108020779 tempest-verify_tempest_config-2108020779-project] GET http://10.222.0.32/volume/v3/5f64b740113149c8962b51579f57572f/extensions
Oct 22 18:55:42.260596 dv-cinder-815146-1-smb devstack@c-api.service[119059]: DEBUG cinder.api.openstack.wsgi [None req-1072b3c2-2bfb-4fd2-bdfd-7e61adfd2c75 tempest-verify_tempest_config-2108020779 tempest-verify_tempest_config-2108020779-project] Empty body provided in request {{(pid=119059) get_body /opt/stack/cinder/cinder/api/openstack/wsgi.py:703}}
Oct 22 18:55:42.260971 dv-cinder-815146-1-smb devstack@c-api.service[119059]: DEBUG cinder.api.openstack.wsgi [None req-1072b3c2-2bfb-4fd2-bdfd-7e61adfd2c75 tempest-verify_tempest_config-2108020779 tempest-verify_tempest_config-2108020779-project] Calling method 'index' {{(pid=119059) _process_stack /opt/stack/cinder/cinder/api/openstack/wsgi.py:856}}
Oct 22 18:55:42.261671 dv-cinder-815146-1-smb devstack@c-api.service[119059]: INFO cinder.api.openstack.wsgi [None req-1072b3c2-2bfb-4fd2-bdfd-7e61adfd2c75 tempest-verify_tempest_config-2108020779 tempest-verify_tempest_config-2108020779-project] http://10.222.0.32/volume/v3/5f64b740113149c8962b51579f57572f/extensions returned with HTTP 200
Oct 22 18:55:42.262369 dv-cinder-815146-1-smb devstack@c-api.service[119059]: [pid: 119059|app: 0|req: 2/5] 10.222.0.32 () {58 vars in 1222 bytes} [Fri Oct 22 18:55:42 2021] GET /volume/v3/5f64b740113149c8962b51579f57572f/extensions => generated 5245 bytes in 8 msecs (HTTP/1.1 200) 7 headers in 286 bytes (1 switches on core 0)
Oct 22 18:57:42.716115 dv-cinder-815146-1-smb devstack@c-api.service[119058]: INFO cinder.api.openstack.wsgi [None req-5ced387f-6bab-4ef9-a238-6988e0bf1226 admin admin] GET http://10.222.0.32/volume/v3/05b34cd25af940c683b6d85476a7617c/os-services
Oct 22 18:57:42.716945 dv-cinder-815146-1-smb devstack@c-api.service[119058]: DEBUG cinder.api.openstack.wsgi [None req-5ced387f-6bab-4ef9-a238-6988e0bf1226 admin admin] Empty body provided in request {{(pid=119058) get_body /opt/stack/cinder/cinder/api/openstack/wsgi.py:703}}
Oct 22 18:57:42.717269 dv-cinder-815146-1-smb devstack@c-api.service[119058]: DEBUG cinder.api.openstack.wsgi [None req-5ced387f-6bab-4ef9-a238-6988e0bf1226 admin admin] Calling method 'index' {{(pid=119058) _process_stack /opt/stack/cinder/cinder/api/openstack/wsgi.py:856}}
Oct 22 18:57:42.725927 dv-cinder-815146-1-smb devstack@c-api.service[119058]: INFO cinder.api.openstack.wsgi [None req-5ced387f-6bab-4ef9-a238-6988e0bf1226 admin admin] http://10.222.0.32/volume/v3/05b34cd25af940c683b6d85476a7617c/os-services returned with HTTP 200
Oct 22 18:57:42.726627 dv-cinder-815146-1-smb devstack@c-api.service[119058]: [pid: 119058|app: 0|req: 4/6] 10.222.0.32 () {56 vars in 1201 bytes} [Fri Oct 22 18:57:42 2021] GET /volume/v3/05b34cd25af940c683b6d85476a7617c/os-services => generated 640 bytes in 104 msecs (HTTP/1.1 200) 7 headers in 285 bytes (1 switches on core 0)
Oct 22 18:57:45.100562 dv-cinder-815146-1-smb devstack@c-api.service[119059]: INFO cinder.api.openstack.wsgi [None req-1d96b6c1-f2f3-4f46-8ecc-77c79bb8b4e0 admin admin] GET http://10.222.0.32/volume/v3/05b34cd25af940c683b6d85476a7617c/os-services
Oct 22 18:57:45.101090 dv-cinder-815146-1-smb devstack@c-api.service[119059]: DEBUG cinder.api.openstack.wsgi [None req-1d96b6c1-f2f3-4f46-8ecc-77c79bb8b4e0 admin admin] Empty body provided in request {{(pid=119059) get_body /opt/stack/cinder/cinder/api/openstack/wsgi.py:703}}
Oct 22 18:57:45.101435 dv-cinder-815146-1-smb devstack@c-api.service[119059]: DEBUG cinder.api.openstack.wsgi [None req-1d96b6c1-f2f3-4f46-8ecc-77c79bb8b4e0 admin admin] Calling method 'index' {{(pid=119059) _process_stack /opt/stack/cinder/cinder/api/openstack/wsgi.py:856}}
Oct 22 18:57:45.111007 dv-cinder-815146-1-smb devstack@c-api.service[119059]: INFO cinder.api.openstack.wsgi [None req-1d96b6c1-f2f3-4f46-8ecc-77c79bb8b4e0 admin admin] http://10.222.0.32/volume/v3/05b34cd25af940c683b6d85476a7617c/os-services returned with HTTP 200
Oct 22 18:57:45.111709 dv-cinder-815146-1-smb devstack@c-api.service[119059]: [pid: 119059|app: 0|req: 3/7] 10.222.0.32 () {56 vars in 1201 bytes} [Fri Oct 22 18:57:45 2021] GET /volume/v3/05b34cd25af940c683b6d85476a7617c/os-services => generated 640 bytes in 101 msecs (HTTP/1.1 200) 7 headers in 285 bytes (1 switches on core 0)
Oct 22 18:59:13.692000 dv-cinder-815146-1-smb devstack@c-api.service[119058]: INFO cinder.api.openstack.wsgi [None req-420927b7-c364-40ec-989f-0b8115aaee59 tempest-VolumesTestJSON-775655937 tempest-VolumesTestJSON-775655937-project] POST http://10.222.0.32/volume/v3/5086846f3df24023b69b1a1b090f08ec/volumes
Oct 22 18:59:13.693099 dv-cinder-815146-1-smb devstack@c-api.service[119058]: DEBUG cinder.api.openstack.wsgi [None req-420927b7-c364-40ec-989f-0b8115aaee59 tempest-VolumesTestJSON-775655937 tempest-VolumesTestJSON-775655937-project] Action: 'create', calling method: create, body: {"volume": {"metadata": {"Type": "work"}, "size": 1, "display_name": "tempest-VolumesTestJSON-volume-676974970"}} {{(pid=119058) _process_stack /opt/stack/cinder/cinder/api/openstack/wsgi.py:854}}
Oct 22 18:59:13.699158 dv-cinder-815146-1-smb devstack@c-api.service[119058]: DEBUG cinder.api.v3.volumes [None req-420927b7-c364-40ec-989f-0b8115aaee59 tempest-VolumesTestJSON-775655937 tempest-VolumesTestJSON-775655937-project] Create volume request body: {'volume': {'metadata': {'Type': 'work'}, 'size': 1, 'display_name': 'tempest-VolumesTestJSON-volume-676974970'}} {{(pid=119058) create /opt/stack/cinder/cinder/api/v3/volumes.py:298}}
Oct 22 18:59:13.699757 dv-cinder-815146-1-smb devstack@c-api.service[119058]: INFO cinder.api.v3.volumes [None req-420927b7-c364-40ec-989f-0b8115aaee59 tempest-VolumesTestJSON-775655937 tempest-VolumesTestJSON-775655937-project] Create volume of 1 GB
Oct 22 18:59:13.721155 dv-cinder-815146-1-smb devstack@c-api.service[119058]: DEBUG cinder.volume.api [None req-420927b7-c364-40ec-989f-0b8115aaee59 tempest-VolumesTestJSON-775655937 tempest-VolumesTestJSON-775655937-project] Availability zone cache updated, next update will occur around 2021-10-22 19:59:13.720224. {{(pid=119058) list_availability_zones /opt/stack/cinder/cinder/volume/api.py:148}}
Oct 22 18:59:13.721634 dv-cinder-815146-1-smb devstack@c-api.service[119058]: INFO cinder.volume.api [None req-420927b7-c364-40ec-989f-0b8115aaee59 tempest-VolumesTestJSON-775655937 tempest-VolumesTestJSON-775655937-project] Availability Zones retrieved successfully.
Oct 22 18:59:13.784558 dv-cinder-815146-1-smb devstack@c-api.service[119058]: DEBUG cinder.volume.api [None req-420927b7-c364-40ec-989f-0b8115aaee59 tempest-VolumesTestJSON-775655937 tempest-VolumesTestJSON-775655937-project] Flow 'volume_create_api' (7c797cbf-e1a3-4ab5-b8dc-b04b337233b0) transitioned into state 'RUNNING' from state 'PENDING' {{(pid=119058) _flow_receiver /usr/local/lib/python3.8/dist-packages/taskflow/listeners/logging.py:141}}
Oct 22 18:59:13.789115 dv-cinder-815146-1-smb devstack@c-api.service[119058]: DEBUG cinder.volume.api [None req-420927b7-c364-40ec-989f-0b8115aaee59 tempest-VolumesTestJSON-775655937 tempest-VolumesTestJSON-775655937-project] Task 'cinder.volume.flows.api.create_volume.ExtractVolumeRequestTask;volume:create' (ffb8a9e7-a196-40dd-8433-224a236323dd) transitioned into state 'RUNNING' from state 'PENDING' {{(pid=119058) _task_receiver /usr/local/lib/python3.8/dist-packages/taskflow/listeners/logging.py:190}}
Oct 22 18:59:13.792740 dv-cinder-815146-1-smb devstack@c-api.service[119058]: DEBUG cinder.volume.flows.api.create_volume [None req-420927b7-c364-40ec-989f-0b8115aaee59 tempest-VolumesTestJSON-775655937 tempest-VolumesTestJSON-775655937-project] Validating volume size '1' using validate_int {{(pid=119058) _extract_size /opt/stack/cinder/cinder/volume/flows/api/create_volume.py:225}}
Oct 22 18:59:13.852303 dv-cinder-815146-1-smb devstack@c-api.service[119059]: INFO cinder.api.openstack.wsgi [None req-9b7d85db-4b84-47f7-9281-7afbd301a317 tempest-GroupsV314Test-859217048 tempest-GroupsV314Test-859217048-project-admin] POST http://10.222.0.32/volume/v3/24cd293f297b4565a517e152b32615ee/types
Oct 22 18:59:13.853244 dv-cinder-815146-1-smb devstack@c-api.service[119059]: DEBUG cinder.api.openstack.wsgi [None req-9b7d85db-4b84-47f7-9281-7afbd301a317 tempest-GroupsV314Test-859217048 tempest-GroupsV314Test-859217048-project-admin] Action: 'create', calling method: _create, body: {"volume_type": {"name": "tempest-GroupsV314Test-volume-type-1253678145"}} {{(pid=119059) _process_stack /opt/stack/cinder/cinder/api/openstack/wsgi.py:854}}
Oct 22 18:59:13.901281 dv-cinder-815146-1-smb devstack@c-api.service[119058]: DEBUG cinder.volume.api [None req-420927b7-c364-40ec-989f-0b8115aaee59 tempest-VolumesTestJSON-775655937 tempest-VolumesTestJSON-775655937-project] Task 'cinder.volume.flows.api.create_volume.ExtractVolumeRequestTask;volume:create' (ffb8a9e7-a196-40dd-8433-224a236323dd) transitioned into state 'SUCCESS' from state 'RUNNING' with result '{'size': 1, 'snapshot_id': None, 'source_volid': None, 'volume_type': VolumeType(created_at=2021-10-22T18:44:46Z,deleted=False,deleted_at=None,description='Default Volume Type',extra_specs={},id=22f910b9-e065-4f98-b3ce-15c9d583bbfc,is_public=True,name='__DEFAULT__',projects=[],qos_specs=,qos_specs_id=None,updated_at=2021-10-22T18:44:46Z), 'volume_type_id': '22f910b9-e065-4f98-b3ce-15c9d583bbfc', 'encryption_key_id': None, 'qos_specs': None, 'consistencygroup_id': None, 'cgsnapshot_id': None, 'group_id': None, 'replication_status': 'disabled', 'refresh_az': False, 'backup_id': None, 'multiattach': False, 'availability_zones': ['nova']}' {{(pid=119058) _task_receiver /usr/local/lib/python3.8/dist-packages/taskflow/listeners/logging.py:178}}
Oct 22 18:59:13.903474 dv-cinder-815146-1-smb devstack@c-api.service[119058]: DEBUG cinder.volume.api [None req-420927b7-c364-40ec-989f-0b8115aaee59 tempest-VolumesTestJSON-775655937 tempest-VolumesTestJSON-775655937-project] Task 'cinder.volume.flows.api.create_volume.QuotaReserveTask;volume:create' (73523f10-8a79-4d6c-8359-978c9b18f854) transitioned into state 'RUNNING' from state 'PENDING' {{(pid=119058) _task_receiver /usr/local/lib/python3.8/dist-packages/taskflow/listeners/logging.py:190}}
Oct 22 18:59:13.969107 dv-cinder-815146-1-smb devstack@c-api.service[119058]: WARNING cinder.quota [None req-420927b7-c364-40ec-989f-0b8115aaee59 tempest-VolumesTestJSON-775655937 tempest-VolumesTestJSON-775655937-project] Deprecated: Default quota for resource: volumes___DEFAULT__ is set by the default quota flag: quota_volumes___DEFAULT__, it is now deprecated. Please use the default quota class for default quota.
Oct 22 18:59:13.974171 dv-cinder-815146-1-smb devstack@c-api.service[119058]: WARNING cinder.quota [None req-420927b7-c364-40ec-989f-0b8115aaee59 tempest-VolumesTestJSON-775655937 tempest-VolumesTestJSON-775655937-project] Deprecated: Default quota for resource: gigabytes___DEFAULT__ is set by the default quota flag: quota_gigabytes___DEFAULT__, it is now deprecated. Please use the default quota class for default quota.
Oct 22 18:59:13.988328 dv-cinder-815146-1-smb devstack@c-api.service[119059]: INFO cinder.api.openstack.wsgi [None req-9b7d85db-4b84-47f7-9281-7afbd301a317 tempest-GroupsV314Test-859217048 tempest-GroupsV314Test-859217048-project-admin] http://10.222.0.32/volume/v3/24cd293f297b4565a517e152b32615ee/types returned with HTTP 200
Oct 22 18:59:13.992238 dv-cinder-815146-1-smb devstack@c-api.service[119059]: [pid: 119059|app: 0|req: 4/8] 10.222.0.32 () {60 vars in 1228 bytes} [Fri Oct 22 18:59:13 2021] POST /volume/v3/24cd293f297b4565a517e152b32615ee/types => generated 220 bytes in 320 msecs (HTTP/1.1 200) 7 headers in 285 bytes (2 switches on core 0)
Oct 22 18:59:14.003585 dv-cinder-815146-1-smb devstack@c-api.service[119059]: INFO cinder.api.openstack.wsgi [None req-80c92a9b-73fa-4be6-bc7c-e8c8b94d2bb5 tempest-GroupsV314Test-859217048 tempest-GroupsV314Test-859217048-project-admin] POST http://10.222.0.32/volume/v3/24cd293f297b4565a517e152b32615ee/group_types
Oct 22 18:59:14.004303 dv-cinder-815146-1-smb devstack@c-api.service[119059]: DEBUG cinder.api.openstack.wsgi [None req-80c92a9b-73fa-4be6-bc7c-e8c8b94d2bb5 tempest-GroupsV314Test-859217048 tempest-GroupsV314Test-859217048-project-admin] Action: 'create', calling method: version_select, body: {"group_type": {"name": "tempest-GroupsV314Test-group-type-946754015"}} {{(pid=119059) _process_stack /opt/stack/cinder/cinder/api/openstack/wsgi.py:854}}
Oct 22 18:59:14.174607 dv-cinder-815146-1-smb devstack@c-api.service[119059]: INFO cinder.api.openstack.wsgi [None req-80c92a9b-73fa-4be6-bc7c-e8c8b94d2bb5 tempest-GroupsV314Test-859217048 tempest-GroupsV314Test-859217048-project-admin] http://10.222.0.32/volume/v3/24cd293f297b4565a517e152b32615ee/group_types returned with HTTP 202
Oct 22 18:59:14.197330 dv-cinder-815146-1-smb devstack@c-api.service[119059]: [pid: 119059|app: 0|req: 5/9] 10.222.0.32 () {62 vars in 1287 bytes} [Fri Oct 22 18:59:13 2021] POST /volume/v3/24cd293f297b4565a517e152b32615ee/group_types => generated 176 bytes in 201 msecs (HTTP/1.1 202) 7 headers in 292 bytes (1 switches on core 0)
Oct 22 18:59:14.328826 dv-cinder-815146-1-smb devstack@c-api.service[119058]: DEBUG cinder.quota [None req-420927b7-c364-40ec-989f-0b8115aaee59 tempest-VolumesTestJSON-775655937 tempest-VolumesTestJSON-775655937-project] Created reservations ['deeba131-ee86-4725-b5a9-8a3e17c50f13', '07070d1c-4923-4f31-9d6f-4239369a5cfa', '679ab626-9a74-4b2f-8344-0d097d90467f', 'e28319bd-bfc1-4e73-9aea-d694e08c2306'] {{(pid=119058) reserve /opt/stack/cinder/cinder/quota.py:755}}
Oct 22 18:59:14.338638 dv-cinder-815146-1-smb devstack@c-api.service[119058]: DEBUG cinder.volume.api [None req-420927b7-c364-40ec-989f-0b8115aaee59 tempest-VolumesTestJSON-775655937 tempest-VolumesTestJSON-775655937-project] Task 'cinder.volume.flows.api.create_volume.QuotaReserveTask;volume:create' (73523f10-8a79-4d6c-8359-978c9b18f854) transitioned into state 'SUCCESS' from state 'RUNNING' with result '{'reservations': ['deeba131-ee86-4725-b5a9-8a3e17c50f13', '07070d1c-4923-4f31-9d6f-4239369a5cfa', '679ab626-9a74-4b2f-8344-0d097d90467f', 'e28319bd-bfc1-4e73-9aea-d694e08c2306']}' {{(pid=119058) _task_receiver /usr/local/lib/python3.8/dist-packages/taskflow/listeners/logging.py:178}}
Oct 22 18:59:14.338638 dv-cinder-815146-1-smb devstack@c-api.service[119058]: DEBUG cinder.volume.api [None req-420927b7-c364-40ec-989f-0b8115aaee59 tempest-VolumesTestJSON-775655937 tempest-VolumesTestJSON-775655937-project] Task 'cinder.volume.flows.api.create_volume.EntryCreateTask;volume:create' (d2a4acad-fa49-4269-8cbb-7f99b1b218bf) transitioned into state 'RUNNING' from state 'PENDING' {{(pid=119058) _task_receiver /usr/local/lib/python3.8/dist-packages/taskflow/listeners/logging.py:190}}
Oct 22 18:59:14.350571 dv-cinder-815146-1-smb devstack@c-api.service[119059]: INFO cinder.api.openstack.wsgi [None req-d0ad400f-d985-4de9-be29-3f269f5c98ba tempest-GroupsV314Test-285516275 tempest-GroupsV314Test-285516275-project] POST http://10.222.0.32/volume/v3/9bc6154a7c784cfcb463e2054198bb37/groups
Oct 22 18:59:14.351561 dv-cinder-815146-1-smb devstack@c-api.service[119059]: DEBUG cinder.api.openstack.wsgi [None req-d0ad400f-d985-4de9-be29-3f269f5c98ba tempest-GroupsV314Test-285516275 tempest-GroupsV314Test-285516275-project] Action: 'create', calling method: version_select, body: {"group": {"group_type": "5d2134b9-0935-46b4-a01a-b653e830c7db", "volume_types": ["04b103ab-58e8-438c-9358-aaacbd02373b"], "name": "tempest-GroupsV314Test-Group-470350753"}} {{(pid=119059) _process_stack /opt/stack/cinder/cinder/api/openstack/wsgi.py:854}}
Oct 22 18:59:14.352459 dv-cinder-815146-1-smb devstack@c-api.service[119059]: DEBUG cinder.api.v3.groups [None req-d0ad400f-d985-4de9-be29-3f269f5c98ba tempest-GroupsV314Test-285516275 tempest-GroupsV314Test-285516275-project] Creating new group {'group': {'group_type': '5d2134b9-0935-46b4-a01a-b653e830c7db', 'volume_types': ['04b103ab-58e8-438c-9358-aaacbd02373b'], 'name': 'tempest-GroupsV314Test-Group-470350753'}} {{(pid=119059) create /opt/stack/cinder/cinder/api/v3/groups.py:190}}
Oct 22 18:59:14.357694 dv-cinder-815146-1-smb devstack@c-api.service[119059]: INFO cinder.api.v3.groups [None req-d0ad400f-d985-4de9-be29-3f269f5c98ba tempest-GroupsV314Test-285516275 tempest-GroupsV314Test-285516275-project] Creating group tempest-GroupsV314Test-Group-470350753.
Oct 22 18:59:14.386015 dv-cinder-815146-1-smb devstack@c-api.service[119059]: DEBUG cinder.volume.api [None req-d0ad400f-d985-4de9-be29-3f269f5c98ba tempest-GroupsV314Test-285516275 tempest-GroupsV314Test-285516275-project] Availability zone cache updated, next update will occur around 2021-10-22 19:59:14.385215. {{(pid=119059) list_availability_zones /opt/stack/cinder/cinder/volume/api.py:148}}
Oct 22 18:59:14.386375 dv-cinder-815146-1-smb devstack@c-api.service[119059]: INFO cinder.volume.api [None req-d0ad400f-d985-4de9-be29-3f269f5c98ba tempest-GroupsV314Test-285516275 tempest-GroupsV314Test-285516275-project] Availability Zones retrieved successfully.
Oct 22 18:59:14.609058 dv-cinder-815146-1-smb devstack@c-api.service[119059]: DEBUG cinder.quota [None req-d0ad400f-d985-4de9-be29-3f269f5c98ba tempest-GroupsV314Test-285516275 tempest-GroupsV314Test-285516275-project] Created reservations ['7a773cc0-5f96-4e1b-a3d1-c83b569bcc93'] {{(pid=119059) reserve /opt/stack/cinder/cinder/quota.py:755}}
Oct 22 18:59:14.626281 dv-cinder-815146-1-smb devstack@c-api.service[119058]: DEBUG cinder.volume.api [None req-420927b7-c364-40ec-989f-0b8115aaee59 tempest-VolumesTestJSON-775655937 tempest-VolumesTestJSON-775655937-project] Task 'cinder.volume.flows.api.create_volume.EntryCreateTask;volume:create' (d2a4acad-fa49-4269-8cbb-7f99b1b218bf) transitioned into state 'SUCCESS' from state 'RUNNING' with result '{'volume_id': '8f5e2f26-4a5b-4009-8a12-a1bb4e6b0a7e', 'volume_properties': VolumeProperties(attach_status='detached',availability_zone='nova',cgsnapshot_id=None,consistencygroup_id=None,display_description=None,display_name='tempest-VolumesTestJSON-volume-676974970',encryption_key_id=None,group_id=None,group_type_id=,metadata={Type='work'},multiattach=False,project_id='5086846f3df24023b69b1a1b090f08ec',qos_specs=None,replication_status=,reservations=['deeba131-ee86-4725-b5a9-8a3e17c50f13','07070d1c-4923-4f31-9d6f-4239369a5cfa','679ab626-9a74-4b2f-8344-0d097d90467f','e28319bd-bfc1-4e73-9aea-d694e08c2306'],size=1,snapshot_id=None,source_replicaid=,source_volid=None,status='creating',user_id='4a6c73cc8ed148ba9eb92b3ed6ac4b80',volume_type_id=22f910b9-e065-4f98-b3ce-15c9d583bbfc), 'volume': Volume(_name_id=None,admin_metadata=,attach_status='detached',availability_zone='nova',bootable=False,cluster=,cluster_name=None,consistencygroup=,consistencygroup_id=None,created_at=2021-10-22T18:59:14Z,deleted=False,deleted_at=None,display_description=None,display_name='tempest-VolumesTestJSON-volume-676974970',ec2_id=None,encryption_key_id=None,glance_metadata=,group=,group_id=None,host=None,id=8f5e2f26-4a5b-4009-8a12-a1bb4e6b0a7e,launched_at=None,metadata={Type='work'},migration_status=None,multiattach=False,previous_status=None,project_id='5086846f3df24023b69b1a1b090f08ec',provider_auth=None,provider_geometry=None,provider_id=None,provider_location=None,replication_driver_data=None,replication_extended_status=None,replication_status=None,scheduled_at=None,service_uuid=None,shared_targets=True,size=1,snapshot_id=None,snapshots=,source_volid=None,status='creating',terminated_at=None,updated_at=None,use_quota=True,user_id='4a6c73cc8ed148ba9eb92b3ed6ac4b80',volume_attachment=VolumeAttachmentList,volume_type=VolumeType(22f910b9-e065-4f98-b3ce-15c9d583bbfc),volume_type_id=22f910b9-e065-4f98-b3ce-15c9d583bbfc)}' {{(pid=119058) _task_receiver /usr/local/lib/python3.8/dist-packages/taskflow/listeners/logging.py:178}}
Oct 22 18:59:14.628122 dv-cinder-815146-1-smb devstack@c-api.service[119058]: DEBUG cinder.volume.api [None req-420927b7-c364-40ec-989f-0b8115aaee59 tempest-VolumesTestJSON-775655937 tempest-VolumesTestJSON-775655937-project] Task 'cinder.volume.flows.api.create_volume.QuotaCommitTask;volume:create' (61cbf95d-3ba2-4254-9dcf-f95a4c5521f0) transitioned into state 'RUNNING' from state 'PENDING' {{(pid=119058) _task_receiver /usr/local/lib/python3.8/dist-packages/taskflow/listeners/logging.py:190}}
Oct 22 18:59:14.748469 dv-cinder-815146-1-smb devstack@c-api.service[119058]: DEBUG cinder.volume.api [None req-420927b7-c364-40ec-989f-0b8115aaee59 tempest-VolumesTestJSON-775655937 tempest-VolumesTestJSON-775655937-project] Task 'cinder.volume.flows.api.create_volume.QuotaCommitTask;volume:create' (61cbf95d-3ba2-4254-9dcf-f95a4c5521f0) transitioned into state 'SUCCESS' from state 'RUNNING' with result '{'volume_properties': VolumeProperties(attach_status='detached',availability_zone='nova',cgsnapshot_id=None,consistencygroup_id=None,display_description=None,display_name='tempest-VolumesTestJSON-volume-676974970',encryption_key_id=None,group_id=None,group_type_id=,metadata={Type='work'},multiattach=False,project_id='5086846f3df24023b69b1a1b090f08ec',qos_specs=None,replication_status=,reservations=['deeba131-ee86-4725-b5a9-8a3e17c50f13','07070d1c-4923-4f31-9d6f-4239369a5cfa','679ab626-9a74-4b2f-8344-0d097d90467f','e28319bd-bfc1-4e73-9aea-d694e08c2306'],size=1,snapshot_id=None,source_replicaid=,source_volid=None,status='creating',user_id='4a6c73cc8ed148ba9eb92b3ed6ac4b80',volume_type_id=22f910b9-e065-4f98-b3ce-15c9d583bbfc)}' {{(pid=119058) _task_receiver /usr/local/lib/python3.8/dist-packages/taskflow/listeners/logging.py:178}}
Oct 22 18:59:14.750371 dv-cinder-815146-1-smb devstack@c-api.service[119058]: DEBUG cinder.volume.api [None req-420927b7-c364-40ec-989f-0b8115aaee59 tempest-VolumesTestJSON-775655937 tempest-VolumesTestJSON-775655937-project] Task 'cinder.volume.flows.api.create_volume.VolumeCastTask;volume:create' (adc825e6-cec2-475d-90b1-bbd210103dd7) transitioned into state 'RUNNING' from state 'PENDING' {{(pid=119058) _task_receiver /usr/local/lib/python3.8/dist-packages/taskflow/listeners/logging.py:190}}
Oct 22 18:59:14.888890 dv-cinder-815146-1-smb devstack@c-api.service[119058]: DEBUG cinder.volume.api [None req-420927b7-c364-40ec-989f-0b8115aaee59 tempest-VolumesTestJSON-775655937 tempest-VolumesTestJSON-775655937-project] Task 'cinder.volume.flows.api.create_volume.VolumeCastTask;volume:create' (adc825e6-cec2-475d-90b1-bbd210103dd7) transitioned into state 'SUCCESS' from state 'RUNNING' with result 'None' {{(pid=119058) _task_receiver /usr/local/lib/python3.8/dist-packages/taskflow/listeners/logging.py:178}}
Oct 22 18:59:14.891273 dv-cinder-815146-1-smb devstack@c-api.service[119058]: DEBUG cinder.volume.api [None req-420927b7-c364-40ec-989f-0b8115aaee59 tempest-VolumesTestJSON-775655937 tempest-VolumesTestJSON-775655937-project] Flow 'volume_create_api' (7c797cbf-e1a3-4ab5-b8dc-b04b337233b0) transitioned into state 'SUCCESS' from state 'RUNNING' {{(pid=119058) _flow_receiver /usr/local/lib/python3.8/dist-packages/taskflow/listeners/logging.py:141}}
Oct 22 18:59:14.891971 dv-cinder-815146-1-smb devstack@c-api.service[119058]: INFO cinder.volume.api [None req-420927b7-c364-40ec-989f-0b8115aaee59 tempest-VolumesTestJSON-775655937 tempest-VolumesTestJSON-775655937-project] Create volume request issued successfully.
Oct 22 18:59:14.893770 dv-cinder-815146-1-smb devstack@c-api.service[119058]: INFO cinder.api.openstack.wsgi [None req-420927b7-c364-40ec-989f-0b8115aaee59 tempest-VolumesTestJSON-775655937 tempest-VolumesTestJSON-775655937-project] http://10.222.0.32/volume/v3/5086846f3df24023b69b1a1b090f08ec/volumes returned with HTTP 202
Oct 22 18:59:14.894542 dv-cinder-815146-1-smb devstack@c-api.service[119058]: [pid: 119058|app: 0|req: 5/10] 10.222.0.32 () {60 vars in 1235 bytes} [Fri Oct 22 18:59:13 2021] POST /volume/v3/5086846f3df24023b69b1a1b090f08ec/volumes => generated 828 bytes in 1463 msecs (HTTP/1.1 202) 7 headers in 291 bytes (1 switches on core 0)
Oct 22 18:59:14.972081 dv-cinder-815146-1-smb devstack@c-api.service[119058]: WARNING keystonemiddleware.auth_token [None req-420927b7-c364-40ec-989f-0b8115aaee59 tempest-VolumesTestJSON-775655937 tempest-VolumesTestJSON-775655937-project] A valid token was submitted as a service token, but it was not a valid service token. This is incorrect but backwards compatible behaviour. This will be removed in future releases.
Oct 22 18:59:14.975997 dv-cinder-815146-1-smb devstack@c-api.service[119058]: INFO cinder.api.openstack.wsgi [req-314e3128-e4c1-4260-a1ca-9d6ca2474025 req-18afdc83-861e-4484-a9a3-ef469139f551 tempest-VolumesSnapshotsTestJSON-2047863830 tempest-VolumesSnapshotsTestJSON-2047863830-project] POST http://10.222.0.32/volume/v3/9d2c860b988148cc8f597f47c4c3d932/volumes
Oct 22 18:59:14.976560 dv-cinder-815146-1-smb devstack@c-api.service[119058]: /usr/local/lib/python3.8/dist-packages/webob/acceptparse.py:1047: DeprecationWarning: The behavior of AcceptValidHeader.best_match is currently being maintained for backward compatibility, but it will be deprecated in the future, as it does not conform to the RFC.
Oct 22 18:59:14.976560 dv-cinder-815146-1-smb devstack@c-api.service[119058]: warnings.warn(
Oct 22 18:59:14.977219 dv-cinder-815146-1-smb devstack@c-api.service[119058]: DEBUG cinder.api.openstack.wsgi [req-314e3128-e4c1-4260-a1ca-9d6ca2474025 req-18afdc83-861e-4484-a9a3-ef469139f551 tempest-VolumesSnapshotsTestJSON-2047863830 tempest-VolumesSnapshotsTestJSON-2047863830-project] Action: 'create', calling method: create, body: {"volume": {"size": 1, "consistencygroup_id": null, "snapshot_id": null, "name": "tempest-VolumesSnapshotsTestJSON-volume-1539091332", "description": null, "volume_type": null, "availability_zone": null, "metadata": {}, "imageRef": null, "source_volid": null, "backup_id": null}} {{(pid=119058) _process_stack /opt/stack/cinder/cinder/api/openstack/wsgi.py:854}}
Oct 22 18:59:14.982335 dv-cinder-815146-1-smb devstack@c-api.service[119058]: DEBUG cinder.api.v3.volumes [req-314e3128-e4c1-4260-a1ca-9d6ca2474025 req-18afdc83-861e-4484-a9a3-ef469139f551 tempest-VolumesSnapshotsTestJSON-2047863830 tempest-VolumesSnapshotsTestJSON-2047863830-project] Create volume request body: {'volume': {'size': 1, 'consistencygroup_id': None, 'snapshot_id': None, 'name': 'tempest-VolumesSnapshotsTestJSON-volume-1539091332', 'description': None, 'volume_type': None, 'availability_zone': None, 'metadata': {}, 'imageRef': None, 'source_volid': None, 'backup_id': None}} {{(pid=119058) create /opt/stack/cinder/cinder/api/v3/volumes.py:298}}
Oct 22 18:59:14.982335 dv-cinder-815146-1-smb devstack@c-api.service[119058]: INFO cinder.api.v3.volumes [req-314e3128-e4c1-4260-a1ca-9d6ca2474025 req-18afdc83-861e-4484-a9a3-ef469139f551 tempest-VolumesSnapshotsTestJSON-2047863830 tempest-VolumesSnapshotsTestJSON-2047863830-project] Create volume of 1 GB
Oct 22 18:59:14.982335 dv-cinder-815146-1-smb devstack@c-api.service[119058]: /usr/local/lib/python3.8/dist-packages/oslo_context/context.py:105: DeprecationWarning: Policy enforcement is depending on the value of is_admin. This key is deprecated. Please update your policy file to use the standard policy values.
Oct 22 18:59:14.982335 dv-cinder-815146-1-smb devstack@c-api.service[119058]: warnings.warn('Policy enforcement is depending on the value of '
Oct 22 18:59:14.985851 dv-cinder-815146-1-smb devstack@c-api.service[119059]: INFO cinder.api.openstack.wsgi [None req-d0ad400f-d985-4de9-be29-3f269f5c98ba tempest-GroupsV314Test-285516275 tempest-GroupsV314Test-285516275-project] http://10.222.0.32/volume/v3/9bc6154a7c784cfcb463e2054198bb37/groups returned with HTTP 202
Oct 22 18:59:14.993702 dv-cinder-815146-1-smb devstack@c-api.service[119059]: [pid: 119059|app: 0|req: 6/11] 10.222.0.32 () {62 vars in 1273 bytes} [Fri Oct 22 18:59:14 2021] POST /volume/v3/9bc6154a7c784cfcb463e2054198bb37/groups => generated 107 bytes in 780 msecs (HTTP/1.1 202) 7 headers in 292 bytes (2 switches on core 0)
Oct 22 18:59:14.998803 dv-cinder-815146-1-smb devstack@c-api.service[119058]: INFO cinder.volume.api [req-314e3128-e4c1-4260-a1ca-9d6ca2474025 req-18afdc83-861e-4484-a9a3-ef469139f551 tempest-VolumesSnapshotsTestJSON-2047863830 tempest-VolumesSnapshotsTestJSON-2047863830-project] Availability Zones retrieved successfully.
Oct 22 18:59:14.999303 dv-cinder-815146-1-smb devstack@c-api.service[119059]: INFO cinder.api.openstack.wsgi [None req-688c9827-eafb-4508-86bb-6dc3a9e26c15 tempest-VolumesTestJSON-775655937 tempest-VolumesTestJSON-775655937-project] GET http://10.222.0.32/volume/v3/5086846f3df24023b69b1a1b090f08ec/volumes/8f5e2f26-4a5b-4009-8a12-a1bb4e6b0a7e
Oct 22 18:59:14.999965 dv-cinder-815146-1-smb devstack@c-api.service[119059]: DEBUG cinder.api.openstack.wsgi [None req-688c9827-eafb-4508-86bb-6dc3a9e26c15 tempest-VolumesTestJSON-775655937 tempest-VolumesTestJSON-775655937-project] Empty body provided in request {{(pid=119059) get_body /opt/stack/cinder/cinder/api/openstack/wsgi.py:703}}
Oct 22 18:59:15.000428 dv-cinder-815146-1-smb devstack@c-api.service[119059]: /usr/local/lib/python3.8/dist-packages/webob/acceptparse.py:1047: DeprecationWarning: The behavior of AcceptValidHeader.best_match is currently being maintained for backward compatibility, but it will be deprecated in the future, as it does not conform to the RFC.
Oct 22 18:59:15.000428 dv-cinder-815146-1-smb devstack@c-api.service[119059]: warnings.warn(
Oct 22 18:59:15.001221 dv-cinder-815146-1-smb devstack@c-api.service[119059]: DEBUG cinder.api.openstack.wsgi [None req-688c9827-eafb-4508-86bb-6dc3a9e26c15 tempest-VolumesTestJSON-775655937 tempest-VolumesTestJSON-775655937-project] Calling method 'show' {{(pid=119059) _process_stack /opt/stack/cinder/cinder/api/openstack/wsgi.py:856}}
Oct 22 18:59:15.027792 dv-cinder-815146-1-smb devstack@c-api.service[119058]: DEBUG cinder.volume.api [req-314e3128-e4c1-4260-a1ca-9d6ca2474025 req-18afdc83-861e-4484-a9a3-ef469139f551 tempest-VolumesSnapshotsTestJSON-2047863830 tempest-VolumesSnapshotsTestJSON-2047863830-project] Flow 'volume_create_api' (ef3552b2-9f17-4765-832c-4b7e9db9f75d) transitioned into state 'RUNNING' from state 'PENDING' {{(pid=119058) _flow_receiver /usr/local/lib/python3.8/dist-packages/taskflow/listeners/logging.py:141}}
Oct 22 18:59:15.032491 dv-cinder-815146-1-smb devstack@c-api.service[119058]: DEBUG cinder.volume.api [req-314e3128-e4c1-4260-a1ca-9d6ca2474025 req-18afdc83-861e-4484-a9a3-ef469139f551 tempest-VolumesSnapshotsTestJSON-2047863830 tempest-VolumesSnapshotsTestJSON-2047863830-project] Task 'cinder.volume.flows.api.create_volume.ExtractVolumeRequestTask;volume:create' (ffc78fd1-7636-41b8-ab70-b27f9249074f) transitioned into state 'RUNNING' from state 'PENDING' {{(pid=119058) _task_receiver /usr/local/lib/python3.8/dist-packages/taskflow/listeners/logging.py:190}}
Oct 22 18:59:15.036086 dv-cinder-815146-1-smb devstack@c-api.service[119058]: DEBUG cinder.volume.flows.api.create_volume [req-314e3128-e4c1-4260-a1ca-9d6ca2474025 req-18afdc83-861e-4484-a9a3-ef469139f551 tempest-VolumesSnapshotsTestJSON-2047863830 tempest-VolumesSnapshotsTestJSON-2047863830-project] Validating volume size '1' using validate_int {{(pid=119058) _extract_size /opt/stack/cinder/cinder/volume/flows/api/create_volume.py:225}}
Oct 22 18:59:15.067495 dv-cinder-815146-1-smb devstack@c-api.service[119059]: /usr/local/lib/python3.8/dist-packages/oslo_context/context.py:105: DeprecationWarning: Policy enforcement is depending on the value of is_admin. This key is deprecated. Please update your policy file to use the standard policy values.
Oct 22 18:59:15.067495 dv-cinder-815146-1-smb devstack@c-api.service[119059]: warnings.warn('Policy enforcement is depending on the value of '
Oct 22 18:59:15.076263 dv-cinder-815146-1-smb devstack@c-api.service[119058]: DEBUG cinder.volume.api [req-314e3128-e4c1-4260-a1ca-9d6ca2474025 req-18afdc83-861e-4484-a9a3-ef469139f551 tempest-VolumesSnapshotsTestJSON-2047863830 tempest-VolumesSnapshotsTestJSON-2047863830-project] Task 'cinder.volume.flows.api.create_volume.ExtractVolumeRequestTask;volume:create' (ffc78fd1-7636-41b8-ab70-b27f9249074f) transitioned into state 'SUCCESS' from state 'RUNNING' with result '{'size': 1, 'snapshot_id': None, 'source_volid': None, 'volume_type': VolumeType(created_at=2021-10-22T18:44:46Z,deleted=False,deleted_at=None,description='Default Volume Type',extra_specs={},id=22f910b9-e065-4f98-b3ce-15c9d583bbfc,is_public=True,name='__DEFAULT__',projects=[],qos_specs=,qos_specs_id=None,updated_at=2021-10-22T18:44:46Z), 'volume_type_id': '22f910b9-e065-4f98-b3ce-15c9d583bbfc', 'encryption_key_id': None, 'qos_specs': None, 'consistencygroup_id': None, 'cgsnapshot_id': None, 'group_id': None, 'replication_status': 'disabled', 'refresh_az': False, 'backup_id': None, 'multiattach': False, 'availability_zones': ['nova']}' {{(pid=119058) _task_receiver /usr/local/lib/python3.8/dist-packages/taskflow/listeners/logging.py:178}}
Oct 22 18:59:15.078463 dv-cinder-815146-1-smb devstack@c-api.service[119058]: DEBUG cinder.volume.api [req-314e3128-e4c1-4260-a1ca-9d6ca2474025 req-18afdc83-861e-4484-a9a3-ef469139f551 tempest-VolumesSnapshotsTestJSON-2047863830 tempest-VolumesSnapshotsTestJSON-2047863830-project] Task 'cinder.volume.flows.api.create_volume.QuotaReserveTask;volume:create' (01c61ef9-7736-4c6e-8a3b-801a072ce4f8) transitioned into state 'RUNNING' from state 'PENDING' {{(pid=119058) _task_receiver /usr/local/lib/python3.8/dist-packages/taskflow/listeners/logging.py:190}}
Oct 22 18:59:15.082054 dv-cinder-815146-1-smb devstack@c-api.service[119059]: INFO cinder.volume.api [None req-688c9827-eafb-4508-86bb-6dc3a9e26c15 tempest-VolumesTestJSON-775655937 tempest-VolumesTestJSON-775655937-project] Volume info retrieved successfully.
Oct 22 18:59:15.102802 dv-cinder-815146-1-smb devstack@c-api.service[119059]: INFO cinder.api.openstack.wsgi [None req-688c9827-eafb-4508-86bb-6dc3a9e26c15 tempest-VolumesTestJSON-775655937 tempest-VolumesTestJSON-775655937-project] http://10.222.0.32/volume/v3/5086846f3df24023b69b1a1b090f08ec/volumes/8f5e2f26-4a5b-4009-8a12-a1bb4e6b0a7e returned with HTTP 200
Oct 22 18:59:15.102802 dv-cinder-815146-1-smb devstack@c-api.service[119059]: [pid: 119059|app: 0|req: 7/12] 10.222.0.32 () {58 vars in 1324 bytes} [Fri Oct 22 18:59:14 2021] GET /volume/v3/5086846f3df24023b69b1a1b090f08ec/volumes/8f5e2f26-4a5b-4009-8a12-a1bb4e6b0a7e => generated 896 bytes in 106 msecs (HTTP/1.1 200) 7 headers in 285 bytes (1 switches on core 0)
Oct 22 18:59:15.106218 dv-cinder-815146-1-smb devstack@c-api.service[119059]: INFO cinder.api.openstack.wsgi [None req-622d0261-a978-4c74-b9d6-924005633e7e tempest-GroupsV314Test-285516275 tempest-GroupsV314Test-285516275-project] GET http://10.222.0.32/volume/v3/9bc6154a7c784cfcb463e2054198bb37/groups/a3cac7f2-d160-4abd-bad1-e94d00f1fe5d
Oct 22 18:59:15.106707 dv-cinder-815146-1-smb devstack@c-api.service[119059]: DEBUG cinder.api.openstack.wsgi [None req-622d0261-a978-4c74-b9d6-924005633e7e tempest-GroupsV314Test-285516275 tempest-GroupsV314Test-285516275-project] Empty body provided in request {{(pid=119059) get_body /opt/stack/cinder/cinder/api/openstack/wsgi.py:703}}
Oct 22 18:59:15.106873 dv-cinder-815146-1-smb devstack@c-api.service[119059]: /usr/local/lib/python3.8/dist-packages/webob/acceptparse.py:1047: DeprecationWarning: The behavior of AcceptValidHeader.best_match is currently being maintained for backward compatibility, but it will be deprecated in the future, as it does not conform to the RFC.
Oct 22 18:59:15.106873 dv-cinder-815146-1-smb devstack@c-api.service[119059]: warnings.warn(
Oct 22 18:59:15.107650 dv-cinder-815146-1-smb devstack@c-api.service[119059]: DEBUG cinder.api.openstack.wsgi [None req-622d0261-a978-4c74-b9d6-924005633e7e tempest-GroupsV314Test-285516275 tempest-GroupsV314Test-285516275-project] Calling method 'version_select' {{(pid=119059) _process_stack /opt/stack/cinder/cinder/api/openstack/wsgi.py:856}}
Oct 22 18:59:15.108169 dv-cinder-815146-1-smb devstack@c-api.service[119059]: DEBUG cinder.api.v3.groups [None req-622d0261-a978-4c74-b9d6-924005633e7e tempest-GroupsV314Test-285516275 tempest-GroupsV314Test-285516275-project] show called for member a3cac7f2-d160-4abd-bad1-e94d00f1fe5d {{(pid=119059) show /opt/stack/cinder/cinder/api/v3/groups.py:58}}
Oct 22 18:59:15.116114 dv-cinder-815146-1-smb devstack@c-api.service[119059]: /usr/local/lib/python3.8/dist-packages/oslo_context/context.py:105: DeprecationWarning: Policy enforcement is depending on the value of is_admin. This key is deprecated. Please update your policy file to use the standard policy values.
Oct 22 18:59:15.116114 dv-cinder-815146-1-smb devstack@c-api.service[119059]: warnings.warn('Policy enforcement is depending on the value of '
Oct 22 18:59:15.148324 dv-cinder-815146-1-smb devstack@c-api.service[119059]: INFO cinder.api.openstack.wsgi [None req-622d0261-a978-4c74-b9d6-924005633e7e tempest-GroupsV314Test-285516275 tempest-GroupsV314Test-285516275-project] http://10.222.0.32/volume/v3/9bc6154a7c784cfcb463e2054198bb37/groups/a3cac7f2-d160-4abd-bad1-e94d00f1fe5d returned with HTTP 200
Oct 22 18:59:15.154629 dv-cinder-815146-1-smb devstack@c-api.service[119059]: [pid: 119059|app: 0|req: 8/13] 10.222.0.32 () {60 vars in 1362 bytes} [Fri Oct 22 18:59:15 2021] GET /volume/v3/9bc6154a7c784cfcb463e2054198bb37/groups/a3cac7f2-d160-4abd-bad1-e94d00f1fe5d => generated 387 bytes in 53 msecs (HTTP/1.1 200) 7 headers in 286 bytes (1 switches on core 0)
Oct 22 18:59:15.336596 dv-cinder-815146-1-smb devstack@c-api.service[119058]: DEBUG cinder.quota [req-314e3128-e4c1-4260-a1ca-9d6ca2474025 req-18afdc83-861e-4484-a9a3-ef469139f551 tempest-VolumesSnapshotsTestJSON-2047863830 tempest-VolumesSnapshotsTestJSON-2047863830-project] Created reservations ['e559bda1-1242-474a-9192-0eab27f93ea9', 'c3b2d9b5-4954-4859-bf33-779172c0d68e', '5ea23824-f63d-4a4d-961d-e3c37d444a5a', '91729902-6026-4f39-a9ac-4dacc00c8866'] {{(pid=119058) reserve /opt/stack/cinder/cinder/quota.py:755}}
Oct 22 18:59:15.339154 dv-cinder-815146-1-smb devstack@c-api.service[119058]: DEBUG cinder.volume.api [req-314e3128-e4c1-4260-a1ca-9d6ca2474025 req-18afdc83-861e-4484-a9a3-ef469139f551 tempest-VolumesSnapshotsTestJSON-2047863830 tempest-VolumesSnapshotsTestJSON-2047863830-project] Task 'cinder.volume.flows.api.create_volume.QuotaReserveTask;volume:create' (01c61ef9-7736-4c6e-8a3b-801a072ce4f8) transitioned into state 'SUCCESS' from state 'RUNNING' with result '{'reservations': ['e559bda1-1242-474a-9192-0eab27f93ea9', 'c3b2d9b5-4954-4859-bf33-779172c0d68e', '5ea23824-f63d-4a4d-961d-e3c37d444a5a', '91729902-6026-4f39-a9ac-4dacc00c8866']}' {{(pid=119058) _task_receiver /usr/local/lib/python3.8/dist-packages/taskflow/listeners/logging.py:178}}
Oct 22 18:59:15.342855 dv-cinder-815146-1-smb devstack@c-api.service[119058]: DEBUG cinder.volume.api [req-314e3128-e4c1-4260-a1ca-9d6ca2474025 req-18afdc83-861e-4484-a9a3-ef469139f551 tempest-VolumesSnapshotsTestJSON-2047863830 tempest-VolumesSnapshotsTestJSON-2047863830-project] Task 'cinder.volume.flows.api.create_volume.EntryCreateTask;volume:create' (d34c8a3f-318d-4970-9890-610ea20bd7ba) transitioned into state 'RUNNING' from state 'PENDING' {{(pid=119058) _task_receiver /usr/local/lib/python3.8/dist-packages/taskflow/listeners/logging.py:190}}
Oct 22 18:59:15.428758 dv-cinder-815146-1-smb devstack@c-api.service[119058]: DEBUG cinder.volume.api [req-314e3128-e4c1-4260-a1ca-9d6ca2474025 req-18afdc83-861e-4484-a9a3-ef469139f551 tempest-VolumesSnapshotsTestJSON-2047863830 tempest-VolumesSnapshotsTestJSON-2047863830-project] Task 'cinder.volume.flows.api.create_volume.EntryCreateTask;volume:create' (d34c8a3f-318d-4970-9890-610ea20bd7ba) transitioned into state 'SUCCESS' from state 'RUNNING' with result '{'volume_id': '2b70de78-6d07-468e-89a2-d3612e7f4323', 'volume_properties': VolumeProperties(attach_status='detached',availability_zone='nova',cgsnapshot_id=None,consistencygroup_id=None,display_description=None,display_name='tempest-VolumesSnapshotsTestJSON-volume-1539091332',encryption_key_id=None,group_id=None,group_type_id=,metadata={},multiattach=False,project_id='9d2c860b988148cc8f597f47c4c3d932',qos_specs=None,replication_status=,reservations=['e559bda1-1242-474a-9192-0eab27f93ea9','c3b2d9b5-4954-4859-bf33-779172c0d68e','5ea23824-f63d-4a4d-961d-e3c37d444a5a','91729902-6026-4f39-a9ac-4dacc00c8866'],size=1,snapshot_id=None,source_replicaid=,source_volid=None,status='creating',user_id='80af240ba19d4110b12067e046e0a1c1',volume_type_id=22f910b9-e065-4f98-b3ce-15c9d583bbfc), 'volume': Volume(_name_id=None,admin_metadata=,attach_status='detached',availability_zone='nova',bootable=False,cluster=,cluster_name=None,consistencygroup=,consistencygroup_id=None,created_at=2021-10-22T18:59:15Z,deleted=False,deleted_at=None,display_description=None,display_name='tempest-VolumesSnapshotsTestJSON-volume-1539091332',ec2_id=None,encryption_key_id=None,glance_metadata=,group=,group_id=None,host=None,id=2b70de78-6d07-468e-89a2-d3612e7f4323,launched_at=None,metadata={},migration_status=None,multiattach=False,previous_status=None,project_id='9d2c860b988148cc8f597f47c4c3d932',provider_auth=None,provider_geometry=None,provider_id=None,provider_location=None,replication_driver_data=None,replication_extended_status=None,replication_status=None,scheduled_at=None,service_uuid=None,shared_targets=True,size=1,snapshot_id=None,snapshots=,source_volid=None,status='creating',terminated_at=None,updated_at=None,use_quota=True,user_id='80af240ba19d4110b12067e046e0a1c1',volume_attachment=VolumeAttachmentList,volume_type=VolumeType(22f910b9-e065-4f98-b3ce-15c9d583bbfc),volume_type_id=22f910b9-e065-4f98-b3ce-15c9d583bbfc)}' {{(pid=119058) _task_receiver /usr/local/lib/python3.8/dist-packages/taskflow/listeners/logging.py:178}}
