Feb 14 15:38:12.927935 dv-cinder-815145-9-smb devstack@c-api.service[110133]: INFO cinder.api.openstack.wsgi [None req-13a0a685-c28b-4e39-99cb-769942283d04 tempest-SnapshotMetadataTestJSON-1780191722 tempest-SnapshotMetadataTestJSON-1780191722-project] http://10.222.0.89/volume/v3/1519a7aabdf341a698200ad29ef51e17/snapshots/c1bef790-48e9-4770-ab93-5e52a16d4139/metadata returned with HTTP 200
Feb 14 15:38:12.938148 dv-cinder-815145-9-smb devstack@c-api.service[110133]: [pid: 110133|app: 0|req: 225/468] 10.222.0.89 () {60 vars in 1377 bytes} [Mon Feb 14 15:38:12 2022] PUT /volume/v3/1519a7aabdf341a698200ad29ef51e17/snapshots/c1bef790-48e9-4770-ab93-5e52a16d4139/metadata => generated 16 bytes in 301 msecs (HTTP/1.1 200) 7 headers in 284 bytes (1 switches on core 0)
Feb 14 15:38:12.945442 dv-cinder-815145-9-smb devstack@c-api.service[110133]: INFO cinder.api.openstack.wsgi [None req-8e1df68c-3400-43a8-b4cc-520f59b83652 tempest-SnapshotMetadataTestJSON-1780191722 tempest-SnapshotMetadataTestJSON-1780191722-project] DELETE http://10.222.0.89/volume/v3/1519a7aabdf341a698200ad29ef51e17/snapshots/c1bef790-48e9-4770-ab93-5e52a16d4139
Feb 14 15:38:12.945888 dv-cinder-815145-9-smb devstack@c-api.service[110133]: DEBUG cinder.api.openstack.wsgi [None req-8e1df68c-3400-43a8-b4cc-520f59b83652 tempest-SnapshotMetadataTestJSON-1780191722 tempest-SnapshotMetadataTestJSON-1780191722-project] Empty body provided in request {{(pid=110133) get_body /opt/stack/cinder/cinder/api/openstack/wsgi.py:715}}
Feb 14 15:38:12.946329 dv-cinder-815145-9-smb devstack@c-api.service[110133]: DEBUG cinder.api.openstack.wsgi [None req-8e1df68c-3400-43a8-b4cc-520f59b83652 tempest-SnapshotMetadataTestJSON-1780191722 tempest-SnapshotMetadataTestJSON-1780191722-project] Calling method 'delete' {{(pid=110133) _process_stack /opt/stack/cinder/cinder/api/openstack/wsgi.py:868}}
Feb 14 15:38:12.950911 dv-cinder-815145-9-smb devstack@c-api.service[110133]: INFO cinder.api.v2.snapshots [None req-8e1df68c-3400-43a8-b4cc-520f59b83652 tempest-SnapshotMetadataTestJSON-1780191722 tempest-SnapshotMetadataTestJSON-1780191722-project] Delete snapshot with id: c1bef790-48e9-4770-ab93-5e52a16d4139
Feb 14 15:38:12.963901 dv-cinder-815145-9-smb devstack@c-api.service[110133]: /usr/local/lib/python3.8/dist-packages/oslo_context/context.py:105: DeprecationWarning: Policy enforcement is depending on the value of is_admin. This key is deprecated. Please update your policy file to use the standard policy values.
Feb 14 15:38:12.963901 dv-cinder-815145-9-smb devstack@c-api.service[110133]: warnings.warn('Policy enforcement is depending on the value of '
Feb 14 15:38:12.964918 dv-cinder-815145-9-smb devstack@c-api.service[110133]: INFO cinder.volume.api [None req-8e1df68c-3400-43a8-b4cc-520f59b83652 tempest-SnapshotMetadataTestJSON-1780191722 tempest-SnapshotMetadataTestJSON-1780191722-project] Snapshot retrieved successfully.
Feb 14 15:38:13.026915 dv-cinder-815145-9-smb devstack@c-api.service[110131]: INFO cinder.api.openstack.wsgi [None req-56c0d0b7-3c85-455d-b527-e4c98f798a61 tempest-GroupTypesTest-1917710318 tempest-GroupTypesTest-1917710318-project-admin] POST http://10.222.0.89/volume/v3/61d3fa5ee7b1462cb2c5ea3803be9579/group_types
Feb 14 15:38:13.027921 dv-cinder-815145-9-smb devstack@c-api.service[110131]: DEBUG cinder.api.openstack.wsgi [None req-56c0d0b7-3c85-455d-b527-e4c98f798a61 tempest-GroupTypesTest-1917710318 tempest-GroupTypesTest-1917710318-project-admin] Action: 'create', calling method: version_select, body: {"group_type": {"name": "tempest-GroupTypesTest-group-type-724285853", "description": "tempest-group-type-description-321759956", "group_specs": {"consistent_group_snapshot_enabled": " False"}, "is_public": true}} {{(pid=110131) _process_stack /opt/stack/cinder/cinder/api/openstack/wsgi.py:866}}
Feb 14 15:38:13.128046 dv-cinder-815145-9-smb devstack@c-api.service[110133]: INFO cinder.volume.api [None req-8e1df68c-3400-43a8-b4cc-520f59b83652 tempest-SnapshotMetadataTestJSON-1780191722 tempest-SnapshotMetadataTestJSON-1780191722-project] Snapshot delete request issued successfully.
Feb 14 15:38:13.128561 dv-cinder-815145-9-smb devstack@c-api.service[110133]: INFO cinder.api.openstack.wsgi [None req-8e1df68c-3400-43a8-b4cc-520f59b83652 tempest-SnapshotMetadataTestJSON-1780191722 tempest-SnapshotMetadataTestJSON-1780191722-project] http://10.222.0.89/volume/v3/1519a7aabdf341a698200ad29ef51e17/snapshots/c1bef790-48e9-4770-ab93-5e52a16d4139 returned with HTTP 202
Feb 14 15:38:13.130563 dv-cinder-815145-9-smb devstack@c-api.service[110133]: [pid: 110133|app: 0|req: 226/469] 10.222.0.89 () {58 vars in 1333 bytes} [Mon Feb 14 15:38:12 2022] DELETE /volume/v3/1519a7aabdf341a698200ad29ef51e17/snapshots/c1bef790-48e9-4770-ab93-5e52a16d4139 => generated 0 bytes in 190 msecs (HTTP/1.1 202) 6 headers in 233 bytes (1 switches on core 0)
Feb 14 15:38:13.141869 dv-cinder-815145-9-smb devstack@c-api.service[110133]: INFO cinder.api.openstack.wsgi [None req-02189a78-2bbe-45cc-ac3b-76688169043e tempest-SnapshotMetadataTestJSON-1780191722 tempest-SnapshotMetadataTestJSON-1780191722-project] GET http://10.222.0.89/volume/v3/1519a7aabdf341a698200ad29ef51e17/snapshots/c1bef790-48e9-4770-ab93-5e52a16d4139
Feb 14 15:38:13.142381 dv-cinder-815145-9-smb devstack@c-api.service[110133]: DEBUG cinder.api.openstack.wsgi [None req-02189a78-2bbe-45cc-ac3b-76688169043e tempest-SnapshotMetadataTestJSON-1780191722 tempest-SnapshotMetadataTestJSON-1780191722-project] Empty body provided in request {{(pid=110133) get_body /opt/stack/cinder/cinder/api/openstack/wsgi.py:715}}
Feb 14 15:38:13.142892 dv-cinder-815145-9-smb devstack@c-api.service[110133]: DEBUG cinder.api.openstack.wsgi [None req-02189a78-2bbe-45cc-ac3b-76688169043e tempest-SnapshotMetadataTestJSON-1780191722 tempest-SnapshotMetadataTestJSON-1780191722-project] Calling method 'show' {{(pid=110133) _process_stack /opt/stack/cinder/cinder/api/openstack/wsgi.py:868}}
Feb 14 15:38:13.152359 dv-cinder-815145-9-smb devstack@c-api.service[110133]: /usr/local/lib/python3.8/dist-packages/oslo_context/context.py:105: DeprecationWarning: Policy enforcement is depending on the value of is_admin. This key is deprecated. Please update your policy file to use the standard policy values.
Feb 14 15:38:13.152359 dv-cinder-815145-9-smb devstack@c-api.service[110133]: warnings.warn('Policy enforcement is depending on the value of '
Feb 14 15:38:13.153336 dv-cinder-815145-9-smb devstack@c-api.service[110133]: INFO cinder.volume.api [None req-02189a78-2bbe-45cc-ac3b-76688169043e tempest-SnapshotMetadataTestJSON-1780191722 tempest-SnapshotMetadataTestJSON-1780191722-project] Snapshot retrieved successfully.
Feb 14 15:38:13.155081 dv-cinder-815145-9-smb devstack@c-api.service[110133]: INFO cinder.api.openstack.wsgi [None req-02189a78-2bbe-45cc-ac3b-76688169043e tempest-SnapshotMetadataTestJSON-1780191722 tempest-SnapshotMetadataTestJSON-1780191722-project] http://10.222.0.89/volume/v3/1519a7aabdf341a698200ad29ef51e17/snapshots/c1bef790-48e9-4770-ab93-5e52a16d4139 returned with HTTP 200
Feb 14 15:38:13.155761 dv-cinder-815145-9-smb devstack@c-api.service[110133]: [pid: 110133|app: 0|req: 227/470] 10.222.0.89 () {58 vars in 1330 bytes} [Mon Feb 14 15:38:13 2022] GET /volume/v3/1519a7aabdf341a698200ad29ef51e17/snapshots/c1bef790-48e9-4770-ab93-5e52a16d4139 => generated 469 bytes in 18 msecs (HTTP/1.1 200) 7 headers in 285 bytes (1 switches on core 0)
Feb 14 15:38:13.168318 dv-cinder-815145-9-smb devstack@c-api.service[110131]: INFO cinder.api.openstack.wsgi [None req-56c0d0b7-3c85-455d-b527-e4c98f798a61 tempest-GroupTypesTest-1917710318 tempest-GroupTypesTest-1917710318-project-admin] http://10.222.0.89/volume/v3/61d3fa5ee7b1462cb2c5ea3803be9579/group_types returned with HTTP 202
Feb 14 15:38:13.168938 dv-cinder-815145-9-smb devstack@c-api.service[110131]: [pid: 110131|app: 0|req: 244/471] 10.222.0.89 () {62 vars in 1288 bytes} [Mon Feb 14 15:38:12 2022] POST /volume/v3/61d3fa5ee7b1462cb2c5ea3803be9579/group_types => generated 263 bytes in 279 msecs (HTTP/1.1 202) 7 headers in 292 bytes (2 switches on core 0)
Feb 14 15:38:13.178089 dv-cinder-815145-9-smb devstack@c-api.service[110133]: INFO cinder.api.openstack.wsgi [None req-c4bf7007-3264-42a4-9f88-faae95a68748 tempest-GroupTypesTest-1917710318 tempest-GroupTypesTest-1917710318-project-admin] GET http://10.222.0.89/volume/v3/61d3fa5ee7b1462cb2c5ea3803be9579/group_types
Feb 14 15:38:13.178574 dv-cinder-815145-9-smb devstack@c-api.service[110133]: DEBUG cinder.api.openstack.wsgi [None req-c4bf7007-3264-42a4-9f88-faae95a68748 tempest-GroupTypesTest-1917710318 tempest-GroupTypesTest-1917710318-project-admin] Empty body provided in request {{(pid=110133) get_body /opt/stack/cinder/cinder/api/openstack/wsgi.py:715}}
Feb 14 15:38:13.179015 dv-cinder-815145-9-smb devstack@c-api.service[110133]: DEBUG cinder.api.openstack.wsgi [None req-c4bf7007-3264-42a4-9f88-faae95a68748 tempest-GroupTypesTest-1917710318 tempest-GroupTypesTest-1917710318-project-admin] Calling method 'version_select' {{(pid=110133) _process_stack /opt/stack/cinder/cinder/api/openstack/wsgi.py:868}}
Feb 14 15:38:13.197917 dv-cinder-815145-9-smb devstack@c-api.service[110133]: INFO cinder.api.openstack.wsgi [None req-c4bf7007-3264-42a4-9f88-faae95a68748 tempest-GroupTypesTest-1917710318 tempest-GroupTypesTest-1917710318-project-admin] http://10.222.0.89/volume/v3/61d3fa5ee7b1462cb2c5ea3803be9579/group_types returned with HTTP 200
Feb 14 15:38:13.204118 dv-cinder-815145-9-smb devstack@c-api.service[110133]: [pid: 110133|app: 0|req: 228/472] 10.222.0.89 () {60 vars in 1266 bytes} [Mon Feb 14 15:38:13 2022] GET /volume/v3/61d3fa5ee7b1462cb2c5ea3803be9579/group_types => generated 497 bytes in 30 msecs (HTTP/1.1 200) 7 headers in 286 bytes (1 switches on core 0)
Feb 14 15:38:13.209318 dv-cinder-815145-9-smb devstack@c-api.service[110131]: INFO cinder.api.openstack.wsgi [None req-3775c331-ad3c-4096-bf21-09c2b25b10c6 tempest-GroupTypesTest-1917710318 tempest-GroupTypesTest-1917710318-project-admin] PUT http://10.222.0.89/volume/v3/61d3fa5ee7b1462cb2c5ea3803be9579/group_types/0a46b99b-00d7-41ce-87bd-a25cb9ee501d
Feb 14 15:38:13.215848 dv-cinder-815145-9-smb devstack@c-api.service[110131]: DEBUG cinder.api.openstack.wsgi [None req-3775c331-ad3c-4096-bf21-09c2b25b10c6 tempest-GroupTypesTest-1917710318 tempest-GroupTypesTest-1917710318-project-admin] Action: 'update', calling method: version_select, body: {"group_type": {"name": "tempest-GroupTypesTest-updated-group-type-2130164891", "description": "updated-group-type-desc"}} {{(pid=110131) _process_stack /opt/stack/cinder/cinder/api/openstack/wsgi.py:866}}
Feb 14 15:38:13.298563 dv-cinder-815145-9-smb devstack@c-api.service[110131]: INFO cinder.api.openstack.wsgi [None req-3775c331-ad3c-4096-bf21-09c2b25b10c6 tempest-GroupTypesTest-1917710318 tempest-GroupTypesTest-1917710318-project-admin] http://10.222.0.89/volume/v3/61d3fa5ee7b1462cb2c5ea3803be9579/group_types/0a46b99b-00d7-41ce-87bd-a25cb9ee501d returned with HTTP 200
Feb 14 15:38:13.301079 dv-cinder-815145-9-smb devstack@c-api.service[110131]: [pid: 110131|app: 0|req: 245/473] 10.222.0.89 () {62 vars in 1398 bytes} [Mon Feb 14 15:38:13 2022] PUT /volume/v3/61d3fa5ee7b1462cb2c5ea3803be9579/group_types/0a46b99b-00d7-41ce-87bd-a25cb9ee501d => generated 255 bytes in 97 msecs (HTTP/1.1 200) 7 headers in 286 bytes (2 switches on core 0)
Feb 14 15:38:13.312357 dv-cinder-815145-9-smb devstack@c-api.service[110133]: INFO cinder.api.openstack.wsgi [None req-ca4b0b6f-7921-47f1-bb7e-d0a5497b361a tempest-GroupTypesTest-1917710318 tempest-GroupTypesTest-1917710318-project-admin] GET http://10.222.0.89/volume/v3/61d3fa5ee7b1462cb2c5ea3803be9579/group_types/0a46b99b-00d7-41ce-87bd-a25cb9ee501d
Feb 14 15:38:13.313327 dv-cinder-815145-9-smb devstack@c-api.service[110133]: DEBUG cinder.api.openstack.wsgi [None req-ca4b0b6f-7921-47f1-bb7e-d0a5497b361a tempest-GroupTypesTest-1917710318 tempest-GroupTypesTest-1917710318-project-admin] Empty body provided in request {{(pid=110133) get_body /opt/stack/cinder/cinder/api/openstack/wsgi.py:715}}
Feb 14 15:38:13.314236 dv-cinder-815145-9-smb devstack@c-api.service[110133]: DEBUG cinder.api.openstack.wsgi [None req-ca4b0b6f-7921-47f1-bb7e-d0a5497b361a tempest-GroupTypesTest-1917710318 tempest-GroupTypesTest-1917710318-project-admin] Calling method 'version_select' {{(pid=110133) _process_stack /opt/stack/cinder/cinder/api/openstack/wsgi.py:868}}
Feb 14 15:38:13.321271 dv-cinder-815145-9-smb devstack@c-api.service[110133]: INFO cinder.api.openstack.wsgi [None req-ca4b0b6f-7921-47f1-bb7e-d0a5497b361a tempest-GroupTypesTest-1917710318 tempest-GroupTypesTest-1917710318-project-admin] http://10.222.0.89/volume/v3/61d3fa5ee7b1462cb2c5ea3803be9579/group_types/0a46b99b-00d7-41ce-87bd-a25cb9ee501d returned with HTTP 200
Feb 14 15:38:13.322077 dv-cinder-815145-9-smb devstack@c-api.service[110133]: [pid: 110133|app: 0|req: 229/474] 10.222.0.89 () {60 vars in 1377 bytes} [Mon Feb 14 15:38:13 2022] GET /volume/v3/61d3fa5ee7b1462cb2c5ea3803be9579/group_types/0a46b99b-00d7-41ce-87bd-a25cb9ee501d => generated 255 bytes in 16 msecs (HTTP/1.1 200) 7 headers in 286 bytes (2 switches on core 0)
Feb 14 15:38:13.330943 dv-cinder-815145-9-smb devstack@c-api.service[110131]: INFO cinder.api.openstack.wsgi [None req-72a40ebf-a1ba-4557-85a7-0988221b946e tempest-GroupTypesTest-1917710318 tempest-GroupTypesTest-1917710318-project-admin] DELETE http://10.222.0.89/volume/v3/61d3fa5ee7b1462cb2c5ea3803be9579/group_types/0a46b99b-00d7-41ce-87bd-a25cb9ee501d
Feb 14 15:38:13.331456 dv-cinder-815145-9-smb devstack@c-api.service[110131]: DEBUG cinder.api.openstack.wsgi [None req-72a40ebf-a1ba-4557-85a7-0988221b946e tempest-GroupTypesTest-1917710318 tempest-GroupTypesTest-1917710318-project-admin] Empty body provided in request {{(pid=110131) get_body /opt/stack/cinder/cinder/api/openstack/wsgi.py:715}}
Feb 14 15:38:13.331908 dv-cinder-815145-9-smb devstack@c-api.service[110131]: DEBUG cinder.api.openstack.wsgi [None req-72a40ebf-a1ba-4557-85a7-0988221b946e tempest-GroupTypesTest-1917710318 tempest-GroupTypesTest-1917710318-project-admin] Calling method 'version_select' {{(pid=110131) _process_stack /opt/stack/cinder/cinder/api/openstack/wsgi.py:868}}
Feb 14 15:38:13.445243 dv-cinder-815145-9-smb devstack@c-api.service[110131]: INFO cinder.api.openstack.wsgi [None req-72a40ebf-a1ba-4557-85a7-0988221b946e tempest-GroupTypesTest-1917710318 tempest-GroupTypesTest-1917710318-project-admin] http://10.222.0.89/volume/v3/61d3fa5ee7b1462cb2c5ea3803be9579/group_types/0a46b99b-00d7-41ce-87bd-a25cb9ee501d returned with HTTP 202
Feb 14 15:38:13.446093 dv-cinder-815145-9-smb devstack@c-api.service[110131]: [pid: 110131|app: 0|req: 246/475] 10.222.0.89 () {60 vars in 1380 bytes} [Mon Feb 14 15:38:13 2022] DELETE /volume/v3/61d3fa5ee7b1462cb2c5ea3803be9579/group_types/0a46b99b-00d7-41ce-87bd-a25cb9ee501d => generated 0 bytes in 119 msecs (HTTP/1.1 202) 6 headers in 234 bytes (1 switches on core 0)
Feb 14 15:38:13.453729 dv-cinder-815145-9-smb devstack@c-api.service[110133]: INFO cinder.api.openstack.wsgi [None req-71789d2f-43ac-47a7-b66d-99c27be7b034 tempest-GroupTypesTest-1917710318 tempest-GroupTypesTest-1917710318-project-admin] GET http://10.222.0.89/volume/v3/61d3fa5ee7b1462cb2c5ea3803be9579/group_types
Feb 14 15:38:13.454236 dv-cinder-815145-9-smb devstack@c-api.service[110133]: DEBUG cinder.api.openstack.wsgi [None req-71789d2f-43ac-47a7-b66d-99c27be7b034 tempest-GroupTypesTest-1917710318 tempest-GroupTypesTest-1917710318-project-admin] Empty body provided in request {{(pid=110133) get_body /opt/stack/cinder/cinder/api/openstack/wsgi.py:715}}
Feb 14 15:38:13.454673 dv-cinder-815145-9-smb devstack@c-api.service[110133]: DEBUG cinder.api.openstack.wsgi [None req-71789d2f-43ac-47a7-b66d-99c27be7b034 tempest-GroupTypesTest-1917710318 tempest-GroupTypesTest-1917710318-project-admin] Calling method 'version_select' {{(pid=110133) _process_stack /opt/stack/cinder/cinder/api/openstack/wsgi.py:868}}
Feb 14 15:38:13.463360 dv-cinder-815145-9-smb devstack@c-api.service[110133]: INFO cinder.api.openstack.wsgi [None req-71789d2f-43ac-47a7-b66d-99c27be7b034 tempest-GroupTypesTest-1917710318 tempest-GroupTypesTest-1917710318-project-admin] http://10.222.0.89/volume/v3/61d3fa5ee7b1462cb2c5ea3803be9579/group_types returned with HTTP 200
Feb 14 15:38:13.464965 dv-cinder-815145-9-smb devstack@c-api.service[110133]: [pid: 110133|app: 0|req: 230/476] 10.222.0.89 () {60 vars in 1266 bytes} [Mon Feb 14 15:38:13 2022] GET /volume/v3/61d3fa5ee7b1462cb2c5ea3803be9579/group_types => generated 248 bytes in 15 msecs (HTTP/1.1 200) 7 headers in 286 bytes (1 switches on core 0)
Feb 14 15:38:13.738974 dv-cinder-815145-9-smb devstack@c-api.service[110131]: INFO cinder.api.openstack.wsgi [None req-1eb7a39e-95a9-446b-a631-ffc81b71c5e8 tempest-VolumeQuotasAdminTestJSON-192033499 tempest-VolumeQuotasAdminTestJSON-192033499-project] GET http://10.222.0.89/volume/v3/0908d9e969fb43dd8e882d84b5477c0a/volumes/70cd5132-914b-449f-b799-5bd5663a41c8
Feb 14 15:38:13.739413 dv-cinder-815145-9-smb devstack@c-api.service[110131]: DEBUG cinder.api.openstack.wsgi [None req-1eb7a39e-95a9-446b-a631-ffc81b71c5e8 tempest-VolumeQuotasAdminTestJSON-192033499 tempest-VolumeQuotasAdminTestJSON-192033499-project] Empty body provided in request {{(pid=110131) get_body /opt/stack/cinder/cinder/api/openstack/wsgi.py:715}}
Feb 14 15:38:13.739904 dv-cinder-815145-9-smb devstack@c-api.service[110131]: DEBUG cinder.api.openstack.wsgi [None req-1eb7a39e-95a9-446b-a631-ffc81b71c5e8 tempest-VolumeQuotasAdminTestJSON-192033499 tempest-VolumeQuotasAdminTestJSON-192033499-project] Calling method 'show' {{(pid=110131) _process_stack /opt/stack/cinder/cinder/api/openstack/wsgi.py:868}}
Feb 14 15:38:13.753346 dv-cinder-815145-9-smb devstack@c-api.service[110131]: /usr/local/lib/python3.8/dist-packages/oslo_context/context.py:105: DeprecationWarning: Policy enforcement is depending on the value of is_admin. This key is deprecated. Please update your policy file to use the standard policy values.
Feb 14 15:38:13.753346 dv-cinder-815145-9-smb devstack@c-api.service[110131]: warnings.warn('Policy enforcement is depending on the value of '
Feb 14 15:38:13.759934 dv-cinder-815145-9-smb devstack@c-api.service[110131]: INFO cinder.volume.api [None req-1eb7a39e-95a9-446b-a631-ffc81b71c5e8 tempest-VolumeQuotasAdminTestJSON-192033499 tempest-VolumeQuotasAdminTestJSON-192033499-project] Volume info retrieved successfully.
Feb 14 15:38:13.768718 dv-cinder-815145-9-smb devstack@c-api.service[110131]: INFO cinder.api.openstack.wsgi [None req-1eb7a39e-95a9-446b-a631-ffc81b71c5e8 tempest-VolumeQuotasAdminTestJSON-192033499 tempest-VolumeQuotasAdminTestJSON-192033499-project] http://10.222.0.89/volume/v3/0908d9e969fb43dd8e882d84b5477c0a/volumes/70cd5132-914b-449f-b799-5bd5663a41c8 returned with HTTP 200
Feb 14 15:38:13.769514 dv-cinder-815145-9-smb devstack@c-api.service[110131]: [pid: 110131|app: 0|req: 247/477] 10.222.0.89 () {58 vars in 1324 bytes} [Mon Feb 14 15:38:13 2022] GET /volume/v3/0908d9e969fb43dd8e882d84b5477c0a/volumes/70cd5132-914b-449f-b799-5bd5663a41c8 => generated 918 bytes in 34 msecs (HTTP/1.1 200) 7 headers in 285 bytes (1 switches on core 0)
Feb 14 15:38:13.791540 dv-cinder-815145-9-smb devstack@c-api.service[110133]: INFO cinder.api.openstack.wsgi [None req-b18b35a9-f6fb-4558-be46-cab07dd094d9 tempest-VolumeQuotasAdminTestJSON-373506327 tempest-VolumeQuotasAdminTestJSON-373506327-project-admin] GET http://10.222.0.89/volume/v3/d73135b1bb0349d09fceda9fea0105cd/os-quota-sets/0908d9e969fb43dd8e882d84b5477c0a?usage=True
Feb 14 15:38:13.791995 dv-cinder-815145-9-smb devstack@c-api.service[110133]: DEBUG cinder.api.openstack.wsgi [None req-b18b35a9-f6fb-4558-be46-cab07dd094d9 tempest-VolumeQuotasAdminTestJSON-373506327 tempest-VolumeQuotasAdminTestJSON-373506327-project-admin] Empty body provided in request {{(pid=110133) get_body /opt/stack/cinder/cinder/api/openstack/wsgi.py:715}}
Feb 14 15:38:13.792442 dv-cinder-815145-9-smb devstack@c-api.service[110133]: DEBUG cinder.api.openstack.wsgi [None req-b18b35a9-f6fb-4558-be46-cab07dd094d9 tempest-VolumeQuotasAdminTestJSON-373506327 tempest-VolumeQuotasAdminTestJSON-373506327-project-admin] Calling method 'show' {{(pid=110133) _process_stack /opt/stack/cinder/cinder/api/openstack/wsgi.py:868}}
Feb 14 15:38:13.838073 dv-cinder-815145-9-smb devstack@c-api.service[110133]: INFO cinder.api.openstack.wsgi [None req-b18b35a9-f6fb-4558-be46-cab07dd094d9 tempest-VolumeQuotasAdminTestJSON-373506327 tempest-VolumeQuotasAdminTestJSON-373506327-project-admin] http://10.222.0.89/volume/v3/d73135b1bb0349d09fceda9fea0105cd/os-quota-sets/0908d9e969fb43dd8e882d84b5477c0a?usage=True returned with HTTP 200
Feb 14 15:38:13.838687 dv-cinder-815145-9-smb devstack@c-api.service[110133]: [pid: 110133|app: 0|req: 231/478] 10.222.0.89 () {58 vars in 1351 bytes} [Mon Feb 14 15:38:13 2022] GET /volume/v3/d73135b1bb0349d09fceda9fea0105cd/os-quota-sets/0908d9e969fb43dd8e882d84b5477c0a?usage=True => generated 868 bytes in 59 msecs (HTTP/1.1 200) 7 headers in 285 bytes (2 switches on core 0)
Feb 14 15:38:13.856854 dv-cinder-815145-9-smb devstack@c-api.service[110131]: INFO cinder.api.openstack.wsgi [None req-37d46365-d8c8-4be4-9f2e-f9711780fbea tempest-VolumeQuotasAdminTestJSON-373506327 tempest-VolumeQuotasAdminTestJSON-373506327-project-admin] GET http://10.222.0.89/volume/v3/d73135b1bb0349d09fceda9fea0105cd/os-quota-sets/13e3928bf17b49bfa9671e79a919a787?usage=True
Feb 14 15:38:13.857526 dv-cinder-815145-9-smb devstack@c-api.service[110131]: DEBUG cinder.api.openstack.wsgi [None req-37d46365-d8c8-4be4-9f2e-f9711780fbea tempest-VolumeQuotasAdminTestJSON-373506327 tempest-VolumeQuotasAdminTestJSON-373506327-project-admin] Empty body provided in request {{(pid=110131) get_body /opt/stack/cinder/cinder/api/openstack/wsgi.py:715}}
Feb 14 15:38:13.858422 dv-cinder-815145-9-smb devstack@c-api.service[110131]: DEBUG cinder.api.openstack.wsgi [None req-37d46365-d8c8-4be4-9f2e-f9711780fbea tempest-VolumeQuotasAdminTestJSON-373506327 tempest-VolumeQuotasAdminTestJSON-373506327-project-admin] Calling method 'show' {{(pid=110131) _process_stack /opt/stack/cinder/cinder/api/openstack/wsgi.py:868}}
Feb 14 15:38:13.890163 dv-cinder-815145-9-smb devstack@c-api.service[110131]: INFO cinder.api.openstack.wsgi [None req-37d46365-d8c8-4be4-9f2e-f9711780fbea tempest-VolumeQuotasAdminTestJSON-373506327 tempest-VolumeQuotasAdminTestJSON-373506327-project-admin] http://10.222.0.89/volume/v3/d73135b1bb0349d09fceda9fea0105cd/os-quota-sets/13e3928bf17b49bfa9671e79a919a787?usage=True returned with HTTP 200
Feb 14 15:38:13.890915 dv-cinder-815145-9-smb devstack@c-api.service[110131]: [pid: 110131|app: 0|req: 248/479] 10.222.0.89 () {58 vars in 1351 bytes} [Mon Feb 14 15:38:13 2022] GET /volume/v3/d73135b1bb0349d09fceda9fea0105cd/os-quota-sets/13e3928bf17b49bfa9671e79a919a787?usage=True => generated 868 bytes in 43 msecs (HTTP/1.1 200) 7 headers in 285 bytes (1 switches on core 0)
Feb 14 15:38:13.907067 dv-cinder-815145-9-smb devstack@c-api.service[110133]: INFO cinder.api.openstack.wsgi [None req-c7e0a501-cc64-4402-82d1-2f161495a63c tempest-VolumeQuotasAdminTestJSON-192033499 tempest-VolumeQuotasAdminTestJSON-192033499-project] POST http://10.222.0.89/volume/v3/0908d9e969fb43dd8e882d84b5477c0a/os-volume-transfer
Feb 14 15:38:13.907856 dv-cinder-815145-9-smb devstack@c-api.service[110133]: DEBUG cinder.api.openstack.wsgi [None req-c7e0a501-cc64-4402-82d1-2f161495a63c tempest-VolumeQuotasAdminTestJSON-192033499 tempest-VolumeQuotasAdminTestJSON-192033499-project] Action: 'create', calling method: create, body: {"transfer": {"volume_id": "70cd5132-914b-449f-b799-5bd5663a41c8"}} {{(pid=110133) _process_stack /opt/stack/cinder/cinder/api/openstack/wsgi.py:866}}
Feb 14 15:38:13.911336 dv-cinder-815145-9-smb devstack@c-api.service[110133]: DEBUG cinder.api.contrib.volume_transfer [None req-c7e0a501-cc64-4402-82d1-2f161495a63c tempest-VolumeQuotasAdminTestJSON-192033499 tempest-VolumeQuotasAdminTestJSON-192033499-project] Creating new volume transfer {'transfer': {'volume_id': '70cd5132-914b-449f-b799-5bd5663a41c8'}} {{(pid=110133) create /opt/stack/cinder/cinder/api/contrib/volume_transfer.py:85}}
Feb 14 15:38:13.911640 dv-cinder-815145-9-smb devstack@c-api.service[110133]: INFO cinder.api.contrib.volume_transfer [None req-c7e0a501-cc64-4402-82d1-2f161495a63c tempest-VolumeQuotasAdminTestJSON-192033499 tempest-VolumeQuotasAdminTestJSON-192033499-project] Creating transfer of volume 70cd5132-914b-449f-b799-5bd5663a41c8
Feb 14 15:38:13.911943 dv-cinder-815145-9-smb devstack@c-api.service[110133]: INFO cinder.transfer.api [None req-c7e0a501-cc64-4402-82d1-2f161495a63c tempest-VolumeQuotasAdminTestJSON-192033499 tempest-VolumeQuotasAdminTestJSON-192033499-project] Generating transfer record for volume 70cd5132-914b-449f-b799-5bd5663a41c8
Feb 14 15:38:13.926799 dv-cinder-815145-9-smb devstack@c-api.service[110133]: /usr/local/lib/python3.8/dist-packages/oslo_context/context.py:105: DeprecationWarning: Policy enforcement is depending on the value of is_admin. This key is deprecated. Please update your policy file to use the standard policy values.
Feb 14 15:38:13.926799 dv-cinder-815145-9-smb devstack@c-api.service[110133]: warnings.warn('Policy enforcement is depending on the value of '
Feb 14 15:38:14.073749 dv-cinder-815145-9-smb devstack@c-api.service[110133]: INFO cinder.api.openstack.wsgi [None req-c7e0a501-cc64-4402-82d1-2f161495a63c tempest-VolumeQuotasAdminTestJSON-192033499 tempest-VolumeQuotasAdminTestJSON-192033499-project] http://10.222.0.89/volume/v3/0908d9e969fb43dd8e882d84b5477c0a/os-volume-transfer returned with HTTP 202
Feb 14 15:38:14.075237 dv-cinder-815145-9-smb devstack@c-api.service[110133]: [pid: 110133|app: 0|req: 232/480] 10.222.0.89 () {60 vars in 1267 bytes} [Mon Feb 14 15:38:13 2022] POST /volume/v3/0908d9e969fb43dd8e882d84b5477c0a/os-volume-transfer => generated 507 bytes in 176 msecs (HTTP/1.1 202) 7 headers in 291 bytes (1 switches on core 0)
Feb 14 15:38:14.167675 dv-cinder-815145-9-smb devstack@c-api.service[110133]: INFO cinder.api.openstack.wsgi [None req-796c2eac-0972-4019-a8d9-9607de67494d tempest-SnapshotMetadataTestJSON-1780191722 tempest-SnapshotMetadataTestJSON-1780191722-project] GET http://10.222.0.89/volume/v3/1519a7aabdf341a698200ad29ef51e17/snapshots/c1bef790-48e9-4770-ab93-5e52a16d4139
Feb 14 15:38:14.168487 dv-cinder-815145-9-smb devstack@c-api.service[110133]: DEBUG cinder.api.openstack.wsgi [None req-796c2eac-0972-4019-a8d9-9607de67494d tempest-SnapshotMetadataTestJSON-1780191722 tempest-SnapshotMetadataTestJSON-1780191722-project] Empty body provided in request {{(pid=110133) get_body /opt/stack/cinder/cinder/api/openstack/wsgi.py:715}}
Feb 14 15:38:14.168748 dv-cinder-815145-9-smb devstack@c-api.service[110133]: DEBUG cinder.api.openstack.wsgi [None req-796c2eac-0972-4019-a8d9-9607de67494d tempest-SnapshotMetadataTestJSON-1780191722 tempest-SnapshotMetadataTestJSON-1780191722-project] Calling method 'show' {{(pid=110133) _process_stack /opt/stack/cinder/cinder/api/openstack/wsgi.py:868}}
Feb 14 15:38:14.176516 dv-cinder-815145-9-smb devstack@c-api.service[110133]: INFO cinder.api.openstack.wsgi [None req-796c2eac-0972-4019-a8d9-9607de67494d tempest-SnapshotMetadataTestJSON-1780191722 tempest-SnapshotMetadataTestJSON-1780191722-project] http://10.222.0.89/volume/v3/1519a7aabdf341a698200ad29ef51e17/snapshots/c1bef790-48e9-4770-ab93-5e52a16d4139 returned with HTTP 404
Feb 14 15:38:14.180449 dv-cinder-815145-9-smb devstack@c-api.service[110133]: [pid: 110133|app: 0|req: 233/481] 10.222.0.89 () {58 vars in 1330 bytes} [Mon Feb 14 15:38:14 2022] GET /volume/v3/1519a7aabdf341a698200ad29ef51e17/snapshots/c1bef790-48e9-4770-ab93-5e52a16d4139 => generated 111 bytes in 15 msecs (HTTP/1.1 404) 7 headers in 292 bytes (2 switches on core 0)
Feb 14 15:38:14.184315 dv-cinder-815145-9-smb devstack@c-api.service[110133]: INFO cinder.api.openstack.wsgi [None req-f08d89f9-1291-4eb0-b6cb-63c70b12cbf4 tempest-SnapshotMetadataTestJSON-1780191722 tempest-SnapshotMetadataTestJSON-1780191722-project] DELETE http://10.222.0.89/volume/v3/1519a7aabdf341a698200ad29ef51e17/volumes/bdc449fb-43db-4280-9200-7e68e51eab76
Feb 14 15:38:14.184776 dv-cinder-815145-9-smb devstack@c-api.service[110133]: DEBUG cinder.api.openstack.wsgi [None req-f08d89f9-1291-4eb0-b6cb-63c70b12cbf4 tempest-SnapshotMetadataTestJSON-1780191722 tempest-SnapshotMetadataTestJSON-1780191722-project] Empty body provided in request {{(pid=110133) get_body /opt/stack/cinder/cinder/api/openstack/wsgi.py:715}}
Feb 14 15:38:14.185217 dv-cinder-815145-9-smb devstack@c-api.service[110133]: DEBUG cinder.api.openstack.wsgi [None req-f08d89f9-1291-4eb0-b6cb-63c70b12cbf4 tempest-SnapshotMetadataTestJSON-1780191722 tempest-SnapshotMetadataTestJSON-1780191722-project] Calling method 'delete' {{(pid=110133) _process_stack /opt/stack/cinder/cinder/api/openstack/wsgi.py:868}}
Feb 14 15:38:14.185602 dv-cinder-815145-9-smb devstack@c-api.service[110133]: INFO cinder.api.v3.volumes [None req-f08d89f9-1291-4eb0-b6cb-63c70b12cbf4 tempest-SnapshotMetadataTestJSON-1780191722 tempest-SnapshotMetadataTestJSON-1780191722-project] Delete volume with id: bdc449fb-43db-4280-9200-7e68e51eab76
Feb 14 15:38:14.201642 dv-cinder-815145-9-smb devstack@c-api.service[110133]: /usr/local/lib/python3.8/dist-packages/oslo_context/context.py:105: DeprecationWarning: Policy enforcement is depending on the value of is_admin. This key is deprecated. Please update your policy file to use the standard policy values.
Feb 14 15:38:14.201642 dv-cinder-815145-9-smb devstack@c-api.service[110133]: warnings.warn('Policy enforcement is depending on the value of '
Feb 14 15:38:14.202834 dv-cinder-815145-9-smb devstack@c-api.service[110133]: INFO cinder.volume.api [None req-f08d89f9-1291-4eb0-b6cb-63c70b12cbf4 tempest-SnapshotMetadataTestJSON-1780191722 tempest-SnapshotMetadataTestJSON-1780191722-project] Volume info retrieved successfully.
Feb 14 15:38:14.380909 dv-cinder-815145-9-smb devstack@c-api.service[110131]: INFO cinder.api.openstack.wsgi [None req-6d51769e-6fa9-45bc-9870-713832d91d9e tempest-VolumeQuotasAdminTestJSON-204330975 tempest-VolumeQuotasAdminTestJSON-204330975-project] POST http://10.222.0.89/volume/v3/13e3928bf17b49bfa9671e79a919a787/os-volume-transfer/a8535da6-3e5a-4566-82a1-120b97597391/accept
Feb 14 15:38:14.382393 dv-cinder-815145-9-smb devstack@c-api.service[110131]: DEBUG cinder.api.openstack.wsgi [None req-6d51769e-6fa9-45bc-9870-713832d91d9e tempest-VolumeQuotasAdminTestJSON-204330975 tempest-VolumeQuotasAdminTestJSON-204330975-project] Action: 'accept', calling method: accept, body: {"accept": {"auth_key": "57c7b3b43e8ba9c9"}} {{(pid=110131) _process_stack /opt/stack/cinder/cinder/api/openstack/wsgi.py:866}}
Feb 14 15:38:14.383206 dv-cinder-815145-9-smb devstack@c-api.service[110131]: DEBUG cinder.api.contrib.volume_transfer [None req-6d51769e-6fa9-45bc-9870-713832d91d9e tempest-VolumeQuotasAdminTestJSON-204330975 tempest-VolumeQuotasAdminTestJSON-204330975-project] Accepting volume transfer a8535da6-3e5a-4566-82a1-120b97597391 {{(pid=110131) accept /opt/stack/cinder/cinder/api/contrib/volume_transfer.py:115}}
Feb 14 15:38:14.383498 dv-cinder-815145-9-smb devstack@c-api.service[110131]: INFO cinder.api.contrib.volume_transfer [None req-6d51769e-6fa9-45bc-9870-713832d91d9e tempest-VolumeQuotasAdminTestJSON-204330975 tempest-VolumeQuotasAdminTestJSON-204330975-project] Accepting transfer a8535da6-3e5a-4566-82a1-120b97597391
Feb 14 15:38:14.407985 dv-cinder-815145-9-smb devstack@c-api.service[110133]: INFO cinder.volume.api [None req-f08d89f9-1291-4eb0-b6cb-63c70b12cbf4 tempest-SnapshotMetadataTestJSON-1780191722 tempest-SnapshotMetadataTestJSON-1780191722-project] Delete volume request issued successfully.
Feb 14 15:38:14.408455 dv-cinder-815145-9-smb devstack@c-api.service[110133]: INFO cinder.api.openstack.wsgi [None req-f08d89f9-1291-4eb0-b6cb-63c70b12cbf4 tempest-SnapshotMetadataTestJSON-1780191722 tempest-SnapshotMetadataTestJSON-1780191722-project] http://10.222.0.89/volume/v3/1519a7aabdf341a698200ad29ef51e17/volumes/bdc449fb-43db-4280-9200-7e68e51eab76 returned with HTTP 202
Feb 14 15:38:14.409551 dv-cinder-815145-9-smb devstack@c-api.service[110133]: [pid: 110133|app: 0|req: 234/482] 10.222.0.89 () {58 vars in 1327 bytes} [Mon Feb 14 15:38:14 2022] DELETE /volume/v3/1519a7aabdf341a698200ad29ef51e17/volumes/bdc449fb-43db-4280-9200-7e68e51eab76 => generated 0 bytes in 229 msecs (HTTP/1.1 202) 6 headers in 233 bytes (2 switches on core 0)
Feb 14 15:38:14.418762 dv-cinder-815145-9-smb devstack@c-api.service[110133]: INFO cinder.api.openstack.wsgi [None req-6829d07d-c1b2-48a7-8716-6d0537217861 tempest-SnapshotMetadataTestJSON-1780191722 tempest-SnapshotMetadataTestJSON-1780191722-project] GET http://10.222.0.89/volume/v3/1519a7aabdf341a698200ad29ef51e17/volumes/bdc449fb-43db-4280-9200-7e68e51eab76
Feb 14 15:38:14.419403 dv-cinder-815145-9-smb devstack@c-api.service[110133]: DEBUG cinder.api.openstack.wsgi [None req-6829d07d-c1b2-48a7-8716-6d0537217861 tempest-SnapshotMetadataTestJSON-1780191722 tempest-SnapshotMetadataTestJSON-1780191722-project] Empty body provided in request {{(pid=110133) get_body /opt/stack/cinder/cinder/api/openstack/wsgi.py:715}}
Feb 14 15:38:14.420243 dv-cinder-815145-9-smb devstack@c-api.service[110133]: DEBUG cinder.api.openstack.wsgi [None req-6829d07d-c1b2-48a7-8716-6d0537217861 tempest-SnapshotMetadataTestJSON-1780191722 tempest-SnapshotMetadataTestJSON-1780191722-project] Calling method 'show' {{(pid=110133) _process_stack /opt/stack/cinder/cinder/api/openstack/wsgi.py:868}}
Feb 14 15:38:14.443174 dv-cinder-815145-9-smb devstack@c-api.service[110133]: /usr/local/lib/python3.8/dist-packages/oslo_context/context.py:105: DeprecationWarning: Policy enforcement is depending on the value of is_admin. This key is deprecated. Please update your policy file to use the standard policy values.
Feb 14 15:38:14.443174 dv-cinder-815145-9-smb devstack@c-api.service[110133]: warnings.warn('Policy enforcement is depending on the value of '
Feb 14 15:38:14.466383 dv-cinder-815145-9-smb devstack@c-api.service[110133]: INFO cinder.volume.api [None req-6829d07d-c1b2-48a7-8716-6d0537217861 tempest-SnapshotMetadataTestJSON-1780191722 tempest-SnapshotMetadataTestJSON-1780191722-project] Volume info retrieved successfully.
Feb 14 15:38:14.483223 dv-cinder-815145-9-smb devstack@c-api.service[110133]: INFO cinder.api.openstack.wsgi [None req-6829d07d-c1b2-48a7-8716-6d0537217861 tempest-SnapshotMetadataTestJSON-1780191722 tempest-SnapshotMetadataTestJSON-1780191722-project] http://10.222.0.89/volume/v3/1519a7aabdf341a698200ad29ef51e17/volumes/bdc449fb-43db-4280-9200-7e68e51eab76 returned with HTTP 200
Feb 14 15:38:14.484566 dv-cinder-815145-9-smb devstack@c-api.service[110133]: [pid: 110133|app: 0|req: 235/483] 10.222.0.89 () {58 vars in 1324 bytes} [Mon Feb 14 15:38:14 2022] GET /volume/v3/1519a7aabdf341a698200ad29ef51e17/volumes/bdc449fb-43db-4280-9200-7e68e51eab76 => generated 916 bytes in 70 msecs (HTTP/1.1 200) 7 headers in 285 bytes (1 switches on core 0)
Feb 14 15:38:14.700483 dv-cinder-815145-9-smb devstack@c-api.service[110131]: DEBUG cinder.quota [None req-6d51769e-6fa9-45bc-9870-713832d91d9e tempest-VolumeQuotasAdminTestJSON-204330975 tempest-VolumeQuotasAdminTestJSON-204330975-project] Created reservations ['4c0c6294-cf4c-4e1e-9308-024fea2f0629', '38e481a7-ae73-4ce3-8440-b10fe378a7ca', '9e0ed0fe-9bbe-499c-8c4f-defca1fb93c6', '0e56ab1d-24b0-49c5-b113-4413cb42f036'] {{(pid=110131) reserve /opt/stack/cinder/cinder/quota.py:755}}
Feb 14 15:38:14.850015 dv-cinder-815145-9-smb devstack@c-api.service[110131]: DEBUG cinder.quota [None req-6d51769e-6fa9-45bc-9870-713832d91d9e tempest-VolumeQuotasAdminTestJSON-204330975 tempest-VolumeQuotasAdminTestJSON-204330975-project] Created reservations ['4a8b37be-478d-40e3-9d33-fda3829029a4', 'b8285915-3450-4d25-a8f0-80b31041892b', 'c85c31a3-1b63-4223-953c-92a5be52e54c', '91d830e3-6763-41b2-93c7-f955df165cce'] {{(pid=110131) reserve /opt/stack/cinder/cinder/quota.py:755}}
Feb 14 15:38:15.132119 dv-cinder-815145-9-smb devstack@c-api.service[110131]: DEBUG cinder.quota [None req-6d51769e-6fa9-45bc-9870-713832d91d9e tempest-VolumeQuotasAdminTestJSON-204330975 tempest-VolumeQuotasAdminTestJSON-204330975-project] Created reservations ['2287623f-9aa2-479c-8522-7fa5c2018510', '480897de-9d35-4bd1-89cf-33034dec67a0', '2b7ea46d-1d0d-4964-a631-fd676f4e20be', '58bc4fc6-2289-4e1b-a306-3984cea481f5'] {{(pid=110131) reserve /opt/stack/cinder/cinder/quota.py:755}}
Feb 14 15:38:15.354763 dv-cinder-815145-9-smb devstack@c-api.service[110131]: DEBUG cinder.quota [None req-6d51769e-6fa9-45bc-9870-713832d91d9e tempest-VolumeQuotasAdminTestJSON-204330975 tempest-VolumeQuotasAdminTestJSON-204330975-project] Created reservations ['3e6e4a35-860c-495f-acf5-80264b9b3939', '5e53ee94-af99-4b1f-8d21-1858b596f5b7', '6907a655-7449-4c6f-80e9-fb2ad4b29075', '4a1a3e0a-b09f-474d-a4b9-47da04493a48'] {{(pid=110131) reserve /opt/stack/cinder/cinder/quota.py:755}}
Feb 14 15:38:15.374022 dv-cinder-815145-9-smb devstack@c-api.service[110131]: INFO cinder.volume.api [None req-6d51769e-6fa9-45bc-9870-713832d91d9e tempest-VolumeQuotasAdminTestJSON-204330975 tempest-VolumeQuotasAdminTestJSON-204330975-project] Transfer volume completed successfully.
Feb 14 15:38:15.498971 dv-cinder-815145-9-smb devstack@c-api.service[110133]: INFO cinder.api.openstack.wsgi [None req-3d1c3405-023f-4d71-9065-495f7572d9da tempest-SnapshotMetadataTestJSON-1780191722 tempest-SnapshotMetadataTestJSON-1780191722-project] GET http://10.222.0.89/volume/v3/1519a7aabdf341a698200ad29ef51e17/volumes/bdc449fb-43db-4280-9200-7e68e51eab76
Feb 14 15:38:15.499616 dv-cinder-815145-9-smb devstack@c-api.service[110133]: DEBUG cinder.api.openstack.wsgi [None req-3d1c3405-023f-4d71-9065-495f7572d9da tempest-SnapshotMetadataTestJSON-1780191722 tempest-SnapshotMetadataTestJSON-1780191722-project] Empty body provided in request {{(pid=110133) get_body /opt/stack/cinder/cinder/api/openstack/wsgi.py:715}}
Feb 14 15:38:15.500025 dv-cinder-815145-9-smb devstack@c-api.service[110133]: DEBUG cinder.api.openstack.wsgi [None req-3d1c3405-023f-4d71-9065-495f7572d9da tempest-SnapshotMetadataTestJSON-1780191722 tempest-SnapshotMetadataTestJSON-1780191722-project] Calling method 'show' {{(pid=110133) _process_stack /opt/stack/cinder/cinder/api/openstack/wsgi.py:868}}
Feb 14 15:38:15.511096 dv-cinder-815145-9-smb devstack@c-api.service[110133]: INFO cinder.api.openstack.wsgi [None req-3d1c3405-023f-4d71-9065-495f7572d9da tempest-SnapshotMetadataTestJSON-1780191722 tempest-SnapshotMetadataTestJSON-1780191722-project] http://10.222.0.89/volume/v3/1519a7aabdf341a698200ad29ef51e17/volumes/bdc449fb-43db-4280-9200-7e68e51eab76 returned with HTTP 404
Feb 14 15:38:15.512003 dv-cinder-815145-9-smb devstack@c-api.service[110133]: [pid: 110133|app: 0|req: 236/484] 10.222.0.89 () {58 vars in 1324 bytes} [Mon Feb 14 15:38:15 2022] GET /volume/v3/1519a7aabdf341a698200ad29ef51e17/volumes/bdc449fb-43db-4280-9200-7e68e51eab76 => generated 109 bytes in 17 msecs (HTTP/1.1 404) 7 headers in 292 bytes (2 switches on core 0)
Feb 14 15:38:15.980588 dv-cinder-815145-9-smb devstack@c-api.service[110133]: INFO cinder.api.openstack.wsgi [req-81c649c5-a714-4a1b-a5ee-ec6197bc6d6c req-1d00c00e-2f8c-467d-8e79-a59321f16c55 tempest-AttachVolumeNegativeTest-428181751 tempest-AttachVolumeNegativeTest-428181751-project] GET http://10.222.0.89/volume/v3/05f52c5559e54783a4c73ace6d63f1ce/volumes/81de4c5d-8a20-4773-b7d7-d84105b0f680
Feb 14 15:38:15.981024 dv-cinder-815145-9-smb devstack@c-api.service[110133]: DEBUG cinder.api.openstack.wsgi [req-81c649c5-a714-4a1b-a5ee-ec6197bc6d6c req-1d00c00e-2f8c-467d-8e79-a59321f16c55 tempest-AttachVolumeNegativeTest-428181751 tempest-AttachVolumeNegativeTest-428181751-project] Empty body provided in request {{(pid=110133) get_body /opt/stack/cinder/cinder/api/openstack/wsgi.py:715}}
Feb 14 15:38:15.981882 dv-cinder-815145-9-smb devstack@c-api.service[110133]: DEBUG cinder.api.openstack.wsgi [req-81c649c5-a714-4a1b-a5ee-ec6197bc6d6c req-1d00c00e-2f8c-467d-8e79-a59321f16c55 tempest-AttachVolumeNegativeTest-428181751 tempest-AttachVolumeNegativeTest-428181751-project] Calling method 'show' {{(pid=110133) _process_stack /opt/stack/cinder/cinder/api/openstack/wsgi.py:868}}
Feb 14 15:38:16.003405 dv-cinder-815145-9-smb devstack@c-api.service[110133]: /usr/local/lib/python3.8/dist-packages/oslo_context/context.py:105: DeprecationWarning: Policy enforcement is depending on the value of is_admin. This key is deprecated. Please update your policy file to use the standard policy values.
Feb 14 15:38:16.003405 dv-cinder-815145-9-smb devstack@c-api.service[110133]: warnings.warn('Policy enforcement is depending on the value of '
Feb 14 15:38:16.004660 dv-cinder-815145-9-smb devstack@c-api.service[110131]: INFO cinder.transfer.api [None req-6d51769e-6fa9-45bc-9870-713832d91d9e tempest-VolumeQuotasAdminTestJSON-204330975 tempest-VolumeQuotasAdminTestJSON-204330975-project] Volume 70cd5132-914b-449f-b799-5bd5663a41c8 has been transferred.
Feb 14 15:38:16.013108 dv-cinder-815145-9-smb devstack@c-api.service[110133]: INFO cinder.volume.api [req-81c649c5-a714-4a1b-a5ee-ec6197bc6d6c req-1d00c00e-2f8c-467d-8e79-a59321f16c55 tempest-AttachVolumeNegativeTest-428181751 tempest-AttachVolumeNegativeTest-428181751-project] Volume info retrieved successfully.
Feb 14 15:38:16.026045 dv-cinder-815145-9-smb devstack@c-api.service[110133]: INFO cinder.api.openstack.wsgi [req-81c649c5-a714-4a1b-a5ee-ec6197bc6d6c req-1d00c00e-2f8c-467d-8e79-a59321f16c55 tempest-AttachVolumeNegativeTest-428181751 tempest-AttachVolumeNegativeTest-428181751-project] http://10.222.0.89/volume/v3/05f52c5559e54783a4c73ace6d63f1ce/volumes/81de4c5d-8a20-4773-b7d7-d84105b0f680 returned with HTTP 200
Feb 14 15:38:16.027005 dv-cinder-815145-9-smb devstack@c-api.service[110133]: [pid: 110133|app: 0|req: 237/485] 10.222.0.89 () {60 vars in 1578 bytes} [Mon Feb 14 15:38:15 2022] GET /volume/v3/05f52c5559e54783a4c73ace6d63f1ce/volumes/81de4c5d-8a20-4773-b7d7-d84105b0f680 => generated 1208 bytes in 55 msecs (HTTP/1.1 200) 7 headers in 286 bytes (1 switches on core 0)
Feb 14 15:38:16.029251 dv-cinder-815145-9-smb devstack@c-api.service[110131]: INFO cinder.api.openstack.wsgi [None req-6d51769e-6fa9-45bc-9870-713832d91d9e tempest-VolumeQuotasAdminTestJSON-204330975 tempest-VolumeQuotasAdminTestJSON-204330975-project] http://10.222.0.89/volume/v3/13e3928bf17b49bfa9671e79a919a787/os-volume-transfer/a8535da6-3e5a-4566-82a1-120b97597391/accept returned with HTTP 202
Feb 14 15:38:16.038204 dv-cinder-815145-9-smb devstack@c-api.service[110131]: [pid: 110131|app: 0|req: 249/486] 10.222.0.89 () {60 vars in 1399 bytes} [Mon Feb 14 15:38:14 2022] POST /volume/v3/13e3928bf17b49bfa9671e79a919a787/os-volume-transfer/a8535da6-3e5a-4566-82a1-120b97597391/accept => generated 431 bytes in 1951 msecs (HTTP/1.1 202) 7 headers in 291 bytes (1 switches on core 0)
Feb 14 15:38:16.050169 dv-cinder-815145-9-smb devstack@c-api.service[110133]: INFO cinder.api.openstack.wsgi [None req-28918bdf-4fdf-4587-9600-474913ff918b tempest-VolumeQuotasAdminTestJSON-204330975 tempest-VolumeQuotasAdminTestJSON-204330975-project] GET http://10.222.0.89/volume/v3/13e3928bf17b49bfa9671e79a919a787/volumes/70cd5132-914b-449f-b799-5bd5663a41c8
Feb 14 15:38:16.050699 dv-cinder-815145-9-smb devstack@c-api.service[110133]: DEBUG cinder.api.openstack.wsgi [None req-28918bdf-4fdf-4587-9600-474913ff918b tempest-VolumeQuotasAdminTestJSON-204330975 tempest-VolumeQuotasAdminTestJSON-204330975-project] Empty body provided in request {{(pid=110133) get_body /opt/stack/cinder/cinder/api/openstack/wsgi.py:715}}
Feb 14 15:38:16.051219 dv-cinder-815145-9-smb devstack@c-api.service[110133]: DEBUG cinder.api.openstack.wsgi [None req-28918bdf-4fdf-4587-9600-474913ff918b tempest-VolumeQuotasAdminTestJSON-204330975 tempest-VolumeQuotasAdminTestJSON-204330975-project] Calling method 'show' {{(pid=110133) _process_stack /opt/stack/cinder/cinder/api/openstack/wsgi.py:868}}
Feb 14 15:38:16.055592 dv-cinder-815145-9-smb devstack@c-api.service[110131]: INFO cinder.api.openstack.wsgi [None req-f9300aa3-13b7-458d-99f7-0db95e30492a tempest-AttachVolumeNegativeTest-428181751 tempest-AttachVolumeNegativeTest-428181751-project] GET http://10.222.0.89/volume/v3/05f52c5559e54783a4c73ace6d63f1ce/volumes/81de4c5d-8a20-4773-b7d7-d84105b0f680
Feb 14 15:38:16.056063 dv-cinder-815145-9-smb devstack@c-api.service[110131]: DEBUG cinder.api.openstack.wsgi [None req-f9300aa3-13b7-458d-99f7-0db95e30492a tempest-AttachVolumeNegativeTest-428181751 tempest-AttachVolumeNegativeTest-428181751-project] Empty body provided in request {{(pid=110131) get_body /opt/stack/cinder/cinder/api/openstack/wsgi.py:715}}
Feb 14 15:38:16.056521 dv-cinder-815145-9-smb devstack@c-api.service[110131]: DEBUG cinder.api.openstack.wsgi [None req-f9300aa3-13b7-458d-99f7-0db95e30492a tempest-AttachVolumeNegativeTest-428181751 tempest-AttachVolumeNegativeTest-428181751-project] Calling method 'show' {{(pid=110131) _process_stack /opt/stack/cinder/cinder/api/openstack/wsgi.py:868}}
Feb 14 15:38:16.067273 dv-cinder-815145-9-smb devstack@c-api.service[110133]: /usr/local/lib/python3.8/dist-packages/oslo_context/context.py:105: DeprecationWarning: Policy enforcement is depending on the value of is_admin. This key is deprecated. Please update your policy file to use the standard policy values.
Feb 14 15:38:16.067273 dv-cinder-815145-9-smb devstack@c-api.service[110133]: warnings.warn('Policy enforcement is depending on the value of '
Feb 14 15:38:16.075116 dv-cinder-815145-9-smb devstack@c-api.service[110133]: INFO cinder.volume.api [None req-28918bdf-4fdf-4587-9600-474913ff918b tempest-VolumeQuotasAdminTestJSON-204330975 tempest-VolumeQuotasAdminTestJSON-204330975-project] Volume info retrieved successfully.
Feb 14 15:38:16.078740 dv-cinder-815145-9-smb devstack@c-api.service[110131]: /usr/local/lib/python3.8/dist-packages/oslo_context/context.py:105: DeprecationWarning: Policy enforcement is depending on the value of is_admin. This key is deprecated. Please update your policy file to use the standard policy values.
Feb 14 15:38:16.078740 dv-cinder-815145-9-smb devstack@c-api.service[110131]: warnings.warn('Policy enforcement is depending on the value of '
Feb 14 15:38:16.083567 dv-cinder-815145-9-smb devstack@c-api.service[110131]: INFO cinder.volume.api [None req-f9300aa3-13b7-458d-99f7-0db95e30492a tempest-AttachVolumeNegativeTest-428181751 tempest-AttachVolumeNegativeTest-428181751-project] Volume info retrieved successfully.
Feb 14 15:38:16.084726 dv-cinder-815145-9-smb devstack@c-api.service[110133]: INFO cinder.api.openstack.wsgi [None req-28918bdf-4fdf-4587-9600-474913ff918b tempest-VolumeQuotasAdminTestJSON-204330975 tempest-VolumeQuotasAdminTestJSON-204330975-project] http://10.222.0.89/volume/v3/13e3928bf17b49bfa9671e79a919a787/volumes/70cd5132-914b-449f-b799-5bd5663a41c8 returned with HTTP 200
Feb 14 15:38:16.085491 dv-cinder-815145-9-smb devstack@c-api.service[110133]: [pid: 110133|app: 0|req: 238/487] 10.222.0.89 () {58 vars in 1324 bytes} [Mon Feb 14 15:38:16 2022] GET /volume/v3/13e3928bf17b49bfa9671e79a919a787/volumes/70cd5132-914b-449f-b799-5bd5663a41c8 => generated 918 bytes in 41 msecs (HTTP/1.1 200) 7 headers in 285 bytes (1 switches on core 0)
Feb 14 15:38:16.093700 dv-cinder-815145-9-smb devstack@c-api.service[110131]: INFO cinder.api.openstack.wsgi [None req-f9300aa3-13b7-458d-99f7-0db95e30492a tempest-AttachVolumeNegativeTest-428181751 tempest-AttachVolumeNegativeTest-428181751-project] http://10.222.0.89/volume/v3/05f52c5559e54783a4c73ace6d63f1ce/volumes/81de4c5d-8a20-4773-b7d7-d84105b0f680 returned with HTTP 200
Feb 14 15:38:16.094953 dv-cinder-815145-9-smb devstack@c-api.service[110131]: [pid: 110131|app: 0|req: 250/488] 10.222.0.89 () {58 vars in 1324 bytes} [Mon Feb 14 15:38:16 2022] GET /volume/v3/05f52c5559e54783a4c73ace6d63f1ce/volumes/81de4c5d-8a20-4773-b7d7-d84105b0f680 => generated 1208 bytes in 44 msecs (HTTP/1.1 200) 7 headers in 286 bytes (1 switches on core 0)
Feb 14 15:38:16.107440 dv-cinder-815145-9-smb devstack@c-api.service[110133]: INFO cinder.api.openstack.wsgi [None req-3ae6ab3d-f260-4307-a1fe-42e9c620e328 tempest-VolumeQuotasAdminTestJSON-373506327 tempest-VolumeQuotasAdminTestJSON-373506327-project-admin] GET http://10.222.0.89/volume/v3/d73135b1bb0349d09fceda9fea0105cd/os-quota-sets/0908d9e969fb43dd8e882d84b5477c0a?usage=True
Feb 14 15:38:16.108367 dv-cinder-815145-9-smb devstack@c-api.service[110133]: DEBUG cinder.api.openstack.wsgi [None req-3ae6ab3d-f260-4307-a1fe-42e9c620e328 tempest-VolumeQuotasAdminTestJSON-373506327 tempest-VolumeQuotasAdminTestJSON-373506327-project-admin] Empty body provided in request {{(pid=110133) get_body /opt/stack/cinder/cinder/api/openstack/wsgi.py:715}}
Feb 14 15:38:16.109096 dv-cinder-815145-9-smb devstack@c-api.service[110133]: DEBUG cinder.api.openstack.wsgi [None req-3ae6ab3d-f260-4307-a1fe-42e9c620e328 tempest-VolumeQuotasAdminTestJSON-373506327 tempest-VolumeQuotasAdminTestJSON-373506327-project-admin] Calling method 'show' {{(pid=110133) _process_stack /opt/stack/cinder/cinder/api/openstack/wsgi.py:868}}
Feb 14 15:38:16.146703 dv-cinder-815145-9-smb devstack@c-api.service[110133]: INFO cinder.api.openstack.wsgi [None req-3ae6ab3d-f260-4307-a1fe-42e9c620e328 tempest-VolumeQuotasAdminTestJSON-373506327 tempest-VolumeQuotasAdminTestJSON-373506327-project-admin] http://10.222.0.89/volume/v3/d73135b1bb0349d09fceda9fea0105cd/os-quota-sets/0908d9e969fb43dd8e882d84b5477c0a?usage=True returned with HTTP 200
