Nov 10 20:26:34.561412 dv-cinder-815145-6-smb devstack@n-api.service[116067]: DEBUG nova.compute.api [None req-167044d9-a80a-4477-bdf8-d07ae61a3042 tempest-ServerRescueNegativeTestJSON-1524611552 tempest-ServerRescueNegativeTestJSON-1524611552-project] [instance: 3fd6657f-fc6b-429e-a453-ee2d96fe72cb] Fetching instance by UUID {{(pid=116067) get /opt/stack/nova/nova/compute/api.py:2865}}
Nov 10 20:26:34.569160 dv-cinder-815145-6-smb devstack@n-api.service[116067]: DEBUG oslo_concurrency.lockutils [None req-167044d9-a80a-4477-bdf8-d07ae61a3042 tempest-ServerRescueNegativeTestJSON-1524611552 tempest-ServerRescueNegativeTestJSON-1524611552-project] Lock "db85da39-9b19-4c19-9374-e6dccdf605ab" acquired by "nova.context.set_target_cell..get_or_set_cached_cell_and_set_connections" :: waited 0.000s {{(pid=116067) inner /usr/local/lib/python3.8/dist-packages/oslo_concurrency/lockutils.py:386}}
Nov 10 20:26:34.569834 dv-cinder-815145-6-smb devstack@n-api.service[116067]: DEBUG oslo_concurrency.lockutils [None req-167044d9-a80a-4477-bdf8-d07ae61a3042 tempest-ServerRescueNegativeTestJSON-1524611552 tempest-ServerRescueNegativeTestJSON-1524611552-project] Lock "db85da39-9b19-4c19-9374-e6dccdf605ab" "released" by "nova.context.set_target_cell..get_or_set_cached_cell_and_set_connections" :: held 0.001s {{(pid=116067) inner /usr/local/lib/python3.8/dist-packages/oslo_concurrency/lockutils.py:400}}
Nov 10 20:26:34.571709 dv-cinder-815145-6-smb devstack@n-api.service[116067]: DEBUG oslo_concurrency.lockutils [None req-167044d9-a80a-4477-bdf8-d07ae61a3042 tempest-ServerRescueNegativeTestJSON-1524611552 tempest-ServerRescueNegativeTestJSON-1524611552-project] Lock "db85da39-9b19-4c19-9374-e6dccdf605ab" acquired by "nova.context.set_target_cell..get_or_set_cached_cell_and_set_connections" :: waited 0.000s {{(pid=116067) inner /usr/local/lib/python3.8/dist-packages/oslo_concurrency/lockutils.py:386}}
Nov 10 20:26:34.572454 dv-cinder-815145-6-smb devstack@n-api.service[116067]: DEBUG oslo_concurrency.lockutils [None req-167044d9-a80a-4477-bdf8-d07ae61a3042 tempest-ServerRescueNegativeTestJSON-1524611552 tempest-ServerRescueNegativeTestJSON-1524611552-project] Lock "db85da39-9b19-4c19-9374-e6dccdf605ab" "released" by "nova.context.set_target_cell..get_or_set_cached_cell_and_set_connections" :: held 0.001s {{(pid=116067) inner /usr/local/lib/python3.8/dist-packages/oslo_concurrency/lockutils.py:400}}
Nov 10 20:26:34.700856 dv-cinder-815145-6-smb devstack@n-api.service[116066]: DEBUG nova.api.openstack.wsgi [None req-feccb792-cedd-4585-9694-6f93f44e2887 tempest-AttachVolumeTestJSON-605571211 tempest-AttachVolumeTestJSON-605571211-project] Action: 'action', calling method: >, body: {"os-getConsoleOutput": {}} {{(pid=116066) _process_stack /opt/stack/nova/nova/api/openstack/wsgi.py:511}}
Nov 10 20:26:34.702494 dv-cinder-815145-6-smb devstack@n-api.service[116066]: DEBUG nova.compute.api [None req-feccb792-cedd-4585-9694-6f93f44e2887 tempest-AttachVolumeTestJSON-605571211 tempest-AttachVolumeTestJSON-605571211-project] [instance: 7ae2dce9-1d19-4586-b55c-272ade6f6d3c] Fetching instance by UUID {{(pid=116066) get /opt/stack/nova/nova/compute/api.py:2865}}
Nov 10 20:26:34.721340 dv-cinder-815145-6-smb devstack@n-api.service[116066]: DEBUG oslo_concurrency.lockutils [None req-feccb792-cedd-4585-9694-6f93f44e2887 tempest-AttachVolumeTestJSON-605571211 tempest-AttachVolumeTestJSON-605571211-project] Lock "db85da39-9b19-4c19-9374-e6dccdf605ab" acquired by "nova.context.set_target_cell..get_or_set_cached_cell_and_set_connections" :: waited 0.000s {{(pid=116066) inner /usr/local/lib/python3.8/dist-packages/oslo_concurrency/lockutils.py:386}}
Nov 10 20:26:34.721792 dv-cinder-815145-6-smb devstack@n-api.service[116066]: DEBUG oslo_concurrency.lockutils [None req-feccb792-cedd-4585-9694-6f93f44e2887 tempest-AttachVolumeTestJSON-605571211 tempest-AttachVolumeTestJSON-605571211-project] Lock "db85da39-9b19-4c19-9374-e6dccdf605ab" "released" by "nova.context.set_target_cell..get_or_set_cached_cell_and_set_connections" :: held 0.001s {{(pid=116066) inner /usr/local/lib/python3.8/dist-packages/oslo_concurrency/lockutils.py:400}}
Nov 10 20:26:34.723113 dv-cinder-815145-6-smb devstack@n-api.service[116066]: DEBUG oslo_concurrency.lockutils [None req-feccb792-cedd-4585-9694-6f93f44e2887 tempest-AttachVolumeTestJSON-605571211 tempest-AttachVolumeTestJSON-605571211-project] Lock "db85da39-9b19-4c19-9374-e6dccdf605ab" acquired by "nova.context.set_target_cell..get_or_set_cached_cell_and_set_connections" :: waited 0.000s {{(pid=116066) inner /usr/local/lib/python3.8/dist-packages/oslo_concurrency/lockutils.py:386}}
Nov 10 20:26:34.728803 dv-cinder-815145-6-smb devstack@n-api.service[116066]: DEBUG oslo_concurrency.lockutils [None req-feccb792-cedd-4585-9694-6f93f44e2887 tempest-AttachVolumeTestJSON-605571211 tempest-AttachVolumeTestJSON-605571211-project] Lock "db85da39-9b19-4c19-9374-e6dccdf605ab" "released" by "nova.context.set_target_cell..get_or_set_cached_cell_and_set_connections" :: held 0.002s {{(pid=116066) inner /usr/local/lib/python3.8/dist-packages/oslo_concurrency/lockutils.py:400}}
Nov 10 20:26:34.759131 dv-cinder-815145-6-smb devstack@n-api.service[116067]: DEBUG nova.policy [None req-167044d9-a80a-4477-bdf8-d07ae61a3042 tempest-ServerRescueNegativeTestJSON-1524611552 tempest-ServerRescueNegativeTestJSON-1524611552-project] Policy check for os_compute_api:os-extended-server-attributes failed with credentials {'is_admin': False, 'user_id': '1b2f083d60264208bdbdf6c5371724ab', 'user_domain_id': 'default', 'system_scope': None, 'domain_id': None, 'project_id': '27edcd8d85934feab3506e02378dc86a', 'project_domain_id': 'default', 'roles': ['member', 'reader'], 'is_admin_project': True, 'service_user_id': None, 'service_user_domain_id': None, 'service_project_id': None, 'service_project_domain_id': None, 'service_roles': []} {{(pid=116067) authorize /opt/stack/nova/nova/policy.py:199}}
Nov 10 20:26:34.780089 dv-cinder-815145-6-smb devstack@n-api.service[116067]: INFO nova.api.openstack.requestlog [None req-167044d9-a80a-4477-bdf8-d07ae61a3042 tempest-ServerRescueNegativeTestJSON-1524611552 tempest-ServerRescueNegativeTestJSON-1524611552-project] 10.222.0.47 "GET /compute/v2.1/servers/3fd6657f-fc6b-429e-a453-ee2d96fe72cb" status: 200 len: 1523 microversion: 2.1 time: 0.213265
Nov 10 20:26:34.798230 dv-cinder-815145-6-smb devstack@n-api.service[116067]: [pid: 116067|app: 0|req: 106/205] 10.222.0.47 () {58 vars in 1235 bytes} [Wed Nov 10 20:26:34 2021] GET /compute/v2.1/servers/3fd6657f-fc6b-429e-a453-ee2d96fe72cb => generated 1523 bytes in 242 msecs (HTTP/1.1 200) 9 headers in 358 bytes (2 switches on core 0)
Nov 10 20:26:34.904272 dv-cinder-815145-6-smb devstack@n-api.service[116066]: INFO nova.api.openstack.requestlog [None req-feccb792-cedd-4585-9694-6f93f44e2887 tempest-AttachVolumeTestJSON-605571211 tempest-AttachVolumeTestJSON-605571211-project] 10.222.0.47 "POST /compute/v2.1/servers/7ae2dce9-1d19-4586-b55c-272ade6f6d3c/action" status: 200 len: 2680 microversion: 2.1 time: 0.208925
Nov 10 20:26:34.905134 dv-cinder-815145-6-smb devstack@n-api.service[116066]: [pid: 116066|app: 0|req: 100/206] 10.222.0.47 () {60 vars in 1277 bytes} [Wed Nov 10 20:26:34 2021] POST /compute/v2.1/servers/7ae2dce9-1d19-4586-b55c-272ade6f6d3c/action => generated 2680 bytes in 211 msecs (HTTP/1.1 200) 9 headers in 358 bytes (1 switches on core 0)
Nov 10 20:26:35.493982 dv-cinder-815145-6-smb devstack@n-api.service[116067]: DEBUG nova.api.openstack.wsgi [None req-f3a52051-7faa-4eae-862a-eccd97ffaf02 tempest-AttachVolumeNegativeTest-278334555 tempest-AttachVolumeNegativeTest-278334555-project] Calling method '>' {{(pid=116067) _process_stack /opt/stack/nova/nova/api/openstack/wsgi.py:513}}
Nov 10 20:26:35.495230 dv-cinder-815145-6-smb devstack@n-api.service[116067]: DEBUG nova.compute.api [None req-f3a52051-7faa-4eae-862a-eccd97ffaf02 tempest-AttachVolumeNegativeTest-278334555 tempest-AttachVolumeNegativeTest-278334555-project] [instance: a9b4e511-66ff-4748-9ae2-91813c17d1ae] Fetching instance by UUID {{(pid=116067) get /opt/stack/nova/nova/compute/api.py:2865}}
Nov 10 20:26:35.504466 dv-cinder-815145-6-smb devstack@n-api.service[116067]: DEBUG oslo_concurrency.lockutils [None req-f3a52051-7faa-4eae-862a-eccd97ffaf02 tempest-AttachVolumeNegativeTest-278334555 tempest-AttachVolumeNegativeTest-278334555-project] Lock "db85da39-9b19-4c19-9374-e6dccdf605ab" acquired by "nova.context.set_target_cell..get_or_set_cached_cell_and_set_connections" :: waited 0.000s {{(pid=116067) inner /usr/local/lib/python3.8/dist-packages/oslo_concurrency/lockutils.py:386}}
Nov 10 20:26:35.504466 dv-cinder-815145-6-smb devstack@n-api.service[116067]: DEBUG oslo_concurrency.lockutils [None req-f3a52051-7faa-4eae-862a-eccd97ffaf02 tempest-AttachVolumeNegativeTest-278334555 tempest-AttachVolumeNegativeTest-278334555-project] Lock "db85da39-9b19-4c19-9374-e6dccdf605ab" "released" by "nova.context.set_target_cell..get_or_set_cached_cell_and_set_connections" :: held 0.001s {{(pid=116067) inner /usr/local/lib/python3.8/dist-packages/oslo_concurrency/lockutils.py:400}}
Nov 10 20:26:35.504466 dv-cinder-815145-6-smb devstack@n-api.service[116067]: DEBUG oslo_concurrency.lockutils [None req-f3a52051-7faa-4eae-862a-eccd97ffaf02 tempest-AttachVolumeNegativeTest-278334555 tempest-AttachVolumeNegativeTest-278334555-project] Lock "db85da39-9b19-4c19-9374-e6dccdf605ab" acquired by "nova.context.set_target_cell..get_or_set_cached_cell_and_set_connections" :: waited 0.000s {{(pid=116067) inner /usr/local/lib/python3.8/dist-packages/oslo_concurrency/lockutils.py:386}}
Nov 10 20:26:35.504466 dv-cinder-815145-6-smb devstack@n-api.service[116067]: DEBUG oslo_concurrency.lockutils [None req-f3a52051-7faa-4eae-862a-eccd97ffaf02 tempest-AttachVolumeNegativeTest-278334555 tempest-AttachVolumeNegativeTest-278334555-project] Lock "db85da39-9b19-4c19-9374-e6dccdf605ab" "released" by "nova.context.set_target_cell..get_or_set_cached_cell_and_set_connections" :: held 0.000s {{(pid=116067) inner /usr/local/lib/python3.8/dist-packages/oslo_concurrency/lockutils.py:400}}
Nov 10 20:26:35.518205 dv-cinder-815145-6-smb devstack@n-api.service[116066]: DEBUG nova.api.openstack.wsgi [None req-4d89c8b8-829c-434e-bcd9-178665b9bc90 tempest-AttachVolumeShelveTestJSON-453241121 tempest-AttachVolumeShelveTestJSON-453241121-project] Action: 'action', calling method: >, body: {"os-getConsoleOutput": {}} {{(pid=116066) _process_stack /opt/stack/nova/nova/api/openstack/wsgi.py:511}}
Nov 10 20:26:35.519979 dv-cinder-815145-6-smb devstack@n-api.service[116066]: DEBUG nova.compute.api [None req-4d89c8b8-829c-434e-bcd9-178665b9bc90 tempest-AttachVolumeShelveTestJSON-453241121 tempest-AttachVolumeShelveTestJSON-453241121-project] [instance: cb15a4ff-ca76-4a81-bb62-033bc0e80a47] Fetching instance by UUID {{(pid=116066) get /opt/stack/nova/nova/compute/api.py:2865}}
Nov 10 20:26:35.530196 dv-cinder-815145-6-smb devstack@n-api.service[116066]: DEBUG oslo_concurrency.lockutils [None req-4d89c8b8-829c-434e-bcd9-178665b9bc90 tempest-AttachVolumeShelveTestJSON-453241121 tempest-AttachVolumeShelveTestJSON-453241121-project] Lock "db85da39-9b19-4c19-9374-e6dccdf605ab" acquired by "nova.context.set_target_cell..get_or_set_cached_cell_and_set_connections" :: waited 0.000s {{(pid=116066) inner /usr/local/lib/python3.8/dist-packages/oslo_concurrency/lockutils.py:386}}
Nov 10 20:26:35.530649 dv-cinder-815145-6-smb devstack@n-api.service[116066]: DEBUG oslo_concurrency.lockutils [None req-4d89c8b8-829c-434e-bcd9-178665b9bc90 tempest-AttachVolumeShelveTestJSON-453241121 tempest-AttachVolumeShelveTestJSON-453241121-project] Lock "db85da39-9b19-4c19-9374-e6dccdf605ab" "released" by "nova.context.set_target_cell..get_or_set_cached_cell_and_set_connections" :: held 0.001s {{(pid=116066) inner /usr/local/lib/python3.8/dist-packages/oslo_concurrency/lockutils.py:400}}
Nov 10 20:26:35.532599 dv-cinder-815145-6-smb devstack@n-api.service[116066]: DEBUG oslo_concurrency.lockutils [None req-4d89c8b8-829c-434e-bcd9-178665b9bc90 tempest-AttachVolumeShelveTestJSON-453241121 tempest-AttachVolumeShelveTestJSON-453241121-project] Lock "db85da39-9b19-4c19-9374-e6dccdf605ab" acquired by "nova.context.set_target_cell..get_or_set_cached_cell_and_set_connections" :: waited 0.000s {{(pid=116066) inner /usr/local/lib/python3.8/dist-packages/oslo_concurrency/lockutils.py:386}}
Nov 10 20:26:35.533191 dv-cinder-815145-6-smb devstack@n-api.service[116066]: DEBUG oslo_concurrency.lockutils [None req-4d89c8b8-829c-434e-bcd9-178665b9bc90 tempest-AttachVolumeShelveTestJSON-453241121 tempest-AttachVolumeShelveTestJSON-453241121-project] Lock "db85da39-9b19-4c19-9374-e6dccdf605ab" "released" by "nova.context.set_target_cell..get_or_set_cached_cell_and_set_connections" :: held 0.001s {{(pid=116066) inner /usr/local/lib/python3.8/dist-packages/oslo_concurrency/lockutils.py:400}}
Nov 10 20:26:35.549583 dv-cinder-815145-6-smb devstack@n-api.service[116067]: INFO nova.api.openstack.requestlog [None req-f3a52051-7faa-4eae-862a-eccd97ffaf02 tempest-AttachVolumeNegativeTest-278334555 tempest-AttachVolumeNegativeTest-278334555-project] 10.222.0.47 "GET /compute/v2.1/servers/a9b4e511-66ff-4748-9ae2-91813c17d1ae/os-volume_attachments" status: 200 len: 197 microversion: 2.1 time: 0.061956
Nov 10 20:26:35.550162 dv-cinder-815145-6-smb devstack@n-api.service[116067]: [pid: 116067|app: 0|req: 107/207] 10.222.0.47 () {58 vars in 1301 bytes} [Wed Nov 10 20:26:35 2021] GET /compute/v2.1/servers/a9b4e511-66ff-4748-9ae2-91813c17d1ae/os-volume_attachments => generated 197 bytes in 63 msecs (HTTP/1.1 200) 9 headers in 357 bytes (1 switches on core 0)
Nov 10 20:26:35.662278 dv-cinder-815145-6-smb devstack@n-api.service[116067]: DEBUG nova.api.openstack.wsgi [None req-f382aa49-ea6c-4258-8d75-aa64538a6f9e tempest-VolumesNegativeTest-503252430 tempest-VolumesNegativeTest-503252430-project] Action: 'create', calling method: >, body: {"server": {"name": "tempest-VolumesNegativeTest-instance-295656444", "imageRef": "46f90295-7ba0-4580-b585-a1623ef17efe", "flavorRef": "452"}} {{(pid=116067) _process_stack /opt/stack/nova/nova/api/openstack/wsgi.py:511}}
Nov 10 20:26:35.672391 dv-cinder-815145-6-smb devstack@n-api.service[116066]: INFO nova.api.openstack.requestlog [None req-4d89c8b8-829c-434e-bcd9-178665b9bc90 tempest-AttachVolumeShelveTestJSON-453241121 tempest-AttachVolumeShelveTestJSON-453241121-project] 10.222.0.47 "POST /compute/v2.1/servers/cb15a4ff-ca76-4a81-bb62-033bc0e80a47/action" status: 200 len: 22702 microversion: 2.20 time: 0.165684
Nov 10 20:26:35.673165 dv-cinder-815145-6-smb devstack@n-api.service[116066]: [pid: 116066|app: 0|req: 101/208] 10.222.0.47 () {62 vars in 1318 bytes} [Wed Nov 10 20:26:35 2021] POST /compute/v2.1/servers/cb15a4ff-ca76-4a81-bb62-033bc0e80a47/action => generated 22702 bytes in 167 msecs (HTTP/1.1 200) 9 headers in 361 bytes (1 switches on core 0)
Nov 10 20:26:35.730747 dv-cinder-815145-6-smb devstack@n-api.service[116067]: DEBUG nova.network.neutron [None req-f382aa49-ea6c-4258-8d75-aa64538a6f9e tempest-VolumesNegativeTest-503252430 tempest-VolumesNegativeTest-503252430-project] validate_networks() for None {{(pid=116067) validate_networks /opt/stack/nova/nova/network/neutron.py:2482}}
Nov 10 20:26:35.807317 dv-cinder-815145-6-smb devstack@n-api.service[116066]: DEBUG nova.api.openstack.wsgi [None req-4b19b594-4330-476a-904b-68dafd171e19 tempest-ServerRescueNegativeTestJSON-1524611552 tempest-ServerRescueNegativeTestJSON-1524611552-project] Calling method '>' {{(pid=116066) _process_stack /opt/stack/nova/nova/api/openstack/wsgi.py:513}}
Nov 10 20:26:35.808352 dv-cinder-815145-6-smb devstack@n-api.service[116066]: DEBUG nova.compute.api [None req-4b19b594-4330-476a-904b-68dafd171e19 tempest-ServerRescueNegativeTestJSON-1524611552 tempest-ServerRescueNegativeTestJSON-1524611552-project] [instance: 3fd6657f-fc6b-429e-a453-ee2d96fe72cb] Fetching instance by UUID {{(pid=116066) get /opt/stack/nova/nova/compute/api.py:2865}}
Nov 10 20:26:35.815604 dv-cinder-815145-6-smb devstack@n-api.service[116066]: DEBUG oslo_concurrency.lockutils [None req-4b19b594-4330-476a-904b-68dafd171e19 tempest-ServerRescueNegativeTestJSON-1524611552 tempest-ServerRescueNegativeTestJSON-1524611552-project] Lock "db85da39-9b19-4c19-9374-e6dccdf605ab" acquired by "nova.context.set_target_cell..get_or_set_cached_cell_and_set_connections" :: waited 0.000s {{(pid=116066) inner /usr/local/lib/python3.8/dist-packages/oslo_concurrency/lockutils.py:386}}
Nov 10 20:26:35.816147 dv-cinder-815145-6-smb devstack@n-api.service[116066]: DEBUG oslo_concurrency.lockutils [None req-4b19b594-4330-476a-904b-68dafd171e19 tempest-ServerRescueNegativeTestJSON-1524611552 tempest-ServerRescueNegativeTestJSON-1524611552-project] Lock "db85da39-9b19-4c19-9374-e6dccdf605ab" "released" by "nova.context.set_target_cell..get_or_set_cached_cell_and_set_connections" :: held 0.001s {{(pid=116066) inner /usr/local/lib/python3.8/dist-packages/oslo_concurrency/lockutils.py:400}}
Nov 10 20:26:35.817117 dv-cinder-815145-6-smb devstack@n-api.service[116066]: DEBUG oslo_concurrency.lockutils [None req-4b19b594-4330-476a-904b-68dafd171e19 tempest-ServerRescueNegativeTestJSON-1524611552 tempest-ServerRescueNegativeTestJSON-1524611552-project] Lock "db85da39-9b19-4c19-9374-e6dccdf605ab" acquired by "nova.context.set_target_cell..get_or_set_cached_cell_and_set_connections" :: waited 0.000s {{(pid=116066) inner /usr/local/lib/python3.8/dist-packages/oslo_concurrency/lockutils.py:386}}
Nov 10 20:26:35.817625 dv-cinder-815145-6-smb devstack@n-api.service[116066]: DEBUG oslo_concurrency.lockutils [None req-4b19b594-4330-476a-904b-68dafd171e19 tempest-ServerRescueNegativeTestJSON-1524611552 tempest-ServerRescueNegativeTestJSON-1524611552-project] Lock "db85da39-9b19-4c19-9374-e6dccdf605ab" "released" by "nova.context.set_target_cell..get_or_set_cached_cell_and_set_connections" :: held 0.000s {{(pid=116066) inner /usr/local/lib/python3.8/dist-packages/oslo_concurrency/lockutils.py:400}}
Nov 10 20:26:36.247098 dv-cinder-815145-6-smb devstack@n-api.service[116067]: DEBUG nova.virt.hardware [None req-f382aa49-ea6c-4258-8d75-aa64538a6f9e tempest-VolumesNegativeTest-503252430 tempest-VolumesNegativeTest-503252430-project] Flavor limits 0:0:0 {{(pid=116067) get_cpu_topology_constraints /opt/stack/nova/nova/virt/hardware.py:343}}
Nov 10 20:26:36.247520 dv-cinder-815145-6-smb devstack@n-api.service[116067]: DEBUG nova.virt.hardware [None req-f382aa49-ea6c-4258-8d75-aa64538a6f9e tempest-VolumesNegativeTest-503252430 tempest-VolumesNegativeTest-503252430-project] Image limits 0:0:0 {{(pid=116067) get_cpu_topology_constraints /opt/stack/nova/nova/virt/hardware.py:347}}
Nov 10 20:26:36.247987 dv-cinder-815145-6-smb devstack@n-api.service[116067]: DEBUG nova.virt.hardware [None req-f382aa49-ea6c-4258-8d75-aa64538a6f9e tempest-VolumesNegativeTest-503252430 tempest-VolumesNegativeTest-503252430-project] Flavor pref 0:0:0 {{(pid=116067) get_cpu_topology_constraints /opt/stack/nova/nova/virt/hardware.py:383}}
Nov 10 20:26:36.248391 dv-cinder-815145-6-smb devstack@n-api.service[116067]: DEBUG nova.virt.hardware [None req-f382aa49-ea6c-4258-8d75-aa64538a6f9e tempest-VolumesNegativeTest-503252430 tempest-VolumesNegativeTest-503252430-project] Image pref 0:0:0 {{(pid=116067) get_cpu_topology_constraints /opt/stack/nova/nova/virt/hardware.py:387}}
Nov 10 20:26:36.249302 dv-cinder-815145-6-smb devstack@n-api.service[116067]: DEBUG nova.virt.hardware [None req-f382aa49-ea6c-4258-8d75-aa64538a6f9e tempest-VolumesNegativeTest-503252430 tempest-VolumesNegativeTest-503252430-project] Chose sockets=0, cores=0, threads=0; limits were sockets=65536, cores=65536, threads=65536 {{(pid=116067) get_cpu_topology_constraints /opt/stack/nova/nova/virt/hardware.py:425}}
Nov 10 20:26:36.262998 dv-cinder-815145-6-smb devstack@n-api.service[116067]: DEBUG oslo_concurrency.lockutils [None req-f382aa49-ea6c-4258-8d75-aa64538a6f9e tempest-VolumesNegativeTest-503252430 tempest-VolumesNegativeTest-503252430-project] Lock "00000000-0000-0000-0000-000000000000" acquired by "nova.context.set_target_cell..get_or_set_cached_cell_and_set_connections" :: waited 0.000s {{(pid=116067) inner /usr/local/lib/python3.8/dist-packages/oslo_concurrency/lockutils.py:386}}
Nov 10 20:26:36.263433 dv-cinder-815145-6-smb devstack@n-api.service[116067]: DEBUG oslo_concurrency.lockutils [None req-f382aa49-ea6c-4258-8d75-aa64538a6f9e tempest-VolumesNegativeTest-503252430 tempest-VolumesNegativeTest-503252430-project] Lock "00000000-0000-0000-0000-000000000000" "released" by "nova.context.set_target_cell..get_or_set_cached_cell_and_set_connections" :: held 0.001s {{(pid=116067) inner /usr/local/lib/python3.8/dist-packages/oslo_concurrency/lockutils.py:400}}
Nov 10 20:26:36.264297 dv-cinder-815145-6-smb devstack@n-api.service[116067]: DEBUG oslo_concurrency.lockutils [None req-f382aa49-ea6c-4258-8d75-aa64538a6f9e tempest-VolumesNegativeTest-503252430 tempest-VolumesNegativeTest-503252430-project] Lock "db85da39-9b19-4c19-9374-e6dccdf605ab" acquired by "nova.context.set_target_cell..get_or_set_cached_cell_and_set_connections" :: waited 0.000s {{(pid=116067) inner /usr/local/lib/python3.8/dist-packages/oslo_concurrency/lockutils.py:386}}
Nov 10 20:26:36.264934 dv-cinder-815145-6-smb devstack@n-api.service[116067]: DEBUG oslo_concurrency.lockutils [None req-f382aa49-ea6c-4258-8d75-aa64538a6f9e tempest-VolumesNegativeTest-503252430 tempest-VolumesNegativeTest-503252430-project] Lock "db85da39-9b19-4c19-9374-e6dccdf605ab" "released" by "nova.context.set_target_cell..get_or_set_cached_cell_and_set_connections" :: held 0.000s {{(pid=116067) inner /usr/local/lib/python3.8/dist-packages/oslo_concurrency/lockutils.py:400}}
Nov 10 20:26:36.284181 dv-cinder-815145-6-smb devstack@n-api.service[116067]: DEBUG nova.quota [None req-f382aa49-ea6c-4258-8d75-aa64538a6f9e tempest-VolumesNegativeTest-503252430 tempest-VolumesNegativeTest-503252430-project] Getting quotas for project c2d3f3f573cb45ab8abda3b7009e39ea. Resources: {'instances', 'cores', 'ram'} {{(pid=116067) _get_quotas /opt/stack/nova/nova/quota.py:387}}
Nov 10 20:26:36.289239 dv-cinder-815145-6-smb devstack@n-api.service[116067]: DEBUG nova.quota [None req-f382aa49-ea6c-4258-8d75-aa64538a6f9e tempest-VolumesNegativeTest-503252430 tempest-VolumesNegativeTest-503252430-project] Getting quotas for user 9aef0dec9479400082bd143c7ad94a8e and project c2d3f3f573cb45ab8abda3b7009e39ea. Resources: {'instances', 'cores', 'ram'} {{(pid=116067) _get_quotas /opt/stack/nova/nova/quota.py:377}}
Nov 10 20:26:36.297255 dv-cinder-815145-6-smb devstack@n-api.service[116066]: DEBUG nova.policy [None req-4b19b594-4330-476a-904b-68dafd171e19 tempest-ServerRescueNegativeTestJSON-1524611552 tempest-ServerRescueNegativeTestJSON-1524611552-project] Policy check for os_compute_api:os-extended-server-attributes failed with credentials {'is_admin': False, 'user_id': '1b2f083d60264208bdbdf6c5371724ab', 'user_domain_id': 'default', 'system_scope': None, 'domain_id': None, 'project_id': '27edcd8d85934feab3506e02378dc86a', 'project_domain_id': 'default', 'roles': ['member', 'reader'], 'is_admin_project': True, 'service_user_id': None, 'service_user_domain_id': None, 'service_project_id': None, 'service_project_domain_id': None, 'service_roles': []} {{(pid=116066) authorize /opt/stack/nova/nova/policy.py:199}}
Nov 10 20:26:36.302935 dv-cinder-815145-6-smb devstack@n-api.service[116067]: DEBUG nova.compute.api [None req-f382aa49-ea6c-4258-8d75-aa64538a6f9e tempest-VolumesNegativeTest-503252430 tempest-VolumesNegativeTest-503252430-project] Going to run 1 instances... {{(pid=116067) _provision_instances /opt/stack/nova/nova/compute/api.py:1350}}
Nov 10 20:26:36.305302 dv-cinder-815145-6-smb devstack@n-api.service[116067]: DEBUG nova.compute.api [None req-f382aa49-ea6c-4258-8d75-aa64538a6f9e tempest-VolumesNegativeTest-503252430 tempest-VolumesNegativeTest-503252430-project] [instance: 4c601a16-6ac1-477f-99a5-6451dc771643] block_device_mapping [BlockDeviceMapping(attachment_id=,boot_index=0,connection_info=None,created_at=,delete_on_termination=True,deleted=,deleted_at=,destination_type='local',device_name=None,device_type='disk',disk_bus=None,guest_format=None,id=,image_id='46f90295-7ba0-4580-b585-a1623ef17efe',instance=,instance_uuid=,no_device=False,snapshot_id=None,source_type='image',tag=None,updated_at=,uuid=,volume_id=None,volume_size=None,volume_type=None)] {{(pid=116067) _bdm_validate_set_size_and_instance /opt/stack/nova/nova/compute/api.py:1757}}
Nov 10 20:26:36.324094 dv-cinder-815145-6-smb devstack@n-api.service[116066]: INFO nova.api.openstack.requestlog [None req-4b19b594-4330-476a-904b-68dafd171e19 tempest-ServerRescueNegativeTestJSON-1524611552 tempest-ServerRescueNegativeTestJSON-1524611552-project] 10.222.0.47 "GET /compute/v2.1/servers/3fd6657f-fc6b-429e-a453-ee2d96fe72cb" status: 200 len: 1523 microversion: 2.1 time: 0.522173
Nov 10 20:26:36.329099 dv-cinder-815145-6-smb devstack@n-api.service[116066]: [pid: 116066|app: 0|req: 102/209] 10.222.0.47 () {58 vars in 1235 bytes} [Wed Nov 10 20:26:35 2021] GET /compute/v2.1/servers/3fd6657f-fc6b-429e-a453-ee2d96fe72cb => generated 1523 bytes in 532 msecs (HTTP/1.1 200) 9 headers in 358 bytes (1 switches on core 0)
Nov 10 20:26:36.340238 dv-cinder-815145-6-smb devstack@n-api.service[116066]: DEBUG nova.api.openstack.wsgi [None req-cf48a439-d470-4e85-9284-60d55a14ca60 tempest-AttachVolumeTestJSON-605571211 tempest-AttachVolumeTestJSON-605571211-project] Action: 'action', calling method: >, body: {"os-getConsoleOutput": {}} {{(pid=116066) _process_stack /opt/stack/nova/nova/api/openstack/wsgi.py:511}}
Nov 10 20:26:36.342321 dv-cinder-815145-6-smb devstack@n-api.service[116066]: DEBUG nova.compute.api [None req-cf48a439-d470-4e85-9284-60d55a14ca60 tempest-AttachVolumeTestJSON-605571211 tempest-AttachVolumeTestJSON-605571211-project] [instance: 7ae2dce9-1d19-4586-b55c-272ade6f6d3c] Fetching instance by UUID {{(pid=116066) get /opt/stack/nova/nova/compute/api.py:2865}}
Nov 10 20:26:36.355908 dv-cinder-815145-6-smb devstack@n-api.service[116066]: DEBUG oslo_concurrency.lockutils [None req-cf48a439-d470-4e85-9284-60d55a14ca60 tempest-AttachVolumeTestJSON-605571211 tempest-AttachVolumeTestJSON-605571211-project] Lock "db85da39-9b19-4c19-9374-e6dccdf605ab" acquired by "nova.context.set_target_cell..get_or_set_cached_cell_and_set_connections" :: waited 0.000s {{(pid=116066) inner /usr/local/lib/python3.8/dist-packages/oslo_concurrency/lockutils.py:386}}
Nov 10 20:26:36.364257 dv-cinder-815145-6-smb devstack@n-api.service[116067]: INFO nova.api.openstack.requestlog [None req-f382aa49-ea6c-4258-8d75-aa64538a6f9e tempest-VolumesNegativeTest-503252430 tempest-VolumesNegativeTest-503252430-project] 10.222.0.47 "POST /compute/v2.1/servers" status: 202 len: 380 microversion: 2.1 time: 0.714910
Nov 10 20:26:36.365147 dv-cinder-815145-6-smb devstack@n-api.service[116067]: [pid: 116067|app: 0|req: 108/210] 10.222.0.47 () {60 vars in 1146 bytes} [Wed Nov 10 20:26:35 2021] POST /compute/v2.1/servers => generated 380 bytes in 717 msecs (HTTP/1.1 202) 10 headers in 451 bytes (1 switches on core 0)
Nov 10 20:26:36.375923 dv-cinder-815145-6-smb devstack@n-api.service[116066]: DEBUG oslo_concurrency.lockutils [None req-cf48a439-d470-4e85-9284-60d55a14ca60 tempest-AttachVolumeTestJSON-605571211 tempest-AttachVolumeTestJSON-605571211-project] Lock "db85da39-9b19-4c19-9374-e6dccdf605ab" "released" by "nova.context.set_target_cell..get_or_set_cached_cell_and_set_connections" :: held 0.020s {{(pid=116066) inner /usr/local/lib/python3.8/dist-packages/oslo_concurrency/lockutils.py:400}}
Nov 10 20:26:36.378402 dv-cinder-815145-6-smb devstack@n-api.service[116067]: DEBUG nova.api.openstack.wsgi [None req-c87b65d0-1c4c-4f5e-aab6-f35a8655cbeb tempest-VolumesNegativeTest-503252430 tempest-VolumesNegativeTest-503252430-project] Calling method '>' {{(pid=116067) _process_stack /opt/stack/nova/nova/api/openstack/wsgi.py:513}}
Nov 10 20:26:36.379028 dv-cinder-815145-6-smb devstack@n-api.service[116067]: DEBUG nova.compute.api [None req-c87b65d0-1c4c-4f5e-aab6-f35a8655cbeb tempest-VolumesNegativeTest-503252430 tempest-VolumesNegativeTest-503252430-project] [instance: 4c601a16-6ac1-477f-99a5-6451dc771643] Fetching instance by UUID {{(pid=116067) get /opt/stack/nova/nova/compute/api.py:2865}}
Nov 10 20:26:36.380360 dv-cinder-815145-6-smb devstack@n-api.service[116066]: DEBUG oslo_concurrency.lockutils [None req-cf48a439-d470-4e85-9284-60d55a14ca60 tempest-AttachVolumeTestJSON-605571211 tempest-AttachVolumeTestJSON-605571211-project] Lock "db85da39-9b19-4c19-9374-e6dccdf605ab" acquired by "nova.context.set_target_cell..get_or_set_cached_cell_and_set_connections" :: waited 0.000s {{(pid=116066) inner /usr/local/lib/python3.8/dist-packages/oslo_concurrency/lockutils.py:386}}
Nov 10 20:26:36.382984 dv-cinder-815145-6-smb devstack@n-api.service[116066]: DEBUG oslo_concurrency.lockutils [None req-cf48a439-d470-4e85-9284-60d55a14ca60 tempest-AttachVolumeTestJSON-605571211 tempest-AttachVolumeTestJSON-605571211-project] Lock "db85da39-9b19-4c19-9374-e6dccdf605ab" "released" by "nova.context.set_target_cell..get_or_set_cached_cell_and_set_connections" :: held 0.003s {{(pid=116066) inner /usr/local/lib/python3.8/dist-packages/oslo_concurrency/lockutils.py:400}}
Nov 10 20:26:36.539851 dv-cinder-815145-6-smb devstack@n-api.service[116067]: DEBUG nova.policy [None req-c87b65d0-1c4c-4f5e-aab6-f35a8655cbeb tempest-VolumesNegativeTest-503252430 tempest-VolumesNegativeTest-503252430-project] Policy check for os_compute_api:os-extended-server-attributes failed with credentials {'is_admin': False, 'user_id': '9aef0dec9479400082bd143c7ad94a8e', 'user_domain_id': 'default', 'system_scope': None, 'domain_id': None, 'project_id': 'c2d3f3f573cb45ab8abda3b7009e39ea', 'project_domain_id': 'default', 'roles': ['member', 'reader'], 'is_admin_project': True, 'service_user_id': None, 'service_user_domain_id': None, 'service_project_id': None, 'service_project_domain_id': None, 'service_roles': []} {{(pid=116067) authorize /opt/stack/nova/nova/policy.py:199}}
Nov 10 20:26:36.551503 dv-cinder-815145-6-smb devstack@n-api.service[116067]: INFO nova.api.openstack.requestlog [None req-c87b65d0-1c4c-4f5e-aab6-f35a8655cbeb tempest-VolumesNegativeTest-503252430 tempest-VolumesNegativeTest-503252430-project] 10.222.0.47 "GET /compute/v2.1/servers/4c601a16-6ac1-477f-99a5-6451dc771643" status: 200 len: 1214 microversion: 2.1 time: 0.176545
Nov 10 20:26:36.555230 dv-cinder-815145-6-smb devstack@n-api.service[116067]: [pid: 116067|app: 0|req: 109/211] 10.222.0.47 () {58 vars in 1235 bytes} [Wed Nov 10 20:26:36 2021] GET /compute/v2.1/servers/4c601a16-6ac1-477f-99a5-6451dc771643 => generated 1214 bytes in 182 msecs (HTTP/1.1 200) 9 headers in 358 bytes (2 switches on core 0)
Nov 10 20:26:36.564699 dv-cinder-815145-6-smb devstack@n-api.service[116066]: INFO nova.api.openstack.requestlog [None req-cf48a439-d470-4e85-9284-60d55a14ca60 tempest-AttachVolumeTestJSON-605571211 tempest-AttachVolumeTestJSON-605571211-project] 10.222.0.47 "POST /compute/v2.1/servers/7ae2dce9-1d19-4586-b55c-272ade6f6d3c/action" status: 200 len: 10009 microversion: 2.1 time: 0.233690
Nov 10 20:26:36.570650 dv-cinder-815145-6-smb devstack@n-api.service[116066]: [pid: 116066|app: 0|req: 103/212] 10.222.0.47 () {60 vars in 1277 bytes} [Wed Nov 10 20:26:36 2021] POST /compute/v2.1/servers/7ae2dce9-1d19-4586-b55c-272ade6f6d3c/action => generated 10009 bytes in 240 msecs (HTTP/1.1 200) 9 headers in 359 bytes (1 switches on core 0)
Nov 10 20:26:36.581413 dv-cinder-815145-6-smb devstack@n-api.service[116067]: DEBUG nova.api.openstack.wsgi [None req-c6cc1257-eafe-4173-a489-ab64b83ee0f8 tempest-AttachVolumeNegativeTest-278334555 tempest-AttachVolumeNegativeTest-278334555-project] Calling method '>' {{(pid=116067) _process_stack /opt/stack/nova/nova/api/openstack/wsgi.py:513}}
Nov 10 20:26:36.584240 dv-cinder-815145-6-smb devstack@n-api.service[116067]: DEBUG nova.compute.api [None req-c6cc1257-eafe-4173-a489-ab64b83ee0f8 tempest-AttachVolumeNegativeTest-278334555 tempest-AttachVolumeNegativeTest-278334555-project] [instance: a9b4e511-66ff-4748-9ae2-91813c17d1ae] Fetching instance by UUID {{(pid=116067) get /opt/stack/nova/nova/compute/api.py:2865}}
Nov 10 20:26:36.595129 dv-cinder-815145-6-smb devstack@n-api.service[116067]: DEBUG oslo_concurrency.lockutils [None req-c6cc1257-eafe-4173-a489-ab64b83ee0f8 tempest-AttachVolumeNegativeTest-278334555 tempest-AttachVolumeNegativeTest-278334555-project] Lock "db85da39-9b19-4c19-9374-e6dccdf605ab" acquired by "nova.context.set_target_cell..get_or_set_cached_cell_and_set_connections" :: waited 0.000s {{(pid=116067) inner /usr/local/lib/python3.8/dist-packages/oslo_concurrency/lockutils.py:386}}
Nov 10 20:26:36.595601 dv-cinder-815145-6-smb devstack@n-api.service[116067]: DEBUG oslo_concurrency.lockutils [None req-c6cc1257-eafe-4173-a489-ab64b83ee0f8 tempest-AttachVolumeNegativeTest-278334555 tempest-AttachVolumeNegativeTest-278334555-project] Lock "db85da39-9b19-4c19-9374-e6dccdf605ab" "released" by "nova.context.set_target_cell..get_or_set_cached_cell_and_set_connections" :: held 0.001s {{(pid=116067) inner /usr/local/lib/python3.8/dist-packages/oslo_concurrency/lockutils.py:400}}
Nov 10 20:26:36.596661 dv-cinder-815145-6-smb devstack@n-api.service[116067]: DEBUG oslo_concurrency.lockutils [None req-c6cc1257-eafe-4173-a489-ab64b83ee0f8 tempest-AttachVolumeNegativeTest-278334555 tempest-AttachVolumeNegativeTest-278334555-project] Lock "db85da39-9b19-4c19-9374-e6dccdf605ab" acquired by "nova.context.set_target_cell..get_or_set_cached_cell_and_set_connections" :: waited 0.000s {{(pid=116067) inner /usr/local/lib/python3.8/dist-packages/oslo_concurrency/lockutils.py:386}}
Nov 10 20:26:36.597190 dv-cinder-815145-6-smb devstack@n-api.service[116067]: DEBUG oslo_concurrency.lockutils [None req-c6cc1257-eafe-4173-a489-ab64b83ee0f8 tempest-AttachVolumeNegativeTest-278334555 tempest-AttachVolumeNegativeTest-278334555-project] Lock "db85da39-9b19-4c19-9374-e6dccdf605ab" "released" by "nova.context.set_target_cell..get_or_set_cached_cell_and_set_connections" :: held 0.001s {{(pid=116067) inner /usr/local/lib/python3.8/dist-packages/oslo_concurrency/lockutils.py:400}}
Nov 10 20:26:36.631232 dv-cinder-815145-6-smb devstack@n-api.service[116067]: INFO nova.api.openstack.requestlog [None req-c6cc1257-eafe-4173-a489-ab64b83ee0f8 tempest-AttachVolumeNegativeTest-278334555 tempest-AttachVolumeNegativeTest-278334555-project] 10.222.0.47 "GET /compute/v2.1/servers/a9b4e511-66ff-4748-9ae2-91813c17d1ae/os-volume_attachments" status: 200 len: 25 microversion: 2.1 time: 0.071935
Nov 10 20:26:36.632199 dv-cinder-815145-6-smb devstack@n-api.service[116067]: [pid: 116067|app: 0|req: 110/213] 10.222.0.47 () {58 vars in 1301 bytes} [Wed Nov 10 20:26:36 2021] GET /compute/v2.1/servers/a9b4e511-66ff-4748-9ae2-91813c17d1ae/os-volume_attachments => generated 25 bytes in 74 msecs (HTTP/1.1 200) 9 headers in 356 bytes (2 switches on core 0)
Nov 10 20:26:36.686501 dv-cinder-815145-6-smb devstack@n-api.service[116066]: DEBUG nova.api.openstack.wsgi [None req-083ac677-7f46-4003-b255-8d596ab0fef8 tempest-AttachVolumeShelveTestJSON-453241121 tempest-AttachVolumeShelveTestJSON-453241121-project] Action: 'action', calling method: >, body: {"os-getConsoleOutput": {}} {{(pid=116066) _process_stack /opt/stack/nova/nova/api/openstack/wsgi.py:511}}
Nov 10 20:26:36.687731 dv-cinder-815145-6-smb devstack@n-api.service[116066]: DEBUG nova.compute.api [None req-083ac677-7f46-4003-b255-8d596ab0fef8 tempest-AttachVolumeShelveTestJSON-453241121 tempest-AttachVolumeShelveTestJSON-453241121-project] [instance: cb15a4ff-ca76-4a81-bb62-033bc0e80a47] Fetching instance by UUID {{(pid=116066) get /opt/stack/nova/nova/compute/api.py:2865}}
Nov 10 20:26:36.705466 dv-cinder-815145-6-smb devstack@n-api.service[116066]: DEBUG oslo_concurrency.lockutils [None req-083ac677-7f46-4003-b255-8d596ab0fef8 tempest-AttachVolumeShelveTestJSON-453241121 tempest-AttachVolumeShelveTestJSON-453241121-project] Lock "db85da39-9b19-4c19-9374-e6dccdf605ab" acquired by "nova.context.set_target_cell..get_or_set_cached_cell_and_set_connections" :: waited 0.000s {{(pid=116066) inner /usr/local/lib/python3.8/dist-packages/oslo_concurrency/lockutils.py:386}}
Nov 10 20:26:36.705747 dv-cinder-815145-6-smb devstack@n-api.service[116066]: DEBUG oslo_concurrency.lockutils [None req-083ac677-7f46-4003-b255-8d596ab0fef8 tempest-AttachVolumeShelveTestJSON-453241121 tempest-AttachVolumeShelveTestJSON-453241121-project] Lock "db85da39-9b19-4c19-9374-e6dccdf605ab" "released" by "nova.context.set_target_cell..get_or_set_cached_cell_and_set_connections" :: held 0.001s {{(pid=116066) inner /usr/local/lib/python3.8/dist-packages/oslo_concurrency/lockutils.py:400}}
Nov 10 20:26:36.714737 dv-cinder-815145-6-smb devstack@n-api.service[116066]: DEBUG oslo_concurrency.lockutils [None req-083ac677-7f46-4003-b255-8d596ab0fef8 tempest-AttachVolumeShelveTestJSON-453241121 tempest-AttachVolumeShelveTestJSON-453241121-project] Lock "db85da39-9b19-4c19-9374-e6dccdf605ab" acquired by "nova.context.set_target_cell..get_or_set_cached_cell_and_set_connections" :: waited 0.001s {{(pid=116066) inner /usr/local/lib/python3.8/dist-packages/oslo_concurrency/lockutils.py:386}}
Nov 10 20:26:36.715305 dv-cinder-815145-6-smb devstack@n-api.service[116066]: DEBUG oslo_concurrency.lockutils [None req-083ac677-7f46-4003-b255-8d596ab0fef8 tempest-AttachVolumeShelveTestJSON-453241121 tempest-AttachVolumeShelveTestJSON-453241121-project] Lock "db85da39-9b19-4c19-9374-e6dccdf605ab" "released" by "nova.context.set_target_cell..get_or_set_cached_cell_and_set_connections" :: held 0.003s {{(pid=116066) inner /usr/local/lib/python3.8/dist-packages/oslo_concurrency/lockutils.py:400}}
Nov 10 20:26:36.886202 dv-cinder-815145-6-smb devstack@n-api.service[116066]: INFO nova.api.openstack.requestlog [None req-083ac677-7f46-4003-b255-8d596ab0fef8 tempest-AttachVolumeShelveTestJSON-453241121 tempest-AttachVolumeShelveTestJSON-453241121-project] 10.222.0.47 "POST /compute/v2.1/servers/cb15a4ff-ca76-4a81-bb62-033bc0e80a47/action" status: 200 len: 23218 microversion: 2.20 time: 0.205345
Nov 10 20:26:36.886858 dv-cinder-815145-6-smb devstack@n-api.service[116066]: [pid: 116066|app: 0|req: 104/214] 10.222.0.47 () {62 vars in 1318 bytes} [Wed Nov 10 20:26:36 2021] POST /compute/v2.1/servers/cb15a4ff-ca76-4a81-bb62-033bc0e80a47/action => generated 23218 bytes in 207 msecs (HTTP/1.1 200) 9 headers in 361 bytes (1 switches on core 0)
Nov 10 20:26:36.940843 dv-cinder-815145-6-smb devstack@n-api.service[116067]: DEBUG nova.api.openstack.wsgi [None req-0a7530e6-7ae0-4565-8c8a-0190da8f7fec tempest-AttachVolumeNegativeTest-278334555 tempest-AttachVolumeNegativeTest-278334555-project] Action: 'create', calling method: >, body: {"server": {"name": "tempest-AttachVolumeNegativeTest-server-1599414393", "imageRef": "46f90295-7ba0-4580-b585-a1623ef17efe", "flavorRef": "452", "networks": [{"uuid": "72351ecf-274f-4e49-9b13-20600e19aca7"}]}} {{(pid=116067) _process_stack /opt/stack/nova/nova/api/openstack/wsgi.py:511}}
Nov 10 20:26:37.032839 dv-cinder-815145-6-smb devstack@n-api.service[116067]: DEBUG nova.network.neutron [None req-0a7530e6-7ae0-4565-8c8a-0190da8f7fec tempest-AttachVolumeNegativeTest-278334555 tempest-AttachVolumeNegativeTest-278334555-project] validate_networks() for [('72351ecf-274f-4e49-9b13-20600e19aca7', None, None, None, None, None)] {{(pid=116067) validate_networks /opt/stack/nova/nova/network/neutron.py:2482}}
Nov 10 20:26:37.346350 dv-cinder-815145-6-smb devstack@n-api.service[116066]: DEBUG nova.api.openstack.wsgi [None req-49f19ea8-a4f9-4202-90d1-8f11023011c2 tempest-ServerRescueNegativeTestJSON-1524611552 tempest-ServerRescueNegativeTestJSON-1524611552-project] Calling method '>' {{(pid=116066) _process_stack /opt/stack/nova/nova/api/openstack/wsgi.py:513}}
Nov 10 20:26:37.347475 dv-cinder-815145-6-smb devstack@n-api.service[116066]: DEBUG nova.compute.api [None req-49f19ea8-a4f9-4202-90d1-8f11023011c2 tempest-ServerRescueNegativeTestJSON-1524611552 tempest-ServerRescueNegativeTestJSON-1524611552-project] [instance: 3fd6657f-fc6b-429e-a453-ee2d96fe72cb] Fetching instance by UUID {{(pid=116066) get /opt/stack/nova/nova/compute/api.py:2865}}
Nov 10 20:26:37.355127 dv-cinder-815145-6-smb devstack@n-api.service[116066]: DEBUG oslo_concurrency.lockutils [None req-49f19ea8-a4f9-4202-90d1-8f11023011c2 tempest-ServerRescueNegativeTestJSON-1524611552 tempest-ServerRescueNegativeTestJSON-1524611552-project] Lock "db85da39-9b19-4c19-9374-e6dccdf605ab" acquired by "nova.context.set_target_cell..get_or_set_cached_cell_and_set_connections" :: waited 0.000s {{(pid=116066) inner /usr/local/lib/python3.8/dist-packages/oslo_concurrency/lockutils.py:386}}
Nov 10 20:26:37.355546 dv-cinder-815145-6-smb devstack@n-api.service[116066]: DEBUG oslo_concurrency.lockutils [None req-49f19ea8-a4f9-4202-90d1-8f11023011c2 tempest-ServerRescueNegativeTestJSON-1524611552 tempest-ServerRescueNegativeTestJSON-1524611552-project] Lock "db85da39-9b19-4c19-9374-e6dccdf605ab" "released" by "nova.context.set_target_cell..get_or_set_cached_cell_and_set_connections" :: held 0.001s {{(pid=116066) inner /usr/local/lib/python3.8/dist-packages/oslo_concurrency/lockutils.py:400}}
Nov 10 20:26:37.356509 dv-cinder-815145-6-smb devstack@n-api.service[116066]: DEBUG oslo_concurrency.lockutils [None req-49f19ea8-a4f9-4202-90d1-8f11023011c2 tempest-ServerRescueNegativeTestJSON-1524611552 tempest-ServerRescueNegativeTestJSON-1524611552-project] Lock "db85da39-9b19-4c19-9374-e6dccdf605ab" acquired by "nova.context.set_target_cell..get_or_set_cached_cell_and_set_connections" :: waited 0.000s {{(pid=116066) inner /usr/local/lib/python3.8/dist-packages/oslo_concurrency/lockutils.py:386}}
Nov 10 20:26:37.357218 dv-cinder-815145-6-smb devstack@n-api.service[116066]: DEBUG oslo_concurrency.lockutils [None req-49f19ea8-a4f9-4202-90d1-8f11023011c2 tempest-ServerRescueNegativeTestJSON-1524611552 tempest-ServerRescueNegativeTestJSON-1524611552-project] Lock "db85da39-9b19-4c19-9374-e6dccdf605ab" "released" by "nova.context.set_target_cell..get_or_set_cached_cell_and_set_connections" :: held 0.001s {{(pid=116066) inner /usr/local/lib/python3.8/dist-packages/oslo_concurrency/lockutils.py:400}}
Nov 10 20:26:37.950878 dv-cinder-815145-6-smb devstack@n-api.service[116066]: DEBUG nova.policy [None req-49f19ea8-a4f9-4202-90d1-8f11023011c2 tempest-ServerRescueNegativeTestJSON-1524611552 tempest-ServerRescueNegativeTestJSON-1524611552-project] Policy check for os_compute_api:os-extended-server-attributes failed with credentials {'is_admin': False, 'user_id': '1b2f083d60264208bdbdf6c5371724ab', 'user_domain_id': 'default', 'system_scope': None, 'domain_id': None, 'project_id': '27edcd8d85934feab3506e02378dc86a', 'project_domain_id': 'default', 'roles': ['member', 'reader'], 'is_admin_project': True, 'service_user_id': None, 'service_user_domain_id': None, 'service_project_id': None, 'service_project_domain_id': None, 'service_roles': []} {{(pid=116066) authorize /opt/stack/nova/nova/policy.py:199}}
Nov 10 20:26:37.960470 dv-cinder-815145-6-smb devstack@n-api.service[116066]: INFO nova.api.openstack.requestlog [None req-49f19ea8-a4f9-4202-90d1-8f11023011c2 tempest-ServerRescueNegativeTestJSON-1524611552 tempest-ServerRescueNegativeTestJSON-1524611552-project] 10.222.0.47 "GET /compute/v2.1/servers/3fd6657f-fc6b-429e-a453-ee2d96fe72cb" status: 200 len: 1523 microversion: 2.1 time: 0.618327
Nov 10 20:26:37.961711 dv-cinder-815145-6-smb devstack@n-api.service[116066]: [pid: 116066|app: 0|req: 105/215] 10.222.0.47 () {58 vars in 1235 bytes} [Wed Nov 10 20:26:37 2021] GET /compute/v2.1/servers/3fd6657f-fc6b-429e-a453-ee2d96fe72cb => generated 1523 bytes in 621 msecs (HTTP/1.1 200) 9 headers in 358 bytes (2 switches on core 0)
Nov 10 20:26:37.967876 dv-cinder-815145-6-smb devstack@n-api.service[116066]: DEBUG nova.api.openstack.wsgi [None req-bd89c7dc-e9f5-49e5-a7ee-eeaf43cf7ec5 tempest-VolumesNegativeTest-503252430 tempest-VolumesNegativeTest-503252430-project] Calling method '>' {{(pid=116066) _process_stack /opt/stack/nova/nova/api/openstack/wsgi.py:513}}
Nov 10 20:26:37.969018 dv-cinder-815145-6-smb devstack@n-api.service[116066]: DEBUG nova.compute.api [None req-bd89c7dc-e9f5-49e5-a7ee-eeaf43cf7ec5 tempest-VolumesNegativeTest-503252430 tempest-VolumesNegativeTest-503252430-project] [instance: 4c601a16-6ac1-477f-99a5-6451dc771643] Fetching instance by UUID {{(pid=116066) get /opt/stack/nova/nova/compute/api.py:2865}}
Nov 10 20:26:37.979955 dv-cinder-815145-6-smb devstack@n-api.service[116066]: DEBUG oslo_concurrency.lockutils [None req-bd89c7dc-e9f5-49e5-a7ee-eeaf43cf7ec5 tempest-VolumesNegativeTest-503252430 tempest-VolumesNegativeTest-503252430-project] Lock "db85da39-9b19-4c19-9374-e6dccdf605ab" acquired by "nova.context.set_target_cell..get_or_set_cached_cell_and_set_connections" :: waited 0.000s {{(pid=116066) inner /usr/local/lib/python3.8/dist-packages/oslo_concurrency/lockutils.py:386}}
Nov 10 20:26:37.982529 dv-cinder-815145-6-smb devstack@n-api.service[116066]: DEBUG oslo_concurrency.lockutils [None req-bd89c7dc-e9f5-49e5-a7ee-eeaf43cf7ec5 tempest-VolumesNegativeTest-503252430 tempest-VolumesNegativeTest-503252430-project] Lock "db85da39-9b19-4c19-9374-e6dccdf605ab" "released" by "nova.context.set_target_cell..get_or_set_cached_cell_and_set_connections" :: held 0.002s {{(pid=116066) inner /usr/local/lib/python3.8/dist-packages/oslo_concurrency/lockutils.py:400}}
Nov 10 20:26:37.994040 dv-cinder-815145-6-smb devstack@n-api.service[116066]: DEBUG oslo_concurrency.lockutils [None req-bd89c7dc-e9f5-49e5-a7ee-eeaf43cf7ec5 tempest-VolumesNegativeTest-503252430 tempest-VolumesNegativeTest-503252430-project] Lock "db85da39-9b19-4c19-9374-e6dccdf605ab" acquired by "nova.context.set_target_cell..get_or_set_cached_cell_and_set_connections" :: waited 0.000s {{(pid=116066) inner /usr/local/lib/python3.8/dist-packages/oslo_concurrency/lockutils.py:386}}
Nov 10 20:26:37.995090 dv-cinder-815145-6-smb devstack@n-api.service[116066]: DEBUG oslo_concurrency.lockutils [None req-bd89c7dc-e9f5-49e5-a7ee-eeaf43cf7ec5 tempest-VolumesNegativeTest-503252430 tempest-VolumesNegativeTest-503252430-project] Lock "db85da39-9b19-4c19-9374-e6dccdf605ab" "released" by "nova.context.set_target_cell..get_or_set_cached_cell_and_set_connections" :: held 0.002s {{(pid=116066) inner /usr/local/lib/python3.8/dist-packages/oslo_concurrency/lockutils.py:400}}
Nov 10 20:26:38.095658 dv-cinder-815145-6-smb devstack@n-api.service[116067]: DEBUG nova.virt.hardware [None req-0a7530e6-7ae0-4565-8c8a-0190da8f7fec tempest-AttachVolumeNegativeTest-278334555 tempest-AttachVolumeNegativeTest-278334555-project] Flavor limits 0:0:0 {{(pid=116067) get_cpu_topology_constraints /opt/stack/nova/nova/virt/hardware.py:343}}
Nov 10 20:26:38.096837 dv-cinder-815145-6-smb devstack@n-api.service[116067]: DEBUG nova.virt.hardware [None req-0a7530e6-7ae0-4565-8c8a-0190da8f7fec tempest-AttachVolumeNegativeTest-278334555 tempest-AttachVolumeNegativeTest-278334555-project] Image limits 0:0:0 {{(pid=116067) get_cpu_topology_constraints /opt/stack/nova/nova/virt/hardware.py:347}}
Nov 10 20:26:38.097444 dv-cinder-815145-6-smb devstack@n-api.service[116067]: DEBUG nova.virt.hardware [None req-0a7530e6-7ae0-4565-8c8a-0190da8f7fec tempest-AttachVolumeNegativeTest-278334555 tempest-AttachVolumeNegativeTest-278334555-project] Flavor pref 0:0:0 {{(pid=116067) get_cpu_topology_constraints /opt/stack/nova/nova/virt/hardware.py:383}}
Nov 10 20:26:38.098509 dv-cinder-815145-6-smb devstack@n-api.service[116067]: DEBUG nova.virt.hardware [None req-0a7530e6-7ae0-4565-8c8a-0190da8f7fec tempest-AttachVolumeNegativeTest-278334555 tempest-AttachVolumeNegativeTest-278334555-project] Image pref 0:0:0 {{(pid=116067) get_cpu_topology_constraints /opt/stack/nova/nova/virt/hardware.py:387}}
Nov 10 20:26:38.099658 dv-cinder-815145-6-smb devstack@n-api.service[116067]: DEBUG nova.virt.hardware [None req-0a7530e6-7ae0-4565-8c8a-0190da8f7fec tempest-AttachVolumeNegativeTest-278334555 tempest-AttachVolumeNegativeTest-278334555-project] Chose sockets=0, cores=0, threads=0; limits were sockets=65536, cores=65536, threads=65536 {{(pid=116067) get_cpu_topology_constraints /opt/stack/nova/nova/virt/hardware.py:425}}
Nov 10 20:26:38.111692 dv-cinder-815145-6-smb devstack@n-api.service[116067]: DEBUG oslo_concurrency.lockutils [None req-0a7530e6-7ae0-4565-8c8a-0190da8f7fec tempest-AttachVolumeNegativeTest-278334555 tempest-AttachVolumeNegativeTest-278334555-project] Lock "00000000-0000-0000-0000-000000000000" acquired by "nova.context.set_target_cell..get_or_set_cached_cell_and_set_connections" :: waited 0.000s {{(pid=116067) inner /usr/local/lib/python3.8/dist-packages/oslo_concurrency/lockutils.py:386}}
Nov 10 20:26:38.112510 dv-cinder-815145-6-smb devstack@n-api.service[116067]: DEBUG oslo_concurrency.lockutils [None req-0a7530e6-7ae0-4565-8c8a-0190da8f7fec tempest-AttachVolumeNegativeTest-278334555 tempest-AttachVolumeNegativeTest-278334555-project] Lock "00000000-0000-0000-0000-000000000000" "released" by "nova.context.set_target_cell..get_or_set_cached_cell_and_set_connections" :: held 0.001s {{(pid=116067) inner /usr/local/lib/python3.8/dist-packages/oslo_concurrency/lockutils.py:400}}
Nov 10 20:26:38.113490 dv-cinder-815145-6-smb devstack@n-api.service[116067]: DEBUG oslo_concurrency.lockutils [None req-0a7530e6-7ae0-4565-8c8a-0190da8f7fec tempest-AttachVolumeNegativeTest-278334555 tempest-AttachVolumeNegativeTest-278334555-project] Lock "db85da39-9b19-4c19-9374-e6dccdf605ab" acquired by "nova.context.set_target_cell..get_or_set_cached_cell_and_set_connections" :: waited 0.000s {{(pid=116067) inner /usr/local/lib/python3.8/dist-packages/oslo_concurrency/lockutils.py:386}}
