Nov 10 20:23:38.254186 dv-cinder-815145-6-iscsi devstack@n-api.service[115914]: DEBUG oslo_concurrency.lockutils [None req-4587a87d-764b-4793-8f5b-f038c482bbe3 tempest-DeleteServersTestJSON-2074893869 tempest-DeleteServersTestJSON-2074893869-project] Lock "e9d1ce62-58f5-4363-9660-6b097cd554da" "released" by "nova.context.set_target_cell..get_or_set_cached_cell_and_set_connections" :: held 0.003s {{(pid=115914) inner /usr/local/lib/python3.8/dist-packages/oslo_concurrency/lockutils.py:400}}
Nov 10 20:23:38.322502 dv-cinder-815145-6-iscsi devstack@n-api.service[115915]: DEBUG nova.api.openstack.wsgi [None req-f1d42096-9d19-482d-aa3e-24a5183a2aaf tempest-ServerRescueNegativeTestJSON-501090725 tempest-ServerRescueNegativeTestJSON-501090725-project] Action: 'create', calling method: >, body: {"server": {"name": "tempest-ServerRescueNegativeTestJSON-server-2121951481", "imageRef": "acc2bfb6-8392-41cc-8900-6874aea16e95", "flavorRef": "452", "adminPass": "***", "networks": [{"uuid": "0b571a51-96aa-4f58-9b78-4412fcb7f7fd"}]}} {{(pid=115915) _process_stack /opt/stack/nova/nova/api/openstack/wsgi.py:511}}
Nov 10 20:23:38.339793 dv-cinder-815145-6-iscsi devstack@n-api.service[115914]: DEBUG nova.policy [None req-4587a87d-764b-4793-8f5b-f038c482bbe3 tempest-DeleteServersTestJSON-2074893869 tempest-DeleteServersTestJSON-2074893869-project] Policy check for os_compute_api:os-extended-server-attributes failed with credentials {'is_admin': False, 'user_id': '25dcc173d0cf4af982e9031bf62ea398', 'user_domain_id': 'default', 'system_scope': None, 'domain_id': None, 'project_id': '7be4bbc52e7e44d5baf51e00e9596ce9', 'project_domain_id': 'default', 'roles': ['reader', 'member'], 'is_admin_project': True, 'service_user_id': None, 'service_user_domain_id': None, 'service_project_id': None, 'service_project_domain_id': None, 'service_roles': []} {{(pid=115914) authorize /opt/stack/nova/nova/policy.py:199}}
Nov 10 20:23:38.354501 dv-cinder-815145-6-iscsi devstack@n-api.service[115914]: INFO nova.api.openstack.requestlog [None req-4587a87d-764b-4793-8f5b-f038c482bbe3 tempest-DeleteServersTestJSON-2074893869 tempest-DeleteServersTestJSON-2074893869-project] 10.222.0.13 "GET /compute/v2.1/servers/bb3534c1-df66-45c2-b809-fac88b8e634e" status: 200 len: 1210 microversion: 2.1 time: 0.130629
Nov 10 20:23:38.372347 dv-cinder-815145-6-iscsi devstack@n-api.service[115914]: [pid: 115914|app: 0|req: 20/25] 10.222.0.13 () {58 vars in 1235 bytes} [Wed Nov 10 20:23:38 2021] GET /compute/v2.1/servers/bb3534c1-df66-45c2-b809-fac88b8e634e => generated 1210 bytes in 149 msecs (HTTP/1.1 200) 9 headers in 358 bytes (1 switches on core 0)
Nov 10 20:23:38.381163 dv-cinder-815145-6-iscsi devstack@n-api.service[115914]: DEBUG nova.api.openstack.wsgi [None req-99befee6-412c-4f0a-82c6-414f41659b3c tempest-VolumesGetTestJSON-131245089 tempest-VolumesGetTestJSON-131245089-project] Calling method '.version_select at 0x7f6dd8a001f0>' {{(pid=115914) _process_stack /opt/stack/nova/nova/api/openstack/wsgi.py:513}}
Nov 10 20:23:38.441337 dv-cinder-815145-6-iscsi devstack@n-api.service[115915]: DEBUG nova.network.neutron [None req-f1d42096-9d19-482d-aa3e-24a5183a2aaf tempest-ServerRescueNegativeTestJSON-501090725 tempest-ServerRescueNegativeTestJSON-501090725-project] validate_networks() for [('0b571a51-96aa-4f58-9b78-4412fcb7f7fd', None, None, None, None, None)] {{(pid=115915) validate_networks /opt/stack/nova/nova/network/neutron.py:2482}}
Nov 10 20:23:38.526354 dv-cinder-815145-6-iscsi devstack@n-api.service[115914]: INFO nova.api.openstack.requestlog [None req-99befee6-412c-4f0a-82c6-414f41659b3c tempest-VolumesGetTestJSON-131245089 tempest-VolumesGetTestJSON-131245089-project] 10.222.0.13 "GET /compute/v2.1/os-volumes/a82c2e3a-7b7f-4884-ab52-a173484f28d0" status: 200 len: 353 microversion: 2.1 time: 0.152358
Nov 10 20:23:38.528401 dv-cinder-815145-6-iscsi devstack@n-api.service[115914]: [pid: 115914|app: 0|req: 21/26] 10.222.0.13 () {58 vars in 1244 bytes} [Wed Nov 10 20:23:38 2021] GET /compute/v2.1/os-volumes/a82c2e3a-7b7f-4884-ab52-a173484f28d0 => generated 353 bytes in 155 msecs (HTTP/1.1 200) 9 headers in 357 bytes (1 switches on core 0)
Nov 10 20:23:38.980186 dv-cinder-815145-6-iscsi devstack@n-api.service[115914]: DEBUG nova.api.openstack.wsgi [None req-3da1bdac-9f2a-4a46-9b65-198dbc6a9a05 tempest-VolumesTestJSON-1324829125 tempest-VolumesTestJSON-1324829125-project] Calling method '.version_select at 0x7f6dd89d73a0>' {{(pid=115914) _process_stack /opt/stack/nova/nova/api/openstack/wsgi.py:513}}
Nov 10 20:23:39.095129 dv-cinder-815145-6-iscsi devstack@n-api.service[115914]: INFO nova.api.openstack.requestlog [None req-3da1bdac-9f2a-4a46-9b65-198dbc6a9a05 tempest-VolumesTestJSON-1324829125 tempest-VolumesTestJSON-1324829125-project] 10.222.0.13 "GET /compute/v2.1/os-volumes/23cd69a9-b07e-4b9b-a191-e04209cbb5c0" status: 200 len: 350 microversion: 2.1 time: 0.120475
Nov 10 20:23:39.096958 dv-cinder-815145-6-iscsi devstack@n-api.service[115914]: [pid: 115914|app: 0|req: 22/27] 10.222.0.13 () {58 vars in 1244 bytes} [Wed Nov 10 20:23:38 2021] GET /compute/v2.1/os-volumes/23cd69a9-b07e-4b9b-a191-e04209cbb5c0 => generated 350 bytes in 123 msecs (HTTP/1.1 200) 9 headers in 357 bytes (2 switches on core 0)
Nov 10 20:23:39.244139 dv-cinder-815145-6-iscsi devstack@n-api.service[115914]: DEBUG nova.api.openstack.wsgi [None req-f58bb490-3000-4bdf-8ba5-500c509aa449 tempest-AttachVolumeNegativeTest-1432674451 tempest-AttachVolumeNegativeTest-1432674451-project] Calling method '>' {{(pid=115914) _process_stack /opt/stack/nova/nova/api/openstack/wsgi.py:513}}
Nov 10 20:23:39.244698 dv-cinder-815145-6-iscsi devstack@n-api.service[115914]: DEBUG nova.compute.api [None req-f58bb490-3000-4bdf-8ba5-500c509aa449 tempest-AttachVolumeNegativeTest-1432674451 tempest-AttachVolumeNegativeTest-1432674451-project] [instance: 924f2fc1-6156-4824-be73-353fe6971d3a] Fetching instance by UUID {{(pid=115914) get /opt/stack/nova/nova/compute/api.py:2865}}
Nov 10 20:23:39.264432 dv-cinder-815145-6-iscsi devstack@n-api.service[115914]: DEBUG oslo_concurrency.lockutils [None req-f58bb490-3000-4bdf-8ba5-500c509aa449 tempest-AttachVolumeNegativeTest-1432674451 tempest-AttachVolumeNegativeTest-1432674451-project] Lock "e9d1ce62-58f5-4363-9660-6b097cd554da" acquired by "nova.context.set_target_cell..get_or_set_cached_cell_and_set_connections" :: waited 0.001s {{(pid=115914) inner /usr/local/lib/python3.8/dist-packages/oslo_concurrency/lockutils.py:386}}
Nov 10 20:23:39.268160 dv-cinder-815145-6-iscsi devstack@n-api.service[115914]: DEBUG oslo_concurrency.lockutils [None req-f58bb490-3000-4bdf-8ba5-500c509aa449 tempest-AttachVolumeNegativeTest-1432674451 tempest-AttachVolumeNegativeTest-1432674451-project] Lock "e9d1ce62-58f5-4363-9660-6b097cd554da" "released" by "nova.context.set_target_cell..get_or_set_cached_cell_and_set_connections" :: held 0.002s {{(pid=115914) inner /usr/local/lib/python3.8/dist-packages/oslo_concurrency/lockutils.py:400}}
Nov 10 20:23:39.273730 dv-cinder-815145-6-iscsi devstack@n-api.service[115914]: DEBUG oslo_concurrency.lockutils [None req-f58bb490-3000-4bdf-8ba5-500c509aa449 tempest-AttachVolumeNegativeTest-1432674451 tempest-AttachVolumeNegativeTest-1432674451-project] Lock "e9d1ce62-58f5-4363-9660-6b097cd554da" acquired by "nova.context.set_target_cell..get_or_set_cached_cell_and_set_connections" :: waited 0.001s {{(pid=115914) inner /usr/local/lib/python3.8/dist-packages/oslo_concurrency/lockutils.py:386}}
Nov 10 20:23:39.291773 dv-cinder-815145-6-iscsi devstack@n-api.service[115914]: DEBUG oslo_concurrency.lockutils [None req-f58bb490-3000-4bdf-8ba5-500c509aa449 tempest-AttachVolumeNegativeTest-1432674451 tempest-AttachVolumeNegativeTest-1432674451-project] Lock "e9d1ce62-58f5-4363-9660-6b097cd554da" "released" by "nova.context.set_target_cell..get_or_set_cached_cell_and_set_connections" :: held 0.002s {{(pid=115914) inner /usr/local/lib/python3.8/dist-packages/oslo_concurrency/lockutils.py:400}}
Nov 10 20:23:39.775758 dv-cinder-815145-6-iscsi devstack@n-api.service[115914]: DEBUG nova.policy [None req-f58bb490-3000-4bdf-8ba5-500c509aa449 tempest-AttachVolumeNegativeTest-1432674451 tempest-AttachVolumeNegativeTest-1432674451-project] Policy check for os_compute_api:os-extended-server-attributes failed with credentials {'is_admin': False, 'user_id': '49788f29240843559ffc6a238b5b554f', 'user_domain_id': 'default', 'system_scope': None, 'domain_id': None, 'project_id': 'dbcd654a38e74587b016098dbab2ba41', 'project_domain_id': 'default', 'roles': ['reader', 'member'], 'is_admin_project': True, 'service_user_id': None, 'service_user_domain_id': None, 'service_project_id': None, 'service_project_domain_id': None, 'service_roles': []} {{(pid=115914) authorize /opt/stack/nova/nova/policy.py:199}}
Nov 10 20:23:39.793553 dv-cinder-815145-6-iscsi devstack@n-api.service[115914]: INFO nova.api.openstack.requestlog [None req-f58bb490-3000-4bdf-8ba5-500c509aa449 tempest-AttachVolumeNegativeTest-1432674451 tempest-AttachVolumeNegativeTest-1432674451-project] 10.222.0.13 "GET /compute/v2.1/servers/924f2fc1-6156-4824-be73-353fe6971d3a" status: 200 len: 1276 microversion: 2.1 time: 0.558026
Nov 10 20:23:39.796395 dv-cinder-815145-6-iscsi devstack@n-api.service[115914]: [pid: 115914|app: 0|req: 23/28] 10.222.0.13 () {58 vars in 1235 bytes} [Wed Nov 10 20:23:39 2021] GET /compute/v2.1/servers/924f2fc1-6156-4824-be73-353fe6971d3a => generated 1276 bytes in 562 msecs (HTTP/1.1 200) 9 headers in 358 bytes (1 switches on core 0)
Nov 10 20:23:39.812414 dv-cinder-815145-6-iscsi devstack@n-api.service[115914]: DEBUG nova.api.openstack.wsgi [None req-5f1cee83-52fb-4d5d-876c-a7375eba344d tempest-DeleteServersTestJSON-2074893869 tempest-DeleteServersTestJSON-2074893869-project] Calling method '>' {{(pid=115914) _process_stack /opt/stack/nova/nova/api/openstack/wsgi.py:513}}
Nov 10 20:23:39.816362 dv-cinder-815145-6-iscsi devstack@n-api.service[115914]: DEBUG nova.compute.api [None req-5f1cee83-52fb-4d5d-876c-a7375eba344d tempest-DeleteServersTestJSON-2074893869 tempest-DeleteServersTestJSON-2074893869-project] [instance: bb3534c1-df66-45c2-b809-fac88b8e634e] Fetching instance by UUID {{(pid=115914) get /opt/stack/nova/nova/compute/api.py:2865}}
Nov 10 20:23:39.827473 dv-cinder-815145-6-iscsi devstack@n-api.service[115914]: DEBUG oslo_concurrency.lockutils [None req-5f1cee83-52fb-4d5d-876c-a7375eba344d tempest-DeleteServersTestJSON-2074893869 tempest-DeleteServersTestJSON-2074893869-project] Lock "e9d1ce62-58f5-4363-9660-6b097cd554da" acquired by "nova.context.set_target_cell..get_or_set_cached_cell_and_set_connections" :: waited 0.000s {{(pid=115914) inner /usr/local/lib/python3.8/dist-packages/oslo_concurrency/lockutils.py:386}}
Nov 10 20:23:39.827961 dv-cinder-815145-6-iscsi devstack@n-api.service[115914]: DEBUG oslo_concurrency.lockutils [None req-5f1cee83-52fb-4d5d-876c-a7375eba344d tempest-DeleteServersTestJSON-2074893869 tempest-DeleteServersTestJSON-2074893869-project] Lock "e9d1ce62-58f5-4363-9660-6b097cd554da" "released" by "nova.context.set_target_cell..get_or_set_cached_cell_and_set_connections" :: held 0.001s {{(pid=115914) inner /usr/local/lib/python3.8/dist-packages/oslo_concurrency/lockutils.py:400}}
Nov 10 20:23:39.834945 dv-cinder-815145-6-iscsi devstack@n-api.service[115914]: DEBUG oslo_concurrency.lockutils [None req-5f1cee83-52fb-4d5d-876c-a7375eba344d tempest-DeleteServersTestJSON-2074893869 tempest-DeleteServersTestJSON-2074893869-project] Lock "e9d1ce62-58f5-4363-9660-6b097cd554da" acquired by "nova.context.set_target_cell..get_or_set_cached_cell_and_set_connections" :: waited 0.000s {{(pid=115914) inner /usr/local/lib/python3.8/dist-packages/oslo_concurrency/lockutils.py:386}}
Nov 10 20:23:39.836600 dv-cinder-815145-6-iscsi devstack@n-api.service[115914]: DEBUG oslo_concurrency.lockutils [None req-5f1cee83-52fb-4d5d-876c-a7375eba344d tempest-DeleteServersTestJSON-2074893869 tempest-DeleteServersTestJSON-2074893869-project] Lock "e9d1ce62-58f5-4363-9660-6b097cd554da" "released" by "nova.context.set_target_cell..get_or_set_cached_cell_and_set_connections" :: held 0.001s {{(pid=115914) inner /usr/local/lib/python3.8/dist-packages/oslo_concurrency/lockutils.py:400}}
Nov 10 20:23:40.020860 dv-cinder-815145-6-iscsi devstack@n-api.service[115914]: DEBUG nova.policy [None req-5f1cee83-52fb-4d5d-876c-a7375eba344d tempest-DeleteServersTestJSON-2074893869 tempest-DeleteServersTestJSON-2074893869-project] Policy check for os_compute_api:os-extended-server-attributes failed with credentials {'is_admin': False, 'user_id': '25dcc173d0cf4af982e9031bf62ea398', 'user_domain_id': 'default', 'system_scope': None, 'domain_id': None, 'project_id': '7be4bbc52e7e44d5baf51e00e9596ce9', 'project_domain_id': 'default', 'roles': ['reader', 'member'], 'is_admin_project': True, 'service_user_id': None, 'service_user_domain_id': None, 'service_project_id': None, 'service_project_domain_id': None, 'service_roles': []} {{(pid=115914) authorize /opt/stack/nova/nova/policy.py:199}}
Nov 10 20:23:40.033928 dv-cinder-815145-6-iscsi devstack@n-api.service[115914]: INFO nova.api.openstack.requestlog [None req-5f1cee83-52fb-4d5d-876c-a7375eba344d tempest-DeleteServersTestJSON-2074893869 tempest-DeleteServersTestJSON-2074893869-project] 10.222.0.13 "GET /compute/v2.1/servers/bb3534c1-df66-45c2-b809-fac88b8e634e" status: 200 len: 1272 microversion: 2.1 time: 0.232235
Nov 10 20:23:40.034881 dv-cinder-815145-6-iscsi devstack@n-api.service[115914]: [pid: 115914|app: 0|req: 24/29] 10.222.0.13 () {58 vars in 1235 bytes} [Wed Nov 10 20:23:39 2021] GET /compute/v2.1/servers/bb3534c1-df66-45c2-b809-fac88b8e634e => generated 1272 bytes in 236 msecs (HTTP/1.1 200) 9 headers in 358 bytes (1 switches on core 0)
Nov 10 20:23:40.053814 dv-cinder-815145-6-iscsi devstack@n-api.service[115914]: DEBUG nova.api.openstack.wsgi [None req-bf6f517f-0324-451e-99e3-bf4f63fb3de7 tempest-VolumesGetTestJSON-131245089 tempest-VolumesGetTestJSON-131245089-project] Calling method '.version_select at 0x7f6dd9c52280>' {{(pid=115914) _process_stack /opt/stack/nova/nova/api/openstack/wsgi.py:513}}
Nov 10 20:23:40.217752 dv-cinder-815145-6-iscsi devstack@n-api.service[115914]: INFO nova.api.openstack.wsgi [None req-bf6f517f-0324-451e-99e3-bf4f63fb3de7 tempest-VolumesGetTestJSON-131245089 tempest-VolumesGetTestJSON-131245089-project] HTTP exception thrown: Volume a82c2e3a-7b7f-4884-ab52-a173484f28d0 could not be found.
Nov 10 20:23:40.219740 dv-cinder-815145-6-iscsi devstack@n-api.service[115914]: DEBUG nova.api.openstack.wsgi [None req-bf6f517f-0324-451e-99e3-bf4f63fb3de7 tempest-VolumesGetTestJSON-131245089 tempest-VolumesGetTestJSON-131245089-project] Returning 404 to user: Volume a82c2e3a-7b7f-4884-ab52-a173484f28d0 could not be found. {{(pid=115914) __call__ /opt/stack/nova/nova/api/openstack/wsgi.py:936}}
Nov 10 20:23:40.222478 dv-cinder-815145-6-iscsi devstack@n-api.service[115914]: INFO nova.api.openstack.requestlog [None req-bf6f517f-0324-451e-99e3-bf4f63fb3de7 tempest-VolumesGetTestJSON-131245089 tempest-VolumesGetTestJSON-131245089-project] 10.222.0.13 "GET /compute/v2.1/os-volumes/a82c2e3a-7b7f-4884-ab52-a173484f28d0" status: 404 len: 109 microversion: 2.1 time: 0.183338
Nov 10 20:23:40.224586 dv-cinder-815145-6-iscsi devstack@n-api.service[115914]: [pid: 115914|app: 0|req: 25/30] 10.222.0.13 () {58 vars in 1244 bytes} [Wed Nov 10 20:23:40 2021] GET /compute/v2.1/os-volumes/a82c2e3a-7b7f-4884-ab52-a173484f28d0 => generated 109 bytes in 188 msecs (HTTP/1.1 404) 9 headers in 379 bytes (1 switches on core 0)
Nov 10 20:23:40.820966 dv-cinder-815145-6-iscsi devstack@n-api.service[115914]: DEBUG nova.api.openstack.wsgi [None req-3e015dfa-9ac2-4b83-868e-c72fe5a3067b tempest-AttachVolumeNegativeTest-1432674451 tempest-AttachVolumeNegativeTest-1432674451-project] Calling method '>' {{(pid=115914) _process_stack /opt/stack/nova/nova/api/openstack/wsgi.py:513}}
Nov 10 20:23:40.821620 dv-cinder-815145-6-iscsi devstack@n-api.service[115914]: DEBUG nova.compute.api [None req-3e015dfa-9ac2-4b83-868e-c72fe5a3067b tempest-AttachVolumeNegativeTest-1432674451 tempest-AttachVolumeNegativeTest-1432674451-project] [instance: 924f2fc1-6156-4824-be73-353fe6971d3a] Fetching instance by UUID {{(pid=115914) get /opt/stack/nova/nova/compute/api.py:2865}}
Nov 10 20:23:40.827792 dv-cinder-815145-6-iscsi devstack@n-api.service[115915]: DEBUG nova.virt.hardware [None req-f1d42096-9d19-482d-aa3e-24a5183a2aaf tempest-ServerRescueNegativeTestJSON-501090725 tempest-ServerRescueNegativeTestJSON-501090725-project] Flavor limits 0:0:0 {{(pid=115915) get_cpu_topology_constraints /opt/stack/nova/nova/virt/hardware.py:343}}
Nov 10 20:23:40.828542 dv-cinder-815145-6-iscsi devstack@n-api.service[115915]: DEBUG nova.virt.hardware [None req-f1d42096-9d19-482d-aa3e-24a5183a2aaf tempest-ServerRescueNegativeTestJSON-501090725 tempest-ServerRescueNegativeTestJSON-501090725-project] Image limits 0:0:0 {{(pid=115915) get_cpu_topology_constraints /opt/stack/nova/nova/virt/hardware.py:347}}
Nov 10 20:23:40.829179 dv-cinder-815145-6-iscsi devstack@n-api.service[115915]: DEBUG nova.virt.hardware [None req-f1d42096-9d19-482d-aa3e-24a5183a2aaf tempest-ServerRescueNegativeTestJSON-501090725 tempest-ServerRescueNegativeTestJSON-501090725-project] Flavor pref 0:0:0 {{(pid=115915) get_cpu_topology_constraints /opt/stack/nova/nova/virt/hardware.py:383}}
Nov 10 20:23:40.829701 dv-cinder-815145-6-iscsi devstack@n-api.service[115915]: DEBUG nova.virt.hardware [None req-f1d42096-9d19-482d-aa3e-24a5183a2aaf tempest-ServerRescueNegativeTestJSON-501090725 tempest-ServerRescueNegativeTestJSON-501090725-project] Image pref 0:0:0 {{(pid=115915) get_cpu_topology_constraints /opt/stack/nova/nova/virt/hardware.py:387}}
Nov 10 20:23:40.830222 dv-cinder-815145-6-iscsi devstack@n-api.service[115915]: DEBUG nova.virt.hardware [None req-f1d42096-9d19-482d-aa3e-24a5183a2aaf tempest-ServerRescueNegativeTestJSON-501090725 tempest-ServerRescueNegativeTestJSON-501090725-project] Chose sockets=0, cores=0, threads=0; limits were sockets=65536, cores=65536, threads=65536 {{(pid=115915) get_cpu_topology_constraints /opt/stack/nova/nova/virt/hardware.py:425}}
Nov 10 20:23:40.832065 dv-cinder-815145-6-iscsi devstack@n-api.service[115914]: DEBUG oslo_concurrency.lockutils [None req-3e015dfa-9ac2-4b83-868e-c72fe5a3067b tempest-AttachVolumeNegativeTest-1432674451 tempest-AttachVolumeNegativeTest-1432674451-project] Lock "e9d1ce62-58f5-4363-9660-6b097cd554da" acquired by "nova.context.set_target_cell..get_or_set_cached_cell_and_set_connections" :: waited 0.000s {{(pid=115914) inner /usr/local/lib/python3.8/dist-packages/oslo_concurrency/lockutils.py:386}}
Nov 10 20:23:40.833480 dv-cinder-815145-6-iscsi devstack@n-api.service[115914]: DEBUG oslo_concurrency.lockutils [None req-3e015dfa-9ac2-4b83-868e-c72fe5a3067b tempest-AttachVolumeNegativeTest-1432674451 tempest-AttachVolumeNegativeTest-1432674451-project] Lock "e9d1ce62-58f5-4363-9660-6b097cd554da" "released" by "nova.context.set_target_cell..get_or_set_cached_cell_and_set_connections" :: held 0.002s {{(pid=115914) inner /usr/local/lib/python3.8/dist-packages/oslo_concurrency/lockutils.py:400}}
Nov 10 20:23:40.835987 dv-cinder-815145-6-iscsi devstack@n-api.service[115914]: DEBUG oslo_concurrency.lockutils [None req-3e015dfa-9ac2-4b83-868e-c72fe5a3067b tempest-AttachVolumeNegativeTest-1432674451 tempest-AttachVolumeNegativeTest-1432674451-project] Lock "e9d1ce62-58f5-4363-9660-6b097cd554da" acquired by "nova.context.set_target_cell..get_or_set_cached_cell_and_set_connections" :: waited 0.000s {{(pid=115914) inner /usr/local/lib/python3.8/dist-packages/oslo_concurrency/lockutils.py:386}}
Nov 10 20:23:40.838439 dv-cinder-815145-6-iscsi devstack@n-api.service[115914]: DEBUG oslo_concurrency.lockutils [None req-3e015dfa-9ac2-4b83-868e-c72fe5a3067b tempest-AttachVolumeNegativeTest-1432674451 tempest-AttachVolumeNegativeTest-1432674451-project] Lock "e9d1ce62-58f5-4363-9660-6b097cd554da" "released" by "nova.context.set_target_cell..get_or_set_cached_cell_and_set_connections" :: held 0.002s {{(pid=115914) inner /usr/local/lib/python3.8/dist-packages/oslo_concurrency/lockutils.py:400}}
Nov 10 20:23:40.861652 dv-cinder-815145-6-iscsi devstack@n-api.service[115915]: DEBUG oslo_concurrency.lockutils [None req-f1d42096-9d19-482d-aa3e-24a5183a2aaf tempest-ServerRescueNegativeTestJSON-501090725 tempest-ServerRescueNegativeTestJSON-501090725-project] Lock "00000000-0000-0000-0000-000000000000" acquired by "nova.context.set_target_cell..get_or_set_cached_cell_and_set_connections" :: waited 0.000s {{(pid=115915) inner /usr/local/lib/python3.8/dist-packages/oslo_concurrency/lockutils.py:386}}
Nov 10 20:23:40.865992 dv-cinder-815145-6-iscsi devstack@n-api.service[115915]: DEBUG oslo_concurrency.lockutils [None req-f1d42096-9d19-482d-aa3e-24a5183a2aaf tempest-ServerRescueNegativeTestJSON-501090725 tempest-ServerRescueNegativeTestJSON-501090725-project] Lock "00000000-0000-0000-0000-000000000000" "released" by "nova.context.set_target_cell..get_or_set_cached_cell_and_set_connections" :: held 0.004s {{(pid=115915) inner /usr/local/lib/python3.8/dist-packages/oslo_concurrency/lockutils.py:400}}
Nov 10 20:23:40.873126 dv-cinder-815145-6-iscsi devstack@n-api.service[115915]: DEBUG oslo_concurrency.lockutils [None req-f1d42096-9d19-482d-aa3e-24a5183a2aaf tempest-ServerRescueNegativeTestJSON-501090725 tempest-ServerRescueNegativeTestJSON-501090725-project] Lock "e9d1ce62-58f5-4363-9660-6b097cd554da" acquired by "nova.context.set_target_cell..get_or_set_cached_cell_and_set_connections" :: waited 0.000s {{(pid=115915) inner /usr/local/lib/python3.8/dist-packages/oslo_concurrency/lockutils.py:386}}
Nov 10 20:23:40.882085 dv-cinder-815145-6-iscsi devstack@n-api.service[115915]: DEBUG oslo_concurrency.lockutils [None req-f1d42096-9d19-482d-aa3e-24a5183a2aaf tempest-ServerRescueNegativeTestJSON-501090725 tempest-ServerRescueNegativeTestJSON-501090725-project] Lock "e9d1ce62-58f5-4363-9660-6b097cd554da" "released" by "nova.context.set_target_cell..get_or_set_cached_cell_and_set_connections" :: held 0.012s {{(pid=115915) inner /usr/local/lib/python3.8/dist-packages/oslo_concurrency/lockutils.py:400}}
Nov 10 20:23:40.975222 dv-cinder-815145-6-iscsi devstack@n-api.service[115915]: DEBUG nova.quota [None req-f1d42096-9d19-482d-aa3e-24a5183a2aaf tempest-ServerRescueNegativeTestJSON-501090725 tempest-ServerRescueNegativeTestJSON-501090725-project] Getting quotas for project 627e947d861c4bf2ba4d46f04dad08ff. Resources: {'instances', 'cores', 'ram'} {{(pid=115915) _get_quotas /opt/stack/nova/nova/quota.py:387}}
Nov 10 20:23:40.988161 dv-cinder-815145-6-iscsi devstack@n-api.service[115915]: DEBUG nova.quota [None req-f1d42096-9d19-482d-aa3e-24a5183a2aaf tempest-ServerRescueNegativeTestJSON-501090725 tempest-ServerRescueNegativeTestJSON-501090725-project] Getting quotas for user b55fc2f0ff524957b075f18a19a7992b and project 627e947d861c4bf2ba4d46f04dad08ff. Resources: {'instances', 'cores', 'ram'} {{(pid=115915) _get_quotas /opt/stack/nova/nova/quota.py:377}}
Nov 10 20:23:41.025545 dv-cinder-815145-6-iscsi devstack@n-api.service[115915]: DEBUG nova.compute.api [None req-f1d42096-9d19-482d-aa3e-24a5183a2aaf tempest-ServerRescueNegativeTestJSON-501090725 tempest-ServerRescueNegativeTestJSON-501090725-project] Going to run 1 instances... {{(pid=115915) _provision_instances /opt/stack/nova/nova/compute/api.py:1350}}
Nov 10 20:23:41.031379 dv-cinder-815145-6-iscsi devstack@n-api.service[115915]: DEBUG nova.compute.api [None req-f1d42096-9d19-482d-aa3e-24a5183a2aaf tempest-ServerRescueNegativeTestJSON-501090725 tempest-ServerRescueNegativeTestJSON-501090725-project] [instance: 104c6828-9f3c-4afd-8980-06a4f3045b3b] block_device_mapping [BlockDeviceMapping(attachment_id=,boot_index=0,connection_info=None,created_at=,delete_on_termination=True,deleted=,deleted_at=,destination_type='local',device_name=None,device_type='disk',disk_bus=None,guest_format=None,id=,image_id='acc2bfb6-8392-41cc-8900-6874aea16e95',instance=,instance_uuid=,no_device=False,snapshot_id=None,source_type='image',tag=None,updated_at=,uuid=,volume_id=None,volume_size=None,volume_type=None)] {{(pid=115915) _bdm_validate_set_size_and_instance /opt/stack/nova/nova/compute/api.py:1757}}
Nov 10 20:23:41.064727 dv-cinder-815145-6-iscsi devstack@n-api.service[115914]: DEBUG nova.policy [None req-3e015dfa-9ac2-4b83-868e-c72fe5a3067b tempest-AttachVolumeNegativeTest-1432674451 tempest-AttachVolumeNegativeTest-1432674451-project] Policy check for os_compute_api:os-extended-server-attributes failed with credentials {'is_admin': False, 'user_id': '49788f29240843559ffc6a238b5b554f', 'user_domain_id': 'default', 'system_scope': None, 'domain_id': None, 'project_id': 'dbcd654a38e74587b016098dbab2ba41', 'project_domain_id': 'default', 'roles': ['reader', 'member'], 'is_admin_project': True, 'service_user_id': None, 'service_user_domain_id': None, 'service_project_id': None, 'service_project_domain_id': None, 'service_roles': []} {{(pid=115914) authorize /opt/stack/nova/nova/policy.py:199}}
Nov 10 20:23:41.075188 dv-cinder-815145-6-iscsi devstack@n-api.service[115914]: INFO nova.api.openstack.requestlog [None req-3e015dfa-9ac2-4b83-868e-c72fe5a3067b tempest-AttachVolumeNegativeTest-1432674451 tempest-AttachVolumeNegativeTest-1432674451-project] 10.222.0.13 "GET /compute/v2.1/servers/924f2fc1-6156-4824-be73-353fe6971d3a" status: 200 len: 1276 microversion: 2.1 time: 0.262115
Nov 10 20:23:41.081635 dv-cinder-815145-6-iscsi devstack@n-api.service[115914]: [pid: 115914|app: 0|req: 26/31] 10.222.0.13 () {58 vars in 1235 bytes} [Wed Nov 10 20:23:40 2021] GET /compute/v2.1/servers/924f2fc1-6156-4824-be73-353fe6971d3a => generated 1276 bytes in 269 msecs (HTTP/1.1 200) 9 headers in 358 bytes (1 switches on core 0)
Nov 10 20:23:41.110567 dv-cinder-815145-6-iscsi devstack@n-api.service[115914]: DEBUG nova.api.openstack.wsgi [None req-81519702-06b5-4595-a829-381a18411e69 tempest-VolumesTestJSON-1324829125 tempest-VolumesTestJSON-1324829125-project] Calling method '.version_select at 0x7f6dd8a02d30>' {{(pid=115914) _process_stack /opt/stack/nova/nova/api/openstack/wsgi.py:513}}
Nov 10 20:23:41.190168 dv-cinder-815145-6-iscsi devstack@n-api.service[115915]: INFO nova.api.openstack.requestlog [None req-f1d42096-9d19-482d-aa3e-24a5183a2aaf tempest-ServerRescueNegativeTestJSON-501090725 tempest-ServerRescueNegativeTestJSON-501090725-project] 10.222.0.13 "POST /compute/v2.1/servers" status: 202 len: 383 microversion: 2.1 time: 3.070845
Nov 10 20:23:41.197340 dv-cinder-815145-6-iscsi devstack@n-api.service[115915]: [pid: 115915|app: 0|req: 6/32] 10.222.0.13 () {60 vars in 1146 bytes} [Wed Nov 10 20:23:38 2021] POST /compute/v2.1/servers => generated 383 bytes in 3085 msecs (HTTP/1.1 202) 10 headers in 451 bytes (2 switches on core 0)
Nov 10 20:23:41.217552 dv-cinder-815145-6-iscsi devstack@n-api.service[115915]: DEBUG nova.api.openstack.wsgi [None req-46e0573c-6d24-4392-8206-6a16deacb8d8 tempest-DeleteServersTestJSON-2074893869 tempest-DeleteServersTestJSON-2074893869-project] Calling method '>' {{(pid=115915) _process_stack /opt/stack/nova/nova/api/openstack/wsgi.py:513}}
Nov 10 20:23:41.219272 dv-cinder-815145-6-iscsi devstack@n-api.service[115915]: DEBUG nova.compute.api [None req-46e0573c-6d24-4392-8206-6a16deacb8d8 tempest-DeleteServersTestJSON-2074893869 tempest-DeleteServersTestJSON-2074893869-project] [instance: bb3534c1-df66-45c2-b809-fac88b8e634e] Fetching instance by UUID {{(pid=115915) get /opt/stack/nova/nova/compute/api.py:2865}}
Nov 10 20:23:41.235351 dv-cinder-815145-6-iscsi devstack@n-api.service[115915]: DEBUG oslo_concurrency.lockutils [None req-46e0573c-6d24-4392-8206-6a16deacb8d8 tempest-DeleteServersTestJSON-2074893869 tempest-DeleteServersTestJSON-2074893869-project] Lock "e9d1ce62-58f5-4363-9660-6b097cd554da" acquired by "nova.context.set_target_cell..get_or_set_cached_cell_and_set_connections" :: waited 0.000s {{(pid=115915) inner /usr/local/lib/python3.8/dist-packages/oslo_concurrency/lockutils.py:386}}
Nov 10 20:23:41.244404 dv-cinder-815145-6-iscsi devstack@n-api.service[115915]: DEBUG oslo_concurrency.lockutils [None req-46e0573c-6d24-4392-8206-6a16deacb8d8 tempest-DeleteServersTestJSON-2074893869 tempest-DeleteServersTestJSON-2074893869-project] Lock "e9d1ce62-58f5-4363-9660-6b097cd554da" "released" by "nova.context.set_target_cell..get_or_set_cached_cell_and_set_connections" :: held 0.005s {{(pid=115915) inner /usr/local/lib/python3.8/dist-packages/oslo_concurrency/lockutils.py:400}}
Nov 10 20:23:41.245383 dv-cinder-815145-6-iscsi devstack@n-api.service[115915]: DEBUG oslo_concurrency.lockutils [None req-46e0573c-6d24-4392-8206-6a16deacb8d8 tempest-DeleteServersTestJSON-2074893869 tempest-DeleteServersTestJSON-2074893869-project] Lock "e9d1ce62-58f5-4363-9660-6b097cd554da" acquired by "nova.context.set_target_cell..get_or_set_cached_cell_and_set_connections" :: waited 0.000s {{(pid=115915) inner /usr/local/lib/python3.8/dist-packages/oslo_concurrency/lockutils.py:386}}
Nov 10 20:23:41.246121 dv-cinder-815145-6-iscsi devstack@n-api.service[115915]: DEBUG oslo_concurrency.lockutils [None req-46e0573c-6d24-4392-8206-6a16deacb8d8 tempest-DeleteServersTestJSON-2074893869 tempest-DeleteServersTestJSON-2074893869-project] Lock "e9d1ce62-58f5-4363-9660-6b097cd554da" "released" by "nova.context.set_target_cell..get_or_set_cached_cell_and_set_connections" :: held 0.001s {{(pid=115915) inner /usr/local/lib/python3.8/dist-packages/oslo_concurrency/lockutils.py:400}}
Nov 10 20:23:41.302442 dv-cinder-815145-6-iscsi devstack@n-api.service[115914]: INFO nova.api.openstack.requestlog [None req-81519702-06b5-4595-a829-381a18411e69 tempest-VolumesTestJSON-1324829125 tempest-VolumesTestJSON-1324829125-project] 10.222.0.13 "GET /compute/v2.1/os-volumes/340899a1-1a9e-499c-89ed-30e0be8508ea" status: 200 len: 351 microversion: 2.1 time: 0.215718
Nov 10 20:23:41.304359 dv-cinder-815145-6-iscsi devstack@n-api.service[115914]: [pid: 115914|app: 0|req: 27/33] 10.222.0.13 () {58 vars in 1244 bytes} [Wed Nov 10 20:23:41 2021] GET /compute/v2.1/os-volumes/340899a1-1a9e-499c-89ed-30e0be8508ea => generated 351 bytes in 221 msecs (HTTP/1.1 200) 9 headers in 357 bytes (1 switches on core 0)
Nov 10 20:23:41.631027 dv-cinder-815145-6-iscsi devstack@n-api.service[115915]: DEBUG nova.policy [None req-46e0573c-6d24-4392-8206-6a16deacb8d8 tempest-DeleteServersTestJSON-2074893869 tempest-DeleteServersTestJSON-2074893869-project] Policy check for os_compute_api:os-extended-server-attributes failed with credentials {'is_admin': False, 'user_id': '25dcc173d0cf4af982e9031bf62ea398', 'user_domain_id': 'default', 'system_scope': None, 'domain_id': None, 'project_id': '7be4bbc52e7e44d5baf51e00e9596ce9', 'project_domain_id': 'default', 'roles': ['reader', 'member'], 'is_admin_project': True, 'service_user_id': None, 'service_user_domain_id': None, 'service_project_id': None, 'service_project_domain_id': None, 'service_roles': []} {{(pid=115915) authorize /opt/stack/nova/nova/policy.py:199}}
Nov 10 20:23:41.644987 dv-cinder-815145-6-iscsi devstack@n-api.service[115915]: INFO nova.api.openstack.requestlog [None req-46e0573c-6d24-4392-8206-6a16deacb8d8 tempest-DeleteServersTestJSON-2074893869 tempest-DeleteServersTestJSON-2074893869-project] 10.222.0.13 "GET /compute/v2.1/servers/bb3534c1-df66-45c2-b809-fac88b8e634e" status: 200 len: 1272 microversion: 2.1 time: 0.445723
Nov 10 20:23:41.650869 dv-cinder-815145-6-iscsi devstack@n-api.service[115915]: [pid: 115915|app: 0|req: 7/34] 10.222.0.13 () {58 vars in 1235 bytes} [Wed Nov 10 20:23:41 2021] GET /compute/v2.1/servers/bb3534c1-df66-45c2-b809-fac88b8e634e => generated 1272 bytes in 453 msecs (HTTP/1.1 200) 9 headers in 358 bytes (1 switches on core 0)
Nov 10 20:23:41.677460 dv-cinder-815145-6-iscsi devstack@n-api.service[115915]: DEBUG nova.api.openstack.wsgi [None req-500e40de-ed24-43c9-a318-39d18f435a57 tempest-ServerRescueNegativeTestJSON-501090725 tempest-ServerRescueNegativeTestJSON-501090725-project] Calling method '>' {{(pid=115915) _process_stack /opt/stack/nova/nova/api/openstack/wsgi.py:513}}
Nov 10 20:23:41.680855 dv-cinder-815145-6-iscsi devstack@n-api.service[115915]: DEBUG nova.compute.api [None req-500e40de-ed24-43c9-a318-39d18f435a57 tempest-ServerRescueNegativeTestJSON-501090725 tempest-ServerRescueNegativeTestJSON-501090725-project] [instance: 104c6828-9f3c-4afd-8980-06a4f3045b3b] Fetching instance by UUID {{(pid=115915) get /opt/stack/nova/nova/compute/api.py:2865}}
Nov 10 20:23:41.715422 dv-cinder-815145-6-iscsi devstack@n-api.service[115914]: DEBUG nova.api.openstack.wsgi [None req-1f15d004-e191-41f1-9534-0588c21c2cd9 tempest-AttachVolumeShelveTestJSON-1200955790 tempest-AttachVolumeShelveTestJSON-1200955790-project] Action: 'create', calling method: .version_select at 0x7f6dd8a02670>, body: {"keypair": {"name": "tempest-keypair-1142868057"}} {{(pid=115914) _process_stack /opt/stack/nova/nova/api/openstack/wsgi.py:511}}
Nov 10 20:23:41.782276 dv-cinder-815145-6-iscsi devstack@n-api.service[115914]: DEBUG nova.quota [None req-1f15d004-e191-41f1-9534-0588c21c2cd9 tempest-AttachVolumeShelveTestJSON-1200955790 tempest-AttachVolumeShelveTestJSON-1200955790-project] Getting quotas for project 65cc96cfe81e47d98f146400275c46bb. Resources: {'key_pairs'} {{(pid=115914) _get_quotas /opt/stack/nova/nova/quota.py:387}}
Nov 10 20:23:41.795640 dv-cinder-815145-6-iscsi devstack@n-api.service[115914]: DEBUG nova.quota [None req-1f15d004-e191-41f1-9534-0588c21c2cd9 tempest-AttachVolumeShelveTestJSON-1200955790 tempest-AttachVolumeShelveTestJSON-1200955790-project] Getting quotas for user 548541d693d24d56a797c040cd097f23 and project 65cc96cfe81e47d98f146400275c46bb. Resources: {'key_pairs'} {{(pid=115914) _get_quotas /opt/stack/nova/nova/quota.py:377}}
Nov 10 20:23:41.954885 dv-cinder-815145-6-iscsi devstack@n-api.service[115915]: DEBUG nova.policy [None req-500e40de-ed24-43c9-a318-39d18f435a57 tempest-ServerRescueNegativeTestJSON-501090725 tempest-ServerRescueNegativeTestJSON-501090725-project] Policy check for os_compute_api:os-extended-server-attributes failed with credentials {'is_admin': False, 'user_id': 'b55fc2f0ff524957b075f18a19a7992b', 'user_domain_id': 'default', 'system_scope': None, 'domain_id': None, 'project_id': '627e947d861c4bf2ba4d46f04dad08ff', 'project_domain_id': 'default', 'roles': ['reader', 'member'], 'is_admin_project': True, 'service_user_id': None, 'service_user_domain_id': None, 'service_project_id': None, 'service_project_domain_id': None, 'service_roles': []} {{(pid=115915) authorize /opt/stack/nova/nova/policy.py:199}}
Nov 10 20:23:41.967601 dv-cinder-815145-6-iscsi devstack@n-api.service[115915]: INFO nova.api.openstack.requestlog [None req-500e40de-ed24-43c9-a318-39d18f435a57 tempest-ServerRescueNegativeTestJSON-501090725 tempest-ServerRescueNegativeTestJSON-501090725-project] 10.222.0.13 "GET /compute/v2.1/servers/104c6828-9f3c-4afd-8980-06a4f3045b3b" status: 200 len: 1222 microversion: 2.1 time: 0.298316
Nov 10 20:23:41.971573 dv-cinder-815145-6-iscsi devstack@n-api.service[115915]: [pid: 115915|app: 0|req: 8/35] 10.222.0.13 () {58 vars in 1235 bytes} [Wed Nov 10 20:23:41 2021] GET /compute/v2.1/servers/104c6828-9f3c-4afd-8980-06a4f3045b3b => generated 1222 bytes in 303 msecs (HTTP/1.1 200) 9 headers in 358 bytes (1 switches on core 0)
Nov 10 20:23:42.005843 dv-cinder-815145-6-iscsi devstack@n-api.service[115915]: DEBUG nova.api.openstack.wsgi [None req-12d20155-8560-41ce-9c4b-cff930ce5db7 tempest-VolumesTestJSON-1324829125 tempest-VolumesTestJSON-1324829125-project] Calling method '.version_select at 0x7f6dd8962280>' {{(pid=115915) _process_stack /opt/stack/nova/nova/api/openstack/wsgi.py:513}}
Nov 10 20:23:42.326444 dv-cinder-815145-6-iscsi devstack@n-api.service[115915]: INFO nova.api.openstack.requestlog [None req-12d20155-8560-41ce-9c4b-cff930ce5db7 tempest-VolumesTestJSON-1324829125 tempest-VolumesTestJSON-1324829125-project] 10.222.0.13 "GET /compute/v2.1/os-volumes" status: 200 len: 1035 microversion: 2.1 time: 0.352840
Nov 10 20:23:42.326660 dv-cinder-815145-6-iscsi devstack@n-api.service[115915]: [pid: 115915|app: 0|req: 9/36] 10.222.0.13 () {58 vars in 1133 bytes} [Wed Nov 10 20:23:41 2021] GET /compute/v2.1/os-volumes => generated 1035 bytes in 354 msecs (HTTP/1.1 200) 9 headers in 358 bytes (1 switches on core 0)
Nov 10 20:23:42.331646 dv-cinder-815145-6-iscsi devstack@n-api.service[115915]: DEBUG nova.api.openstack.wsgi [None req-0f0b1149-3f4d-4393-a167-2c765eb5ad71 tempest-AttachVolumeNegativeTest-1432674451 tempest-AttachVolumeNegativeTest-1432674451-project] Calling method '>' {{(pid=115915) _process_stack /opt/stack/nova/nova/api/openstack/wsgi.py:513}}
Nov 10 20:23:42.332410 dv-cinder-815145-6-iscsi devstack@n-api.service[115915]: DEBUG nova.compute.api [None req-0f0b1149-3f4d-4393-a167-2c765eb5ad71 tempest-AttachVolumeNegativeTest-1432674451 tempest-AttachVolumeNegativeTest-1432674451-project] [instance: 924f2fc1-6156-4824-be73-353fe6971d3a] Fetching instance by UUID {{(pid=115915) get /opt/stack/nova/nova/compute/api.py:2865}}
Nov 10 20:23:42.382473 dv-cinder-815145-6-iscsi devstack@n-api.service[115915]: DEBUG oslo_concurrency.lockutils [None req-0f0b1149-3f4d-4393-a167-2c765eb5ad71 tempest-AttachVolumeNegativeTest-1432674451 tempest-AttachVolumeNegativeTest-1432674451-project] Lock "e9d1ce62-58f5-4363-9660-6b097cd554da" acquired by "nova.context.set_target_cell..get_or_set_cached_cell_and_set_connections" :: waited 0.000s {{(pid=115915) inner /usr/local/lib/python3.8/dist-packages/oslo_concurrency/lockutils.py:386}}
Nov 10 20:23:42.391708 dv-cinder-815145-6-iscsi devstack@n-api.service[115915]: DEBUG oslo_concurrency.lockutils [None req-0f0b1149-3f4d-4393-a167-2c765eb5ad71 tempest-AttachVolumeNegativeTest-1432674451 tempest-AttachVolumeNegativeTest-1432674451-project] Lock "e9d1ce62-58f5-4363-9660-6b097cd554da" "released" by "nova.context.set_target_cell..get_or_set_cached_cell_and_set_connections" :: held 0.011s {{(pid=115915) inner /usr/local/lib/python3.8/dist-packages/oslo_concurrency/lockutils.py:400}}
Nov 10 20:23:42.395365 dv-cinder-815145-6-iscsi devstack@n-api.service[115915]: DEBUG oslo_concurrency.lockutils [None req-0f0b1149-3f4d-4393-a167-2c765eb5ad71 tempest-AttachVolumeNegativeTest-1432674451 tempest-AttachVolumeNegativeTest-1432674451-project] Lock "e9d1ce62-58f5-4363-9660-6b097cd554da" acquired by "nova.context.set_target_cell..get_or_set_cached_cell_and_set_connections" :: waited 0.000s {{(pid=115915) inner /usr/local/lib/python3.8/dist-packages/oslo_concurrency/lockutils.py:386}}
Nov 10 20:23:42.396143 dv-cinder-815145-6-iscsi devstack@n-api.service[115915]: DEBUG oslo_concurrency.lockutils [None req-0f0b1149-3f4d-4393-a167-2c765eb5ad71 tempest-AttachVolumeNegativeTest-1432674451 tempest-AttachVolumeNegativeTest-1432674451-project] Lock "e9d1ce62-58f5-4363-9660-6b097cd554da" "released" by "nova.context.set_target_cell..get_or_set_cached_cell_and_set_connections" :: held 0.001s {{(pid=115915) inner /usr/local/lib/python3.8/dist-packages/oslo_concurrency/lockutils.py:400}}
Nov 10 20:23:42.600047 dv-cinder-815145-6-iscsi devstack@n-api.service[115914]: DEBUG nova.quota [None req-1f15d004-e191-41f1-9534-0588c21c2cd9 tempest-AttachVolumeShelveTestJSON-1200955790 tempest-AttachVolumeShelveTestJSON-1200955790-project] Getting quotas for project 65cc96cfe81e47d98f146400275c46bb. Resources: {'key_pairs'} {{(pid=115914) _get_quotas /opt/stack/nova/nova/quota.py:387}}
Nov 10 20:23:42.615167 dv-cinder-815145-6-iscsi devstack@n-api.service[115914]: DEBUG nova.quota [None req-1f15d004-e191-41f1-9534-0588c21c2cd9 tempest-AttachVolumeShelveTestJSON-1200955790 tempest-AttachVolumeShelveTestJSON-1200955790-project] Getting quotas for user 548541d693d24d56a797c040cd097f23 and project 65cc96cfe81e47d98f146400275c46bb. Resources: {'key_pairs'} {{(pid=115914) _get_quotas /opt/stack/nova/nova/quota.py:377}}
Nov 10 20:23:42.677980 dv-cinder-815145-6-iscsi devstack@n-api.service[115914]: INFO nova.api.openstack.requestlog [None req-1f15d004-e191-41f1-9534-0588c21c2cd9 tempest-AttachVolumeShelveTestJSON-1200955790 tempest-AttachVolumeShelveTestJSON-1200955790-project] 10.222.0.13 "POST /compute/v2.1/os-keypairs" status: 201 len: 2316 microversion: 2.20 time: 1.368441
Nov 10 20:23:42.684783 dv-cinder-815145-6-iscsi devstack@n-api.service[115914]: [pid: 115914|app: 0|req: 28/37] 10.222.0.13 () {62 vars in 1198 bytes} [Wed Nov 10 20:23:41 2021] POST /compute/v2.1/os-keypairs => generated 2316 bytes in 1376 msecs (HTTP/1.1 201) 9 headers in 365 bytes (1 switches on core 0)
Nov 10 20:23:42.721768 dv-cinder-815145-6-iscsi devstack@n-api.service[115914]: DEBUG nova.api.openstack.wsgi [None req-0f73d3c2-4bf3-4a7c-b90f-51033742ddf8 tempest-VolumesTestJSON-1324829125 tempest-VolumesTestJSON-1324829125-project] Calling method '.version_select at 0x7f6dd8a025e0>' {{(pid=115914) _process_stack /opt/stack/nova/nova/api/openstack/wsgi.py:513}}
Nov 10 20:23:42.845832 dv-cinder-815145-6-iscsi devstack@n-api.service[115915]: DEBUG nova.policy [None req-0f0b1149-3f4d-4393-a167-2c765eb5ad71 tempest-AttachVolumeNegativeTest-1432674451 tempest-AttachVolumeNegativeTest-1432674451-project] Policy check for os_compute_api:os-extended-server-attributes failed with credentials {'is_admin': False, 'user_id': '49788f29240843559ffc6a238b5b554f', 'user_domain_id': 'default', 'system_scope': None, 'domain_id': None, 'project_id': 'dbcd654a38e74587b016098dbab2ba41', 'project_domain_id': 'default', 'roles': ['reader', 'member'], 'is_admin_project': True, 'service_user_id': None, 'service_user_domain_id': None, 'service_project_id': None, 'service_project_domain_id': None, 'service_roles': []} {{(pid=115915) authorize /opt/stack/nova/nova/policy.py:199}}
Nov 10 20:23:42.868093 dv-cinder-815145-6-iscsi devstack@n-api.service[115915]: INFO nova.api.openstack.requestlog [None req-0f0b1149-3f4d-4393-a167-2c765eb5ad71 tempest-AttachVolumeNegativeTest-1432674451 tempest-AttachVolumeNegativeTest-1432674451-project] 10.222.0.13 "GET /compute/v2.1/servers/924f2fc1-6156-4824-be73-353fe6971d3a" status: 200 len: 1276 microversion: 2.1 time: 0.540237
Nov 10 20:23:42.879004 dv-cinder-815145-6-iscsi devstack@n-api.service[115915]: [pid: 115915|app: 0|req: 10/38] 10.222.0.13 () {58 vars in 1235 bytes} [Wed Nov 10 20:23:42 2021] GET /compute/v2.1/servers/924f2fc1-6156-4824-be73-353fe6971d3a => generated 1276 bytes in 543 msecs (HTTP/1.1 200) 9 headers in 358 bytes (1 switches on core 0)
Nov 10 20:23:42.891495 dv-cinder-815145-6-iscsi devstack@n-api.service[115915]: DEBUG nova.api.openstack.wsgi [None req-dbe89c9d-c482-46b5-b637-7d4cd8b094de tempest-ServerRescueNegativeTestJSON-501090725 tempest-ServerRescueNegativeTestJSON-501090725-project] Action: 'create', calling method: >, body: {"server": {"name": "tempest-ServerRescueNegativeTestJSON-server-71483861", "imageRef": "acc2bfb6-8392-41cc-8900-6874aea16e95", "flavorRef": "452", "adminPass": "***", "networks": [{"uuid": "0b571a51-96aa-4f58-9b78-4412fcb7f7fd"}]}} {{(pid=115915) _process_stack /opt/stack/nova/nova/api/openstack/wsgi.py:511}}
Nov 10 20:23:43.017945 dv-cinder-815145-6-iscsi devstack@n-api.service[115914]: INFO nova.api.openstack.requestlog [None req-0f73d3c2-4bf3-4a7c-b90f-51033742ddf8 tempest-VolumesTestJSON-1324829125 tempest-VolumesTestJSON-1324829125-project] 10.222.0.13 "GET /compute/v2.1/os-volumes?limit=2" status: 200 len: 694 microversion: 2.1 time: 0.318838
Nov 10 20:23:43.018533 dv-cinder-815145-6-iscsi devstack@n-api.service[115914]: [pid: 115914|app: 0|req: 29/39] 10.222.0.13 () {58 vars in 1148 bytes} [Wed Nov 10 20:23:42 2021] GET /compute/v2.1/os-volumes?limit=2 => generated 694 bytes in 323 msecs (HTTP/1.1 200) 9 headers in 357 bytes (1 switches on core 0)
Nov 10 20:23:43.023196 dv-cinder-815145-6-iscsi devstack@n-api.service[115914]: DEBUG nova.api.openstack.wsgi [None req-8c4d8cd7-8974-46a2-ae71-def124910e58 tempest-DeleteServersTestJSON-2074893869 tempest-DeleteServersTestJSON-2074893869-project] Calling method '>' {{(pid=115914) _process_stack /opt/stack/nova/nova/api/openstack/wsgi.py:513}}
Nov 10 20:23:43.023816 dv-cinder-815145-6-iscsi devstack@n-api.service[115914]: DEBUG nova.compute.api [None req-8c4d8cd7-8974-46a2-ae71-def124910e58 tempest-DeleteServersTestJSON-2074893869 tempest-DeleteServersTestJSON-2074893869-project] [instance: bb3534c1-df66-45c2-b809-fac88b8e634e] Fetching instance by UUID {{(pid=115914) get /opt/stack/nova/nova/compute/api.py:2865}}
Nov 10 20:23:43.059673 dv-cinder-815145-6-iscsi devstack@n-api.service[115915]: DEBUG nova.network.neutron [None req-dbe89c9d-c482-46b5-b637-7d4cd8b094de tempest-ServerRescueNegativeTestJSON-501090725 tempest-ServerRescueNegativeTestJSON-501090725-project] validate_networks() for [('0b571a51-96aa-4f58-9b78-4412fcb7f7fd', None, None, None, None, None)] {{(pid=115915) validate_networks /opt/stack/nova/nova/network/neutron.py:2482}}
Nov 10 20:23:43.066975 dv-cinder-815145-6-iscsi devstack@n-api.service[115914]: DEBUG oslo_concurrency.lockutils [None req-8c4d8cd7-8974-46a2-ae71-def124910e58 tempest-DeleteServersTestJSON-2074893869 tempest-DeleteServersTestJSON-2074893869-project] Lock "e9d1ce62-58f5-4363-9660-6b097cd554da" acquired by "nova.context.set_target_cell..get_or_set_cached_cell_and_set_connections" :: waited 0.000s {{(pid=115914) inner /usr/local/lib/python3.8/dist-packages/oslo_concurrency/lockutils.py:386}}
Nov 10 20:23:43.067449 dv-cinder-815145-6-iscsi devstack@n-api.service[115914]: DEBUG oslo_concurrency.lockutils [None req-8c4d8cd7-8974-46a2-ae71-def124910e58 tempest-DeleteServersTestJSON-2074893869 tempest-DeleteServersTestJSON-2074893869-project] Lock "e9d1ce62-58f5-4363-9660-6b097cd554da" "released" by "nova.context.set_target_cell..get_or_set_cached_cell_and_set_connections" :: held 0.001s {{(pid=115914) inner /usr/local/lib/python3.8/dist-packages/oslo_concurrency/lockutils.py:400}}
Nov 10 20:23:43.072900 dv-cinder-815145-6-iscsi devstack@n-api.service[115914]: DEBUG oslo_concurrency.lockutils [None req-8c4d8cd7-8974-46a2-ae71-def124910e58 tempest-DeleteServersTestJSON-2074893869 tempest-DeleteServersTestJSON-2074893869-project] Lock "e9d1ce62-58f5-4363-9660-6b097cd554da" acquired by "nova.context.set_target_cell..get_or_set_cached_cell_and_set_connections" :: waited 0.000s {{(pid=115914) inner /usr/local/lib/python3.8/dist-packages/oslo_concurrency/lockutils.py:386}}
Nov 10 20:23:43.080726 dv-cinder-815145-6-iscsi devstack@n-api.service[115914]: DEBUG oslo_concurrency.lockutils [None req-8c4d8cd7-8974-46a2-ae71-def124910e58 tempest-DeleteServersTestJSON-2074893869 tempest-DeleteServersTestJSON-2074893869-project] Lock "e9d1ce62-58f5-4363-9660-6b097cd554da" "released" by "nova.context.set_target_cell..get_or_set_cached_cell_and_set_connections" :: held 0.008s {{(pid=115914) inner /usr/local/lib/python3.8/dist-packages/oslo_concurrency/lockutils.py:400}}
Nov 10 20:23:43.282176 dv-cinder-815145-6-iscsi devstack@n-api.service[115914]: DEBUG nova.policy [None req-8c4d8cd7-8974-46a2-ae71-def124910e58 tempest-DeleteServersTestJSON-2074893869 tempest-DeleteServersTestJSON-2074893869-project] Policy check for os_compute_api:os-extended-server-attributes failed with credentials {'is_admin': False, 'user_id': '25dcc173d0cf4af982e9031bf62ea398', 'user_domain_id': 'default', 'system_scope': None, 'domain_id': None, 'project_id': '7be4bbc52e7e44d5baf51e00e9596ce9', 'project_domain_id': 'default', 'roles': ['reader', 'member'], 'is_admin_project': True, 'service_user_id': None, 'service_user_domain_id': None, 'service_project_id': None, 'service_project_domain_id': None, 'service_roles': []} {{(pid=115914) authorize /opt/stack/nova/nova/policy.py:199}}
Nov 10 20:23:43.297844 dv-cinder-815145-6-iscsi devstack@n-api.service[115914]: INFO nova.api.openstack.requestlog [None req-8c4d8cd7-8974-46a2-ae71-def124910e58 tempest-DeleteServersTestJSON-2074893869 tempest-DeleteServersTestJSON-2074893869-project] 10.222.0.13 "GET /compute/v2.1/servers/bb3534c1-df66-45c2-b809-fac88b8e634e" status: 200 len: 1272 microversion: 2.1 time: 0.277202
Nov 10 20:23:43.298857 dv-cinder-815145-6-iscsi devstack@n-api.service[115914]: [pid: 115914|app: 0|req: 30/40] 10.222.0.13 () {58 vars in 1235 bytes} [Wed Nov 10 20:23:43 2021] GET /compute/v2.1/servers/bb3534c1-df66-45c2-b809-fac88b8e634e => generated 1272 bytes in 280 msecs (HTTP/1.1 200) 9 headers in 358 bytes (1 switches on core 0)
Nov 10 20:23:43.306776 dv-cinder-815145-6-iscsi devstack@n-api.service[115914]: DEBUG nova.api.openstack.wsgi [None req-2e219d4d-dfc0-4f37-8997-0a7650e7c9a2 tempest-VolumesTestJSON-1324829125 tempest-VolumesTestJSON-1324829125-project] Calling method '.version_select at 0x7f6dd8a02c10>' {{(pid=115914) _process_stack /opt/stack/nova/nova/api/openstack/wsgi.py:513}}
Nov 10 20:23:43.483530 dv-cinder-815145-6-iscsi devstack@n-api.service[115914]: INFO nova.api.openstack.requestlog [None req-2e219d4d-dfc0-4f37-8997-0a7650e7c9a2 tempest-VolumesTestJSON-1324829125 tempest-VolumesTestJSON-1324829125-project] 10.222.0.13 "GET /compute/v2.1/os-volumes" status: 200 len: 1035 microversion: 2.1 time: 0.183384
Nov 10 20:23:43.484439 dv-cinder-815145-6-iscsi devstack@n-api.service[115914]: [pid: 115914|app: 0|req: 31/41] 10.222.0.13 () {58 vars in 1133 bytes} [Wed Nov 10 20:23:43 2021] GET /compute/v2.1/os-volumes => generated 1035 bytes in 185 msecs (HTTP/1.1 200) 9 headers in 358 bytes (1 switches on core 0)
Nov 10 20:23:43.496935 dv-cinder-815145-6-iscsi devstack@n-api.service[115914]: DEBUG nova.api.openstack.wsgi [None req-132e6d90-86d8-420a-b2f0-c878e8f36237 tempest-VolumesTestJSON-1324829125 tempest-VolumesTestJSON-1324829125-project] Calling method '.version_select at 0x7f6dd8996040>' {{(pid=115914) _process_stack /opt/stack/nova/nova/api/openstack/wsgi.py:513}}
