Oct 28 12:48:00.630962 dv-cinder-815145-5-iscsi devstack@c-api.service[115077]: [pid: 115077|app: 0|req: 167/388] 10.222.0.55 () {58 vars in 1324 bytes} [Thu Oct 28 12:48:00 2021] GET /volume/v3/c25a174ce3ef4393a70366560b90c4d4/volumes/398ec33c-1691-4c40-b448-e706581d67f7 => generated 913 bytes in 40 msecs (HTTP/1.1 200) 7 headers in 285 bytes (1 switches on core 0)
Oct 28 12:48:00.650900 dv-cinder-815145-5-iscsi devstack@c-api.service[115076]: INFO cinder.api.openstack.wsgi [None req-8a4aa44e-77ef-4ee7-8981-f8e74585cf6b tempest-VolumesSnapshotTestJSON-1614933270 tempest-VolumesSnapshotTestJSON-1614933270-project] GET http://10.222.0.55/volume/v3/d3352a1b25d441d99295db9f9c776042/volumes/7b2c2bf3-3994-4fcd-817d-0799c0dcdaf8
Oct 28 12:48:00.651790 dv-cinder-815145-5-iscsi devstack@c-api.service[115076]: DEBUG cinder.api.openstack.wsgi [None req-8a4aa44e-77ef-4ee7-8981-f8e74585cf6b tempest-VolumesSnapshotTestJSON-1614933270 tempest-VolumesSnapshotTestJSON-1614933270-project] Empty body provided in request {{(pid=115076) get_body /opt/stack/cinder/cinder/api/openstack/wsgi.py:703}}
Oct 28 12:48:00.652002 dv-cinder-815145-5-iscsi devstack@c-api.service[115076]: /usr/local/lib/python3.8/dist-packages/webob/acceptparse.py:1047: DeprecationWarning: The behavior of AcceptValidHeader.best_match is currently being maintained for backward compatibility, but it will be deprecated in the future, as it does not conform to the RFC.
Oct 28 12:48:00.652002 dv-cinder-815145-5-iscsi devstack@c-api.service[115076]: warnings.warn(
Oct 28 12:48:00.652285 dv-cinder-815145-5-iscsi devstack@c-api.service[115076]: DEBUG cinder.api.openstack.wsgi [None req-8a4aa44e-77ef-4ee7-8981-f8e74585cf6b tempest-VolumesSnapshotTestJSON-1614933270 tempest-VolumesSnapshotTestJSON-1614933270-project] Calling method 'show' {{(pid=115076) _process_stack /opt/stack/cinder/cinder/api/openstack/wsgi.py:856}}
Oct 28 12:48:00.666477 dv-cinder-815145-5-iscsi devstack@c-api.service[115076]: /usr/local/lib/python3.8/dist-packages/oslo_context/context.py:105: DeprecationWarning: Policy enforcement is depending on the value of is_admin. This key is deprecated. Please update your policy file to use the standard policy values.
Oct 28 12:48:00.666477 dv-cinder-815145-5-iscsi devstack@c-api.service[115076]: warnings.warn('Policy enforcement is depending on the value of '
Oct 28 12:48:00.673454 dv-cinder-815145-5-iscsi devstack@c-api.service[115076]: INFO cinder.volume.api [None req-8a4aa44e-77ef-4ee7-8981-f8e74585cf6b tempest-VolumesSnapshotTestJSON-1614933270 tempest-VolumesSnapshotTestJSON-1614933270-project] Volume info retrieved successfully.
Oct 28 12:48:00.682753 dv-cinder-815145-5-iscsi devstack@c-api.service[115076]: INFO cinder.api.openstack.wsgi [None req-8a4aa44e-77ef-4ee7-8981-f8e74585cf6b tempest-VolumesSnapshotTestJSON-1614933270 tempest-VolumesSnapshotTestJSON-1614933270-project] http://10.222.0.55/volume/v3/d3352a1b25d441d99295db9f9c776042/volumes/7b2c2bf3-3994-4fcd-817d-0799c0dcdaf8 returned with HTTP 200
Oct 28 12:48:00.683088 dv-cinder-815145-5-iscsi devstack@c-api.service[115077]: INFO cinder.api.openstack.wsgi [None req-1fb013f6-2116-4eb1-9a13-95be55a52e35 tempest-DeleteServersTestJSON-1302694460 tempest-DeleteServersTestJSON-1302694460-project] GET http://10.222.0.55/volume/v3/c25a174ce3ef4393a70366560b90c4d4/volumes/398ec33c-1691-4c40-b448-e706581d67f7
Oct 28 12:48:00.683627 dv-cinder-815145-5-iscsi devstack@c-api.service[115076]: [pid: 115076|app: 0|req: 222/389] 10.222.0.55 () {58 vars in 1324 bytes} [Thu Oct 28 12:48:00 2021] GET /volume/v3/d3352a1b25d441d99295db9f9c776042/volumes/7b2c2bf3-3994-4fcd-817d-0799c0dcdaf8 => generated 915 bytes in 38 msecs (HTTP/1.1 200) 7 headers in 285 bytes (2 switches on core 0)
Oct 28 12:48:00.691805 dv-cinder-815145-5-iscsi devstack@c-api.service[115077]: DEBUG cinder.api.openstack.wsgi [None req-1fb013f6-2116-4eb1-9a13-95be55a52e35 tempest-DeleteServersTestJSON-1302694460 tempest-DeleteServersTestJSON-1302694460-project] Empty body provided in request {{(pid=115077) get_body /opt/stack/cinder/cinder/api/openstack/wsgi.py:703}}
Oct 28 12:48:00.692059 dv-cinder-815145-5-iscsi devstack@c-api.service[115077]: /usr/local/lib/python3.8/dist-packages/webob/acceptparse.py:1047: DeprecationWarning: The behavior of AcceptValidHeader.best_match is currently being maintained for backward compatibility, but it will be deprecated in the future, as it does not conform to the RFC.
Oct 28 12:48:00.692059 dv-cinder-815145-5-iscsi devstack@c-api.service[115077]: warnings.warn(
Oct 28 12:48:00.692399 dv-cinder-815145-5-iscsi devstack@c-api.service[115077]: DEBUG cinder.api.openstack.wsgi [None req-1fb013f6-2116-4eb1-9a13-95be55a52e35 tempest-DeleteServersTestJSON-1302694460 tempest-DeleteServersTestJSON-1302694460-project] Calling method 'show' {{(pid=115077) _process_stack /opt/stack/cinder/cinder/api/openstack/wsgi.py:856}}
Oct 28 12:48:00.708162 dv-cinder-815145-5-iscsi devstack@c-api.service[115077]: /usr/local/lib/python3.8/dist-packages/oslo_context/context.py:105: DeprecationWarning: Policy enforcement is depending on the value of is_admin. This key is deprecated. Please update your policy file to use the standard policy values.
Oct 28 12:48:00.708162 dv-cinder-815145-5-iscsi devstack@c-api.service[115077]: warnings.warn('Policy enforcement is depending on the value of '
Oct 28 12:48:00.719161 dv-cinder-815145-5-iscsi devstack@c-api.service[115077]: INFO cinder.volume.api [None req-1fb013f6-2116-4eb1-9a13-95be55a52e35 tempest-DeleteServersTestJSON-1302694460 tempest-DeleteServersTestJSON-1302694460-project] Volume info retrieved successfully.
Oct 28 12:48:00.730798 dv-cinder-815145-5-iscsi devstack@c-api.service[115077]: INFO cinder.api.openstack.wsgi [None req-1fb013f6-2116-4eb1-9a13-95be55a52e35 tempest-DeleteServersTestJSON-1302694460 tempest-DeleteServersTestJSON-1302694460-project] http://10.222.0.55/volume/v3/c25a174ce3ef4393a70366560b90c4d4/volumes/398ec33c-1691-4c40-b448-e706581d67f7 returned with HTTP 200
Oct 28 12:48:00.733958 dv-cinder-815145-5-iscsi devstack@c-api.service[115077]: [pid: 115077|app: 0|req: 168/390] 10.222.0.55 () {58 vars in 1324 bytes} [Thu Oct 28 12:48:00 2021] GET /volume/v3/c25a174ce3ef4393a70366560b90c4d4/volumes/398ec33c-1691-4c40-b448-e706581d67f7 => generated 913 bytes in 52 msecs (HTTP/1.1 200) 7 headers in 285 bytes (1 switches on core 0)
Oct 28 12:48:00.752542 dv-cinder-815145-5-iscsi devstack@c-api.service[115077]: INFO cinder.api.openstack.wsgi [None req-a5f28985-5149-42d5-951b-de660090c07e tempest-DeleteServersTestJSON-1302694460 tempest-DeleteServersTestJSON-1302694460-project] DELETE http://10.222.0.55/volume/v3/c25a174ce3ef4393a70366560b90c4d4/volumes/398ec33c-1691-4c40-b448-e706581d67f7
Oct 28 12:48:00.753056 dv-cinder-815145-5-iscsi devstack@c-api.service[115077]: DEBUG cinder.api.openstack.wsgi [None req-a5f28985-5149-42d5-951b-de660090c07e tempest-DeleteServersTestJSON-1302694460 tempest-DeleteServersTestJSON-1302694460-project] Empty body provided in request {{(pid=115077) get_body /opt/stack/cinder/cinder/api/openstack/wsgi.py:703}}
Oct 28 12:48:00.753287 dv-cinder-815145-5-iscsi devstack@c-api.service[115077]: /usr/local/lib/python3.8/dist-packages/webob/acceptparse.py:1047: DeprecationWarning: The behavior of AcceptValidHeader.best_match is currently being maintained for backward compatibility, but it will be deprecated in the future, as it does not conform to the RFC.
Oct 28 12:48:00.753287 dv-cinder-815145-5-iscsi devstack@c-api.service[115077]: warnings.warn(
Oct 28 12:48:00.753699 dv-cinder-815145-5-iscsi devstack@c-api.service[115077]: DEBUG cinder.api.openstack.wsgi [None req-a5f28985-5149-42d5-951b-de660090c07e tempest-DeleteServersTestJSON-1302694460 tempest-DeleteServersTestJSON-1302694460-project] Calling method 'delete' {{(pid=115077) _process_stack /opt/stack/cinder/cinder/api/openstack/wsgi.py:856}}
Oct 28 12:48:00.754182 dv-cinder-815145-5-iscsi devstack@c-api.service[115077]: INFO cinder.api.v3.volumes [None req-a5f28985-5149-42d5-951b-de660090c07e tempest-DeleteServersTestJSON-1302694460 tempest-DeleteServersTestJSON-1302694460-project] Delete volume with id: 398ec33c-1691-4c40-b448-e706581d67f7
Oct 28 12:48:00.768251 dv-cinder-815145-5-iscsi devstack@c-api.service[115077]: /usr/local/lib/python3.8/dist-packages/oslo_context/context.py:105: DeprecationWarning: Policy enforcement is depending on the value of is_admin. This key is deprecated. Please update your policy file to use the standard policy values.
Oct 28 12:48:00.768251 dv-cinder-815145-5-iscsi devstack@c-api.service[115077]: warnings.warn('Policy enforcement is depending on the value of '
Oct 28 12:48:00.769224 dv-cinder-815145-5-iscsi devstack@c-api.service[115077]: INFO cinder.volume.api [None req-a5f28985-5149-42d5-951b-de660090c07e tempest-DeleteServersTestJSON-1302694460 tempest-DeleteServersTestJSON-1302694460-project] Volume info retrieved successfully.
Oct 28 12:48:00.801552 dv-cinder-815145-5-iscsi devstack@c-api.service[115076]: INFO cinder.api.openstack.wsgi [None req-f51c19fa-08d6-4bff-88a3-a612734a0e94 tempest-VolumesActionsTest-1530914692 tempest-VolumesActionsTest-1530914692-project] POST http://10.222.0.55/volume/v3/27da7cc03448450889295aced8093326/volumes
Oct 28 12:48:00.801955 dv-cinder-815145-5-iscsi devstack@c-api.service[115076]: /usr/local/lib/python3.8/dist-packages/webob/acceptparse.py:1047: DeprecationWarning: The behavior of AcceptValidHeader.best_match is currently being maintained for backward compatibility, but it will be deprecated in the future, as it does not conform to the RFC.
Oct 28 12:48:00.801955 dv-cinder-815145-5-iscsi devstack@c-api.service[115076]: warnings.warn(
Oct 28 12:48:00.807577 dv-cinder-815145-5-iscsi devstack@c-api.service[115076]: DEBUG cinder.api.openstack.wsgi [None req-f51c19fa-08d6-4bff-88a3-a612734a0e94 tempest-VolumesActionsTest-1530914692 tempest-VolumesActionsTest-1530914692-project] Action: 'create', calling method: create, body: {"volume": {"size": 1, "name": "tempest-VolumesActionsTest-Volume-391286380"}} {{(pid=115076) _process_stack /opt/stack/cinder/cinder/api/openstack/wsgi.py:854}}
Oct 28 12:48:00.807577 dv-cinder-815145-5-iscsi devstack@c-api.service[115076]: DEBUG cinder.api.v3.volumes [None req-f51c19fa-08d6-4bff-88a3-a612734a0e94 tempest-VolumesActionsTest-1530914692 tempest-VolumesActionsTest-1530914692-project] Create volume request body: {'volume': {'size': 1, 'name': 'tempest-VolumesActionsTest-Volume-391286380'}} {{(pid=115076) create /opt/stack/cinder/cinder/api/v3/volumes.py:298}}
Oct 28 12:48:00.807577 dv-cinder-815145-5-iscsi devstack@c-api.service[115076]: INFO cinder.api.v3.volumes [None req-f51c19fa-08d6-4bff-88a3-a612734a0e94 tempest-VolumesActionsTest-1530914692 tempest-VolumesActionsTest-1530914692-project] Create volume of 1 GB
Oct 28 12:48:00.810308 dv-cinder-815145-5-iscsi devstack@c-api.service[115076]: INFO cinder.volume.api [None req-f51c19fa-08d6-4bff-88a3-a612734a0e94 tempest-VolumesActionsTest-1530914692 tempest-VolumesActionsTest-1530914692-project] Availability Zones retrieved successfully.
Oct 28 12:48:00.829974 dv-cinder-815145-5-iscsi devstack@c-api.service[115076]: DEBUG cinder.volume.api [None req-f51c19fa-08d6-4bff-88a3-a612734a0e94 tempest-VolumesActionsTest-1530914692 tempest-VolumesActionsTest-1530914692-project] Flow 'volume_create_api' (cd2a89aa-9cca-4503-9b76-5d45546b9051) transitioned into state 'RUNNING' from state 'PENDING' {{(pid=115076) _flow_receiver /usr/local/lib/python3.8/dist-packages/taskflow/listeners/logging.py:141}}
Oct 28 12:48:00.832647 dv-cinder-815145-5-iscsi devstack@c-api.service[115076]: DEBUG cinder.volume.api [None req-f51c19fa-08d6-4bff-88a3-a612734a0e94 tempest-VolumesActionsTest-1530914692 tempest-VolumesActionsTest-1530914692-project] Task 'cinder.volume.flows.api.create_volume.ExtractVolumeRequestTask;volume:create' (39360e07-e902-4bc0-857b-14d160c9300f) transitioned into state 'RUNNING' from state 'PENDING' {{(pid=115076) _task_receiver /usr/local/lib/python3.8/dist-packages/taskflow/listeners/logging.py:190}}
Oct 28 12:48:00.835677 dv-cinder-815145-5-iscsi devstack@c-api.service[115076]: DEBUG cinder.volume.flows.api.create_volume [None req-f51c19fa-08d6-4bff-88a3-a612734a0e94 tempest-VolumesActionsTest-1530914692 tempest-VolumesActionsTest-1530914692-project] Validating volume size '1' using validate_int {{(pid=115076) _extract_size /opt/stack/cinder/cinder/volume/flows/api/create_volume.py:225}}
Oct 28 12:48:00.866511 dv-cinder-815145-5-iscsi devstack@c-api.service[115076]: DEBUG cinder.volume.api [None req-f51c19fa-08d6-4bff-88a3-a612734a0e94 tempest-VolumesActionsTest-1530914692 tempest-VolumesActionsTest-1530914692-project] Task 'cinder.volume.flows.api.create_volume.ExtractVolumeRequestTask;volume:create' (39360e07-e902-4bc0-857b-14d160c9300f) transitioned into state 'SUCCESS' from state 'RUNNING' with result '{'size': 1, 'snapshot_id': None, 'source_volid': None, 'volume_type': VolumeType(created_at=2021-10-28T12:33:00Z,deleted=False,deleted_at=None,description='Default Volume Type',extra_specs={},id=c382d564-1274-4322-b66b-bae6654cfa26,is_public=True,name='__DEFAULT__',projects=[],qos_specs=,qos_specs_id=None,updated_at=2021-10-28T12:33:00Z), 'volume_type_id': 'c382d564-1274-4322-b66b-bae6654cfa26', 'encryption_key_id': None, 'qos_specs': None, 'consistencygroup_id': None, 'cgsnapshot_id': None, 'group_id': None, 'replication_status': 'disabled', 'refresh_az': False, 'backup_id': None, 'multiattach': False, 'availability_zones': ['nova']}' {{(pid=115076) _task_receiver /usr/local/lib/python3.8/dist-packages/taskflow/listeners/logging.py:178}}
Oct 28 12:48:00.868583 dv-cinder-815145-5-iscsi devstack@c-api.service[115076]: DEBUG cinder.volume.api [None req-f51c19fa-08d6-4bff-88a3-a612734a0e94 tempest-VolumesActionsTest-1530914692 tempest-VolumesActionsTest-1530914692-project] Task 'cinder.volume.flows.api.create_volume.QuotaReserveTask;volume:create' (c4343b90-59fb-49b7-9b6d-6c19e8925e78) transitioned into state 'RUNNING' from state 'PENDING' {{(pid=115076) _task_receiver /usr/local/lib/python3.8/dist-packages/taskflow/listeners/logging.py:190}}
Oct 28 12:48:00.970618 dv-cinder-815145-5-iscsi devstack@c-api.service[115077]: INFO cinder.volume.api [None req-a5f28985-5149-42d5-951b-de660090c07e tempest-DeleteServersTestJSON-1302694460 tempest-DeleteServersTestJSON-1302694460-project] Delete volume request issued successfully.
Oct 28 12:48:00.970941 dv-cinder-815145-5-iscsi devstack@c-api.service[115077]: INFO cinder.api.openstack.wsgi [None req-a5f28985-5149-42d5-951b-de660090c07e tempest-DeleteServersTestJSON-1302694460 tempest-DeleteServersTestJSON-1302694460-project] http://10.222.0.55/volume/v3/c25a174ce3ef4393a70366560b90c4d4/volumes/398ec33c-1691-4c40-b448-e706581d67f7 returned with HTTP 202
Oct 28 12:48:00.971864 dv-cinder-815145-5-iscsi devstack@c-api.service[115077]: [pid: 115077|app: 0|req: 169/391] 10.222.0.55 () {58 vars in 1327 bytes} [Thu Oct 28 12:48:00 2021] DELETE /volume/v3/c25a174ce3ef4393a70366560b90c4d4/volumes/398ec33c-1691-4c40-b448-e706581d67f7 => generated 0 bytes in 222 msecs (HTTP/1.1 202) 6 headers in 233 bytes (2 switches on core 0)
Oct 28 12:48:00.978728 dv-cinder-815145-5-iscsi devstack@c-api.service[115077]: INFO cinder.api.openstack.wsgi [None req-7026bfe1-5f5a-4599-9da0-d4dd4c885f96 tempest-DeleteServersTestJSON-1302694460 tempest-DeleteServersTestJSON-1302694460-project] GET http://10.222.0.55/volume/v3/c25a174ce3ef4393a70366560b90c4d4/volumes/398ec33c-1691-4c40-b448-e706581d67f7
Oct 28 12:48:00.979173 dv-cinder-815145-5-iscsi devstack@c-api.service[115077]: DEBUG cinder.api.openstack.wsgi [None req-7026bfe1-5f5a-4599-9da0-d4dd4c885f96 tempest-DeleteServersTestJSON-1302694460 tempest-DeleteServersTestJSON-1302694460-project] Empty body provided in request {{(pid=115077) get_body /opt/stack/cinder/cinder/api/openstack/wsgi.py:703}}
Oct 28 12:48:00.979345 dv-cinder-815145-5-iscsi devstack@c-api.service[115077]: /usr/local/lib/python3.8/dist-packages/webob/acceptparse.py:1047: DeprecationWarning: The behavior of AcceptValidHeader.best_match is currently being maintained for backward compatibility, but it will be deprecated in the future, as it does not conform to the RFC.
Oct 28 12:48:00.979345 dv-cinder-815145-5-iscsi devstack@c-api.service[115077]: warnings.warn(
Oct 28 12:48:00.979693 dv-cinder-815145-5-iscsi devstack@c-api.service[115077]: DEBUG cinder.api.openstack.wsgi [None req-7026bfe1-5f5a-4599-9da0-d4dd4c885f96 tempest-DeleteServersTestJSON-1302694460 tempest-DeleteServersTestJSON-1302694460-project] Calling method 'show' {{(pid=115077) _process_stack /opt/stack/cinder/cinder/api/openstack/wsgi.py:856}}
Oct 28 12:48:00.993957 dv-cinder-815145-5-iscsi devstack@c-api.service[115077]: /usr/local/lib/python3.8/dist-packages/oslo_context/context.py:105: DeprecationWarning: Policy enforcement is depending on the value of is_admin. This key is deprecated. Please update your policy file to use the standard policy values.
Oct 28 12:48:00.993957 dv-cinder-815145-5-iscsi devstack@c-api.service[115077]: warnings.warn('Policy enforcement is depending on the value of '
Oct 28 12:48:01.000797 dv-cinder-815145-5-iscsi devstack@c-api.service[115077]: INFO cinder.volume.api [None req-7026bfe1-5f5a-4599-9da0-d4dd4c885f96 tempest-DeleteServersTestJSON-1302694460 tempest-DeleteServersTestJSON-1302694460-project] Volume info retrieved successfully.
Oct 28 12:48:01.010296 dv-cinder-815145-5-iscsi devstack@c-api.service[115077]: INFO cinder.api.openstack.wsgi [None req-7026bfe1-5f5a-4599-9da0-d4dd4c885f96 tempest-DeleteServersTestJSON-1302694460 tempest-DeleteServersTestJSON-1302694460-project] http://10.222.0.55/volume/v3/c25a174ce3ef4393a70366560b90c4d4/volumes/398ec33c-1691-4c40-b448-e706581d67f7 returned with HTTP 200
Oct 28 12:48:01.011013 dv-cinder-815145-5-iscsi devstack@c-api.service[115077]: [pid: 115077|app: 0|req: 170/392] 10.222.0.55 () {58 vars in 1324 bytes} [Thu Oct 28 12:48:00 2021] GET /volume/v3/c25a174ce3ef4393a70366560b90c4d4/volumes/398ec33c-1691-4c40-b448-e706581d67f7 => generated 912 bytes in 36 msecs (HTTP/1.1 200) 7 headers in 285 bytes (2 switches on core 0)
Oct 28 12:48:01.124279 dv-cinder-815145-5-iscsi devstack@c-api.service[115076]: DEBUG cinder.quota [None req-f51c19fa-08d6-4bff-88a3-a612734a0e94 tempest-VolumesActionsTest-1530914692 tempest-VolumesActionsTest-1530914692-project] Created reservations ['2825f423-20f3-41e9-b09c-5f07d9cdd9ce', 'e9b5a5ed-c2d4-42ae-83f6-faecc5da3ba4', 'b0f8fe91-3e05-4680-93a4-a389a02b9bc3', '71dd7752-f712-477f-a455-d4abac684811'] {{(pid=115076) reserve /opt/stack/cinder/cinder/quota.py:755}}
Oct 28 12:48:01.126103 dv-cinder-815145-5-iscsi devstack@c-api.service[115076]: DEBUG cinder.volume.api [None req-f51c19fa-08d6-4bff-88a3-a612734a0e94 tempest-VolumesActionsTest-1530914692 tempest-VolumesActionsTest-1530914692-project] Task 'cinder.volume.flows.api.create_volume.QuotaReserveTask;volume:create' (c4343b90-59fb-49b7-9b6d-6c19e8925e78) transitioned into state 'SUCCESS' from state 'RUNNING' with result '{'reservations': ['2825f423-20f3-41e9-b09c-5f07d9cdd9ce', 'e9b5a5ed-c2d4-42ae-83f6-faecc5da3ba4', 'b0f8fe91-3e05-4680-93a4-a389a02b9bc3', '71dd7752-f712-477f-a455-d4abac684811']}' {{(pid=115076) _task_receiver /usr/local/lib/python3.8/dist-packages/taskflow/listeners/logging.py:178}}
Oct 28 12:48:01.128155 dv-cinder-815145-5-iscsi devstack@c-api.service[115076]: DEBUG cinder.volume.api [None req-f51c19fa-08d6-4bff-88a3-a612734a0e94 tempest-VolumesActionsTest-1530914692 tempest-VolumesActionsTest-1530914692-project] Task 'cinder.volume.flows.api.create_volume.EntryCreateTask;volume:create' (609064fc-0c31-482a-ac08-55243e4d1aad) transitioned into state 'RUNNING' from state 'PENDING' {{(pid=115076) _task_receiver /usr/local/lib/python3.8/dist-packages/taskflow/listeners/logging.py:190}}
Oct 28 12:48:01.238784 dv-cinder-815145-5-iscsi devstack@c-api.service[115076]: DEBUG cinder.volume.api [None req-f51c19fa-08d6-4bff-88a3-a612734a0e94 tempest-VolumesActionsTest-1530914692 tempest-VolumesActionsTest-1530914692-project] Task 'cinder.volume.flows.api.create_volume.EntryCreateTask;volume:create' (609064fc-0c31-482a-ac08-55243e4d1aad) transitioned into state 'SUCCESS' from state 'RUNNING' with result '{'volume_id': '01d41398-b726-4bb7-864f-78dc81e6253a', 'volume_properties': VolumeProperties(attach_status='detached',availability_zone='nova',cgsnapshot_id=None,consistencygroup_id=None,display_description=None,display_name='tempest-VolumesActionsTest-Volume-391286380',encryption_key_id=None,group_id=None,group_type_id=,metadata={},multiattach=False,project_id='27da7cc03448450889295aced8093326',qos_specs=None,replication_status=,reservations=['2825f423-20f3-41e9-b09c-5f07d9cdd9ce','e9b5a5ed-c2d4-42ae-83f6-faecc5da3ba4','b0f8fe91-3e05-4680-93a4-a389a02b9bc3','71dd7752-f712-477f-a455-d4abac684811'],size=1,snapshot_id=None,source_replicaid=,source_volid=None,status='creating',user_id='45559033a4cf495f9c7fba3c445a92ec',volume_type_id=c382d564-1274-4322-b66b-bae6654cfa26), 'volume': Volume(_name_id=None,admin_metadata=,attach_status='detached',availability_zone='nova',bootable=False,cluster=,cluster_name=None,consistencygroup=,consistencygroup_id=None,created_at=2021-10-28T12:48:01Z,deleted=False,deleted_at=None,display_description=None,display_name='tempest-VolumesActionsTest-Volume-391286380',ec2_id=None,encryption_key_id=None,glance_metadata=,group=,group_id=None,host=None,id=01d41398-b726-4bb7-864f-78dc81e6253a,launched_at=None,metadata={},migration_status=None,multiattach=False,previous_status=None,project_id='27da7cc03448450889295aced8093326',provider_auth=None,provider_geometry=None,provider_id=None,provider_location=None,replication_driver_data=None,replication_extended_status=None,replication_status=None,scheduled_at=None,service_uuid=None,shared_targets=True,size=1,snapshot_id=None,snapshots=,source_volid=None,status='creating',terminated_at=None,updated_at=None,use_quota=True,user_id='45559033a4cf495f9c7fba3c445a92ec',volume_attachment=VolumeAttachmentList,volume_type=VolumeType(c382d564-1274-4322-b66b-bae6654cfa26),volume_type_id=c382d564-1274-4322-b66b-bae6654cfa26)}' {{(pid=115076) _task_receiver /usr/local/lib/python3.8/dist-packages/taskflow/listeners/logging.py:178}}
Oct 28 12:48:01.240706 dv-cinder-815145-5-iscsi devstack@c-api.service[115076]: DEBUG cinder.volume.api [None req-f51c19fa-08d6-4bff-88a3-a612734a0e94 tempest-VolumesActionsTest-1530914692 tempest-VolumesActionsTest-1530914692-project] Task 'cinder.volume.flows.api.create_volume.QuotaCommitTask;volume:create' (f6f4d843-07f0-4f3b-b67c-a1521d98b0f1) transitioned into state 'RUNNING' from state 'PENDING' {{(pid=115076) _task_receiver /usr/local/lib/python3.8/dist-packages/taskflow/listeners/logging.py:190}}
Oct 28 12:48:01.308377 dv-cinder-815145-5-iscsi devstack@c-api.service[115076]: DEBUG cinder.volume.api [None req-f51c19fa-08d6-4bff-88a3-a612734a0e94 tempest-VolumesActionsTest-1530914692 tempest-VolumesActionsTest-1530914692-project] Task 'cinder.volume.flows.api.create_volume.QuotaCommitTask;volume:create' (f6f4d843-07f0-4f3b-b67c-a1521d98b0f1) transitioned into state 'SUCCESS' from state 'RUNNING' with result '{'volume_properties': VolumeProperties(attach_status='detached',availability_zone='nova',cgsnapshot_id=None,consistencygroup_id=None,display_description=None,display_name='tempest-VolumesActionsTest-Volume-391286380',encryption_key_id=None,group_id=None,group_type_id=,metadata={},multiattach=False,project_id='27da7cc03448450889295aced8093326',qos_specs=None,replication_status=,reservations=['2825f423-20f3-41e9-b09c-5f07d9cdd9ce','e9b5a5ed-c2d4-42ae-83f6-faecc5da3ba4','b0f8fe91-3e05-4680-93a4-a389a02b9bc3','71dd7752-f712-477f-a455-d4abac684811'],size=1,snapshot_id=None,source_replicaid=,source_volid=None,status='creating',user_id='45559033a4cf495f9c7fba3c445a92ec',volume_type_id=c382d564-1274-4322-b66b-bae6654cfa26)}' {{(pid=115076) _task_receiver /usr/local/lib/python3.8/dist-packages/taskflow/listeners/logging.py:178}}
Oct 28 12:48:01.310178 dv-cinder-815145-5-iscsi devstack@c-api.service[115076]: DEBUG cinder.volume.api [None req-f51c19fa-08d6-4bff-88a3-a612734a0e94 tempest-VolumesActionsTest-1530914692 tempest-VolumesActionsTest-1530914692-project] Task 'cinder.volume.flows.api.create_volume.VolumeCastTask;volume:create' (b375fce6-7752-4d46-bf7a-eb8a74204470) transitioned into state 'RUNNING' from state 'PENDING' {{(pid=115076) _task_receiver /usr/local/lib/python3.8/dist-packages/taskflow/listeners/logging.py:190}}
Oct 28 12:48:01.355837 dv-cinder-815145-5-iscsi devstack@c-api.service[115077]: INFO cinder.api.openstack.wsgi [None req-9d86199b-90e8-4592-bd13-064c40625203 tempest-VolumesServicesTestJSON-949719824 tempest-VolumesServicesTestJSON-949719824-project] GET http://10.222.0.55/volume/v3/dd9d1f53bf6f4c3396122455bea9f724/volumes/cac5439f-35fa-4fce-9fb8-56dc0931a04f
Oct 28 12:48:01.356355 dv-cinder-815145-5-iscsi devstack@c-api.service[115077]: DEBUG cinder.api.openstack.wsgi [None req-9d86199b-90e8-4592-bd13-064c40625203 tempest-VolumesServicesTestJSON-949719824 tempest-VolumesServicesTestJSON-949719824-project] Empty body provided in request {{(pid=115077) get_body /opt/stack/cinder/cinder/api/openstack/wsgi.py:703}}
Oct 28 12:48:01.356489 dv-cinder-815145-5-iscsi devstack@c-api.service[115077]: /usr/local/lib/python3.8/dist-packages/webob/acceptparse.py:1047: DeprecationWarning: The behavior of AcceptValidHeader.best_match is currently being maintained for backward compatibility, but it will be deprecated in the future, as it does not conform to the RFC.
Oct 28 12:48:01.356489 dv-cinder-815145-5-iscsi devstack@c-api.service[115077]: warnings.warn(
Oct 28 12:48:01.356840 dv-cinder-815145-5-iscsi devstack@c-api.service[115077]: DEBUG cinder.api.openstack.wsgi [None req-9d86199b-90e8-4592-bd13-064c40625203 tempest-VolumesServicesTestJSON-949719824 tempest-VolumesServicesTestJSON-949719824-project] Calling method 'show' {{(pid=115077) _process_stack /opt/stack/cinder/cinder/api/openstack/wsgi.py:856}}
Oct 28 12:48:01.370119 dv-cinder-815145-5-iscsi devstack@c-api.service[115077]: /usr/local/lib/python3.8/dist-packages/oslo_context/context.py:105: DeprecationWarning: Policy enforcement is depending on the value of is_admin. This key is deprecated. Please update your policy file to use the standard policy values.
Oct 28 12:48:01.370119 dv-cinder-815145-5-iscsi devstack@c-api.service[115077]: warnings.warn('Policy enforcement is depending on the value of '
Oct 28 12:48:01.376735 dv-cinder-815145-5-iscsi devstack@c-api.service[115077]: INFO cinder.volume.api [None req-9d86199b-90e8-4592-bd13-064c40625203 tempest-VolumesServicesTestJSON-949719824 tempest-VolumesServicesTestJSON-949719824-project] Volume info retrieved successfully.
Oct 28 12:48:01.384418 dv-cinder-815145-5-iscsi devstack@c-api.service[115076]: DEBUG cinder.volume.api [None req-f51c19fa-08d6-4bff-88a3-a612734a0e94 tempest-VolumesActionsTest-1530914692 tempest-VolumesActionsTest-1530914692-project] Task 'cinder.volume.flows.api.create_volume.VolumeCastTask;volume:create' (b375fce6-7752-4d46-bf7a-eb8a74204470) transitioned into state 'SUCCESS' from state 'RUNNING' with result 'None' {{(pid=115076) _task_receiver /usr/local/lib/python3.8/dist-packages/taskflow/listeners/logging.py:178}}
Oct 28 12:48:01.386047 dv-cinder-815145-5-iscsi devstack@c-api.service[115077]: INFO cinder.api.openstack.wsgi [None req-9d86199b-90e8-4592-bd13-064c40625203 tempest-VolumesServicesTestJSON-949719824 tempest-VolumesServicesTestJSON-949719824-project] http://10.222.0.55/volume/v3/dd9d1f53bf6f4c3396122455bea9f724/volumes/cac5439f-35fa-4fce-9fb8-56dc0931a04f returned with HTTP 200
Oct 28 12:48:01.386930 dv-cinder-815145-5-iscsi devstack@c-api.service[115077]: [pid: 115077|app: 0|req: 171/393] 10.222.0.55 () {58 vars in 1324 bytes} [Thu Oct 28 12:48:01 2021] GET /volume/v3/dd9d1f53bf6f4c3396122455bea9f724/volumes/cac5439f-35fa-4fce-9fb8-56dc0931a04f => generated 915 bytes in 35 msecs (HTTP/1.1 200) 7 headers in 285 bytes (2 switches on core 0)
Oct 28 12:48:01.388100 dv-cinder-815145-5-iscsi devstack@c-api.service[115076]: DEBUG cinder.volume.api [None req-f51c19fa-08d6-4bff-88a3-a612734a0e94 tempest-VolumesActionsTest-1530914692 tempest-VolumesActionsTest-1530914692-project] Flow 'volume_create_api' (cd2a89aa-9cca-4503-9b76-5d45546b9051) transitioned into state 'SUCCESS' from state 'RUNNING' {{(pid=115076) _flow_receiver /usr/local/lib/python3.8/dist-packages/taskflow/listeners/logging.py:141}}
Oct 28 12:48:01.389392 dv-cinder-815145-5-iscsi devstack@c-api.service[115076]: INFO cinder.volume.api [None req-f51c19fa-08d6-4bff-88a3-a612734a0e94 tempest-VolumesActionsTest-1530914692 tempest-VolumesActionsTest-1530914692-project] Create volume request issued successfully.
Oct 28 12:48:01.392259 dv-cinder-815145-5-iscsi devstack@c-api.service[115076]: INFO cinder.api.openstack.wsgi [None req-f51c19fa-08d6-4bff-88a3-a612734a0e94 tempest-VolumesActionsTest-1530914692 tempest-VolumesActionsTest-1530914692-project] http://10.222.0.55/volume/v3/27da7cc03448450889295aced8093326/volumes returned with HTTP 202
Oct 28 12:48:01.392259 dv-cinder-815145-5-iscsi devstack@c-api.service[115076]: [pid: 115076|app: 0|req: 223/394] 10.222.0.55 () {60 vars in 1234 bytes} [Thu Oct 28 12:48:00 2021] POST /volume/v3/27da7cc03448450889295aced8093326/volumes => generated 817 bytes in 690 msecs (HTTP/1.1 202) 7 headers in 291 bytes (2 switches on core 0)
Oct 28 12:48:01.403106 dv-cinder-815145-5-iscsi devstack@c-api.service[115077]: INFO cinder.api.openstack.wsgi [None req-ae9f5a06-fd86-4ae9-9ca6-6d6b3b723b52 tempest-VolumesServicesTestJSON-1462151254 tempest-VolumesServicesTestJSON-1462151254-project-admin] GET http://10.222.0.55/volume/v3/1128a2e551b04a4fabf8330af7fab6e3/volumes/cac5439f-35fa-4fce-9fb8-56dc0931a04f
Oct 28 12:48:01.403829 dv-cinder-815145-5-iscsi devstack@c-api.service[115077]: DEBUG cinder.api.openstack.wsgi [None req-ae9f5a06-fd86-4ae9-9ca6-6d6b3b723b52 tempest-VolumesServicesTestJSON-1462151254 tempest-VolumesServicesTestJSON-1462151254-project-admin] Empty body provided in request {{(pid=115077) get_body /opt/stack/cinder/cinder/api/openstack/wsgi.py:703}}
Oct 28 12:48:01.403999 dv-cinder-815145-5-iscsi devstack@c-api.service[115077]: /usr/local/lib/python3.8/dist-packages/webob/acceptparse.py:1047: DeprecationWarning: The behavior of AcceptValidHeader.best_match is currently being maintained for backward compatibility, but it will be deprecated in the future, as it does not conform to the RFC.
Oct 28 12:48:01.403999 dv-cinder-815145-5-iscsi devstack@c-api.service[115077]: warnings.warn(
Oct 28 12:48:01.404310 dv-cinder-815145-5-iscsi devstack@c-api.service[115077]: DEBUG cinder.api.openstack.wsgi [None req-ae9f5a06-fd86-4ae9-9ca6-6d6b3b723b52 tempest-VolumesServicesTestJSON-1462151254 tempest-VolumesServicesTestJSON-1462151254-project-admin] Calling method 'show' {{(pid=115077) _process_stack /opt/stack/cinder/cinder/api/openstack/wsgi.py:856}}
Oct 28 12:48:01.407677 dv-cinder-815145-5-iscsi devstack@c-api.service[115076]: INFO cinder.api.openstack.wsgi [None req-f29a19d8-f592-46a1-b1ba-153609fa743d tempest-VolumesActionsTest-1530914692 tempest-VolumesActionsTest-1530914692-project] GET http://10.222.0.55/volume/v3/27da7cc03448450889295aced8093326/volumes/01d41398-b726-4bb7-864f-78dc81e6253a
Oct 28 12:48:01.407677 dv-cinder-815145-5-iscsi devstack@c-api.service[115076]: DEBUG cinder.api.openstack.wsgi [None req-f29a19d8-f592-46a1-b1ba-153609fa743d tempest-VolumesActionsTest-1530914692 tempest-VolumesActionsTest-1530914692-project] Empty body provided in request {{(pid=115076) get_body /opt/stack/cinder/cinder/api/openstack/wsgi.py:703}}
Oct 28 12:48:01.407677 dv-cinder-815145-5-iscsi devstack@c-api.service[115076]: /usr/local/lib/python3.8/dist-packages/webob/acceptparse.py:1047: DeprecationWarning: The behavior of AcceptValidHeader.best_match is currently being maintained for backward compatibility, but it will be deprecated in the future, as it does not conform to the RFC.
Oct 28 12:48:01.407677 dv-cinder-815145-5-iscsi devstack@c-api.service[115076]: warnings.warn(
Oct 28 12:48:01.407677 dv-cinder-815145-5-iscsi devstack@c-api.service[115076]: DEBUG cinder.api.openstack.wsgi [None req-f29a19d8-f592-46a1-b1ba-153609fa743d tempest-VolumesActionsTest-1530914692 tempest-VolumesActionsTest-1530914692-project] Calling method 'show' {{(pid=115076) _process_stack /opt/stack/cinder/cinder/api/openstack/wsgi.py:856}}
Oct 28 12:48:01.418400 dv-cinder-815145-5-iscsi devstack@c-api.service[115077]: /usr/local/lib/python3.8/dist-packages/oslo_context/context.py:105: DeprecationWarning: Policy enforcement is depending on the value of is_admin. This key is deprecated. Please update your policy file to use the standard policy values.
Oct 28 12:48:01.418400 dv-cinder-815145-5-iscsi devstack@c-api.service[115077]: warnings.warn('Policy enforcement is depending on the value of '
Oct 28 12:48:01.420170 dv-cinder-815145-5-iscsi devstack@c-api.service[115076]: /usr/local/lib/python3.8/dist-packages/oslo_context/context.py:105: DeprecationWarning: Policy enforcement is depending on the value of is_admin. This key is deprecated. Please update your policy file to use the standard policy values.
Oct 28 12:48:01.420170 dv-cinder-815145-5-iscsi devstack@c-api.service[115076]: warnings.warn('Policy enforcement is depending on the value of '
Oct 28 12:48:01.425226 dv-cinder-815145-5-iscsi devstack@c-api.service[115077]: INFO cinder.volume.api [None req-ae9f5a06-fd86-4ae9-9ca6-6d6b3b723b52 tempest-VolumesServicesTestJSON-1462151254 tempest-VolumesServicesTestJSON-1462151254-project-admin] Volume info retrieved successfully.
Oct 28 12:48:01.427466 dv-cinder-815145-5-iscsi devstack@c-api.service[115076]: INFO cinder.volume.api [None req-f29a19d8-f592-46a1-b1ba-153609fa743d tempest-VolumesActionsTest-1530914692 tempest-VolumesActionsTest-1530914692-project] Volume info retrieved successfully.
Oct 28 12:48:01.433166 dv-cinder-815145-5-iscsi devstack@c-api.service[115077]: INFO cinder.api.openstack.wsgi [None req-ae9f5a06-fd86-4ae9-9ca6-6d6b3b723b52 tempest-VolumesServicesTestJSON-1462151254 tempest-VolumesServicesTestJSON-1462151254-project-admin] http://10.222.0.55/volume/v3/1128a2e551b04a4fabf8330af7fab6e3/volumes/cac5439f-35fa-4fce-9fb8-56dc0931a04f returned with HTTP 200
Oct 28 12:48:01.436134 dv-cinder-815145-5-iscsi devstack@c-api.service[115077]: [pid: 115077|app: 0|req: 172/395] 10.222.0.55 () {58 vars in 1324 bytes} [Thu Oct 28 12:48:01 2021] GET /volume/v3/1128a2e551b04a4fabf8330af7fab6e3/volumes/cac5439f-35fa-4fce-9fb8-56dc0931a04f => generated 1091 bytes in 34 msecs (HTTP/1.1 200) 7 headers in 286 bytes (1 switches on core 0)
Oct 28 12:48:01.436568 dv-cinder-815145-5-iscsi devstack@c-api.service[115076]: INFO cinder.api.openstack.wsgi [None req-f29a19d8-f592-46a1-b1ba-153609fa743d tempest-VolumesActionsTest-1530914692 tempest-VolumesActionsTest-1530914692-project] http://10.222.0.55/volume/v3/27da7cc03448450889295aced8093326/volumes/01d41398-b726-4bb7-864f-78dc81e6253a returned with HTTP 200
Oct 28 12:48:01.437279 dv-cinder-815145-5-iscsi devstack@c-api.service[115076]: [pid: 115076|app: 0|req: 224/396] 10.222.0.55 () {58 vars in 1324 bytes} [Thu Oct 28 12:48:01 2021] GET /volume/v3/27da7cc03448450889295aced8093326/volumes/01d41398-b726-4bb7-864f-78dc81e6253a => generated 885 bytes in 36 msecs (HTTP/1.1 200) 7 headers in 285 bytes (1 switches on core 0)
Oct 28 12:48:01.449882 dv-cinder-815145-5-iscsi devstack@c-api.service[115077]: INFO cinder.api.openstack.wsgi [None req-1fde44c7-73b4-4839-91da-c8004a370e72 tempest-VolumesServicesTestJSON-1462151254 tempest-VolumesServicesTestJSON-1462151254-project-admin] GET http://10.222.0.55/volume/v3/1128a2e551b04a4fabf8330af7fab6e3/os-services?host=hv-cinder-81514&binary=cinder-volume
Oct 28 12:48:01.450344 dv-cinder-815145-5-iscsi devstack@c-api.service[115077]: DEBUG cinder.api.openstack.wsgi [None req-1fde44c7-73b4-4839-91da-c8004a370e72 tempest-VolumesServicesTestJSON-1462151254 tempest-VolumesServicesTestJSON-1462151254-project-admin] Empty body provided in request {{(pid=115077) get_body /opt/stack/cinder/cinder/api/openstack/wsgi.py:703}}
Oct 28 12:48:01.450509 dv-cinder-815145-5-iscsi devstack@c-api.service[115077]: /usr/local/lib/python3.8/dist-packages/webob/acceptparse.py:1047: DeprecationWarning: The behavior of AcceptValidHeader.best_match is currently being maintained for backward compatibility, but it will be deprecated in the future, as it does not conform to the RFC.
Oct 28 12:48:01.450509 dv-cinder-815145-5-iscsi devstack@c-api.service[115077]: warnings.warn(
Oct 28 12:48:01.450820 dv-cinder-815145-5-iscsi devstack@c-api.service[115077]: DEBUG cinder.api.openstack.wsgi [None req-1fde44c7-73b4-4839-91da-c8004a370e72 tempest-VolumesServicesTestJSON-1462151254 tempest-VolumesServicesTestJSON-1462151254-project-admin] Calling method 'index' {{(pid=115077) _process_stack /opt/stack/cinder/cinder/api/openstack/wsgi.py:856}}
Oct 28 12:48:01.460899 dv-cinder-815145-5-iscsi devstack@c-api.service[115077]: INFO cinder.api.openstack.wsgi [None req-1fde44c7-73b4-4839-91da-c8004a370e72 tempest-VolumesServicesTestJSON-1462151254 tempest-VolumesServicesTestJSON-1462151254-project-admin] http://10.222.0.55/volume/v3/1128a2e551b04a4fabf8330af7fab6e3/os-services?host=hv-cinder-81514&binary=cinder-volume returned with HTTP 200
Oct 28 12:48:01.462941 dv-cinder-815145-5-iscsi devstack@c-api.service[115077]: [pid: 115077|app: 0|req: 173/397] 10.222.0.55 () {58 vars in 1308 bytes} [Thu Oct 28 12:48:01 2021] GET /volume/v3/1128a2e551b04a4fabf8330af7fab6e3/os-services?host=hv-cinder-81514&binary=cinder-volume => generated 276 bytes in 17 msecs (HTTP/1.1 200) 7 headers in 285 bytes (1 switches on core 0)
Oct 28 12:48:01.477573 dv-cinder-815145-5-iscsi devstack@c-api.service[115076]: INFO cinder.api.openstack.wsgi [None req-7ad6ba89-f241-4ede-94c8-de28a701548f tempest-VolumesServicesTestJSON-1462151254 tempest-VolumesServicesTestJSON-1462151254-project-admin] GET http://10.222.0.55/volume/v3/1128a2e551b04a4fabf8330af7fab6e3/os-services
Oct 28 12:48:01.478188 dv-cinder-815145-5-iscsi devstack@c-api.service[115076]: DEBUG cinder.api.openstack.wsgi [None req-7ad6ba89-f241-4ede-94c8-de28a701548f tempest-VolumesServicesTestJSON-1462151254 tempest-VolumesServicesTestJSON-1462151254-project-admin] Empty body provided in request {{(pid=115076) get_body /opt/stack/cinder/cinder/api/openstack/wsgi.py:703}}
Oct 28 12:48:01.478366 dv-cinder-815145-5-iscsi devstack@c-api.service[115076]: /usr/local/lib/python3.8/dist-packages/webob/acceptparse.py:1047: DeprecationWarning: The behavior of AcceptValidHeader.best_match is currently being maintained for backward compatibility, but it will be deprecated in the future, as it does not conform to the RFC.
Oct 28 12:48:01.478366 dv-cinder-815145-5-iscsi devstack@c-api.service[115076]: warnings.warn(
Oct 28 12:48:01.478688 dv-cinder-815145-5-iscsi devstack@c-api.service[115076]: DEBUG cinder.api.openstack.wsgi [None req-7ad6ba89-f241-4ede-94c8-de28a701548f tempest-VolumesServicesTestJSON-1462151254 tempest-VolumesServicesTestJSON-1462151254-project-admin] Calling method 'index' {{(pid=115076) _process_stack /opt/stack/cinder/cinder/api/openstack/wsgi.py:856}}
Oct 28 12:48:01.486159 dv-cinder-815145-5-iscsi devstack@c-api.service[115076]: INFO cinder.api.openstack.wsgi [None req-7ad6ba89-f241-4ede-94c8-de28a701548f tempest-VolumesServicesTestJSON-1462151254 tempest-VolumesServicesTestJSON-1462151254-project-admin] http://10.222.0.55/volume/v3/1128a2e551b04a4fabf8330af7fab6e3/os-services returned with HTTP 200
Oct 28 12:48:01.486899 dv-cinder-815145-5-iscsi devstack@c-api.service[115076]: [pid: 115076|app: 0|req: 225/398] 10.222.0.55 () {58 vars in 1225 bytes} [Thu Oct 28 12:48:01 2021] GET /volume/v3/1128a2e551b04a4fabf8330af7fab6e3/os-services => generated 642 bytes in 16 msecs (HTTP/1.1 200) 7 headers in 285 bytes (1 switches on core 0)
Oct 28 12:48:01.498185 dv-cinder-815145-5-iscsi devstack@c-api.service[115077]: INFO cinder.api.openstack.wsgi [None req-46a8749a-5a2b-40a9-9034-ac08467dbf4d tempest-VolumesServicesTestJSON-949719824 tempest-VolumesServicesTestJSON-949719824-project] DELETE http://10.222.0.55/volume/v3/dd9d1f53bf6f4c3396122455bea9f724/volumes/cac5439f-35fa-4fce-9fb8-56dc0931a04f
Oct 28 12:48:01.498627 dv-cinder-815145-5-iscsi devstack@c-api.service[115077]: DEBUG cinder.api.openstack.wsgi [None req-46a8749a-5a2b-40a9-9034-ac08467dbf4d tempest-VolumesServicesTestJSON-949719824 tempest-VolumesServicesTestJSON-949719824-project] Empty body provided in request {{(pid=115077) get_body /opt/stack/cinder/cinder/api/openstack/wsgi.py:703}}
Oct 28 12:48:01.499038 dv-cinder-815145-5-iscsi devstack@c-api.service[115077]: DEBUG cinder.api.openstack.wsgi [None req-46a8749a-5a2b-40a9-9034-ac08467dbf4d tempest-VolumesServicesTestJSON-949719824 tempest-VolumesServicesTestJSON-949719824-project] Calling method 'delete' {{(pid=115077) _process_stack /opt/stack/cinder/cinder/api/openstack/wsgi.py:856}}
Oct 28 12:48:01.499454 dv-cinder-815145-5-iscsi devstack@c-api.service[115077]: INFO cinder.api.v3.volumes [None req-46a8749a-5a2b-40a9-9034-ac08467dbf4d tempest-VolumesServicesTestJSON-949719824 tempest-VolumesServicesTestJSON-949719824-project] Delete volume with id: cac5439f-35fa-4fce-9fb8-56dc0931a04f
Oct 28 12:48:01.514756 dv-cinder-815145-5-iscsi devstack@c-api.service[115077]: /usr/local/lib/python3.8/dist-packages/oslo_context/context.py:105: DeprecationWarning: Policy enforcement is depending on the value of is_admin. This key is deprecated. Please update your policy file to use the standard policy values.
Oct 28 12:48:01.514756 dv-cinder-815145-5-iscsi devstack@c-api.service[115077]: warnings.warn('Policy enforcement is depending on the value of '
Oct 28 12:48:01.515805 dv-cinder-815145-5-iscsi devstack@c-api.service[115077]: INFO cinder.volume.api [None req-46a8749a-5a2b-40a9-9034-ac08467dbf4d tempest-VolumesServicesTestJSON-949719824 tempest-VolumesServicesTestJSON-949719824-project] Volume info retrieved successfully.
Oct 28 12:48:01.698645 dv-cinder-815145-5-iscsi devstack@c-api.service[115076]: INFO cinder.api.openstack.wsgi [None req-02004557-c194-48a2-8039-ec14f87dd3f7 tempest-VolumesSnapshotTestJSON-1614933270 tempest-VolumesSnapshotTestJSON-1614933270-project] GET http://10.222.0.55/volume/v3/d3352a1b25d441d99295db9f9c776042/volumes/7b2c2bf3-3994-4fcd-817d-0799c0dcdaf8
Oct 28 12:48:01.699528 dv-cinder-815145-5-iscsi devstack@c-api.service[115076]: DEBUG cinder.api.openstack.wsgi [None req-02004557-c194-48a2-8039-ec14f87dd3f7 tempest-VolumesSnapshotTestJSON-1614933270 tempest-VolumesSnapshotTestJSON-1614933270-project] Empty body provided in request {{(pid=115076) get_body /opt/stack/cinder/cinder/api/openstack/wsgi.py:703}}
Oct 28 12:48:01.699754 dv-cinder-815145-5-iscsi devstack@c-api.service[115076]: DEBUG cinder.api.openstack.wsgi [None req-02004557-c194-48a2-8039-ec14f87dd3f7 tempest-VolumesSnapshotTestJSON-1614933270 tempest-VolumesSnapshotTestJSON-1614933270-project] Calling method 'show' {{(pid=115076) _process_stack /opt/stack/cinder/cinder/api/openstack/wsgi.py:856}}
Oct 28 12:48:01.713800 dv-cinder-815145-5-iscsi devstack@c-api.service[115076]: /usr/local/lib/python3.8/dist-packages/oslo_context/context.py:105: DeprecationWarning: Policy enforcement is depending on the value of is_admin. This key is deprecated. Please update your policy file to use the standard policy values.
Oct 28 12:48:01.713800 dv-cinder-815145-5-iscsi devstack@c-api.service[115076]: warnings.warn('Policy enforcement is depending on the value of '
Oct 28 12:48:01.720743 dv-cinder-815145-5-iscsi devstack@c-api.service[115076]: INFO cinder.volume.api [None req-02004557-c194-48a2-8039-ec14f87dd3f7 tempest-VolumesSnapshotTestJSON-1614933270 tempest-VolumesSnapshotTestJSON-1614933270-project] Volume info retrieved successfully.
Oct 28 12:48:01.724508 dv-cinder-815145-5-iscsi devstack@c-api.service[115077]: INFO cinder.volume.api [None req-46a8749a-5a2b-40a9-9034-ac08467dbf4d tempest-VolumesServicesTestJSON-949719824 tempest-VolumesServicesTestJSON-949719824-project] Delete volume request issued successfully.
Oct 28 12:48:01.724918 dv-cinder-815145-5-iscsi devstack@c-api.service[115077]: INFO cinder.api.openstack.wsgi [None req-46a8749a-5a2b-40a9-9034-ac08467dbf4d tempest-VolumesServicesTestJSON-949719824 tempest-VolumesServicesTestJSON-949719824-project] http://10.222.0.55/volume/v3/dd9d1f53bf6f4c3396122455bea9f724/volumes/cac5439f-35fa-4fce-9fb8-56dc0931a04f returned with HTTP 202
Oct 28 12:48:01.727045 dv-cinder-815145-5-iscsi devstack@c-api.service[115077]: [pid: 115077|app: 0|req: 174/399] 10.222.0.55 () {58 vars in 1327 bytes} [Thu Oct 28 12:48:01 2021] DELETE /volume/v3/dd9d1f53bf6f4c3396122455bea9f724/volumes/cac5439f-35fa-4fce-9fb8-56dc0931a04f => generated 0 bytes in 231 msecs (HTTP/1.1 202) 6 headers in 233 bytes (1 switches on core 0)
Oct 28 12:48:01.730764 dv-cinder-815145-5-iscsi devstack@c-api.service[115076]: INFO cinder.api.openstack.wsgi [None req-02004557-c194-48a2-8039-ec14f87dd3f7 tempest-VolumesSnapshotTestJSON-1614933270 tempest-VolumesSnapshotTestJSON-1614933270-project] http://10.222.0.55/volume/v3/d3352a1b25d441d99295db9f9c776042/volumes/7b2c2bf3-3994-4fcd-817d-0799c0dcdaf8 returned with HTTP 200
Oct 28 12:48:01.731812 dv-cinder-815145-5-iscsi devstack@c-api.service[115076]: [pid: 115076|app: 0|req: 226/400] 10.222.0.55 () {58 vars in 1324 bytes} [Thu Oct 28 12:48:01 2021] GET /volume/v3/d3352a1b25d441d99295db9f9c776042/volumes/7b2c2bf3-3994-4fcd-817d-0799c0dcdaf8 => generated 915 bytes in 37 msecs (HTTP/1.1 200) 7 headers in 285 bytes (2 switches on core 0)
Oct 28 12:48:01.736804 dv-cinder-815145-5-iscsi devstack@c-api.service[115077]: INFO cinder.api.openstack.wsgi [None req-031054e8-30d8-4b87-896a-b795fc4590b6 tempest-VolumesServicesTestJSON-949719824 tempest-VolumesServicesTestJSON-949719824-project] GET http://10.222.0.55/volume/v3/dd9d1f53bf6f4c3396122455bea9f724/volumes/cac5439f-35fa-4fce-9fb8-56dc0931a04f
Oct 28 12:48:01.737255 dv-cinder-815145-5-iscsi devstack@c-api.service[115077]: DEBUG cinder.api.openstack.wsgi [None req-031054e8-30d8-4b87-896a-b795fc4590b6 tempest-VolumesServicesTestJSON-949719824 tempest-VolumesServicesTestJSON-949719824-project] Empty body provided in request {{(pid=115077) get_body /opt/stack/cinder/cinder/api/openstack/wsgi.py:703}}
Oct 28 12:48:01.737425 dv-cinder-815145-5-iscsi devstack@c-api.service[115077]: /usr/local/lib/python3.8/dist-packages/webob/acceptparse.py:1047: DeprecationWarning: The behavior of AcceptValidHeader.best_match is currently being maintained for backward compatibility, but it will be deprecated in the future, as it does not conform to the RFC.
Oct 28 12:48:01.737425 dv-cinder-815145-5-iscsi devstack@c-api.service[115077]: warnings.warn(
Oct 28 12:48:01.737739 dv-cinder-815145-5-iscsi devstack@c-api.service[115077]: DEBUG cinder.api.openstack.wsgi [None req-031054e8-30d8-4b87-896a-b795fc4590b6 tempest-VolumesServicesTestJSON-949719824 tempest-VolumesServicesTestJSON-949719824-project] Calling method 'show' {{(pid=115077) _process_stack /opt/stack/cinder/cinder/api/openstack/wsgi.py:856}}
Oct 28 12:48:01.751974 dv-cinder-815145-5-iscsi devstack@c-api.service[115077]: /usr/local/lib/python3.8/dist-packages/oslo_context/context.py:105: DeprecationWarning: Policy enforcement is depending on the value of is_admin. This key is deprecated. Please update your policy file to use the standard policy values.
Oct 28 12:48:01.751974 dv-cinder-815145-5-iscsi devstack@c-api.service[115077]: warnings.warn('Policy enforcement is depending on the value of '
Oct 28 12:48:01.759606 dv-cinder-815145-5-iscsi devstack@c-api.service[115077]: INFO cinder.volume.api [None req-031054e8-30d8-4b87-896a-b795fc4590b6 tempest-VolumesServicesTestJSON-949719824 tempest-VolumesServicesTestJSON-949719824-project] Volume info retrieved successfully.
Oct 28 12:48:01.767906 dv-cinder-815145-5-iscsi devstack@c-api.service[115077]: INFO cinder.api.openstack.wsgi [None req-031054e8-30d8-4b87-896a-b795fc4590b6 tempest-VolumesServicesTestJSON-949719824 tempest-VolumesServicesTestJSON-949719824-project] http://10.222.0.55/volume/v3/dd9d1f53bf6f4c3396122455bea9f724/volumes/cac5439f-35fa-4fce-9fb8-56dc0931a04f returned with HTTP 200
Oct 28 12:48:01.768653 dv-cinder-815145-5-iscsi devstack@c-api.service[115077]: [pid: 115077|app: 0|req: 175/401] 10.222.0.55 () {58 vars in 1324 bytes} [Thu Oct 28 12:48:01 2021] GET /volume/v3/dd9d1f53bf6f4c3396122455bea9f724/volumes/cac5439f-35fa-4fce-9fb8-56dc0931a04f => generated 914 bytes in 39 msecs (HTTP/1.1 200) 7 headers in 285 bytes (2 switches on core 0)
Oct 28 12:48:02.025386 dv-cinder-815145-5-iscsi devstack@c-api.service[115076]: INFO cinder.api.openstack.wsgi [None req-2d141b9f-a498-4c0d-b9b2-6422d574d0c1 tempest-DeleteServersTestJSON-1302694460 tempest-DeleteServersTestJSON-1302694460-project] GET http://10.222.0.55/volume/v3/c25a174ce3ef4393a70366560b90c4d4/volumes/398ec33c-1691-4c40-b448-e706581d67f7
Oct 28 12:48:02.025779 dv-cinder-815145-5-iscsi devstack@c-api.service[115076]: DEBUG cinder.api.openstack.wsgi [None req-2d141b9f-a498-4c0d-b9b2-6422d574d0c1 tempest-DeleteServersTestJSON-1302694460 tempest-DeleteServersTestJSON-1302694460-project] Empty body provided in request {{(pid=115076) get_body /opt/stack/cinder/cinder/api/openstack/wsgi.py:703}}
Oct 28 12:48:02.025972 dv-cinder-815145-5-iscsi devstack@c-api.service[115076]: /usr/local/lib/python3.8/dist-packages/webob/acceptparse.py:1047: DeprecationWarning: The behavior of AcceptValidHeader.best_match is currently being maintained for backward compatibility, but it will be deprecated in the future, as it does not conform to the RFC.
