Oct 22 18:47:36.934655 dv-cinder-815145-1-smb neutron-server[106348]: File "/usr/local/lib/python3.8/dist-packages/keystoneauth1/session.py", line 1241, in get_endpoint
Oct 22 18:47:36.934655 dv-cinder-815145-1-smb neutron-server[106348]: auth = self._auth_required(auth, 'determine endpoint URL')
Oct 22 18:47:36.934655 dv-cinder-815145-1-smb neutron-server[106348]: File "/usr/local/lib/python3.8/dist-packages/keystoneauth1/session.py", line 1181, in _auth_required
Oct 22 18:47:36.934655 dv-cinder-815145-1-smb neutron-server[106348]: raise exceptions.MissingAuthPlugin(msg_fmt % msg)
Oct 22 18:47:36.934655 dv-cinder-815145-1-smb neutron-server[106348]: keystoneauth1.exceptions.auth_plugins.MissingAuthPlugin: An auth plugin is required to determine endpoint URL
Oct 22 18:47:36.985736 dv-cinder-815145-1-smb neutron-server[106349]: DEBUG neutron.pecan_wsgi.hooks.policy_enforcement [req-125795b1-d73b-4207-98bb-d714c3fe6f51 req-285d574e-88d1-4fab-a646-e563f9ae7a06 tempest-AttachVolumeShelveTestJSON-311233837 tempest-AttachVolumeShelveTestJSON-311233837-project] Attributes excluded by policy engine: ['standard_attr_id', 'binding:profile', 'binding:host_id', 'binding:vif_type', 'binding:vif_details'] {{(pid=106349) _exclude_attributes_by_policy /opt/stack/neutron/neutron/pecan_wsgi/hooks/policy_enforcement.py:255}}
Oct 22 18:47:36.987653 dv-cinder-815145-1-smb neutron-server[106349]: INFO neutron.wsgi [req-125795b1-d73b-4207-98bb-d714c3fe6f51 req-285d574e-88d1-4fab-a646-e563f9ae7a06 tempest-AttachVolumeShelveTestJSON-311233837 tempest-AttachVolumeShelveTestJSON-311233837-project] 10.222.0.18 "GET /v2.0/ports?device_id=9e2c433a-748a-4c17-86bc-d86e755d5661 HTTP/1.1" status: 200 len: 945 time: 0.1494322
Oct 22 18:47:37.037027 dv-cinder-815145-1-smb neutron-server[106349]: DEBUG neutron.plugins.ml2.db [req-0bacc01a-f70a-4a90-a5ae-b1b2d1f0b351 req-61921b85-4fd0-4855-ab67-8b20dc5d52ed service neutron] For port c8c1ccfe-4674-47e5-8144-69c38cecb2a8, host hv-cinder-81514, cleared binding levels {{(pid=106349) clear_binding_levels /opt/stack/neutron/neutron/plugins/ml2/db.py:87}}
Oct 22 18:47:37.042876 dv-cinder-815145-1-smb neutron-server[106349]: INFO neutron.wsgi [req-125795b1-d73b-4207-98bb-d714c3fe6f51 req-53879e7f-41a0-4155-90cb-0c414953aba7 tempest-AttachVolumeShelveTestJSON-311233837 tempest-AttachVolumeShelveTestJSON-311233837-project] 10.222.0.18 "GET /v2.0/security-groups?id=a154c773-92f2-4aab-aaed-341c7f078111&fields=id&fields=name HTTP/1.1" status: 200 len: 313 time: 0.0446239
Oct 22 18:47:37.104415 dv-cinder-815145-1-smb neutron-server[106348]: DEBUG neutron_lib.callbacks.manager [None req-1014798d-8f67-4bd3-b087-2fab62f2fec1 admin admin] Publish callbacks ['neutron.plugins.ml2.plugin.Ml2Plugin._network_delete_after_delete_handler-747995', 'neutron.plugins.ml2.ovo_rpc._ObjectChangeHandler.handle_event-1779354', 'neutron.api.rpc.agentnotifiers.dhcp_rpc_agent_api.DhcpAgentNotifyAPI._native_event_send_dhcp_notification-1636383', 'neutron.services.l3_router.l3_router_plugin.DVRResourceOperationHandler.delete_fip_namespaces_for_ext_net-1731127'] for network, after_delete {{(pid=106348) _notify_loop /usr/local/lib/python3.8/dist-packages/neutron_lib/callbacks/manager.py:175}}
Oct 22 18:47:37.107931 dv-cinder-815145-1-smb neutron-server[106349]: DEBUG neutron.plugins.ml2.db [req-0bacc01a-f70a-4a90-a5ae-b1b2d1f0b351 req-61921b85-4fd0-4855-ab67-8b20dc5d52ed service neutron] For port c8c1ccfe-4674-47e5-8144-69c38cecb2a8, host hv-cinder-81514, set binding levels [PortBindingLevel(driver='hyperv',host='hv-cinder-81514',level=0,port_id=c8c1ccfe-4674-47e5-8144-69c38cecb2a8,segment=NetworkSegment(c0fe00c0-164d-4e58-a742-7b721ef8125d),segment_id=c0fe00c0-164d-4e58-a742-7b721ef8125d)] {{(pid=106349) set_binding_levels /opt/stack/neutron/neutron/plugins/ml2/db.py:59}}
Oct 22 18:47:37.114551 dv-cinder-815145-1-smb neutron-server[106349]: DEBUG neutron_lib.callbacks.manager [req-0bacc01a-f70a-4a90-a5ae-b1b2d1f0b351 req-61921b85-4fd0-4855-ab67-8b20dc5d52ed service neutron] Publish callbacks ['neutron.plugins.ml2.plugin.SecurityGroupServerNotifierRpcMixin._notify_sg_on_port_change-779855', 'neutron.plugins.ml2.ovo_rpc._ObjectChangeHandler.handle_event-52371', 'neutron.api.rpc.agentnotifiers.dhcp_rpc_agent_api.DhcpAgentNotifyAPI._native_event_send_dhcp_notification-1636383', 'neutron.db.l3_db.L3RpcNotifierMixin._notify_gateway_port_ip_changed-8746398268645', 'neutron.db.l3_dvrscheduler_db._notify_l3_agent_port_update-8746397755082', 'neutron.db.l3_hascheduler_db._notify_l3_agent_ha_port_update-8746397755100', 'neutron.services.segments.plugin.NovaSegmentNotifier._notify_port_updated-2781841'] for port, after_update {{(pid=106349) _notify_loop /usr/local/lib/python3.8/dist-packages/neutron_lib/callbacks/manager.py:175}}
Oct 22 18:47:37.153483 dv-cinder-815145-1-smb neutron-server[106348]: DEBUG neutron.api.rpc.handlers.resources_rpc [None req-1014798d-8f67-4bd3-b087-2fab62f2fec1 admin admin] Pushing event deleted for resources: {'Network': ['ID=1f28f537-6dbd-4940-935a-b35f84b54811,revision_number=None']} {{(pid=106348) push /opt/stack/neutron/neutron/api/rpc/handlers/resources_rpc.py:237}}
Oct 22 18:47:37.158548 dv-cinder-815145-1-smb neutron-server[106348]: DEBUG neutron_lib.callbacks.manager [None req-1014798d-8f67-4bd3-b087-2fab62f2fec1 admin admin] Publish callbacks ['neutron.api.rpc.agentnotifiers.dhcp_rpc_agent_api.DhcpAgentNotifyAPI._send_dhcp_notification-1636365'] for network, before_response {{(pid=106348) _notify_loop /usr/local/lib/python3.8/dist-packages/neutron_lib/callbacks/manager.py:175}}
Oct 22 18:47:37.174320 dv-cinder-815145-1-smb neutron-server[106348]: INFO neutron.wsgi [None req-1014798d-8f67-4bd3-b087-2fab62f2fec1 admin admin] 10.222.0.18 "DELETE /v2.0/networks/1f28f537-6dbd-4940-935a-b35f84b54811 HTTP/1.1" status: 204 len: 168 time: 0.7121449
Oct 22 18:47:37.193248 dv-cinder-815145-1-smb neutron-server[106348]: DEBUG neutron.pecan_wsgi.hooks.policy_enforcement [req-119eeec0-d001-41b2-8193-03550897eb1c req-b81fad47-bccb-4a5f-8cca-4ba4733d7bce tempest-AttachVolumeNegativeTest-1050406944 tempest-AttachVolumeNegativeTest-1050406944-project] Attributes excluded by policy engine: ['standard_attr_id', 'binding:profile', 'binding:host_id', 'binding:vif_type', 'binding:vif_details'] {{(pid=106348) _exclude_attributes_by_policy /opt/stack/neutron/neutron/pecan_wsgi/hooks/policy_enforcement.py:255}}
Oct 22 18:47:37.198992 dv-cinder-815145-1-smb neutron-server[106348]: INFO neutron.wsgi [req-119eeec0-d001-41b2-8193-03550897eb1c req-b81fad47-bccb-4a5f-8cca-4ba4733d7bce tempest-AttachVolumeNegativeTest-1050406944 tempest-AttachVolumeNegativeTest-1050406944-project] 10.222.0.18 "GET /v2.0/ports?device_id=2db103c2-2a8c-4442-9cf8-9c92d5558486 HTTP/1.1" status: 200 len: 943 time: 0.1437044
Oct 22 18:47:37.202209 dv-cinder-815145-1-smb neutron-server[106349]: DEBUG neutron.pecan_wsgi.hooks.policy_enforcement [req-0bacc01a-f70a-4a90-a5ae-b1b2d1f0b351 req-61921b85-4fd0-4855-ab67-8b20dc5d52ed service neutron] Attributes excluded by policy engine: ['standard_attr_id'] {{(pid=106349) _exclude_attributes_by_policy /opt/stack/neutron/neutron/pecan_wsgi/hooks/policy_enforcement.py:255}}
Oct 22 18:47:37.203340 dv-cinder-815145-1-smb neutron-server[106349]: DEBUG neutron_lib.callbacks.manager [req-0bacc01a-f70a-4a90-a5ae-b1b2d1f0b351 req-61921b85-4fd0-4855-ab67-8b20dc5d52ed service neutron] Publish callbacks ['neutron.notifiers.nova.Notifier._send_nova_notification-88599'] for port, before_response {{(pid=106349) _notify_loop /usr/local/lib/python3.8/dist-packages/neutron_lib/callbacks/manager.py:175}}
Oct 22 18:47:37.207210 dv-cinder-815145-1-smb neutron-server[106349]: INFO neutron.wsgi [req-0bacc01a-f70a-4a90-a5ae-b1b2d1f0b351 req-61921b85-4fd0-4855-ab67-8b20dc5d52ed service neutron] 10.222.0.11 "PUT /v2.0/ports/c8c1ccfe-4674-47e5-8144-69c38cecb2a8 HTTP/1.1" status: 200 len: 1093 time: 1.6927211
Oct 22 18:47:37.214624 dv-cinder-815145-1-smb neutron-server[106349]: DEBUG neutron.notifiers.nova [-] Sending events: [{'name': 'network-changed', 'server_uuid': '2db103c2-2a8c-4442-9cf8-9c92d5558486', 'tag': 'c8c1ccfe-4674-47e5-8144-69c38cecb2a8'}] {{(pid=106349) send_events /opt/stack/neutron/neutron/notifiers/nova.py:262}}
Oct 22 18:47:37.219655 dv-cinder-815145-1-smb neutron-server[106349]: DEBUG novaclient.v2.client [-] REQ: curl -g -i --cacert "/opt/stack/data/ca-bundle.pem" -X POST http://10.222.0.18/compute/v2.1/os-server-external-events -H "Accept: application/json" -H "Content-Type: application/json" -H "User-Agent: python-novaclient" -H "X-Auth-Token: {SHA256}9b0d52c895389d7e897daf287a0a79cfb303da642eb774ba0a263f5821056a5c" -H "X-OpenStack-Nova-API-Version: 2.1" -H "X-OpenStack-Request-ID: req-534f035a-a72d-4453-9cf2-c09e80d6c868" -d '{"events": [{"name": "network-changed", "server_uuid": "2db103c2-2a8c-4442-9cf8-9c92d5558486", "tag": "c8c1ccfe-4674-47e5-8144-69c38cecb2a8"}]}' {{(pid=106349) _http_log_request /usr/local/lib/python3.8/dist-packages/keystoneauth1/session.py:519}}
Oct 22 18:47:37.282492 dv-cinder-815145-1-smb neutron-server[106348]: INFO neutron.wsgi [req-119eeec0-d001-41b2-8193-03550897eb1c req-d8d7f911-1bfd-4fd9-a38d-9a5195ff519b tempest-AttachVolumeNegativeTest-1050406944 tempest-AttachVolumeNegativeTest-1050406944-project] 10.222.0.18 "GET /v2.0/security-groups?id=8f45631f-2ca1-4dcf-b900-1b1e34422da0&fields=id&fields=name HTTP/1.1" status: 200 len: 286 time: 0.0790114
Oct 22 18:47:37.328553 dv-cinder-815145-1-smb neutron-server[106350]: DEBUG neutron_lib.callbacks.manager [None req-c284251e-4230-41f8-9964-e95fceeeae94 None None] Publish callbacks ['neutron.services.segments.db._update_segment_host_mapping_for_agent-8746398227981', 'neutron.plugins.ml2.plugin.Ml2Plugin._retry_binding_revived_agents-747418'] for agent, after_update {{(pid=106350) _notify_loop /usr/local/lib/python3.8/dist-packages/neutron_lib/callbacks/manager.py:175}}
Oct 22 18:47:37.331451 dv-cinder-815145-1-smb neutron-server[106349]: DEBUG neutron.api.rpc.handlers.resources_rpc [None req-61921b85-4fd0-4855-ab67-8b20dc5d52ed service neutron] Pushing event updated for resources: {'Port': ['ID=c8c1ccfe-4674-47e5-8144-69c38cecb2a8,revision_number=3']} {{(pid=106349) push /opt/stack/neutron/neutron/api/rpc/handlers/resources_rpc.py:237}}
Oct 22 18:47:37.354256 dv-cinder-815145-1-smb neutron-server[106349]: DEBUG neutron.pecan_wsgi.hooks.policy_enforcement [req-c96447ec-2c07-41f3-b463-f9f83211ce19 req-fec66820-92df-450a-a1bc-1aa0dd158770 tempest-AttachVolumeShelveTestJSON-311233837 tempest-AttachVolumeShelveTestJSON-311233837-project] Attributes excluded by policy engine: ['standard_attr_id', 'binding:profile', 'binding:host_id', 'binding:vif_type', 'binding:vif_details'] {{(pid=106349) _exclude_attributes_by_policy /opt/stack/neutron/neutron/pecan_wsgi/hooks/policy_enforcement.py:255}}
Oct 22 18:47:37.359544 dv-cinder-815145-1-smb neutron-server[106349]: INFO neutron.wsgi [req-c96447ec-2c07-41f3-b463-f9f83211ce19 req-fec66820-92df-450a-a1bc-1aa0dd158770 tempest-AttachVolumeShelveTestJSON-311233837 tempest-AttachVolumeShelveTestJSON-311233837-project] 10.222.0.18 "GET /v2.0/ports?device_id=9e2c433a-748a-4c17-86bc-d86e755d5661 HTTP/1.1" status: 200 len: 945 time: 0.1461561
Oct 22 18:47:37.361864 dv-cinder-815145-1-smb neutron-server[106349]: DEBUG neutron.pecan_wsgi.hooks.policy_enforcement [req-0bacc01a-f70a-4a90-a5ae-b1b2d1f0b351 req-bab8a05f-2562-4079-8e18-a0e5e7085047 service neutron] Attributes excluded by policy engine: ['standard_attr_id'] {{(pid=106349) _exclude_attributes_by_policy /opt/stack/neutron/neutron/pecan_wsgi/hooks/policy_enforcement.py:255}}
Oct 22 18:47:37.366721 dv-cinder-815145-1-smb neutron-server[106349]: INFO neutron.wsgi [req-0bacc01a-f70a-4a90-a5ae-b1b2d1f0b351 req-bab8a05f-2562-4079-8e18-a0e5e7085047 service neutron] 10.222.0.11 "GET /v2.0/ports?tenant_id=685e69dfe2f649dc9c7c0bb27d148cbd&device_id=2db103c2-2a8c-4442-9cf8-9c92d5558486 HTTP/1.1" status: 200 len: 1096 time: 0.1036186
Oct 22 18:47:37.368944 dv-cinder-815145-1-smb neutron-server[106349]: DEBUG neutron.wsgi [-] (106349) accepted ('10.222.0.18', 56230) {{(pid=106349) server /usr/local/lib/python3.8/dist-packages/eventlet/wsgi.py:982}}
Oct 22 18:47:37.373882 dv-cinder-815145-1-smb neutron-server[106349]: DEBUG neutron.api.v2.base [None req-2aa389de-14bc-4e6f-95a9-7248d2225f46 tempest-AttachVolumeShelveTestJSON-311233837 tempest-AttachVolumeShelveTestJSON-311233837-project] Request body: {'floatingip': {'port_id': '70dc5dd9-87ab-443a-9798-b6db3820ac26'}} {{(pid=106349) prepare_request_body /opt/stack/neutron/neutron/api/v2/base.py:729}}
Oct 22 18:47:37.449563 dv-cinder-815145-1-smb neutron-server[106349]: DEBUG novaclient.v2.client [-] RESP: [200] Connection: close Content-Length: 179 Content-Type: application/json Date: Fri, 22 Oct 2021 18:47:37 GMT OpenStack-API-Version: compute 2.1 Server: Apache/2.4.41 (Ubuntu) Vary: OpenStack-API-Version,X-OpenStack-Nova-API-Version X-OpenStack-Nova-API-Version: 2.1 x-compute-request-id: req-6bb5bc29-11e3-4cc4-8308-50951356086f x-openstack-request-id: req-6bb5bc29-11e3-4cc4-8308-50951356086f {{(pid=106349) _http_log_response /usr/local/lib/python3.8/dist-packages/keystoneauth1/session.py:550}}
Oct 22 18:47:37.449849 dv-cinder-815145-1-smb neutron-server[106349]: DEBUG novaclient.v2.client [-] RESP BODY: {"events": [{"name": "network-changed", "server_uuid": "2db103c2-2a8c-4442-9cf8-9c92d5558486", "tag": "c8c1ccfe-4674-47e5-8144-69c38cecb2a8", "status": "completed", "code": 200}]} {{(pid=106349) _http_log_response /usr/local/lib/python3.8/dist-packages/keystoneauth1/session.py:582}}
Oct 22 18:47:37.450194 dv-cinder-815145-1-smb neutron-server[106349]: DEBUG novaclient.v2.client [-] POST call to compute for http://10.222.0.18/compute/v2.1/os-server-external-events used request id req-6bb5bc29-11e3-4cc4-8308-50951356086f {{(pid=106349) request /usr/local/lib/python3.8/dist-packages/keystoneauth1/session.py:954}}
Oct 22 18:47:37.450515 dv-cinder-815145-1-smb neutron-server[106349]: INFO neutron.notifiers.nova [-] Nova event response: {'name': 'network-changed', 'server_uuid': '2db103c2-2a8c-4442-9cf8-9c92d5558486', 'tag': 'c8c1ccfe-4674-47e5-8144-69c38cecb2a8', 'status': 'completed', 'code': 200}
Oct 22 18:47:37.452932 dv-cinder-815145-1-smb neutron-server[106348]: DEBUG neutron.pecan_wsgi.hooks.policy_enforcement [req-2bc5a36d-b647-4a30-9cf6-20f3145aefd8 req-40711978-1455-49e0-9808-571bf85035db tempest-ServerRescueNegativeTestJSON-2047971328 tempest-ServerRescueNegativeTestJSON-2047971328-project] Attributes excluded by policy engine: ['standard_attr_id', 'binding:profile', 'binding:host_id', 'binding:vif_type', 'binding:vif_details'] {{(pid=106348) _exclude_attributes_by_policy /opt/stack/neutron/neutron/pecan_wsgi/hooks/policy_enforcement.py:255}}
Oct 22 18:47:37.454733 dv-cinder-815145-1-smb neutron-server[106348]: INFO neutron.wsgi [req-2bc5a36d-b647-4a30-9cf6-20f3145aefd8 req-40711978-1455-49e0-9808-571bf85035db tempest-ServerRescueNegativeTestJSON-2047971328 tempest-ServerRescueNegativeTestJSON-2047971328-project] 10.222.0.18 "GET /v2.0/ports?device_id=1faf6893-2bb0-4752-9218-204aa99263bc HTTP/1.1" status: 200 len: 946 time: 0.0987220
Oct 22 18:47:37.496460 dv-cinder-815145-1-smb neutron-server[106349]: DEBUG neutron_lib.callbacks.manager [None req-2aa389de-14bc-4e6f-95a9-7248d2225f46 tempest-AttachVolumeShelveTestJSON-311233837 tempest-AttachVolumeShelveTestJSON-311233837-project] Publish callbacks [] for floatingip, before_update {{(pid=106349) _notify_loop /usr/local/lib/python3.8/dist-packages/neutron_lib/callbacks/manager.py:175}}
Oct 22 18:47:37.500840 dv-cinder-815145-1-smb neutron-server[106349]: INFO neutron.wsgi [req-0bacc01a-f70a-4a90-a5ae-b1b2d1f0b351 req-0baa0d50-70ba-479a-9ccb-e88aa32bb88d service neutron] 10.222.0.11 "GET /v2.0/floatingips?fixed_ip_address=172.20.0.5&port_id=c8c1ccfe-4674-47e5-8144-69c38cecb2a8 HTTP/1.1" status: 200 len: 217 time: 0.0978870
Oct 22 18:47:37.513949 dv-cinder-815145-1-smb neutron-server[106348]: DEBUG neutron.wsgi [-] (106348) accepted ('10.222.0.18', 56238) {{(pid=106348) server /usr/local/lib/python3.8/dist-packages/eventlet/wsgi.py:982}}
Oct 22 18:47:37.552308 dv-cinder-815145-1-smb neutron-server[106348]: INFO neutron.wsgi [req-2bc5a36d-b647-4a30-9cf6-20f3145aefd8 req-be6466c1-165d-442f-ae73-5a11b08a11ca tempest-ServerRescueNegativeTestJSON-2047971328 tempest-ServerRescueNegativeTestJSON-2047971328-project] 10.222.0.18 "GET /v2.0/security-groups?id=b83a4406-3ec1-4db0-8bf6-361509d6585d&fields=id&fields=name HTTP/1.1" status: 200 len: 286 time: 0.0843976
Oct 22 18:47:37.591532 dv-cinder-815145-1-smb neutron-server[106348]: INFO neutron.wsgi [None req-ca409733-9c40-46b3-be13-0ab79e03d1d2 admin admin] 10.222.0.18 "GET /v2.0/security-groups?tenant_id=547189a2c53f47909a06a6e1150377a8&name=default HTTP/1.1" status: 200 len: 2975 time: 0.0764375
Oct 22 18:47:37.592263 dv-cinder-815145-1-smb neutron-server[106348]: DEBUG neutron.wsgi [-] (106348) accepted ('10.222.0.18', 56242) {{(pid=106348) server /usr/local/lib/python3.8/dist-packages/eventlet/wsgi.py:982}}
Oct 22 18:47:37.636128 dv-cinder-815145-1-smb neutron-server[106349]: DEBUG neutron.pecan_wsgi.hooks.policy_enforcement [req-0bacc01a-f70a-4a90-a5ae-b1b2d1f0b351 req-4d7d8d99-a85c-4221-ad64-56b36c2dce79 service neutron] Attributes excluded by policy engine: ['standard_attr_id', 'shared', 'segment_id'] {{(pid=106349) _exclude_attributes_by_policy /opt/stack/neutron/neutron/pecan_wsgi/hooks/policy_enforcement.py:255}}
Oct 22 18:47:37.637504 dv-cinder-815145-1-smb neutron-server[106349]: INFO neutron.wsgi [req-0bacc01a-f70a-4a90-a5ae-b1b2d1f0b351 req-4d7d8d99-a85c-4221-ad64-56b36c2dce79 service neutron] 10.222.0.11 "GET /v2.0/subnets?id=13af2891-0913-4247-a12f-0c1dcb3f5e94 HTTP/1.1" status: 200 len: 854 time: 0.1061454
Oct 22 18:47:37.650421 dv-cinder-815145-1-smb neutron-server[106348]: DEBUG neutron_lib.callbacks.manager [None req-a8653fa1-627c-4fce-be6d-883b9a6cad7d admin admin] Publish callbacks [] for security_group, before_delete {{(pid=106348) _notify_loop /usr/local/lib/python3.8/dist-packages/neutron_lib/callbacks/manager.py:175}}
Oct 22 18:47:37.672417 dv-cinder-815145-1-smb neutron-server[106348]: DEBUG neutron_lib.callbacks.manager [None req-a8653fa1-627c-4fce-be6d-883b9a6cad7d admin admin] Publish callbacks [] for security_group, precommit_delete {{(pid=106348) _notify_loop /usr/local/lib/python3.8/dist-packages/neutron_lib/callbacks/manager.py:175}}
Oct 22 18:47:37.685122 dv-cinder-815145-1-smb neutron-server[106349]: INFO neutron.wsgi [req-0bacc01a-f70a-4a90-a5ae-b1b2d1f0b351 req-4f494e61-a644-42c0-92e2-6c5a8762a548 service neutron] 10.222.0.11 "GET /v2.0/ports?network_id=7a602022-51b4-440f-88d9-131afea4c010&device_owner=network%3Adhcp HTTP/1.1" status: 200 len: 210 time: 0.0385225
Oct 22 18:47:37.727545 dv-cinder-815145-1-smb neutron-server[106348]: DEBUG neutron_lib.callbacks.manager [None req-a8653fa1-627c-4fce-be6d-883b9a6cad7d admin admin] Publish callbacks ['neutron.plugins.ml2.ovo_rpc._ObjectChangeHandler.handle_event-1779406'] for security_group, after_delete {{(pid=106348) _notify_loop /usr/local/lib/python3.8/dist-packages/neutron_lib/callbacks/manager.py:175}}
Oct 22 18:47:37.735011 dv-cinder-815145-1-smb neutron-server[106348]: DEBUG neutron_lib.callbacks.manager [None req-a8653fa1-627c-4fce-be6d-883b9a6cad7d admin admin] Publish callbacks [] for security_group, before_response {{(pid=106348) _notify_loop /usr/local/lib/python3.8/dist-packages/neutron_lib/callbacks/manager.py:175}}
Oct 22 18:47:37.738888 dv-cinder-815145-1-smb neutron-server[106348]: INFO neutron.wsgi [None req-a8653fa1-627c-4fce-be6d-883b9a6cad7d admin admin] 10.222.0.18 "DELETE /v2.0/security-groups/888c193f-4bac-4763-b068-b740e72cdb5c HTTP/1.1" status: 204 len: 168 time: 0.1456265
Oct 22 18:47:37.763085 dv-cinder-815145-1-smb neutron-server[106348]: DEBUG neutron.api.rpc.handlers.resources_rpc [None req-a8653fa1-627c-4fce-be6d-883b9a6cad7d admin admin] Pushing event deleted for resources: {'SecurityGroup': ['ID=888c193f-4bac-4763-b068-b740e72cdb5c,revision_number=None']} {{(pid=106348) push /opt/stack/neutron/neutron/api/rpc/handlers/resources_rpc.py:237}}
Oct 22 18:47:37.908355 dv-cinder-815145-1-smb neutron-server[106349]: INFO neutron.wsgi [req-0bacc01a-f70a-4a90-a5ae-b1b2d1f0b351 req-0e873c43-edd8-42bb-b709-64340b69df7e service neutron] 10.222.0.11 "GET /v2.0/networks/7a602022-51b4-440f-88d9-131afea4c010?fields=segments HTTP/1.1" status: 200 len: 212 time: 0.1840465
Oct 22 18:47:38.193716 dv-cinder-815145-1-smb neutron-server[106349]: INFO neutron.wsgi [req-0bacc01a-f70a-4a90-a5ae-b1b2d1f0b351 req-892fe707-ac4f-4db2-b501-a018de7d2c95 service neutron] 10.222.0.11 "GET /v2.0/networks/7a602022-51b4-440f-88d9-131afea4c010?fields=provider%3Aphysical_network&fields=provider%3Anetwork_type HTTP/1.1" status: 200 len: 281 time: 0.2629685
Oct 22 18:47:38.462933 dv-cinder-815145-1-smb neutron-server[106348]: DEBUG neutron.pecan_wsgi.hooks.policy_enforcement [req-a575036a-afe0-454e-9fcf-80c8678e32d9 req-441a8e12-91af-465a-a84a-e557e8738912 tempest-AttachVolumeNegativeTest-1050406944 tempest-AttachVolumeNegativeTest-1050406944-project] Attributes excluded by policy engine: ['standard_attr_id', 'binding:profile', 'binding:host_id', 'binding:vif_type', 'binding:vif_details'] {{(pid=106348) _exclude_attributes_by_policy /opt/stack/neutron/neutron/pecan_wsgi/hooks/policy_enforcement.py:255}}
Oct 22 18:47:38.468908 dv-cinder-815145-1-smb neutron-server[106348]: INFO neutron.wsgi [req-a575036a-afe0-454e-9fcf-80c8678e32d9 req-441a8e12-91af-465a-a84a-e557e8738912 tempest-AttachVolumeNegativeTest-1050406944 tempest-AttachVolumeNegativeTest-1050406944-project] 10.222.0.18 "GET /v2.0/ports?device_id=2db103c2-2a8c-4442-9cf8-9c92d5558486 HTTP/1.1" status: 200 len: 943 time: 0.1033621
Oct 22 18:47:38.541276 dv-cinder-815145-1-smb neutron-server[106348]: INFO neutron.wsgi [req-a575036a-afe0-454e-9fcf-80c8678e32d9 req-69a1f1be-0a8c-4b0e-9914-4b447d6d769b tempest-AttachVolumeNegativeTest-1050406944 tempest-AttachVolumeNegativeTest-1050406944-project] 10.222.0.18 "GET /v2.0/security-groups?id=8f45631f-2ca1-4dcf-b900-1b1e34422da0&fields=id&fields=name HTTP/1.1" status: 200 len: 286 time: 0.0553534
Oct 22 18:47:38.607795 dv-cinder-815145-1-smb neutron-server[106349]: DEBUG neutron_lib.callbacks.manager [None req-2aa389de-14bc-4e6f-95a9-7248d2225f46 tempest-AttachVolumeShelveTestJSON-311233837 tempest-AttachVolumeShelveTestJSON-311233837-project] Publish callbacks [] for floatingip, precommit_update {{(pid=106349) _notify_loop /usr/local/lib/python3.8/dist-packages/neutron_lib/callbacks/manager.py:175}}
Oct 22 18:47:38.615052 dv-cinder-815145-1-smb neutron-server[106349]: DEBUG neutron_lib.callbacks.manager [None req-2aa389de-14bc-4e6f-95a9-7248d2225f46 tempest-AttachVolumeShelveTestJSON-311233837 tempest-AttachVolumeShelveTestJSON-311233837-project] Publish callbacks ['neutron.services.l3_router.l3_router_plugin.DVRResourceOperationHandler._create_dvr_floating_gw_port-1731109'] for floatingip, after_update {{(pid=106349) _notify_loop /usr/local/lib/python3.8/dist-packages/neutron_lib/callbacks/manager.py:175}}
Oct 22 18:47:38.619432 dv-cinder-815145-1-smb neutron-server[106349]: DEBUG neutron.pecan_wsgi.hooks.policy_enforcement [req-534f035a-a72d-4453-9cf2-c09e80d6c868 req-e6e87770-144e-49a7-b71f-01eab4bcc7ec service neutron] Attributes excluded by policy engine: ['standard_attr_id'] {{(pid=106349) _exclude_attributes_by_policy /opt/stack/neutron/neutron/pecan_wsgi/hooks/policy_enforcement.py:255}}
Oct 22 18:47:38.620922 dv-cinder-815145-1-smb neutron-server[106349]: INFO neutron.wsgi [req-534f035a-a72d-4453-9cf2-c09e80d6c868 req-e6e87770-144e-49a7-b71f-01eab4bcc7ec service neutron] 10.222.0.11 "GET /v2.0/ports?tenant_id=685e69dfe2f649dc9c7c0bb27d148cbd&device_id=2db103c2-2a8c-4442-9cf8-9c92d5558486 HTTP/1.1" status: 200 len: 1096 time: 0.3188741
Oct 22 18:47:38.845371 dv-cinder-815145-1-smb neutron-server[106349]: DEBUG neutron.pecan_wsgi.hooks.policy_enforcement [req-052ac99f-e9ed-415d-be87-fea5f0254ed6 req-8af8e748-ea6b-4d85-9652-a5a2540a6fd8 tempest-ServerRescueNegativeTestJSON-2047971328 tempest-ServerRescueNegativeTestJSON-2047971328-project] Attributes excluded by policy engine: ['standard_attr_id', 'binding:profile', 'binding:host_id', 'binding:vif_type', 'binding:vif_details'] {{(pid=106349) _exclude_attributes_by_policy /opt/stack/neutron/neutron/pecan_wsgi/hooks/policy_enforcement.py:255}}
Oct 22 18:47:38.846931 dv-cinder-815145-1-smb neutron-server[106349]: INFO neutron.wsgi [req-052ac99f-e9ed-415d-be87-fea5f0254ed6 req-8af8e748-ea6b-4d85-9652-a5a2540a6fd8 tempest-ServerRescueNegativeTestJSON-2047971328 tempest-ServerRescueNegativeTestJSON-2047971328-project] 10.222.0.18 "GET /v2.0/ports?device_id=1faf6893-2bb0-4752-9218-204aa99263bc HTTP/1.1" status: 200 len: 946 time: 0.1836739
Oct 22 18:47:38.851391 dv-cinder-815145-1-smb neutron-server[106349]: DEBUG neutron.pecan_wsgi.hooks.policy_enforcement [req-534f035a-a72d-4453-9cf2-c09e80d6c868 req-f72039f4-98ba-461e-99b5-92707e74e725 service neutron] Attributes excluded by policy engine: ['standard_attr_id', 'vlan_transparent'] {{(pid=106349) _exclude_attributes_by_policy /opt/stack/neutron/neutron/pecan_wsgi/hooks/policy_enforcement.py:255}}
Oct 22 18:47:38.852762 dv-cinder-815145-1-smb neutron-server[106349]: INFO neutron.wsgi [req-534f035a-a72d-4453-9cf2-c09e80d6c868 req-f72039f4-98ba-461e-99b5-92707e74e725 service neutron] 10.222.0.11 "GET /v2.0/networks?id=7a602022-51b4-440f-88d9-131afea4c010 HTTP/1.1" status: 200 len: 915 time: 0.2013342
Oct 22 18:47:38.865021 dv-cinder-815145-1-smb neutron-server[106349]: INFO neutron.db.l3_db [None req-2aa389de-14bc-4e6f-95a9-7248d2225f46 tempest-AttachVolumeShelveTestJSON-311233837 tempest-AttachVolumeShelveTestJSON-311233837-project] Floating IP 8aff2796-bee2-4612-a446-2a4207aea387 associated. External IP: 172.28.2.193, port: 70dc5dd9-87ab-443a-9798-b6db3820ac26.
Oct 22 18:47:38.958408 dv-cinder-815145-1-smb neutron-server[106349]: INFO neutron.wsgi [req-534f035a-a72d-4453-9cf2-c09e80d6c868 req-aaa74c37-c600-47e0-9e95-14016e2357b8 service neutron] 10.222.0.11 "GET /v2.0/floatingips?fixed_ip_address=172.20.0.5&port_id=c8c1ccfe-4674-47e5-8144-69c38cecb2a8 HTTP/1.1" status: 200 len: 217 time: 0.0901055
Oct 22 18:47:38.987026 dv-cinder-815145-1-smb neutron-server[106349]: INFO neutron.wsgi [req-052ac99f-e9ed-415d-be87-fea5f0254ed6 req-f8deff23-2bdc-4665-8123-5c30ad30cc5e tempest-ServerRescueNegativeTestJSON-2047971328 tempest-ServerRescueNegativeTestJSON-2047971328-project] 10.222.0.18 "GET /v2.0/security-groups?id=b83a4406-3ec1-4db0-8bf6-361509d6585d&fields=id&fields=name HTTP/1.1" status: 200 len: 286 time: 0.1332645
Oct 22 18:47:39.067595 dv-cinder-815145-1-smb neutron-server[106349]: DEBUG neutron.pecan_wsgi.hooks.policy_enforcement [req-534f035a-a72d-4453-9cf2-c09e80d6c868 req-c7ddb18c-4d82-49cd-abe3-a7989be31bee service neutron] Attributes excluded by policy engine: ['standard_attr_id', 'shared', 'segment_id'] {{(pid=106349) _exclude_attributes_by_policy /opt/stack/neutron/neutron/pecan_wsgi/hooks/policy_enforcement.py:255}}
Oct 22 18:47:39.069452 dv-cinder-815145-1-smb neutron-server[106349]: INFO neutron.wsgi [req-534f035a-a72d-4453-9cf2-c09e80d6c868 req-c7ddb18c-4d82-49cd-abe3-a7989be31bee service neutron] 10.222.0.11 "GET /v2.0/subnets?id=13af2891-0913-4247-a12f-0c1dcb3f5e94 HTTP/1.1" status: 200 len: 854 time: 0.0973203
Oct 22 18:47:39.157563 dv-cinder-815145-1-smb neutron-server[106349]: INFO neutron.wsgi [req-534f035a-a72d-4453-9cf2-c09e80d6c868 req-c8d76710-5489-4d5a-b1f0-12cd28e17826 service neutron] 10.222.0.11 "GET /v2.0/ports?network_id=7a602022-51b4-440f-88d9-131afea4c010&device_owner=network%3Adhcp HTTP/1.1" status: 200 len: 210 time: 0.0316865
Oct 22 18:47:39.294016 dv-cinder-815145-1-smb neutron-server[106349]: DEBUG neutron.scheduler.l3_agent_scheduler [None req-2aa389de-14bc-4e6f-95a9-7248d2225f46 tempest-AttachVolumeShelveTestJSON-311233837 tempest-AttachVolumeShelveTestJSON-311233837-project] Router a38b985a-4d7c-4c44-aa23-0c5ef54fe965 has already been hosted by L3 agent c642551f-0cab-4da5-823a-229617db3be7 {{(pid=106349) _get_candidates /opt/stack/neutron/neutron/scheduler/l3_agent_scheduler.py:126}}
Oct 22 18:47:39.356122 dv-cinder-815145-1-smb neutron-server[106349]: INFO neutron.wsgi [req-534f035a-a72d-4453-9cf2-c09e80d6c868 req-66cbea04-ad01-475b-9ac3-4aa9b02a05d7 service neutron] 10.222.0.11 "GET /v2.0/networks/7a602022-51b4-440f-88d9-131afea4c010?fields=segments HTTP/1.1" status: 200 len: 212 time: 0.1755509
Oct 22 18:47:39.499598 dv-cinder-815145-1-smb neutron-server[106349]: DEBUG neutron.api.rpc.agentnotifiers.l3_rpc_agent_api [None req-2aa389de-14bc-4e6f-95a9-7248d2225f46 tempest-AttachVolumeShelveTestJSON-311233837 tempest-AttachVolumeShelveTestJSON-311233837-project] Notify agent at l3_agent.dv-cinder-815145-1-smb the message routers_updated {{(pid=106349) _agent_notification /opt/stack/neutron/neutron/api/rpc/agentnotifiers/l3_rpc_agent_api.py:65}}
Oct 22 18:47:39.509132 dv-cinder-815145-1-smb neutron-server[106349]: DEBUG neutron_lib.callbacks.manager [None req-2aa389de-14bc-4e6f-95a9-7248d2225f46 tempest-AttachVolumeShelveTestJSON-311233837 tempest-AttachVolumeShelveTestJSON-311233837-project] Publish callbacks ['neutron.notifiers.nova.Notifier._send_nova_notification-88599'] for floatingip, before_response {{(pid=106349) _notify_loop /usr/local/lib/python3.8/dist-packages/neutron_lib/callbacks/manager.py:175}}
Oct 22 18:47:39.517688 dv-cinder-815145-1-smb neutron-server[106351]: DEBUG neutron.api.rpc.handlers.l3_rpc [None req-1c605dec-db17-4afc-a406-55af90b93dc8 None None] Sync routers for ids ['a38b985a-4d7c-4c44-aa23-0c5ef54fe965'] in dv-cinder-815145-1-smb {{(pid=106351) sync_routers /opt/stack/neutron/neutron/api/rpc/handlers/l3_rpc.py:125}}
Oct 22 18:47:39.531541 dv-cinder-815145-1-smb neutron-server[106349]: INFO neutron.wsgi [req-534f035a-a72d-4453-9cf2-c09e80d6c868 req-3d16e0d9-854a-454f-ad75-dd2085e7b586 service neutron] 10.222.0.11 "GET /v2.0/networks/7a602022-51b4-440f-88d9-131afea4c010?fields=provider%3Aphysical_network&fields=provider%3Anetwork_type HTTP/1.1" status: 200 len: 281 time: 0.1597791
Oct 22 18:47:39.534655 dv-cinder-815145-1-smb neutron-server[106351]: DEBUG neutron.db.l3_dvrscheduler_db [None req-1c605dec-db17-4afc-a406-55af90b93dc8 None None] Routers {'a38b985a-4d7c-4c44-aa23-0c5ef54fe965'} bound to L3 agent in host dv-cinder-815145-1-smb {{(pid=106351) _get_router_ids_for_agent /opt/stack/neutron/neutron/db/l3_dvrscheduler_db.py:420}}
Oct 22 18:47:39.535290 dv-cinder-815145-1-smb neutron-server[106351]: DEBUG neutron.db.l3_hamode_db [None req-1c605dec-db17-4afc-a406-55af90b93dc8 None None] neutron.services.l3_router.l3_router_plugin.L3RouterPlugin method get_ha_sync_data_for_host called with arguments (, 'dv-cinder-815145-1-smb', Agent(admin_state_up=True,agent_type='L3 agent',availability_zone='nova',binary='neutron-l3-agent',configurations={"agent_mode": "legacy", "ex_gw_ports": 4, "extensions": [], "floating_ips": 0, "handle_internal_only_routers": true, "interface_driver": "openvswitch", "interfaces": 2, "log_agent_heartbeats": false, "routers": 4},created_at=2021-10-22T18:38:40Z,description=,heartbeat_timestamp=2021-10-22T18:47:10Z,host='dv-cinder-815145-1-smb',id=c642551f-0cab-4da5-823a-229617db3be7,load=0,resource_versions=,resources_synced=,started_at=2021-10-22T18:38:40Z,topic='l3_agent')) {'router_ids': ['a38b985a-4d7c-4c44-aa23-0c5ef54fe965'], 'active': True} {{(pid=106351) wrapper /usr/local/lib/python3.8/dist-packages/oslo_log/helpers.py:65}}
Oct 22 18:47:39.546545 dv-cinder-815145-1-smb neutron-server[106349]: INFO neutron.wsgi [None req-2aa389de-14bc-4e6f-95a9-7248d2225f46 tempest-AttachVolumeShelveTestJSON-311233837 tempest-AttachVolumeShelveTestJSON-311233837-project] 10.222.0.18 "PUT /v2.0/floatingips/8aff2796-bee2-4612-a446-2a4207aea387 HTTP/1.1" status: 200 len: 991 time: 2.1748593
Oct 22 18:47:39.546545 dv-cinder-815145-1-smb neutron-server[106349]: DEBUG neutron.notifiers.nova [-] Sending events: [{'name': 'network-changed', 'server_uuid': '9e2c433a-748a-4c17-86bc-d86e755d5661', 'tag': '70dc5dd9-87ab-443a-9798-b6db3820ac26'}] {{(pid=106349) send_events /opt/stack/neutron/neutron/notifiers/nova.py:262}}
Oct 22 18:47:39.551146 dv-cinder-815145-1-smb neutron-server[106349]: DEBUG novaclient.v2.client [-] REQ: curl -g -i --cacert "/opt/stack/data/ca-bundle.pem" -X POST http://10.222.0.18/compute/v2.1/os-server-external-events -H "Accept: application/json" -H "Content-Type: application/json" -H "User-Agent: python-novaclient" -H "X-Auth-Token: {SHA256}9b0d52c895389d7e897daf287a0a79cfb303da642eb774ba0a263f5821056a5c" -H "X-OpenStack-Nova-API-Version: 2.1" -H "X-OpenStack-Request-ID: req-50c4a431-e70c-422b-aea1-6aca78bcabbc" -d '{"events": [{"name": "network-changed", "server_uuid": "9e2c433a-748a-4c17-86bc-d86e755d5661", "tag": "70dc5dd9-87ab-443a-9798-b6db3820ac26"}]}' {{(pid=106349) _http_log_request /usr/local/lib/python3.8/dist-packages/keystoneauth1/session.py:519}}
Oct 22 18:47:39.596573 dv-cinder-815145-1-smb neutron-server[106349]: DEBUG novaclient.v2.client [-] RESP: [200] Connection: close Content-Length: 179 Content-Type: application/json Date: Fri, 22 Oct 2021 18:47:39 GMT OpenStack-API-Version: compute 2.1 Server: Apache/2.4.41 (Ubuntu) Vary: OpenStack-API-Version,X-OpenStack-Nova-API-Version X-OpenStack-Nova-API-Version: 2.1 x-compute-request-id: req-bb1b1990-b371-4977-8c05-b277e151d5d1 x-openstack-request-id: req-bb1b1990-b371-4977-8c05-b277e151d5d1 {{(pid=106349) _http_log_response /usr/local/lib/python3.8/dist-packages/keystoneauth1/session.py:550}}
Oct 22 18:47:39.596573 dv-cinder-815145-1-smb neutron-server[106349]: DEBUG novaclient.v2.client [-] RESP BODY: {"events": [{"name": "network-changed", "server_uuid": "9e2c433a-748a-4c17-86bc-d86e755d5661", "tag": "70dc5dd9-87ab-443a-9798-b6db3820ac26", "status": "completed", "code": 200}]} {{(pid=106349) _http_log_response /usr/local/lib/python3.8/dist-packages/keystoneauth1/session.py:582}}
Oct 22 18:47:39.596905 dv-cinder-815145-1-smb neutron-server[106349]: DEBUG novaclient.v2.client [-] POST call to compute for http://10.222.0.18/compute/v2.1/os-server-external-events used request id req-bb1b1990-b371-4977-8c05-b277e151d5d1 {{(pid=106349) request /usr/local/lib/python3.8/dist-packages/keystoneauth1/session.py:954}}
Oct 22 18:47:39.597258 dv-cinder-815145-1-smb neutron-server[106349]: INFO neutron.notifiers.nova [-] Nova event response: {'name': 'network-changed', 'server_uuid': '9e2c433a-748a-4c17-86bc-d86e755d5661', 'tag': '70dc5dd9-87ab-443a-9798-b6db3820ac26', 'status': 'completed', 'code': 200}
Oct 22 18:47:39.706927 dv-cinder-815145-1-smb neutron-server[106351]: DEBUG neutron.db.l3_dvr_db [None req-1c605dec-db17-4afc-a406-55af90b93dc8 None None] Set router a38b985a-4d7c-4c44-aa23-0c5ef54fe965 gateway port host: dv-cinder-815145-1-smb {{(pid=106351) _build_routers_list /opt/stack/neutron/neutron/db/l3_dvr_db.py:906}}
Oct 22 18:47:39.730053 dv-cinder-815145-1-smb neutron-server[106349]: DEBUG neutron.pecan_wsgi.hooks.policy_enforcement [req-50c4a431-e70c-422b-aea1-6aca78bcabbc req-1aea4361-9a4d-47cd-aaf5-ee51b80c17ae service neutron] Attributes excluded by policy engine: ['standard_attr_id'] {{(pid=106349) _exclude_attributes_by_policy /opt/stack/neutron/neutron/pecan_wsgi/hooks/policy_enforcement.py:255}}
Oct 22 18:47:39.731061 dv-cinder-815145-1-smb neutron-server[106349]: INFO neutron.wsgi [req-50c4a431-e70c-422b-aea1-6aca78bcabbc req-1aea4361-9a4d-47cd-aaf5-ee51b80c17ae service neutron] 10.222.0.11 "GET /v2.0/ports?tenant_id=d480d2ea817045bdaf804f2bb755d59f&device_id=9e2c433a-748a-4c17-86bc-d86e755d5661 HTTP/1.1" status: 200 len: 1098 time: 0.0966260
Oct 22 18:47:39.787529 dv-cinder-815145-1-smb neutron-server[106348]: DEBUG neutron.pecan_wsgi.hooks.policy_enforcement [req-370b5775-1a24-4fa8-9078-d6a513ad34d0 req-4d41b839-3406-4a7d-b9e4-4ba923a83413 tempest-AttachVolumeNegativeTest-1050406944 tempest-AttachVolumeNegativeTest-1050406944-project] Attributes excluded by policy engine: ['standard_attr_id', 'binding:profile', 'binding:host_id', 'binding:vif_type', 'binding:vif_details'] {{(pid=106348) _exclude_attributes_by_policy /opt/stack/neutron/neutron/pecan_wsgi/hooks/policy_enforcement.py:255}}
Oct 22 18:47:39.793782 dv-cinder-815145-1-smb neutron-server[106350]: DEBUG neutron_lib.callbacks.manager [None req-3558bb6b-7ac9-4db8-8557-f29ade888ec9 None None] Publish callbacks ['neutron.services.segments.db._update_segment_host_mapping_for_agent-8746398227981', 'neutron.plugins.ml2.plugin.Ml2Plugin._retry_binding_revived_agents-747418'] for agent, after_update {{(pid=106350) _notify_loop /usr/local/lib/python3.8/dist-packages/neutron_lib/callbacks/manager.py:175}}
Oct 22 18:47:39.799256 dv-cinder-815145-1-smb neutron-server[106348]: INFO neutron.wsgi [req-370b5775-1a24-4fa8-9078-d6a513ad34d0 req-4d41b839-3406-4a7d-b9e4-4ba923a83413 tempest-AttachVolumeNegativeTest-1050406944 tempest-AttachVolumeNegativeTest-1050406944-project] 10.222.0.18 "GET /v2.0/ports?device_id=2db103c2-2a8c-4442-9cf8-9c92d5558486 HTTP/1.1" status: 200 len: 943 time: 0.0857615
Oct 22 18:47:39.893777 dv-cinder-815145-1-smb neutron-server[106348]: INFO neutron.wsgi [req-370b5775-1a24-4fa8-9078-d6a513ad34d0 req-f0dbeed2-7978-4f82-9475-9c34ab697a69 tempest-AttachVolumeNegativeTest-1050406944 tempest-AttachVolumeNegativeTest-1050406944-project] 10.222.0.18 "GET /v2.0/security-groups?id=8f45631f-2ca1-4dcf-b900-1b1e34422da0&fields=id&fields=name HTTP/1.1" status: 200 len: 286 time: 0.0889566
Oct 22 18:47:39.939041 dv-cinder-815145-1-smb neutron-server[106349]: DEBUG neutron.pecan_wsgi.hooks.policy_enforcement [req-50c4a431-e70c-422b-aea1-6aca78bcabbc req-636665b1-bf6c-49d5-9766-e0f92928bf96 service neutron] Attributes excluded by policy engine: ['standard_attr_id', 'vlan_transparent'] {{(pid=106349) _exclude_attributes_by_policy /opt/stack/neutron/neutron/pecan_wsgi/hooks/policy_enforcement.py:255}}
Oct 22 18:47:39.941176 dv-cinder-815145-1-smb neutron-server[106349]: INFO neutron.wsgi [req-50c4a431-e70c-422b-aea1-6aca78bcabbc req-636665b1-bf6c-49d5-9766-e0f92928bf96 service neutron] 10.222.0.11 "GET /v2.0/networks?id=8fb5406c-e563-4e15-b259-db6f1f40b460 HTTP/1.1" status: 200 len: 918 time: 0.1702585
Oct 22 18:47:40.068777 dv-cinder-815145-1-smb neutron-server[106349]: INFO neutron.wsgi [req-50c4a431-e70c-422b-aea1-6aca78bcabbc req-9fe620c7-1a3e-4a25-a089-03ddabefd105 service neutron] 10.222.0.11 "GET /v2.0/floatingips?fixed_ip_address=172.20.0.9&port_id=70dc5dd9-87ab-443a-9798-b6db3820ac26 HTTP/1.1" status: 200 len: 999 time: 0.1071470
Oct 22 18:47:40.183289 dv-cinder-815145-1-smb neutron-server[106349]: DEBUG neutron.pecan_wsgi.hooks.policy_enforcement [req-50c4a431-e70c-422b-aea1-6aca78bcabbc req-d496805e-dc19-427f-98d8-6ab8999cadf6 service neutron] Attributes excluded by policy engine: ['standard_attr_id', 'shared', 'segment_id'] {{(pid=106349) _exclude_attributes_by_policy /opt/stack/neutron/neutron/pecan_wsgi/hooks/policy_enforcement.py:255}}
Oct 22 18:47:40.184940 dv-cinder-815145-1-smb neutron-server[106349]: INFO neutron.wsgi [req-50c4a431-e70c-422b-aea1-6aca78bcabbc req-d496805e-dc19-427f-98d8-6ab8999cadf6 service neutron] 10.222.0.11 "GET /v2.0/subnets?id=1051fd63-d893-4ee8-b723-e51243270ad3 HTTP/1.1" status: 200 len: 856 time: 0.1060348
Oct 22 18:47:40.285824 dv-cinder-815145-1-smb neutron-server[106351]: DEBUG neutron.db.l3_hamode_db [None req-1c605dec-db17-4afc-a406-55af90b93dc8 None None] neutron.services.l3_router.l3_router_plugin.L3RouterPlugin method _process_sync_ha_data called with arguments (, [{'id': 'a38b985a-4d7c-4c44-aa23-0c5ef54fe965', 'name': 'tempest-AttachVolumeShelveTestJSON-1992815690-router', 'tenant_id': 'd480d2ea817045bdaf804f2bb755d59f', 'admin_state_up': True, 'status': 'ACTIVE', 'external_gateway_info': {'network_id': 'b453348b-1000-4b12-8b64-af684aa6b841', 'external_fixed_ips': [{'subnet_id': 'ea41898a-5b6a-4b26-963e-9395b12507a0', 'ip_address': '172.28.2.151'}], 'enable_snat': True}, 'gw_port_id': '5743b4bb-7359-4a32-bc54-aaf1f10a6c0e', 'description': '', 'availability_zones': ['nova'], 'distributed': False, 'ha': False, 'ha_vr_id': 0, 'availability_zone_hints': [], 'routes': [], 'flavor_id': None, 'tags': [], 'created_at': '2021-10-22T18:46:48Z', 'updated_at': '2021-10-22T18:47:03Z', 'revision_number': 4, 'project_id': 'd480d2ea817045bdaf804f2bb755d59f', 'gw_port': {'id': '5743b4bb-7359-4a32-bc54-aaf1f10a6c0e', 'name': '', 'network_id': 'b453348b-1000-4b12-8b64-af684aa6b841', 'tenant_id': '', 'mac_address': 'fa:16:3e:14:46:22', 'admin_state_up': True, 'status': 'ACTIVE', 'device_id': 'a38b985a-4d7c-4c44-aa23-0c5ef54fe965', 'device_owner': 'network:router_gateway', 'standard_attr_id': 94, 'fixed_ips': [{'subnet_id': 'ea41898a-5b6a-4b26-963e-9395b12507a0', 'ip_address': '172.28.2.151', 'prefixlen': 24}], 'allowed_address_pairs': [], 'extra_dhcp_opts': [], 'security_groups': [], 'description': '', 'binding:vnic_type': 'normal', 'binding:profile': {}, 'binding:host_id': 'dv-cinder-815145-1-smb', 'binding:vif_type': 'ovs', 'binding:vif_details': {'connectivity': 'l2', 'port_filter': True, 'ovs_hybrid_plug': False, 'datapath_type': 'system', 'bridge_name': 'br-int'}, 'port_security_enabled': False, 'tags': [], 'created_at': '2021-10-22T18:46:50Z', 'updated_at': '2021-10-22T18:47:04Z', 'revision_number': 4, 'project_id': '', 'subnets': [{'id': 'ea41898a-5b6a-4b26-963e-9395b12507a0', 'cidr': '172.28.2.0/24', 'gateway_ip': '172.28.2.1', 'dns_nameservers': [], 'ipv6_ra_mode': None, 'subnetpool_id': None}], 'extra_subnets': [], 'address_scopes': {4: None, 6: None}, 'mtu': 1500}, 'enable_snat': True, 'gw_port_host': 'dv-cinder-815145-1-smb', '_floatingips': [{'id': '8aff2796-bee2-4612-a446-2a4207aea387', 'tenant_id': 'd480d2ea817045bdaf804f2bb755d59f', 'floating_ip_address': '172.28.2.193', 'floating_network_id': 'b453348b-1000-4b12-8b64-af684aa6b841', 'router_id': 'a38b985a-4d7c-4c44-aa23-0c5ef54fe965', 'port_id': '70dc5dd9-87ab-443a-9798-b6db3820ac26', 'fixed_ip_address': '172.20.0.9', 'status': 'DOWN', 'standard_attr_id': 150, 'description': '', 'qos_policy_id': None, 'port_details': {'name': '', 'network_id': '8fb5406c-e563-4e15-b259-db6f1f40b460', 'mac_address': 'fa:16:3e:f0:0d:a7', 'admin_state_up': True, 'status': 'ACTIVE', 'device_id': '9e2c433a-748a-4c17-86bc-d86e755d5661', 'device_owner': 'compute:nova'}, 'dns_domain': '', 'dns_name': '', 'tags': [], 'created_at': '2021-10-22T18:47:15Z', 'updated_at': '2021-10-22T18:47:38Z', 'revision_number': 1, 'project_id': 'd480d2ea817045bdaf804f2bb755d59f', 'fixed_ip_address_scope': None}], '_interfaces': [{'id': '013a7362-cbcd-412b-9513-6870aa9f1016', 'name': '', 'network_id': '8fb5406c-e563-4e15-b259-db6f1f40b460', 'tenant_id': 'd480d2ea817045bdaf804f2bb755d59f', 'mac_address': 'fa:16:3e:6a:fd:6d', 'admin_state_up': True, 'status': 'ACTIVE', 'device_id': 'a38b985a-4d7c-4c44-aa23-0c5ef54fe965', 'device_owner': 'network:router_interface', 'standard_attr_id': 113, 'fixed_ips': [{'subnet_id': '1051fd63-d893-4ee8-b723-e51243270ad3', 'ip_address': '172.20.0.1', 'prefixlen': 28}], 'allowed_address_pairs': [], 'extra_dhcp_opts': [], 'security_groups': [], 'description': '', 'binding:vnic_type': 'normal', 'binding:profile': {}, 'binding:host_id': 'dv-cinder-815145-1-smb', 'binding:vif_type': 'ovs', 'binding:vif_details': {'connectivity': 'l2', 'port_filter': True, 'ovs_hybrid_plug': False, 'datapath_type': 'system', 'bridge_name': 'br-int'}, 'port_security_enabled': False, 'tags': [], 'created_at': '2021-10-22T18:46:58Z', 'updated_at': '2021-10-22T18:47:12Z', 'revision_number': 5, 'project_id': 'd480d2ea817045bdaf804f2bb755d59f', 'subnets': [{'id': '1051fd63-d893-4ee8-b723-e51243270ad3', 'cidr': '172.20.0.0/28', 'gateway_ip': '172.20.0.1', 'dns_nameservers': [], 'ipv6_ra_mode': None, 'subnetpool_id': None}], 'extra_subnets': [], 'address_scopes': {4: None, 6: None}, 'mtu': 1500}]}], 'dv-cinder-815145-1-smb', False) {} {{(pid=106351) wrapper /usr/local/lib/python3.8/dist-packages/oslo_log/helpers.py:65}}
Oct 22 18:47:40.309359 dv-cinder-815145-1-smb neutron-server[106349]: DEBUG neutron.pecan_wsgi.hooks.policy_enforcement [req-c0e51998-8c08-4873-90c1-37f89baae96a req-333eb99d-8946-4e0a-8748-9be82337a491 tempest-ServerRescueNegativeTestJSON-2047971328 tempest-ServerRescueNegativeTestJSON-2047971328-project] Attributes excluded by policy engine: ['standard_attr_id', 'binding:profile', 'binding:host_id', 'binding:vif_type', 'binding:vif_details'] {{(pid=106349) _exclude_attributes_by_policy /opt/stack/neutron/neutron/pecan_wsgi/hooks/policy_enforcement.py:255}}
Oct 22 18:47:40.310863 dv-cinder-815145-1-smb neutron-server[106349]: INFO neutron.wsgi [req-c0e51998-8c08-4873-90c1-37f89baae96a req-333eb99d-8946-4e0a-8748-9be82337a491 tempest-ServerRescueNegativeTestJSON-2047971328 tempest-ServerRescueNegativeTestJSON-2047971328-project] 10.222.0.18 "GET /v2.0/ports?device_id=1faf6893-2bb0-4752-9218-204aa99263bc HTTP/1.1" status: 200 len: 946 time: 0.1855619
Oct 22 18:47:40.316578 dv-cinder-815145-1-smb neutron-server[106349]: DEBUG neutron.pecan_wsgi.hooks.policy_enforcement [req-50c4a431-e70c-422b-aea1-6aca78bcabbc req-8ab38e94-238f-4561-ac54-e4257836d33a service neutron] Attributes excluded by policy engine: ['standard_attr_id'] {{(pid=106349) _exclude_attributes_by_policy /opt/stack/neutron/neutron/pecan_wsgi/hooks/policy_enforcement.py:255}}
Oct 22 18:47:40.318113 dv-cinder-815145-1-smb neutron-server[106349]: INFO neutron.wsgi [req-50c4a431-e70c-422b-aea1-6aca78bcabbc req-8ab38e94-238f-4561-ac54-e4257836d33a service neutron] 10.222.0.11 "GET /v2.0/ports?network_id=8fb5406c-e563-4e15-b259-db6f1f40b460&device_owner=network%3Adhcp HTTP/1.1" status: 200 len: 1173 time: 0.1142564
Oct 22 18:47:40.337742 dv-cinder-815145-1-smb neutron-server[106351]: DEBUG neutron.api.rpc.handlers.l3_rpc [None req-1c605dec-db17-4afc-a406-55af90b93dc8 None None] Checking router: a38b985a-4d7c-4c44-aa23-0c5ef54fe965 for host: dv-cinder-815145-1-smb {{(pid=106351) _ensure_host_set_on_ports /opt/stack/neutron/neutron/api/rpc/handlers/l3_rpc.py:155}}
Oct 22 18:47:40.351546 dv-cinder-815145-1-smb neutron-server[106351]: DEBUG neutron.db.l3_dvrscheduler_db [None req-1c605dec-db17-4afc-a406-55af90b93dc8 None None] Routers {'a38b985a-4d7c-4c44-aa23-0c5ef54fe965'} bound to L3 agent in host dv-cinder-815145-1-smb {{(pid=106351) _get_router_ids_for_agent /opt/stack/neutron/neutron/db/l3_dvrscheduler_db.py:420}}
Oct 22 18:47:40.353063 dv-cinder-815145-1-smb neutron-server[106351]: DEBUG neutron.db.l3_hamode_db [None req-1c605dec-db17-4afc-a406-55af90b93dc8 None None] neutron.services.l3_router.l3_router_plugin.L3RouterPlugin method get_ha_sync_data_for_host called with arguments (, 'dv-cinder-815145-1-smb', Agent(admin_state_up=True,agent_type='L3 agent',availability_zone='nova',binary='neutron-l3-agent',configurations={"agent_mode": "legacy", "ex_gw_ports": 4, "extensions": [], "floating_ips": 1, "handle_internal_only_routers": true, "interface_driver": "openvswitch", "interfaces": 4, "log_agent_heartbeats": false, "routers": 4},created_at=2021-10-22T18:38:40Z,description=,heartbeat_timestamp=2021-10-22T18:47:40Z,host='dv-cinder-815145-1-smb',id=c642551f-0cab-4da5-823a-229617db3be7,load=0,resource_versions=,resources_synced=,started_at=2021-10-22T18:38:40Z,topic='l3_agent')) {'router_ids': ['a38b985a-4d7c-4c44-aa23-0c5ef54fe965'], 'active': True} {{(pid=106351) wrapper /usr/local/lib/python3.8/dist-packages/oslo_log/helpers.py:65}}
Oct 22 18:47:40.388754 dv-cinder-815145-1-smb neutron-server[106349]: INFO neutron.wsgi [req-c0e51998-8c08-4873-90c1-37f89baae96a req-55f4df0c-0fe5-4405-bea6-798c1e9cb775 tempest-ServerRescueNegativeTestJSON-2047971328 tempest-ServerRescueNegativeTestJSON-2047971328-project] 10.222.0.18 "GET /v2.0/security-groups?id=b83a4406-3ec1-4db0-8bf6-361509d6585d&fields=id&fields=name HTTP/1.1" status: 200 len: 286 time: 0.0695460
Oct 22 18:47:40.498046 dv-cinder-815145-1-smb neutron-server[106349]: INFO neutron.wsgi [req-50c4a431-e70c-422b-aea1-6aca78bcabbc req-04731359-46fc-4528-a27d-5701e89c6a62 service neutron] 10.222.0.11 "GET /v2.0/networks/8fb5406c-e563-4e15-b259-db6f1f40b460?fields=segments HTTP/1.1" status: 200 len: 212 time: 0.1652451
Oct 22 18:47:40.517695 dv-cinder-815145-1-smb neutron-server[106351]: DEBUG neutron.db.l3_dvr_db [None req-1c605dec-db17-4afc-a406-55af90b93dc8 None None] Set router a38b985a-4d7c-4c44-aa23-0c5ef54fe965 gateway port host: dv-cinder-815145-1-smb {{(pid=106351) _build_routers_list /opt/stack/neutron/neutron/db/l3_dvr_db.py:906}}
Oct 22 18:47:40.571211 dv-cinder-815145-1-smb neutron-server[106350]: DEBUG neutron_lib.callbacks.manager [None req-8fe0d1b7-4475-4620-9f81-ef7030629c2d None None] Publish callbacks ['neutron.services.segments.db._update_segment_host_mapping_for_agent-8746398227981', 'neutron.plugins.ml2.plugin.Ml2Plugin._retry_binding_revived_agents-747418'] for agent, after_update {{(pid=106350) _notify_loop /usr/local/lib/python3.8/dist-packages/neutron_lib/callbacks/manager.py:175}}
Oct 22 18:47:40.656752 dv-cinder-815145-1-smb neutron-server[106349]: INFO neutron.wsgi [req-50c4a431-e70c-422b-aea1-6aca78bcabbc req-4e926f1b-39fe-4a7a-944c-ba329213433b service neutron] 10.222.0.11 "GET /v2.0/networks/8fb5406c-e563-4e15-b259-db6f1f40b460?fields=provider%3Aphysical_network&fields=provider%3Anetwork_type HTTP/1.1" status: 200 len: 281 time: 0.1418641
