Oct 21 11:45:13.661923 dv-cinder-814898-1-smb devstack@c-api.service[118378]: warnings.warn('Policy enforcement is depending on the value of '
Oct 21 11:45:13.680139 dv-cinder-814898-1-smb devstack@c-api.service[118378]: INFO cinder.api.openstack.wsgi [None req-840a6b5a-faa4-456b-acb4-7f2dfae0b88e tempest-GroupsTest-2079137631 tempest-GroupsTest-2079137631-project] http://10.222.0.26/volume/v3/ee2f5052b0fd4284ac27b95ecd3a7d4e/volumes/detail returned with HTTP 200
Oct 21 11:45:13.688381 dv-cinder-814898-1-smb devstack@c-api.service[118378]: [pid: 118378|app: 0|req: 48/106] 10.222.0.26 () {60 vars in 1275 bytes} [Thu Oct 21 11:45:13 2021] GET /volume/v3/ee2f5052b0fd4284ac27b95ecd3a7d4e/volumes/detail => generated 1963 bytes in 312 msecs (HTTP/1.1 200) 7 headers in 287 bytes (1 switches on core 0)
Oct 21 11:45:13.702530 dv-cinder-814898-1-smb devstack@c-api.service[118378]: INFO cinder.api.openstack.wsgi [None req-62f75565-74ea-43e2-806e-b1cb621fb71c tempest-GroupsTest-2079137631 tempest-GroupsTest-2079137631-project] POST http://10.222.0.26/volume/v3/ee2f5052b0fd4284ac27b95ecd3a7d4e/groups/c23f1c95-05b9-4d45-90bc-def499b03597/action
Oct 21 11:45:13.703240 dv-cinder-814898-1-smb devstack@c-api.service[118378]: /usr/local/lib/python3.8/dist-packages/webob/acceptparse.py:1047: DeprecationWarning: The behavior of AcceptValidHeader.best_match is currently being maintained for backward compatibility, but it will be deprecated in the future, as it does not conform to the RFC.
Oct 21 11:45:13.703240 dv-cinder-814898-1-smb devstack@c-api.service[118378]: warnings.warn(
Oct 21 11:45:13.705565 dv-cinder-814898-1-smb devstack@c-api.service[118378]: DEBUG cinder.api.openstack.wsgi [None req-62f75565-74ea-43e2-806e-b1cb621fb71c tempest-GroupsTest-2079137631 tempest-GroupsTest-2079137631-project] Action body: b'{"delete": {"delete-volumes": true}}' {{(pid=118378) get_method /opt/stack/cinder/cinder/api/openstack/wsgi.py:971}}
Oct 21 11:45:13.706081 dv-cinder-814898-1-smb devstack@c-api.service[118378]: DEBUG cinder.api.openstack.wsgi [None req-62f75565-74ea-43e2-806e-b1cb621fb71c tempest-GroupsTest-2079137631 tempest-GroupsTest-2079137631-project] Action: 'action', calling method: delete_group, body: {"delete": {"delete-volumes": true}} {{(pid=118378) _process_stack /opt/stack/cinder/cinder/api/openstack/wsgi.py:854}}
Oct 21 11:45:13.708574 dv-cinder-814898-1-smb devstack@c-api.service[118378]: DEBUG cinder.api.v3.groups [None req-62f75565-74ea-43e2-806e-b1cb621fb71c tempest-GroupsTest-2079137631 tempest-GroupsTest-2079137631-project] delete called for group c23f1c95-05b9-4d45-90bc-def499b03597 {{(pid=118378) _delete /opt/stack/cinder/cinder/api/v3/groups.py:117}}
Oct 21 11:45:13.709189 dv-cinder-814898-1-smb devstack@c-api.service[118378]: INFO cinder.api.v3.groups [None req-62f75565-74ea-43e2-806e-b1cb621fb71c tempest-GroupsTest-2079137631 tempest-GroupsTest-2079137631-project] Delete group with id: c23f1c95-05b9-4d45-90bc-def499b03597
Oct 21 11:45:13.731062 dv-cinder-814898-1-smb devstack@c-api.service[118378]: /usr/local/lib/python3.8/dist-packages/oslo_context/context.py:105: DeprecationWarning: Policy enforcement is depending on the value of is_admin. This key is deprecated. Please update your policy file to use the standard policy values.
Oct 21 11:45:13.731062 dv-cinder-814898-1-smb devstack@c-api.service[118378]: warnings.warn('Policy enforcement is depending on the value of '
Oct 21 11:45:13.832859 dv-cinder-814898-1-smb devstack@c-api.service[118377]: DEBUG cinder.quota [None req-47b343a9-a1c8-4cc3-b9c6-e2e4a756abc6 tempest-VolumesImageMetadata-1985721438 tempest-VolumesImageMetadata-1985721438-project] Created reservations ['c160488a-ffae-45d7-b7c7-397a6f62154a', '6949674c-9e8d-4fe1-a051-2077786e558a', '4e9233b4-7422-445a-afef-e985211d5a53', 'f4010246-7a61-4816-8956-7f4822dd4e8c'] {{(pid=118377) reserve /opt/stack/cinder/cinder/quota.py:755}}
Oct 21 11:45:13.835991 dv-cinder-814898-1-smb devstack@c-api.service[118377]: DEBUG cinder.volume.api [None req-47b343a9-a1c8-4cc3-b9c6-e2e4a756abc6 tempest-VolumesImageMetadata-1985721438 tempest-VolumesImageMetadata-1985721438-project] Task 'cinder.volume.flows.api.create_volume.QuotaReserveTask;volume:create' (e889d69a-ea4d-4299-a0ef-334fa481b9d1) transitioned into state 'SUCCESS' from state 'RUNNING' with result '{'reservations': ['c160488a-ffae-45d7-b7c7-397a6f62154a', '6949674c-9e8d-4fe1-a051-2077786e558a', '4e9233b4-7422-445a-afef-e985211d5a53', 'f4010246-7a61-4816-8956-7f4822dd4e8c']}' {{(pid=118377) _task_receiver /usr/local/lib/python3.8/dist-packages/taskflow/listeners/logging.py:178}}
Oct 21 11:45:13.839900 dv-cinder-814898-1-smb devstack@c-api.service[118377]: DEBUG cinder.volume.api [None req-47b343a9-a1c8-4cc3-b9c6-e2e4a756abc6 tempest-VolumesImageMetadata-1985721438 tempest-VolumesImageMetadata-1985721438-project] Task 'cinder.volume.flows.api.create_volume.EntryCreateTask;volume:create' (eb704ceb-837c-4997-bb9f-6a763017645c) transitioned into state 'RUNNING' from state 'PENDING' {{(pid=118377) _task_receiver /usr/local/lib/python3.8/dist-packages/taskflow/listeners/logging.py:190}}
Oct 21 11:45:13.889049 dv-cinder-814898-1-smb devstack@c-api.service[118377]: DEBUG cinder.volume.api [None req-47b343a9-a1c8-4cc3-b9c6-e2e4a756abc6 tempest-VolumesImageMetadata-1985721438 tempest-VolumesImageMetadata-1985721438-project] Task 'cinder.volume.flows.api.create_volume.EntryCreateTask;volume:create' (eb704ceb-837c-4997-bb9f-6a763017645c) transitioned into state 'SUCCESS' from state 'RUNNING' with result '{'volume_id': '571f6275-9c7c-4224-9bd8-f899db9e33ac', 'volume_properties': VolumeProperties(attach_status='detached',availability_zone='nova',cgsnapshot_id=None,consistencygroup_id=None,display_description=None,display_name='tempest-VolumesImageMetadata-Volume-1001445945',encryption_key_id=None,group_id=None,group_type_id=,metadata={},multiattach=False,project_id='10aa902401cf43958f61a6ac4f3eda8e',qos_specs=None,replication_status=,reservations=['c160488a-ffae-45d7-b7c7-397a6f62154a','6949674c-9e8d-4fe1-a051-2077786e558a','4e9233b4-7422-445a-afef-e985211d5a53','f4010246-7a61-4816-8956-7f4822dd4e8c'],size=1,snapshot_id=None,source_replicaid=,source_volid=None,status='creating',user_id='b182c639f48747a7976d0f0dc9fddd3d',volume_type_id=2c390a15-47e0-46e2-8e52-aa5ef3f0d8dc), 'volume': Volume(_name_id=None,admin_metadata=,attach_status='detached',availability_zone='nova',bootable=False,cluster=,cluster_name=None,consistencygroup=,consistencygroup_id=None,created_at=2021-10-21T11:45:13Z,deleted=False,deleted_at=None,display_description=None,display_name='tempest-VolumesImageMetadata-Volume-1001445945',ec2_id=None,encryption_key_id=None,glance_metadata=,group=,group_id=None,host=None,id=571f6275-9c7c-4224-9bd8-f899db9e33ac,launched_at=None,metadata={},migration_status=None,multiattach=False,previous_status=None,project_id='10aa902401cf43958f61a6ac4f3eda8e',provider_auth=None,provider_geometry=None,provider_id=None,provider_location=None,replication_driver_data=None,replication_extended_status=None,replication_status=None,scheduled_at=None,service_uuid=None,shared_targets=True,size=1,snapshot_id=None,snapshots=,source_volid=None,status='creating',terminated_at=None,updated_at=None,use_quota=True,user_id='b182c639f48747a7976d0f0dc9fddd3d',volume_attachment=VolumeAttachmentList,volume_type=VolumeType(2c390a15-47e0-46e2-8e52-aa5ef3f0d8dc),volume_type_id=2c390a15-47e0-46e2-8e52-aa5ef3f0d8dc)}' {{(pid=118377) _task_receiver /usr/local/lib/python3.8/dist-packages/taskflow/listeners/logging.py:178}}
Oct 21 11:45:13.892056 dv-cinder-814898-1-smb devstack@c-api.service[118378]: INFO cinder.api.openstack.wsgi [None req-62f75565-74ea-43e2-806e-b1cb621fb71c tempest-GroupsTest-2079137631 tempest-GroupsTest-2079137631-project] http://10.222.0.26/volume/v3/ee2f5052b0fd4284ac27b95ecd3a7d4e/groups/c23f1c95-05b9-4d45-90bc-def499b03597/action returned with HTTP 202
Oct 21 11:45:13.892931 dv-cinder-814898-1-smb devstack@c-api.service[118378]: [pid: 118378|app: 0|req: 49/107] 10.222.0.26 () {62 vars in 1404 bytes} [Thu Oct 21 11:45:13 2021] POST /volume/v3/ee2f5052b0fd4284ac27b95ecd3a7d4e/groups/c23f1c95-05b9-4d45-90bc-def499b03597/action => generated 0 bytes in 198 msecs (HTTP/1.1 202) 6 headers in 234 bytes (1 switches on core 0)
Oct 21 11:45:13.893842 dv-cinder-814898-1-smb devstack@c-api.service[118377]: DEBUG cinder.volume.api [None req-47b343a9-a1c8-4cc3-b9c6-e2e4a756abc6 tempest-VolumesImageMetadata-1985721438 tempest-VolumesImageMetadata-1985721438-project] Task 'cinder.volume.flows.api.create_volume.QuotaCommitTask;volume:create' (9d1f22ce-0021-4325-ab81-9fe37f4be539) transitioned into state 'RUNNING' from state 'PENDING' {{(pid=118377) _task_receiver /usr/local/lib/python3.8/dist-packages/taskflow/listeners/logging.py:190}}
Oct 21 11:45:13.902441 dv-cinder-814898-1-smb devstack@c-api.service[118378]: INFO cinder.api.openstack.wsgi [None req-fae90082-e22f-4f15-9f53-ebe60f4a9123 tempest-GroupsTest-2079137631 tempest-GroupsTest-2079137631-project] GET http://10.222.0.26/volume/v3/ee2f5052b0fd4284ac27b95ecd3a7d4e/volumes/bfac9b26-6d5a-4334-a7bc-0c69ae7288de
Oct 21 11:45:13.902991 dv-cinder-814898-1-smb devstack@c-api.service[118378]: DEBUG cinder.api.openstack.wsgi [None req-fae90082-e22f-4f15-9f53-ebe60f4a9123 tempest-GroupsTest-2079137631 tempest-GroupsTest-2079137631-project] Empty body provided in request {{(pid=118378) get_body /opt/stack/cinder/cinder/api/openstack/wsgi.py:703}}
Oct 21 11:45:13.903161 dv-cinder-814898-1-smb devstack@c-api.service[118378]: /usr/local/lib/python3.8/dist-packages/webob/acceptparse.py:1047: DeprecationWarning: The behavior of AcceptValidHeader.best_match is currently being maintained for backward compatibility, but it will be deprecated in the future, as it does not conform to the RFC.
Oct 21 11:45:13.903161 dv-cinder-814898-1-smb devstack@c-api.service[118378]: warnings.warn(
Oct 21 11:45:13.903532 dv-cinder-814898-1-smb devstack@c-api.service[118378]: DEBUG cinder.api.openstack.wsgi [None req-fae90082-e22f-4f15-9f53-ebe60f4a9123 tempest-GroupsTest-2079137631 tempest-GroupsTest-2079137631-project] Calling method 'show' {{(pid=118378) _process_stack /opt/stack/cinder/cinder/api/openstack/wsgi.py:856}}
Oct 21 11:45:13.926397 dv-cinder-814898-1-smb devstack@c-api.service[118378]: /usr/local/lib/python3.8/dist-packages/oslo_context/context.py:105: DeprecationWarning: Policy enforcement is depending on the value of is_admin. This key is deprecated. Please update your policy file to use the standard policy values.
Oct 21 11:45:13.926397 dv-cinder-814898-1-smb devstack@c-api.service[118378]: warnings.warn('Policy enforcement is depending on the value of '
Oct 21 11:45:13.937334 dv-cinder-814898-1-smb devstack@c-api.service[118377]: DEBUG cinder.volume.api [None req-47b343a9-a1c8-4cc3-b9c6-e2e4a756abc6 tempest-VolumesImageMetadata-1985721438 tempest-VolumesImageMetadata-1985721438-project] Task 'cinder.volume.flows.api.create_volume.QuotaCommitTask;volume:create' (9d1f22ce-0021-4325-ab81-9fe37f4be539) transitioned into state 'SUCCESS' from state 'RUNNING' with result '{'volume_properties': VolumeProperties(attach_status='detached',availability_zone='nova',cgsnapshot_id=None,consistencygroup_id=None,display_description=None,display_name='tempest-VolumesImageMetadata-Volume-1001445945',encryption_key_id=None,group_id=None,group_type_id=,metadata={},multiattach=False,project_id='10aa902401cf43958f61a6ac4f3eda8e',qos_specs=None,replication_status=,reservations=['c160488a-ffae-45d7-b7c7-397a6f62154a','6949674c-9e8d-4fe1-a051-2077786e558a','4e9233b4-7422-445a-afef-e985211d5a53','f4010246-7a61-4816-8956-7f4822dd4e8c'],size=1,snapshot_id=None,source_replicaid=,source_volid=None,status='creating',user_id='b182c639f48747a7976d0f0dc9fddd3d',volume_type_id=2c390a15-47e0-46e2-8e52-aa5ef3f0d8dc)}' {{(pid=118377) _task_receiver /usr/local/lib/python3.8/dist-packages/taskflow/listeners/logging.py:178}}
Oct 21 11:45:13.947216 dv-cinder-814898-1-smb devstack@c-api.service[118378]: INFO cinder.volume.api [None req-fae90082-e22f-4f15-9f53-ebe60f4a9123 tempest-GroupsTest-2079137631 tempest-GroupsTest-2079137631-project] Volume info retrieved successfully.
Oct 21 11:45:13.947740 dv-cinder-814898-1-smb devstack@c-api.service[118377]: DEBUG cinder.volume.api [None req-47b343a9-a1c8-4cc3-b9c6-e2e4a756abc6 tempest-VolumesImageMetadata-1985721438 tempest-VolumesImageMetadata-1985721438-project] Task 'cinder.volume.flows.api.create_volume.VolumeCastTask;volume:create' (e3d96876-8720-4943-804b-2f9d93452a10) transitioned into state 'RUNNING' from state 'PENDING' {{(pid=118377) _task_receiver /usr/local/lib/python3.8/dist-packages/taskflow/listeners/logging.py:190}}
Oct 21 11:45:13.949048 dv-cinder-814898-1-smb devstack@c-api.service[118378]: WARNING stevedore.named [None req-fae90082-e22f-4f15-9f53-ebe60f4a9123 tempest-GroupsTest-2079137631 tempest-GroupsTest-2079137631-project] Could not load cinder.keymgr.conf_key_mgr.ConfKeyManager
Oct 21 11:45:13.949468 dv-cinder-814898-1-smb devstack@c-api.service[118378]: WARNING castellan.key_manager [None req-fae90082-e22f-4f15-9f53-ebe60f4a9123 tempest-GroupsTest-2079137631 tempest-GroupsTest-2079137631-project] Deprecation Warning : cinder.keymgr.conf_key_mgr.ConfKeyManager is not a stevedore based driver, trying to load it as a class: stevedore.exception.NoMatches: No 'castellan.drivers' driver found, looking for 'cinder.keymgr.conf_key_mgr.ConfKeyManager'
Oct 21 11:45:13.972535 dv-cinder-814898-1-smb devstack@c-api.service[118378]: DEBUG oslo_db.sqlalchemy.engines [None req-fae90082-e22f-4f15-9f53-ebe60f4a9123 tempest-GroupsTest-2079137631 tempest-GroupsTest-2079137631-project] MySQL server mode set to STRICT_TRANS_TABLES,STRICT_ALL_TABLES,NO_ZERO_IN_DATE,NO_ZERO_DATE,ERROR_FOR_DIVISION_BY_ZERO,TRADITIONAL,NO_ENGINE_SUBSTITUTION {{(pid=118378) _check_effective_sql_mode /usr/local/lib/python3.8/dist-packages/oslo_db/sqlalchemy/engines.py:314}}
Oct 21 11:45:13.989184 dv-cinder-814898-1-smb devstack@c-api.service[118377]: DEBUG cinder.volume.api [None req-47b343a9-a1c8-4cc3-b9c6-e2e4a756abc6 tempest-VolumesImageMetadata-1985721438 tempest-VolumesImageMetadata-1985721438-project] Task 'cinder.volume.flows.api.create_volume.VolumeCastTask;volume:create' (e3d96876-8720-4943-804b-2f9d93452a10) transitioned into state 'SUCCESS' from state 'RUNNING' with result 'None' {{(pid=118377) _task_receiver /usr/local/lib/python3.8/dist-packages/taskflow/listeners/logging.py:178}}
Oct 21 11:45:13.992474 dv-cinder-814898-1-smb devstack@c-api.service[118377]: DEBUG cinder.volume.api [None req-47b343a9-a1c8-4cc3-b9c6-e2e4a756abc6 tempest-VolumesImageMetadata-1985721438 tempest-VolumesImageMetadata-1985721438-project] Flow 'volume_create_api' (1873684c-b0d9-49ee-8a0d-269a36464430) transitioned into state 'SUCCESS' from state 'RUNNING' {{(pid=118377) _flow_receiver /usr/local/lib/python3.8/dist-packages/taskflow/listeners/logging.py:141}}
Oct 21 11:45:13.994210 dv-cinder-814898-1-smb devstack@c-api.service[118378]: /usr/local/lib/python3.8/dist-packages/oslo_context/context.py:105: DeprecationWarning: Policy enforcement is depending on the value of is_admin. This key is deprecated. Please update your policy file to use the standard policy values.
Oct 21 11:45:13.994210 dv-cinder-814898-1-smb devstack@c-api.service[118378]: warnings.warn('Policy enforcement is depending on the value of '
Oct 21 11:45:13.996879 dv-cinder-814898-1-smb devstack@c-api.service[118377]: INFO cinder.volume.api [None req-47b343a9-a1c8-4cc3-b9c6-e2e4a756abc6 tempest-VolumesImageMetadata-1985721438 tempest-VolumesImageMetadata-1985721438-project] Create volume request issued successfully.
Oct 21 11:45:14.014568 dv-cinder-814898-1-smb devstack@c-api.service[118377]: INFO cinder.api.openstack.wsgi [None req-47b343a9-a1c8-4cc3-b9c6-e2e4a756abc6 tempest-VolumesImageMetadata-1985721438 tempest-VolumesImageMetadata-1985721438-project] http://10.222.0.26/volume/v3/10aa902401cf43958f61a6ac4f3eda8e/volumes returned with HTTP 202
Oct 21 11:45:14.017442 dv-cinder-814898-1-smb devstack@c-api.service[118377]: [pid: 118377|app: 0|req: 59/108] 10.222.0.26 () {60 vars in 1235 bytes} [Thu Oct 21 11:45:13 2021] POST /volume/v3/10aa902401cf43958f61a6ac4f3eda8e/volumes => generated 820 bytes in 963 msecs (HTTP/1.1 202) 7 headers in 291 bytes (1 switches on core 0)
Oct 21 11:45:14.027574 dv-cinder-814898-1-smb devstack@c-api.service[118377]: INFO cinder.api.openstack.wsgi [None req-001ff183-b445-44ed-8dbd-714250e5bce7 tempest-GroupSnapshotsTest-2031595087 tempest-GroupSnapshotsTest-2031595087-project] GET http://10.222.0.26/volume/v3/2db8a02b41654a9b8f0099a78e207df2/groups/63d948b5-68a2-44dc-9be3-8e1ec85b9ca9
Oct 21 11:45:14.028851 dv-cinder-814898-1-smb devstack@c-api.service[118377]: DEBUG cinder.api.openstack.wsgi [None req-001ff183-b445-44ed-8dbd-714250e5bce7 tempest-GroupSnapshotsTest-2031595087 tempest-GroupSnapshotsTest-2031595087-project] Empty body provided in request {{(pid=118377) get_body /opt/stack/cinder/cinder/api/openstack/wsgi.py:703}}
Oct 21 11:45:14.029893 dv-cinder-814898-1-smb devstack@c-api.service[118377]: /usr/local/lib/python3.8/dist-packages/webob/acceptparse.py:1047: DeprecationWarning: The behavior of AcceptValidHeader.best_match is currently being maintained for backward compatibility, but it will be deprecated in the future, as it does not conform to the RFC.
Oct 21 11:45:14.029893 dv-cinder-814898-1-smb devstack@c-api.service[118377]: warnings.warn(
Oct 21 11:45:14.030350 dv-cinder-814898-1-smb devstack@c-api.service[118377]: DEBUG cinder.api.openstack.wsgi [None req-001ff183-b445-44ed-8dbd-714250e5bce7 tempest-GroupSnapshotsTest-2031595087 tempest-GroupSnapshotsTest-2031595087-project] Calling method 'version_select' {{(pid=118377) _process_stack /opt/stack/cinder/cinder/api/openstack/wsgi.py:856}}
Oct 21 11:45:14.030946 dv-cinder-814898-1-smb devstack@c-api.service[118377]: DEBUG cinder.api.v3.groups [None req-001ff183-b445-44ed-8dbd-714250e5bce7 tempest-GroupSnapshotsTest-2031595087 tempest-GroupSnapshotsTest-2031595087-project] show called for member 63d948b5-68a2-44dc-9be3-8e1ec85b9ca9 {{(pid=118377) show /opt/stack/cinder/cinder/api/v3/groups.py:58}}
Oct 21 11:45:14.054042 dv-cinder-814898-1-smb devstack@c-api.service[118377]: /usr/local/lib/python3.8/dist-packages/oslo_context/context.py:105: DeprecationWarning: Policy enforcement is depending on the value of is_admin. This key is deprecated. Please update your policy file to use the standard policy values.
Oct 21 11:45:14.054042 dv-cinder-814898-1-smb devstack@c-api.service[118377]: warnings.warn('Policy enforcement is depending on the value of '
Oct 21 11:45:14.059846 dv-cinder-814898-1-smb devstack@c-api.service[118378]: INFO cinder.api.openstack.wsgi [None req-fae90082-e22f-4f15-9f53-ebe60f4a9123 tempest-GroupsTest-2079137631 tempest-GroupsTest-2079137631-project] http://10.222.0.26/volume/v3/ee2f5052b0fd4284ac27b95ecd3a7d4e/volumes/bfac9b26-6d5a-4334-a7bc-0c69ae7288de returned with HTTP 200
Oct 21 11:45:14.060950 dv-cinder-814898-1-smb devstack@c-api.service[118378]: [pid: 118378|app: 0|req: 50/109] 10.222.0.26 () {60 vars in 1365 bytes} [Thu Oct 21 11:45:13 2021] GET /volume/v3/ee2f5052b0fd4284ac27b95ecd3a7d4e/volumes/bfac9b26-6d5a-4334-a7bc-0c69ae7288de => generated 984 bytes in 164 msecs (HTTP/1.1 200) 7 headers in 286 bytes (2 switches on core 0)
Oct 21 11:45:14.066773 dv-cinder-814898-1-smb devstack@c-api.service[118378]: INFO cinder.api.openstack.wsgi [None req-136eff8c-f506-4547-a858-84a45040c9ae tempest-VolumesImageMetadata-1985721438 tempest-VolumesImageMetadata-1985721438-project] GET http://10.222.0.26/volume/v3/10aa902401cf43958f61a6ac4f3eda8e/volumes/571f6275-9c7c-4224-9bd8-f899db9e33ac
Oct 21 11:45:14.068882 dv-cinder-814898-1-smb devstack@c-api.service[118378]: DEBUG cinder.api.openstack.wsgi [None req-136eff8c-f506-4547-a858-84a45040c9ae tempest-VolumesImageMetadata-1985721438 tempest-VolumesImageMetadata-1985721438-project] Empty body provided in request {{(pid=118378) get_body /opt/stack/cinder/cinder/api/openstack/wsgi.py:703}}
Oct 21 11:45:14.071996 dv-cinder-814898-1-smb devstack@c-api.service[118378]: /usr/local/lib/python3.8/dist-packages/webob/acceptparse.py:1047: DeprecationWarning: The behavior of AcceptValidHeader.best_match is currently being maintained for backward compatibility, but it will be deprecated in the future, as it does not conform to the RFC.
Oct 21 11:45:14.071996 dv-cinder-814898-1-smb devstack@c-api.service[118378]: warnings.warn(
Oct 21 11:45:14.072728 dv-cinder-814898-1-smb devstack@c-api.service[118378]: DEBUG cinder.api.openstack.wsgi [None req-136eff8c-f506-4547-a858-84a45040c9ae tempest-VolumesImageMetadata-1985721438 tempest-VolumesImageMetadata-1985721438-project] Calling method 'show' {{(pid=118378) _process_stack /opt/stack/cinder/cinder/api/openstack/wsgi.py:856}}
Oct 21 11:45:14.083549 dv-cinder-814898-1-smb devstack@c-api.service[118377]: INFO cinder.api.openstack.wsgi [None req-001ff183-b445-44ed-8dbd-714250e5bce7 tempest-GroupSnapshotsTest-2031595087 tempest-GroupSnapshotsTest-2031595087-project] http://10.222.0.26/volume/v3/2db8a02b41654a9b8f0099a78e207df2/groups/63d948b5-68a2-44dc-9be3-8e1ec85b9ca9 returned with HTTP 200
Oct 21 11:45:14.105663 dv-cinder-814898-1-smb devstack@c-api.service[118377]: [pid: 118377|app: 0|req: 60/110] 10.222.0.26 () {60 vars in 1362 bytes} [Thu Oct 21 11:45:14 2021] GET /volume/v3/2db8a02b41654a9b8f0099a78e207df2/groups/63d948b5-68a2-44dc-9be3-8e1ec85b9ca9 => generated 393 bytes in 87 msecs (HTTP/1.1 200) 7 headers in 286 bytes (1 switches on core 0)
Oct 21 11:45:14.114372 dv-cinder-814898-1-smb devstack@c-api.service[118378]: /usr/local/lib/python3.8/dist-packages/oslo_context/context.py:105: DeprecationWarning: Policy enforcement is depending on the value of is_admin. This key is deprecated. Please update your policy file to use the standard policy values.
Oct 21 11:45:14.114372 dv-cinder-814898-1-smb devstack@c-api.service[118378]: warnings.warn('Policy enforcement is depending on the value of '
Oct 21 11:45:14.117266 dv-cinder-814898-1-smb devstack@c-api.service[118377]: INFO cinder.api.openstack.wsgi [None req-ac193f81-fd42-46ee-9cc7-5b173767eed7 tempest-GroupSnapshotsTest-2031595087 tempest-GroupSnapshotsTest-2031595087-project] POST http://10.222.0.26/volume/v3/2db8a02b41654a9b8f0099a78e207df2/volumes
Oct 21 11:45:14.119098 dv-cinder-814898-1-smb devstack@c-api.service[118377]: /usr/local/lib/python3.8/dist-packages/webob/acceptparse.py:1047: DeprecationWarning: The behavior of AcceptValidHeader.best_match is currently being maintained for backward compatibility, but it will be deprecated in the future, as it does not conform to the RFC.
Oct 21 11:45:14.119098 dv-cinder-814898-1-smb devstack@c-api.service[118377]: warnings.warn(
Oct 21 11:45:14.120522 dv-cinder-814898-1-smb devstack@c-api.service[118377]: DEBUG cinder.api.openstack.wsgi [None req-ac193f81-fd42-46ee-9cc7-5b173767eed7 tempest-GroupSnapshotsTest-2031595087 tempest-GroupSnapshotsTest-2031595087-project] Action: 'create', calling method: create, body: {"volume": {"volume_type": "b2e34095-ddae-429e-aefe-792d98a0f3fc", "group_id": "63d948b5-68a2-44dc-9be3-8e1ec85b9ca9", "size": 1, "name": "tempest-GroupSnapshotsTest-Volume-1317129090"}} {{(pid=118377) _process_stack /opt/stack/cinder/cinder/api/openstack/wsgi.py:854}}
Oct 21 11:45:14.123278 dv-cinder-814898-1-smb devstack@c-api.service[118377]: DEBUG cinder.api.v3.volumes [None req-ac193f81-fd42-46ee-9cc7-5b173767eed7 tempest-GroupSnapshotsTest-2031595087 tempest-GroupSnapshotsTest-2031595087-project] Create volume request body: {'volume': {'volume_type': 'b2e34095-ddae-429e-aefe-792d98a0f3fc', 'group_id': '63d948b5-68a2-44dc-9be3-8e1ec85b9ca9', 'size': 1, 'name': 'tempest-GroupSnapshotsTest-Volume-1317129090'}} {{(pid=118377) create /opt/stack/cinder/cinder/api/v3/volumes.py:298}}
Oct 21 11:45:14.142978 dv-cinder-814898-1-smb devstack@c-api.service[118378]: INFO cinder.volume.api [None req-136eff8c-f506-4547-a858-84a45040c9ae tempest-VolumesImageMetadata-1985721438 tempest-VolumesImageMetadata-1985721438-project] Volume info retrieved successfully.
Oct 21 11:45:14.156800 dv-cinder-814898-1-smb devstack@c-api.service[118377]: /usr/local/lib/python3.8/dist-packages/oslo_context/context.py:105: DeprecationWarning: Policy enforcement is depending on the value of is_admin. This key is deprecated. Please update your policy file to use the standard policy values.
Oct 21 11:45:14.156800 dv-cinder-814898-1-smb devstack@c-api.service[118377]: warnings.warn('Policy enforcement is depending on the value of '
Oct 21 11:45:14.159946 dv-cinder-814898-1-smb devstack@c-api.service[118377]: INFO cinder.api.v3.volumes [None req-ac193f81-fd42-46ee-9cc7-5b173767eed7 tempest-GroupSnapshotsTest-2031595087 tempest-GroupSnapshotsTest-2031595087-project] Create volume of 1 GB
Oct 21 11:45:14.165659 dv-cinder-814898-1-smb devstack@c-api.service[118378]: INFO cinder.api.openstack.wsgi [None req-136eff8c-f506-4547-a858-84a45040c9ae tempest-VolumesImageMetadata-1985721438 tempest-VolumesImageMetadata-1985721438-project] http://10.222.0.26/volume/v3/10aa902401cf43958f61a6ac4f3eda8e/volumes/571f6275-9c7c-4224-9bd8-f899db9e33ac returned with HTTP 200
Oct 21 11:45:14.174835 dv-cinder-814898-1-smb devstack@c-api.service[118378]: [pid: 118378|app: 0|req: 51/111] 10.222.0.26 () {58 vars in 1324 bytes} [Thu Oct 21 11:45:14 2021] GET /volume/v3/10aa902401cf43958f61a6ac4f3eda8e/volumes/571f6275-9c7c-4224-9bd8-f899db9e33ac => generated 888 bytes in 106 msecs (HTTP/1.1 200) 7 headers in 285 bytes (1 switches on core 0)
Oct 21 11:45:14.184135 dv-cinder-814898-1-smb devstack@c-api.service[118377]: INFO cinder.volume.api [None req-ac193f81-fd42-46ee-9cc7-5b173767eed7 tempest-GroupSnapshotsTest-2031595087 tempest-GroupSnapshotsTest-2031595087-project] Availability Zones retrieved successfully.
Oct 21 11:45:14.223269 dv-cinder-814898-1-smb devstack@c-api.service[118377]: DEBUG cinder.volume.api [None req-ac193f81-fd42-46ee-9cc7-5b173767eed7 tempest-GroupSnapshotsTest-2031595087 tempest-GroupSnapshotsTest-2031595087-project] Flow 'volume_create_api' (f5fb3740-f8c6-41c6-9ae5-25ac1be86ed9) transitioned into state 'RUNNING' from state 'PENDING' {{(pid=118377) _flow_receiver /usr/local/lib/python3.8/dist-packages/taskflow/listeners/logging.py:141}}
Oct 21 11:45:14.232674 dv-cinder-814898-1-smb devstack@c-api.service[118377]: DEBUG cinder.volume.api [None req-ac193f81-fd42-46ee-9cc7-5b173767eed7 tempest-GroupSnapshotsTest-2031595087 tempest-GroupSnapshotsTest-2031595087-project] Task 'cinder.volume.flows.api.create_volume.ExtractVolumeRequestTask;volume:create' (1c75d7ce-b48e-4450-a72e-cd29d8fdae12) transitioned into state 'RUNNING' from state 'PENDING' {{(pid=118377) _task_receiver /usr/local/lib/python3.8/dist-packages/taskflow/listeners/logging.py:190}}
Oct 21 11:45:14.236820 dv-cinder-814898-1-smb devstack@c-api.service[118377]: /usr/local/lib/python3.8/dist-packages/oslo_context/context.py:105: DeprecationWarning: Policy enforcement is depending on the value of is_admin. This key is deprecated. Please update your policy file to use the standard policy values.
Oct 21 11:45:14.236820 dv-cinder-814898-1-smb devstack@c-api.service[118377]: warnings.warn('Policy enforcement is depending on the value of '
Oct 21 11:45:14.239699 dv-cinder-814898-1-smb devstack@c-api.service[118377]: DEBUG cinder.volume.flows.api.create_volume [None req-ac193f81-fd42-46ee-9cc7-5b173767eed7 tempest-GroupSnapshotsTest-2031595087 tempest-GroupSnapshotsTest-2031595087-project] Validating volume size '1' using validate_int {{(pid=118377) _extract_size /opt/stack/cinder/cinder/volume/flows/api/create_volume.py:225}}
Oct 21 11:45:14.318418 dv-cinder-814898-1-smb devstack@c-api.service[118377]: DEBUG cinder.volume.api [None req-ac193f81-fd42-46ee-9cc7-5b173767eed7 tempest-GroupSnapshotsTest-2031595087 tempest-GroupSnapshotsTest-2031595087-project] Task 'cinder.volume.flows.api.create_volume.ExtractVolumeRequestTask;volume:create' (1c75d7ce-b48e-4450-a72e-cd29d8fdae12) transitioned into state 'SUCCESS' from state 'RUNNING' with result '{'size': 1, 'snapshot_id': None, 'source_volid': None, 'volume_type': VolumeType(created_at=2021-10-21T11:45:12Z,deleted=False,deleted_at=None,description=None,extra_specs={},id=b2e34095-ddae-429e-aefe-792d98a0f3fc,is_public=True,name='tempest-GroupSnapshotsTest-volume-type-469582123',projects=[],qos_specs=,qos_specs_id=None,updated_at=None), 'volume_type_id': 'b2e34095-ddae-429e-aefe-792d98a0f3fc', 'encryption_key_id': None, 'qos_specs': None, 'consistencygroup_id': None, 'cgsnapshot_id': None, 'group_id': '63d948b5-68a2-44dc-9be3-8e1ec85b9ca9', 'replication_status': 'disabled', 'refresh_az': False, 'backup_id': None, 'multiattach': False, 'availability_zones': ['nova']}' {{(pid=118377) _task_receiver /usr/local/lib/python3.8/dist-packages/taskflow/listeners/logging.py:178}}
Oct 21 11:45:14.321903 dv-cinder-814898-1-smb devstack@c-api.service[118377]: DEBUG cinder.volume.api [None req-ac193f81-fd42-46ee-9cc7-5b173767eed7 tempest-GroupSnapshotsTest-2031595087 tempest-GroupSnapshotsTest-2031595087-project] Task 'cinder.volume.flows.api.create_volume.QuotaReserveTask;volume:create' (ac751f41-b571-4963-ae8e-3a8aaf531902) transitioned into state 'RUNNING' from state 'PENDING' {{(pid=118377) _task_receiver /usr/local/lib/python3.8/dist-packages/taskflow/listeners/logging.py:190}}
Oct 21 11:45:14.405121 dv-cinder-814898-1-smb devstack@c-api.service[118377]: WARNING cinder.quota [None req-ac193f81-fd42-46ee-9cc7-5b173767eed7 tempest-GroupSnapshotsTest-2031595087 tempest-GroupSnapshotsTest-2031595087-project] Deprecated: Default quota for resource: volumes_tempest-GroupSnapshotsTest-volume-type-469582123 is set by the default quota flag: quota_volumes_tempest-GroupSnapshotsTest-volume-type-469582123, it is now deprecated. Please use the default quota class for default quota.
Oct 21 11:45:14.405121 dv-cinder-814898-1-smb devstack@c-api.service[118377]: WARNING cinder.quota [None req-ac193f81-fd42-46ee-9cc7-5b173767eed7 tempest-GroupSnapshotsTest-2031595087 tempest-GroupSnapshotsTest-2031595087-project] Deprecated: Default quota for resource: gigabytes_tempest-GroupSnapshotsTest-volume-type-469582123 is set by the default quota flag: quota_gigabytes_tempest-GroupSnapshotsTest-volume-type-469582123, it is now deprecated. Please use the default quota class for default quota.
Oct 21 11:45:14.550009 dv-cinder-814898-1-smb devstack@c-api.service[118377]: DEBUG cinder.quota [None req-ac193f81-fd42-46ee-9cc7-5b173767eed7 tempest-GroupSnapshotsTest-2031595087 tempest-GroupSnapshotsTest-2031595087-project] Created reservations ['2776502c-facf-414e-812a-8668d97646b4', '74a003a0-855f-472e-bc25-e6624fadace6', 'feee657d-ef03-4759-91f9-523b7855e381', '1518ece9-bae3-4fa9-a7ff-e96ee4a48b2f'] {{(pid=118377) reserve /opt/stack/cinder/cinder/quota.py:755}}
Oct 21 11:45:14.551758 dv-cinder-814898-1-smb devstack@c-api.service[118377]: DEBUG cinder.volume.api [None req-ac193f81-fd42-46ee-9cc7-5b173767eed7 tempest-GroupSnapshotsTest-2031595087 tempest-GroupSnapshotsTest-2031595087-project] Task 'cinder.volume.flows.api.create_volume.QuotaReserveTask;volume:create' (ac751f41-b571-4963-ae8e-3a8aaf531902) transitioned into state 'SUCCESS' from state 'RUNNING' with result '{'reservations': ['2776502c-facf-414e-812a-8668d97646b4', '74a003a0-855f-472e-bc25-e6624fadace6', 'feee657d-ef03-4759-91f9-523b7855e381', '1518ece9-bae3-4fa9-a7ff-e96ee4a48b2f']}' {{(pid=118377) _task_receiver /usr/local/lib/python3.8/dist-packages/taskflow/listeners/logging.py:178}}
Oct 21 11:45:14.553743 dv-cinder-814898-1-smb devstack@c-api.service[118377]: DEBUG cinder.volume.api [None req-ac193f81-fd42-46ee-9cc7-5b173767eed7 tempest-GroupSnapshotsTest-2031595087 tempest-GroupSnapshotsTest-2031595087-project] Task 'cinder.volume.flows.api.create_volume.EntryCreateTask;volume:create' (0dd402fa-0ede-431f-ae5a-816b2c333499) transitioned into state 'RUNNING' from state 'PENDING' {{(pid=118377) _task_receiver /usr/local/lib/python3.8/dist-packages/taskflow/listeners/logging.py:190}}
Oct 21 11:45:14.908856 dv-cinder-814898-1-smb devstack@c-api.service[118377]: DEBUG cinder.volume.api [None req-ac193f81-fd42-46ee-9cc7-5b173767eed7 tempest-GroupSnapshotsTest-2031595087 tempest-GroupSnapshotsTest-2031595087-project] Task 'cinder.volume.flows.api.create_volume.EntryCreateTask;volume:create' (0dd402fa-0ede-431f-ae5a-816b2c333499) transitioned into state 'SUCCESS' from state 'RUNNING' with result '{'volume_id': '4b48bae3-e874-4a48-8b2a-bbfabd9d64f1', 'volume_properties': VolumeProperties(attach_status='detached',availability_zone='nova',cgsnapshot_id=None,consistencygroup_id=None,display_description=None,display_name='tempest-GroupSnapshotsTest-Volume-1317129090',encryption_key_id=None,group_id=63d948b5-68a2-44dc-9be3-8e1ec85b9ca9,group_type_id=,metadata={},multiattach=False,project_id='2db8a02b41654a9b8f0099a78e207df2',qos_specs=None,replication_status=,reservations=['2776502c-facf-414e-812a-8668d97646b4','74a003a0-855f-472e-bc25-e6624fadace6','feee657d-ef03-4759-91f9-523b7855e381','1518ece9-bae3-4fa9-a7ff-e96ee4a48b2f'],size=1,snapshot_id=None,source_replicaid=,source_volid=None,status='creating',user_id='dee216a1b6004d50a6341d8bc5140cf0',volume_type_id=b2e34095-ddae-429e-aefe-792d98a0f3fc), 'volume': Volume(_name_id=None,admin_metadata=,attach_status='detached',availability_zone='nova',bootable=False,cluster=,cluster_name=None,consistencygroup=,consistencygroup_id=None,created_at=2021-10-21T11:45:14Z,deleted=False,deleted_at=None,display_description=None,display_name='tempest-GroupSnapshotsTest-Volume-1317129090',ec2_id=None,encryption_key_id=None,glance_metadata=,group=,group_id=63d948b5-68a2-44dc-9be3-8e1ec85b9ca9,host=None,id=4b48bae3-e874-4a48-8b2a-bbfabd9d64f1,launched_at=None,metadata={},migration_status=None,multiattach=False,previous_status=None,project_id='2db8a02b41654a9b8f0099a78e207df2',provider_auth=None,provider_geometry=None,provider_id=None,provider_location=None,replication_driver_data=None,replication_extended_status=None,replication_status=None,scheduled_at=None,service_uuid=None,shared_targets=True,size=1,snapshot_id=None,snapshots=,source_volid=None,status='creating',terminated_at=None,updated_at=None,use_quota=True,user_id='dee216a1b6004d50a6341d8bc5140cf0',volume_attachment=VolumeAttachmentList,volume_type=VolumeType(b2e34095-ddae-429e-aefe-792d98a0f3fc),volume_type_id=b2e34095-ddae-429e-aefe-792d98a0f3fc)}' {{(pid=118377) _task_receiver /usr/local/lib/python3.8/dist-packages/taskflow/listeners/logging.py:178}}
Oct 21 11:45:14.910752 dv-cinder-814898-1-smb devstack@c-api.service[118377]: DEBUG cinder.volume.api [None req-ac193f81-fd42-46ee-9cc7-5b173767eed7 tempest-GroupSnapshotsTest-2031595087 tempest-GroupSnapshotsTest-2031595087-project] Task 'cinder.volume.flows.api.create_volume.QuotaCommitTask;volume:create' (56fa50df-095a-49ae-9f86-4e4b6b8582d0) transitioned into state 'RUNNING' from state 'PENDING' {{(pid=118377) _task_receiver /usr/local/lib/python3.8/dist-packages/taskflow/listeners/logging.py:190}}
Oct 21 11:45:14.968040 dv-cinder-814898-1-smb devstack@c-api.service[118377]: DEBUG cinder.volume.api [None req-ac193f81-fd42-46ee-9cc7-5b173767eed7 tempest-GroupSnapshotsTest-2031595087 tempest-GroupSnapshotsTest-2031595087-project] Task 'cinder.volume.flows.api.create_volume.QuotaCommitTask;volume:create' (56fa50df-095a-49ae-9f86-4e4b6b8582d0) transitioned into state 'SUCCESS' from state 'RUNNING' with result '{'volume_properties': VolumeProperties(attach_status='detached',availability_zone='nova',cgsnapshot_id=None,consistencygroup_id=None,display_description=None,display_name='tempest-GroupSnapshotsTest-Volume-1317129090',encryption_key_id=None,group_id=63d948b5-68a2-44dc-9be3-8e1ec85b9ca9,group_type_id=,metadata={},multiattach=False,project_id='2db8a02b41654a9b8f0099a78e207df2',qos_specs=None,replication_status=,reservations=['2776502c-facf-414e-812a-8668d97646b4','74a003a0-855f-472e-bc25-e6624fadace6','feee657d-ef03-4759-91f9-523b7855e381','1518ece9-bae3-4fa9-a7ff-e96ee4a48b2f'],size=1,snapshot_id=None,source_replicaid=,source_volid=None,status='creating',user_id='dee216a1b6004d50a6341d8bc5140cf0',volume_type_id=b2e34095-ddae-429e-aefe-792d98a0f3fc)}' {{(pid=118377) _task_receiver /usr/local/lib/python3.8/dist-packages/taskflow/listeners/logging.py:178}}
Oct 21 11:45:14.969935 dv-cinder-814898-1-smb devstack@c-api.service[118377]: DEBUG cinder.volume.api [None req-ac193f81-fd42-46ee-9cc7-5b173767eed7 tempest-GroupSnapshotsTest-2031595087 tempest-GroupSnapshotsTest-2031595087-project] Task 'cinder.volume.flows.api.create_volume.VolumeCastTask;volume:create' (9218df4e-92cb-4bc4-a348-9ed48b5957e3) transitioned into state 'RUNNING' from state 'PENDING' {{(pid=118377) _task_receiver /usr/local/lib/python3.8/dist-packages/taskflow/listeners/logging.py:190}}
Oct 21 11:45:15.007612 dv-cinder-814898-1-smb devstack@c-api.service[118377]: DEBUG cinder.volume.api [None req-ac193f81-fd42-46ee-9cc7-5b173767eed7 tempest-GroupSnapshotsTest-2031595087 tempest-GroupSnapshotsTest-2031595087-project] Task 'cinder.volume.flows.api.create_volume.VolumeCastTask;volume:create' (9218df4e-92cb-4bc4-a348-9ed48b5957e3) transitioned into state 'SUCCESS' from state 'RUNNING' with result 'None' {{(pid=118377) _task_receiver /usr/local/lib/python3.8/dist-packages/taskflow/listeners/logging.py:178}}
Oct 21 11:45:15.011921 dv-cinder-814898-1-smb devstack@c-api.service[118377]: DEBUG cinder.volume.api [None req-ac193f81-fd42-46ee-9cc7-5b173767eed7 tempest-GroupSnapshotsTest-2031595087 tempest-GroupSnapshotsTest-2031595087-project] Flow 'volume_create_api' (f5fb3740-f8c6-41c6-9ae5-25ac1be86ed9) transitioned into state 'SUCCESS' from state 'RUNNING' {{(pid=118377) _flow_receiver /usr/local/lib/python3.8/dist-packages/taskflow/listeners/logging.py:141}}
Oct 21 11:45:15.012974 dv-cinder-814898-1-smb devstack@c-api.service[118377]: INFO cinder.volume.api [None req-ac193f81-fd42-46ee-9cc7-5b173767eed7 tempest-GroupSnapshotsTest-2031595087 tempest-GroupSnapshotsTest-2031595087-project] Create volume request issued successfully.
Oct 21 11:45:15.014684 dv-cinder-814898-1-smb devstack@c-api.service[118377]: WARNING stevedore.named [None req-ac193f81-fd42-46ee-9cc7-5b173767eed7 tempest-GroupSnapshotsTest-2031595087 tempest-GroupSnapshotsTest-2031595087-project] Could not load cinder.keymgr.conf_key_mgr.ConfKeyManager
Oct 21 11:45:15.015270 dv-cinder-814898-1-smb devstack@c-api.service[118377]: WARNING castellan.key_manager [None req-ac193f81-fd42-46ee-9cc7-5b173767eed7 tempest-GroupSnapshotsTest-2031595087 tempest-GroupSnapshotsTest-2031595087-project] Deprecation Warning : cinder.keymgr.conf_key_mgr.ConfKeyManager is not a stevedore based driver, trying to load it as a class: stevedore.exception.NoMatches: No 'castellan.drivers' driver found, looking for 'cinder.keymgr.conf_key_mgr.ConfKeyManager'
Oct 21 11:45:15.023707 dv-cinder-814898-1-smb devstack@c-api.service[118377]: DEBUG oslo_db.sqlalchemy.engines [None req-ac193f81-fd42-46ee-9cc7-5b173767eed7 tempest-GroupSnapshotsTest-2031595087 tempest-GroupSnapshotsTest-2031595087-project] MySQL server mode set to STRICT_TRANS_TABLES,STRICT_ALL_TABLES,NO_ZERO_IN_DATE,NO_ZERO_DATE,ERROR_FOR_DIVISION_BY_ZERO,TRADITIONAL,NO_ENGINE_SUBSTITUTION {{(pid=118377) _check_effective_sql_mode /usr/local/lib/python3.8/dist-packages/oslo_db/sqlalchemy/engines.py:314}}
Oct 21 11:45:15.030963 dv-cinder-814898-1-smb devstack@c-api.service[118377]: /usr/local/lib/python3.8/dist-packages/oslo_context/context.py:105: DeprecationWarning: Policy enforcement is depending on the value of is_admin. This key is deprecated. Please update your policy file to use the standard policy values.
Oct 21 11:45:15.030963 dv-cinder-814898-1-smb devstack@c-api.service[118377]: warnings.warn('Policy enforcement is depending on the value of '
Oct 21 11:45:15.043315 dv-cinder-814898-1-smb devstack@c-api.service[118377]: INFO cinder.api.openstack.wsgi [None req-ac193f81-fd42-46ee-9cc7-5b173767eed7 tempest-GroupSnapshotsTest-2031595087 tempest-GroupSnapshotsTest-2031595087-project] http://10.222.0.26/volume/v3/2db8a02b41654a9b8f0099a78e207df2/volumes returned with HTTP 202
Oct 21 11:45:15.044094 dv-cinder-814898-1-smb devstack@c-api.service[118377]: [pid: 118377|app: 0|req: 61/112] 10.222.0.26 () {62 vars in 1276 bytes} [Thu Oct 21 11:45:14 2021] POST /volume/v3/2db8a02b41654a9b8f0099a78e207df2/volumes => generated 907 bytes in 938 msecs (HTTP/1.1 202) 7 headers in 292 bytes (1 switches on core 0)
Oct 21 11:45:15.065673 dv-cinder-814898-1-smb devstack@c-api.service[118378]: INFO cinder.api.openstack.wsgi [None req-9127501f-1a9b-48c0-82b0-0d8eb2806d2f tempest-GroupSnapshotsTest-2031595087 tempest-GroupSnapshotsTest-2031595087-project] GET http://10.222.0.26/volume/v3/2db8a02b41654a9b8f0099a78e207df2/volumes/4b48bae3-e874-4a48-8b2a-bbfabd9d64f1
Oct 21 11:45:15.068094 dv-cinder-814898-1-smb devstack@c-api.service[118378]: DEBUG cinder.api.openstack.wsgi [None req-9127501f-1a9b-48c0-82b0-0d8eb2806d2f tempest-GroupSnapshotsTest-2031595087 tempest-GroupSnapshotsTest-2031595087-project] Empty body provided in request {{(pid=118378) get_body /opt/stack/cinder/cinder/api/openstack/wsgi.py:703}}
Oct 21 11:45:15.068636 dv-cinder-814898-1-smb devstack@c-api.service[118378]: /usr/local/lib/python3.8/dist-packages/webob/acceptparse.py:1047: DeprecationWarning: The behavior of AcceptValidHeader.best_match is currently being maintained for backward compatibility, but it will be deprecated in the future, as it does not conform to the RFC.
Oct 21 11:45:15.068636 dv-cinder-814898-1-smb devstack@c-api.service[118378]: warnings.warn(
Oct 21 11:45:15.069605 dv-cinder-814898-1-smb devstack@c-api.service[118378]: DEBUG cinder.api.openstack.wsgi [None req-9127501f-1a9b-48c0-82b0-0d8eb2806d2f tempest-GroupSnapshotsTest-2031595087 tempest-GroupSnapshotsTest-2031595087-project] Calling method 'show' {{(pid=118378) _process_stack /opt/stack/cinder/cinder/api/openstack/wsgi.py:856}}
Oct 21 11:45:15.078128 dv-cinder-814898-1-smb devstack@c-api.service[118377]: INFO cinder.api.openstack.wsgi [None req-d7764ae7-2e51-445d-b1e9-472a739cfa96 tempest-GroupsTest-2079137631 tempest-GroupsTest-2079137631-project] GET http://10.222.0.26/volume/v3/ee2f5052b0fd4284ac27b95ecd3a7d4e/volumes/bfac9b26-6d5a-4334-a7bc-0c69ae7288de
Oct 21 11:45:15.078606 dv-cinder-814898-1-smb devstack@c-api.service[118377]: DEBUG cinder.api.openstack.wsgi [None req-d7764ae7-2e51-445d-b1e9-472a739cfa96 tempest-GroupsTest-2079137631 tempest-GroupsTest-2079137631-project] Empty body provided in request {{(pid=118377) get_body /opt/stack/cinder/cinder/api/openstack/wsgi.py:703}}
Oct 21 11:45:15.078955 dv-cinder-814898-1-smb devstack@c-api.service[118377]: /usr/local/lib/python3.8/dist-packages/webob/acceptparse.py:1047: DeprecationWarning: The behavior of AcceptValidHeader.best_match is currently being maintained for backward compatibility, but it will be deprecated in the future, as it does not conform to the RFC.
Oct 21 11:45:15.078955 dv-cinder-814898-1-smb devstack@c-api.service[118377]: warnings.warn(
Oct 21 11:45:15.079478 dv-cinder-814898-1-smb devstack@c-api.service[118377]: DEBUG cinder.api.openstack.wsgi [None req-d7764ae7-2e51-445d-b1e9-472a739cfa96 tempest-GroupsTest-2079137631 tempest-GroupsTest-2079137631-project] Calling method 'show' {{(pid=118377) _process_stack /opt/stack/cinder/cinder/api/openstack/wsgi.py:856}}
Oct 21 11:45:15.107419 dv-cinder-814898-1-smb devstack@c-api.service[118377]: INFO cinder.api.openstack.wsgi [None req-d7764ae7-2e51-445d-b1e9-472a739cfa96 tempest-GroupsTest-2079137631 tempest-GroupsTest-2079137631-project] http://10.222.0.26/volume/v3/ee2f5052b0fd4284ac27b95ecd3a7d4e/volumes/bfac9b26-6d5a-4334-a7bc-0c69ae7288de returned with HTTP 404
Oct 21 11:45:15.123181 dv-cinder-814898-1-smb devstack@c-api.service[118377]: [pid: 118377|app: 0|req: 62/113] 10.222.0.26 () {60 vars in 1365 bytes} [Thu Oct 21 11:45:15 2021] GET /volume/v3/ee2f5052b0fd4284ac27b95ecd3a7d4e/volumes/bfac9b26-6d5a-4334-a7bc-0c69ae7288de => generated 109 bytes in 44 msecs (HTTP/1.1 404) 7 headers in 293 bytes (1 switches on core 0)
Oct 21 11:45:15.132569 dv-cinder-814898-1-smb devstack@c-api.service[118378]: /usr/local/lib/python3.8/dist-packages/oslo_context/context.py:105: DeprecationWarning: Policy enforcement is depending on the value of is_admin. This key is deprecated. Please update your policy file to use the standard policy values.
Oct 21 11:45:15.132569 dv-cinder-814898-1-smb devstack@c-api.service[118378]: warnings.warn('Policy enforcement is depending on the value of '
Oct 21 11:45:15.140358 dv-cinder-814898-1-smb devstack@c-api.service[118377]: INFO cinder.api.openstack.wsgi [None req-171f47bd-3978-4e93-9149-4beeae5c5d9a tempest-GroupsTest-2079137631 tempest-GroupsTest-2079137631-project] GET http://10.222.0.26/volume/v3/ee2f5052b0fd4284ac27b95ecd3a7d4e/volumes/bde24315-664e-42ff-987b-c5d6489d8c7c
Oct 21 11:45:15.144241 dv-cinder-814898-1-smb devstack@c-api.service[118377]: DEBUG cinder.api.openstack.wsgi [None req-171f47bd-3978-4e93-9149-4beeae5c5d9a tempest-GroupsTest-2079137631 tempest-GroupsTest-2079137631-project] Empty body provided in request {{(pid=118377) get_body /opt/stack/cinder/cinder/api/openstack/wsgi.py:703}}
Oct 21 11:45:15.145163 dv-cinder-814898-1-smb devstack@c-api.service[118377]: DEBUG cinder.api.openstack.wsgi [None req-171f47bd-3978-4e93-9149-4beeae5c5d9a tempest-GroupsTest-2079137631 tempest-GroupsTest-2079137631-project] Calling method 'show' {{(pid=118377) _process_stack /opt/stack/cinder/cinder/api/openstack/wsgi.py:856}}
Oct 21 11:45:15.158641 dv-cinder-814898-1-smb devstack@c-api.service[118378]: INFO cinder.volume.api [None req-9127501f-1a9b-48c0-82b0-0d8eb2806d2f tempest-GroupSnapshotsTest-2031595087 tempest-GroupSnapshotsTest-2031595087-project] Volume info retrieved successfully.
Oct 21 11:45:15.160824 dv-cinder-814898-1-smb devstack@c-api.service[118378]: WARNING stevedore.named [None req-9127501f-1a9b-48c0-82b0-0d8eb2806d2f tempest-GroupSnapshotsTest-2031595087 tempest-GroupSnapshotsTest-2031595087-project] Could not load cinder.keymgr.conf_key_mgr.ConfKeyManager
Oct 21 11:45:15.162532 dv-cinder-814898-1-smb devstack@c-api.service[118378]: WARNING castellan.key_manager [None req-9127501f-1a9b-48c0-82b0-0d8eb2806d2f tempest-GroupSnapshotsTest-2031595087 tempest-GroupSnapshotsTest-2031595087-project] Deprecation Warning : cinder.keymgr.conf_key_mgr.ConfKeyManager is not a stevedore based driver, trying to load it as a class: stevedore.exception.NoMatches: No 'castellan.drivers' driver found, looking for 'cinder.keymgr.conf_key_mgr.ConfKeyManager'
Oct 21 11:45:15.179836 dv-cinder-814898-1-smb devstack@c-api.service[118378]: DEBUG oslo_db.sqlalchemy.engines [None req-9127501f-1a9b-48c0-82b0-0d8eb2806d2f tempest-GroupSnapshotsTest-2031595087 tempest-GroupSnapshotsTest-2031595087-project] MySQL server mode set to STRICT_TRANS_TABLES,STRICT_ALL_TABLES,NO_ZERO_IN_DATE,NO_ZERO_DATE,ERROR_FOR_DIVISION_BY_ZERO,TRADITIONAL,NO_ENGINE_SUBSTITUTION {{(pid=118378) _check_effective_sql_mode /usr/local/lib/python3.8/dist-packages/oslo_db/sqlalchemy/engines.py:314}}
Oct 21 11:45:15.182559 dv-cinder-814898-1-smb devstack@c-api.service[118377]: INFO cinder.api.openstack.wsgi [None req-171f47bd-3978-4e93-9149-4beeae5c5d9a tempest-GroupsTest-2079137631 tempest-GroupsTest-2079137631-project] http://10.222.0.26/volume/v3/ee2f5052b0fd4284ac27b95ecd3a7d4e/volumes/bde24315-664e-42ff-987b-c5d6489d8c7c returned with HTTP 404
Oct 21 11:45:15.183522 dv-cinder-814898-1-smb devstack@c-api.service[118377]: [pid: 118377|app: 0|req: 63/114] 10.222.0.26 () {60 vars in 1365 bytes} [Thu Oct 21 11:45:15 2021] GET /volume/v3/ee2f5052b0fd4284ac27b95ecd3a7d4e/volumes/bde24315-664e-42ff-987b-c5d6489d8c7c => generated 109 bytes in 60 msecs (HTTP/1.1 404) 7 headers in 293 bytes (1 switches on core 0)
Oct 21 11:45:15.192089 dv-cinder-814898-1-smb devstack@c-api.service[118378]: /usr/local/lib/python3.8/dist-packages/oslo_context/context.py:105: DeprecationWarning: Policy enforcement is depending on the value of is_admin. This key is deprecated. Please update your policy file to use the standard policy values.
Oct 21 11:45:15.192089 dv-cinder-814898-1-smb devstack@c-api.service[118378]: warnings.warn('Policy enforcement is depending on the value of '
Oct 21 11:45:15.193493 dv-cinder-814898-1-smb devstack@c-api.service[118377]: INFO cinder.api.openstack.wsgi [None req-89bbd9e3-4534-4a12-9b0f-334f93eb9f0a tempest-VolumesImageMetadata-1985721438 tempest-VolumesImageMetadata-1985721438-project] GET http://10.222.0.26/volume/v3/10aa902401cf43958f61a6ac4f3eda8e/volumes/571f6275-9c7c-4224-9bd8-f899db9e33ac
Oct 21 11:45:15.195757 dv-cinder-814898-1-smb devstack@c-api.service[118377]: DEBUG cinder.api.openstack.wsgi [None req-89bbd9e3-4534-4a12-9b0f-334f93eb9f0a tempest-VolumesImageMetadata-1985721438 tempest-VolumesImageMetadata-1985721438-project] Empty body provided in request {{(pid=118377) get_body /opt/stack/cinder/cinder/api/openstack/wsgi.py:703}}
Oct 21 11:45:15.197492 dv-cinder-814898-1-smb devstack@c-api.service[118377]: DEBUG cinder.api.openstack.wsgi [None req-89bbd9e3-4534-4a12-9b0f-334f93eb9f0a tempest-VolumesImageMetadata-1985721438 tempest-VolumesImageMetadata-1985721438-project] Calling method 'show' {{(pid=118377) _process_stack /opt/stack/cinder/cinder/api/openstack/wsgi.py:856}}
Oct 21 11:45:15.226011 dv-cinder-814898-1-smb devstack@c-api.service[118378]: INFO cinder.api.openstack.wsgi [None req-9127501f-1a9b-48c0-82b0-0d8eb2806d2f tempest-GroupSnapshotsTest-2031595087 tempest-GroupSnapshotsTest-2031595087-project] http://10.222.0.26/volume/v3/2db8a02b41654a9b8f0099a78e207df2/volumes/4b48bae3-e874-4a48-8b2a-bbfabd9d64f1 returned with HTTP 200
