Oct 21 11:45:31.467799 dv-cinder-814898-1-iscsi neutron-server[106353]: DEBUG neutron.pecan_wsgi.hooks.quota_enforcement [req-e68b071c-c168-482e-83fc-8f7048dc27cb req-7c555e00-daaa-4234-921f-9f83d60ffc50 tempest-ServerRescueNegativeTestJSON-1960821732 tempest-ServerRescueNegativeTestJSON-1960821732-project] Made reservation on behalf of 0f71b6cef112465ea0487007a514b48e for: {'port': 1} {{(pid=106353) before /opt/stack/neutron/neutron/pecan_wsgi/hooks/quota_enforcement.py:53}}
Oct 21 11:45:31.485220 dv-cinder-814898-1-iscsi neutron-server[106353]: DEBUG neutron_lib.callbacks.manager [req-e68b071c-c168-482e-83fc-8f7048dc27cb req-7c555e00-daaa-4234-921f-9f83d60ffc50 tempest-ServerRescueNegativeTestJSON-1960821732 tempest-ServerRescueNegativeTestJSON-1960821732-project] Publish callbacks ['neutron.plugins.ml2.plugin.SecurityGroupDbMixin._ensure_default_security_group_handler-660747'] for port, before_create {{(pid=106353) _notify_loop /usr/local/lib/python3.8/dist-packages/neutron_lib/callbacks/manager.py:175}}
Oct 21 11:45:31.534616 dv-cinder-814898-1-iscsi neutron-server[106354]: DEBUG neutron.plugins.ml2.db [None req-66cc812b-103f-42ff-851c-b41ee3822368 None None] For port 20f5780f-ce2a-41e0-8a4b-f61f4633a9c1, host dv-cinder-814898-1-iscsi, cleared binding levels {{(pid=106354) clear_binding_levels /opt/stack/neutron/neutron/plugins/ml2/db.py:87}}
Oct 21 11:45:31.544006 dv-cinder-814898-1-iscsi neutron-server[106354]: DEBUG neutron.plugins.ml2.db [None req-66cc812b-103f-42ff-851c-b41ee3822368 None None] For port 20f5780f-ce2a-41e0-8a4b-f61f4633a9c1, host dv-cinder-814898-1-iscsi, set binding levels [PortBindingLevel(driver='openvswitch',host='dv-cinder-814898-1-iscsi',level=0,port_id=20f5780f-ce2a-41e0-8a4b-f61f4633a9c1,segment=NetworkSegment(88a2d365-f2b5-4fc7-b982-1c91c9a431d8),segment_id=88a2d365-f2b5-4fc7-b982-1c91c9a431d8)] {{(pid=106354) set_binding_levels /opt/stack/neutron/neutron/plugins/ml2/db.py:59}}
Oct 21 11:45:31.552262 dv-cinder-814898-1-iscsi neutron-server[106354]: DEBUG neutron_lib.callbacks.manager [None req-66cc812b-103f-42ff-851c-b41ee3822368 None None] Publish callbacks ['neutron.plugins.ml2.plugin.SecurityGroupServerNotifierRpcMixin._notify_sg_on_port_change-682570', 'neutron.plugins.ml2.ovo_rpc._ObjectChangeHandler.handle_event-31342', 'neutron.api.rpc.agentnotifiers.dhcp_rpc_agent_api.DhcpAgentNotifyAPI._native_event_send_dhcp_notification-3855084', 'neutron.db.l3_db.L3RpcNotifierMixin._notify_gateway_port_ip_changed-8755792151655', 'neutron.db.l3_dvrscheduler_db._notify_l3_agent_port_update-8755791671372', 'neutron.db.l3_hascheduler_db._notify_l3_agent_ha_port_update-8755791671390'] for port, after_update {{(pid=106354) _notify_loop /usr/local/lib/python3.8/dist-packages/neutron_lib/callbacks/manager.py:175}}
Oct 21 11:45:31.598418 dv-cinder-814898-1-iscsi neutron-server[106353]: DEBUG neutron.wsgi [-] (106353) accepted ('10.222.0.24', 45006) {{(pid=106353) server /usr/local/lib/python3.8/dist-packages/eventlet/wsgi.py:982}}
Oct 21 11:45:31.655979 dv-cinder-814898-1-iscsi neutron-server[106352]: INFO neutron.wsgi [req-569f8ae4-b585-4b0c-a83b-617cfdd5e1d5 req-14e959d1-4c1d-4c3f-8766-aa9a5ad93ac4 service neutron] 10.222.0.47 "GET /v2.0/ports?network_id=424deba6-bccd-4605-85ac-925b0a293982&device_owner=network%3Adhcp HTTP/1.1" status: 200 len: 210 time: 0.3363748
Oct 21 11:45:31.659504 dv-cinder-814898-1-iscsi neutron-server[106352]: INFO neutron.wsgi [req-4ab58b89-bc37-472c-ad85-89db5e11bb6f req-fe87ff70-35df-437d-9c0e-69b2b049a36c tempest-ServerRescueNegativeTestJSON-1960821732 tempest-ServerRescueNegativeTestJSON-1960821732-project] 10.222.0.24 "GET /v2.0/ports?device_id=88d04a38-9e5c-463d-89b6-b4566a366250 HTTP/1.1" status: 200 len: 210 time: 0.3507683
Oct 21 11:45:31.669121 dv-cinder-814898-1-iscsi neutron-server[106352]: DEBUG neutron_lib.callbacks.manager [None req-99c7de4e-6e3c-4107-b945-b90616f9bba5 admin admin] Publish callbacks [] for security_group, before_create {{(pid=106352) _notify_loop /usr/local/lib/python3.8/dist-packages/neutron_lib/callbacks/manager.py:175}}
Oct 21 11:45:31.738352 dv-cinder-814898-1-iscsi neutron-server[106352]: DEBUG novaclient.v2.client [-] REQ: curl -g -i --cacert "/opt/stack/data/ca-bundle.pem" -X POST http://10.222.0.24/compute/v2.1/os-server-external-events -H "Accept: application/json" -H "Content-Type: application/json" -H "User-Agent: python-novaclient" -H "X-Auth-Token: {SHA256}264f84da0b9573a7e7905c4eaf65e4b6993fa58d48a7300ccb183ed4c5354399" -H "X-OpenStack-Nova-API-Version: 2.1" -H "X-OpenStack-Request-ID: req-982a3e4e-00d6-4314-b272-fc1cbb63b5a1" -d '{"events": [{"name": "network-changed", "server_uuid": "a924aa87-1b0d-4f26-bca7-2dc0261bf78d", "tag": "520b4833-baf6-4e92-9c1f-7d775ad19f1e"}]}' {{(pid=106352) _http_log_request /usr/local/lib/python3.8/dist-packages/keystoneauth1/session.py:519}}
Oct 21 11:45:31.752538 dv-cinder-814898-1-iscsi neutron-server[106352]: DEBUG neutron_lib.callbacks.manager [None req-35b0425c-e47e-49b6-acba-fb4e477818d2 tempest-AttachVolumeShelveTestJSON-1045550076 tempest-AttachVolumeShelveTestJSON-1045550076-project] Publish callbacks [] for security_group, before_create {{(pid=106352) _notify_loop /usr/local/lib/python3.8/dist-packages/neutron_lib/callbacks/manager.py:175}}
Oct 21 11:45:31.770234 dv-cinder-814898-1-iscsi neutron-server[106353]: DEBUG neutron.pecan_wsgi.hooks.policy_enforcement [req-e6e78aa2-cfab-491f-9244-924c47fdad65 req-3957688c-2205-4831-bbea-5f1f06d3f8de tempest-ServerRescueNegativeTestJSON-1960821732 tempest-ServerRescueNegativeTestJSON-1960821732-project] Attributes excluded by policy engine: ['standard_attr_id', 'vlan_transparent', 'provider:network_type', 'provider:physical_network', 'provider:segmentation_id'] {{(pid=106353) _exclude_attributes_by_policy /opt/stack/neutron/neutron/pecan_wsgi/hooks/policy_enforcement.py:255}}
Oct 21 11:45:31.772215 dv-cinder-814898-1-iscsi neutron-server[106353]: INFO neutron.wsgi [req-e6e78aa2-cfab-491f-9244-924c47fdad65 req-3957688c-2205-4831-bbea-5f1f06d3f8de tempest-ServerRescueNegativeTestJSON-1960821732 tempest-ServerRescueNegativeTestJSON-1960821732-project] 10.222.0.47 "GET /v2.0/networks?id=9c148ecd-3a51-4ae8-9fa0-8184acd410b7 HTTP/1.1" status: 200 len: 819 time: 0.7924292
Oct 21 11:45:31.783971 dv-cinder-814898-1-iscsi neutron-server[106354]: DEBUG neutron.db.l3_dvrscheduler_db [None req-66cc812b-103f-42ff-851c-b41ee3822368 None None] Routers {'37dd7db6-3af9-4d3f-ba12-22018eaf0ab1'} bound to L3 agent in host dv-cinder-814898-1-iscsi {{(pid=106354) _get_router_ids_for_agent /opt/stack/neutron/neutron/db/l3_dvrscheduler_db.py:420}}
Oct 21 11:45:31.784559 dv-cinder-814898-1-iscsi neutron-server[106354]: DEBUG neutron.db.l3_hamode_db [None req-66cc812b-103f-42ff-851c-b41ee3822368 None None] neutron.services.l3_router.l3_router_plugin.L3RouterPlugin method get_ha_sync_data_for_host called with arguments (, 'dv-cinder-814898-1-iscsi', Agent(admin_state_up=True,agent_type='L3 agent',availability_zone='nova',binary='neutron-l3-agent',configurations={"agent_mode": "legacy", "ex_gw_ports": 1, "extensions": [], "floating_ips": 0, "handle_internal_only_routers": true, "interface_driver": "openvswitch", "interfaces": 1, "log_agent_heartbeats": false, "routers": 1},created_at=2021-10-21T11:37:13Z,description=,heartbeat_timestamp=2021-10-21T11:45:13Z,host='dv-cinder-814898-1-iscsi',id=ff516a57-5791-42f3-9b33-3a20dc9eb11c,load=0,resource_versions=,resources_synced=,started_at=2021-10-21T11:37:13Z,topic='l3_agent')) {'router_ids': ['37dd7db6-3af9-4d3f-ba12-22018eaf0ab1'], 'active': True} {{(pid=106354) wrapper /usr/local/lib/python3.8/dist-packages/oslo_log/helpers.py:65}}
Oct 21 11:45:31.875257 dv-cinder-814898-1-iscsi neutron-server[106352]: DEBUG neutron_lib.callbacks.manager [None req-99c7de4e-6e3c-4107-b945-b90616f9bba5 admin admin] Publish callbacks [] for security_group, precommit_create {{(pid=106352) _notify_loop /usr/local/lib/python3.8/dist-packages/neutron_lib/callbacks/manager.py:175}}
Oct 21 11:45:31.928363 dv-cinder-814898-1-iscsi neutron-server[106352]: DEBUG neutron_lib.callbacks.manager [None req-99c7de4e-6e3c-4107-b945-b90616f9bba5 admin admin] Publish callbacks ['neutron.plugins.ml2.ovo_rpc._ObjectChangeHandler.handle_event-349899'] for security_group, after_create {{(pid=106352) _notify_loop /usr/local/lib/python3.8/dist-packages/neutron_lib/callbacks/manager.py:175}}
Oct 21 11:45:32.041222 dv-cinder-814898-1-iscsi neutron-server[106354]: DEBUG neutron.db.l3_dvr_db [None req-66cc812b-103f-42ff-851c-b41ee3822368 None None] Set router 37dd7db6-3af9-4d3f-ba12-22018eaf0ab1 gateway port host: dv-cinder-814898-1-iscsi {{(pid=106354) _build_routers_list /opt/stack/neutron/neutron/db/l3_dvr_db.py:906}}
Oct 21 11:45:32.044688 dv-cinder-814898-1-iscsi neutron-server[106354]: DEBUG neutron.db.provisioning_blocks [None req-4b359638-81f0-4c25-b7e3-9210b5e6ca11 None None] Provisioning complete for port 20f5780f-ce2a-41e0-8a4b-f61f4633a9c1 triggered by entity DHCP. {{(pid=106354) provisioning_complete /opt/stack/neutron/neutron/db/provisioning_blocks.py:139}}
Oct 21 11:45:32.044688 dv-cinder-814898-1-iscsi neutron-server[106354]: DEBUG neutron_lib.callbacks.manager [None req-4b359638-81f0-4c25-b7e3-9210b5e6ca11 None None] Publish callbacks ['neutron.plugins.ml2.plugin.Ml2Plugin._port_provisioned-666537'] for port, provisioning_complete {{(pid=106354) _notify_loop /usr/local/lib/python3.8/dist-packages/neutron_lib/callbacks/manager.py:175}}
Oct 21 11:45:32.138493 dv-cinder-814898-1-iscsi neutron-server[106352]: DEBUG neutron_lib.callbacks.manager [None req-35b0425c-e47e-49b6-acba-fb4e477818d2 tempest-AttachVolumeShelveTestJSON-1045550076 tempest-AttachVolumeShelveTestJSON-1045550076-project] Publish callbacks [] for security_group, precommit_create {{(pid=106352) _notify_loop /usr/local/lib/python3.8/dist-packages/neutron_lib/callbacks/manager.py:175}}
Oct 21 11:45:32.149724 dv-cinder-814898-1-iscsi neutron-server[106352]: DEBUG novaclient.v2.client [-] RESP: [200] Connection: close Content-Length: 179 Content-Type: application/json Date: Thu, 21 Oct 2021 11:45:31 GMT OpenStack-API-Version: compute 2.1 Server: Apache/2.4.41 (Ubuntu) Vary: OpenStack-API-Version,X-OpenStack-Nova-API-Version X-OpenStack-Nova-API-Version: 2.1 x-compute-request-id: req-dbe7c1e6-7cc6-46e3-95ec-ceff7da8789e x-openstack-request-id: req-dbe7c1e6-7cc6-46e3-95ec-ceff7da8789e {{(pid=106352) _http_log_response /usr/local/lib/python3.8/dist-packages/keystoneauth1/session.py:550}}
Oct 21 11:45:32.150458 dv-cinder-814898-1-iscsi neutron-server[106352]: DEBUG novaclient.v2.client [-] RESP BODY: {"events": [{"name": "network-changed", "server_uuid": "a924aa87-1b0d-4f26-bca7-2dc0261bf78d", "tag": "520b4833-baf6-4e92-9c1f-7d775ad19f1e", "status": "completed", "code": 200}]} {{(pid=106352) _http_log_response /usr/local/lib/python3.8/dist-packages/keystoneauth1/session.py:582}}
Oct 21 11:45:32.150912 dv-cinder-814898-1-iscsi neutron-server[106352]: DEBUG novaclient.v2.client [-] POST call to compute for http://10.222.0.24/compute/v2.1/os-server-external-events used request id req-dbe7c1e6-7cc6-46e3-95ec-ceff7da8789e {{(pid=106352) request /usr/local/lib/python3.8/dist-packages/keystoneauth1/session.py:954}}
Oct 21 11:45:32.153728 dv-cinder-814898-1-iscsi neutron-server[106352]: INFO neutron.notifiers.nova [-] Nova event response: {'name': 'network-changed', 'server_uuid': 'a924aa87-1b0d-4f26-bca7-2dc0261bf78d', 'tag': '520b4833-baf6-4e92-9c1f-7d775ad19f1e', 'status': 'completed', 'code': 200}
Oct 21 11:45:32.202978 dv-cinder-814898-1-iscsi neutron-server[106354]: DEBUG neutron.api.rpc.handlers.resources_rpc [None req-c704fb85-9663-4482-b48f-21052ffce7e1 None None] Pushing event updated for resources: {'Port': ['ID=20f5780f-ce2a-41e0-8a4b-f61f4633a9c1,revision_number=4']} {{(pid=106354) push /opt/stack/neutron/neutron/api/rpc/handlers/resources_rpc.py:237}}
Oct 21 11:45:32.276651 dv-cinder-814898-1-iscsi neutron-server[106353]: DEBUG neutron.api.v2.base [req-e6e78aa2-cfab-491f-9244-924c47fdad65 req-f9296429-25e2-4959-84cc-525aeff7bd03 tempest-ServerRescueNegativeTestJSON-1960821732 tempest-ServerRescueNegativeTestJSON-1960821732-project] Request body: {'port': {'device_id': '88d04a38-9e5c-463d-89b6-b4566a366250', 'network_id': '9c148ecd-3a51-4ae8-9fa0-8184acd410b7', 'admin_state_up': True, 'tenant_id': '0f71b6cef112465ea0487007a514b48e'}} {{(pid=106353) prepare_request_body /opt/stack/neutron/neutron/api/v2/base.py:729}}
Oct 21 11:45:32.289207 dv-cinder-814898-1-iscsi neutron-server[106352]: DEBUG neutron_lib.callbacks.manager [None req-35b0425c-e47e-49b6-acba-fb4e477818d2 tempest-AttachVolumeShelveTestJSON-1045550076 tempest-AttachVolumeShelveTestJSON-1045550076-project] Publish callbacks ['neutron.plugins.ml2.ovo_rpc._ObjectChangeHandler.handle_event-349899'] for security_group, after_create {{(pid=106352) _notify_loop /usr/local/lib/python3.8/dist-packages/neutron_lib/callbacks/manager.py:175}}
Oct 21 11:45:32.316663 dv-cinder-814898-1-iscsi neutron-server[106352]: DEBUG neutron.pecan_wsgi.hooks.policy_enforcement [req-4e830af2-8497-459c-b5d8-276eb2679a61 req-00e6e50f-97bb-4d41-bef0-01c49d3afc28 tempest-AttachVolumeNegativeTest-880479392 tempest-AttachVolumeNegativeTest-880479392-project] Attributes excluded by policy engine: ['standard_attr_id', 'binding:profile', 'binding:host_id', 'binding:vif_type', 'binding:vif_details'] {{(pid=106352) _exclude_attributes_by_policy /opt/stack/neutron/neutron/pecan_wsgi/hooks/policy_enforcement.py:255}}
Oct 21 11:45:32.321345 dv-cinder-814898-1-iscsi neutron-server[106352]: INFO neutron.wsgi [req-4e830af2-8497-459c-b5d8-276eb2679a61 req-00e6e50f-97bb-4d41-bef0-01c49d3afc28 tempest-AttachVolumeNegativeTest-880479392 tempest-AttachVolumeNegativeTest-880479392-project] 10.222.0.24 "GET /v2.0/ports?device_id=a924aa87-1b0d-4f26-bca7-2dc0261bf78d HTTP/1.1" status: 200 len: 943 time: 0.9255314
Oct 21 11:45:32.438623 dv-cinder-814898-1-iscsi neutron-server[106353]: INFO neutron.wsgi [None req-2af20bc2-ae54-4575-81ee-fb51e0924624 admin admin] 10.222.0.24 "GET /v2.0/security-groups?tenant_id=184715b788f6498f9f4dc0d5fcbbd94a&name=default HTTP/1.1" status: 200 len: 2975 time: 0.8221679
Oct 21 11:45:32.450294 dv-cinder-814898-1-iscsi neutron-server[106353]: DEBUG neutron.wsgi [-] (106353) accepted ('10.222.0.24', 45030) {{(pid=106353) server /usr/local/lib/python3.8/dist-packages/eventlet/wsgi.py:982}}
Oct 21 11:45:32.512020 dv-cinder-814898-1-iscsi neutron-server[106353]: DEBUG neutron.notifiers.nova [req-59c3159c-af5a-4736-82a6-8a9898be5160 req-dee4d174-aaf6-47c9-86e3-bf3a7b455ea6 service neutron] Ignoring state change previous_port_status: DOWN current_port_status: DOWN port_id d559b90e-9222-44dd-8dd1-4b12e70ddcfd {{(pid=106353) record_port_status_changed /opt/stack/neutron/neutron/notifiers/nova.py:224}}
Oct 21 11:45:32.512746 dv-cinder-814898-1-iscsi neutron-server[106354]: DEBUG neutron_lib.callbacks.manager [None req-4b359638-81f0-4c25-b7e3-9210b5e6ca11 None None] Publish callbacks ['neutron.plugins.ml2.plugin.SecurityGroupDbMixin._ensure_default_security_group_handler-660747'] for port, before_update {{(pid=106354) _notify_loop /usr/local/lib/python3.8/dist-packages/neutron_lib/callbacks/manager.py:175}}
Oct 21 11:45:32.529578 dv-cinder-814898-1-iscsi neutron-server[106353]: DEBUG neutron_lib.callbacks.manager [req-59c3159c-af5a-4736-82a6-8a9898be5160 req-dee4d174-aaf6-47c9-86e3-bf3a7b455ea6 service neutron] Publish callbacks [] for port, precommit_update {{(pid=106353) _notify_loop /usr/local/lib/python3.8/dist-packages/neutron_lib/callbacks/manager.py:175}}
Oct 21 11:45:32.541403 dv-cinder-814898-1-iscsi neutron-server[106353]: DEBUG neutron.db.db_base_plugin_common [req-e68b071c-c168-482e-83fc-8f7048dc27cb req-7c555e00-daaa-4234-921f-9f83d60ffc50 tempest-ServerRescueNegativeTestJSON-1960821732 tempest-ServerRescueNegativeTestJSON-1960821732-project] Allocated IP 172.20.0.8 (9c148ecd-3a51-4ae8-9fa0-8184acd410b7/d015a352-bd7a-49f5-8efd-ec90092cf44d/fab34e83-6fad-4a73-ac53-60b97b8923ac) {{(pid=106353) _store_ip_allocation /opt/stack/neutron/neutron/db/db_base_plugin_common.py:131}}
Oct 21 11:45:32.574983 dv-cinder-814898-1-iscsi neutron-server[106353]: DEBUG neutron.pecan_wsgi.hooks.quota_enforcement [req-e6e78aa2-cfab-491f-9244-924c47fdad65 req-f9296429-25e2-4959-84cc-525aeff7bd03 tempest-ServerRescueNegativeTestJSON-1960821732 tempest-ServerRescueNegativeTestJSON-1960821732-project] Made reservation on behalf of 0f71b6cef112465ea0487007a514b48e for: {'port': 1} {{(pid=106353) before /opt/stack/neutron/neutron/pecan_wsgi/hooks/quota_enforcement.py:53}}
Oct 21 11:45:32.583268 dv-cinder-814898-1-iscsi neutron-server[106352]: INFO neutron.wsgi [req-4e830af2-8497-459c-b5d8-276eb2679a61 req-2b01014e-9095-4881-bd7a-d2d69f3a3199 tempest-AttachVolumeNegativeTest-880479392 tempest-AttachVolumeNegativeTest-880479392-project] 10.222.0.24 "GET /v2.0/security-groups?id=92ff0d70-b480-4708-8568-822441c31fe0&fields=id&fields=name HTTP/1.1" status: 200 len: 286 time: 0.2085621
Oct 21 11:45:32.588218 dv-cinder-814898-1-iscsi neutron-server[106353]: DEBUG neutron_lib.callbacks.manager [req-e6e78aa2-cfab-491f-9244-924c47fdad65 req-f9296429-25e2-4959-84cc-525aeff7bd03 tempest-ServerRescueNegativeTestJSON-1960821732 tempest-ServerRescueNegativeTestJSON-1960821732-project] Publish callbacks ['neutron.plugins.ml2.plugin.SecurityGroupDbMixin._ensure_default_security_group_handler-660747'] for port, before_create {{(pid=106353) _notify_loop /usr/local/lib/python3.8/dist-packages/neutron_lib/callbacks/manager.py:175}}
Oct 21 11:45:32.590958 dv-cinder-814898-1-iscsi neutron-server[106352]: INFO neutron.wsgi [None req-99c7de4e-6e3c-4107-b945-b90616f9bba5 admin admin] 10.222.0.24 "GET /v2.0/security-groups?tenant_id=bce15c92602d404bbc6c721c07065708&name=default HTTP/1.1" status: 200 len: 2979 time: 2.1275847
Oct 21 11:45:32.591984 dv-cinder-814898-1-iscsi neutron-server[106352]: DEBUG neutron.api.rpc.handlers.resources_rpc [None req-99c7de4e-6e3c-4107-b945-b90616f9bba5 admin admin] Pushing event updated for resources: {'SecurityGroup': ['ID=9fa5ba75-315a-4bce-ad75-1bade397369d,revision_number=1']} {{(pid=106352) push /opt/stack/neutron/neutron/api/rpc/handlers/resources_rpc.py:237}}
Oct 21 11:45:32.634080 dv-cinder-814898-1-iscsi neutron-server[106353]: DEBUG neutron.wsgi [-] (106353) accepted ('10.222.0.24', 45034) {{(pid=106353) server /usr/local/lib/python3.8/dist-packages/eventlet/wsgi.py:982}}
Oct 21 11:45:32.683703 dv-cinder-814898-1-iscsi neutron-server[106354]: DEBUG neutron.plugins.ml2.db [None req-4b359638-81f0-4c25-b7e3-9210b5e6ca11 None None] For port 20f5780f-ce2a-41e0-8a4b-f61f4633a9c1, host dv-cinder-814898-1-iscsi, got binding levels [PortBindingLevel(driver='openvswitch',host='dv-cinder-814898-1-iscsi',level=0,port_id=20f5780f-ce2a-41e0-8a4b-f61f4633a9c1,segment=NetworkSegment(88a2d365-f2b5-4fc7-b982-1c91c9a431d8),segment_id=88a2d365-f2b5-4fc7-b982-1c91c9a431d8)] {{(pid=106354) get_binding_level_objs /opt/stack/neutron/neutron/plugins/ml2/db.py:74}}
Oct 21 11:45:32.693936 dv-cinder-814898-1-iscsi neutron-server[106352]: DEBUG neutron.api.rpc.handlers.resources_rpc [None req-35b0425c-e47e-49b6-acba-fb4e477818d2 tempest-AttachVolumeShelveTestJSON-1045550076 tempest-AttachVolumeShelveTestJSON-1045550076-project] Pushing event updated for resources: {'SecurityGroup': ['ID=e7ae379c-e0cc-497c-a962-d51405350f73,revision_number=1']} {{(pid=106352) push /opt/stack/neutron/neutron/api/rpc/handlers/resources_rpc.py:237}}
Oct 21 11:45:32.720049 dv-cinder-814898-1-iscsi neutron-server[106354]: DEBUG neutron_lib.callbacks.manager [None req-4b359638-81f0-4c25-b7e3-9210b5e6ca11 None None] Publish callbacks ['neutron.plugins.ml2.plugin.SecurityGroupServerNotifierRpcMixin._notify_sg_on_port_change-682570', 'neutron.plugins.ml2.ovo_rpc._ObjectChangeHandler.handle_event-31342', 'neutron.api.rpc.agentnotifiers.dhcp_rpc_agent_api.DhcpAgentNotifyAPI._native_event_send_dhcp_notification-3855084', 'neutron.db.l3_db.L3RpcNotifierMixin._notify_gateway_port_ip_changed-8755792151655', 'neutron.db.l3_dvrscheduler_db._notify_l3_agent_port_update-8755791671372', 'neutron.db.l3_hascheduler_db._notify_l3_agent_ha_port_update-8755791671390'] for port, after_update {{(pid=106354) _notify_loop /usr/local/lib/python3.8/dist-packages/neutron_lib/callbacks/manager.py:175}}
Oct 21 11:45:32.744773 dv-cinder-814898-1-iscsi neutron-server[106352]: DEBUG neutron_lib.callbacks.manager [None req-35b0425c-e47e-49b6-acba-fb4e477818d2 tempest-AttachVolumeShelveTestJSON-1045550076 tempest-AttachVolumeShelveTestJSON-1045550076-project] Publish callbacks [] for security_group, before_response {{(pid=106352) _notify_loop /usr/local/lib/python3.8/dist-packages/neutron_lib/callbacks/manager.py:175}}
Oct 21 11:45:32.759090 dv-cinder-814898-1-iscsi neutron-server[106352]: INFO neutron.wsgi [None req-35b0425c-e47e-49b6-acba-fb4e477818d2 tempest-AttachVolumeShelveTestJSON-1045550076 tempest-AttachVolumeShelveTestJSON-1045550076-project] 10.222.0.24 "POST /v2.0/security-groups HTTP/1.1" status: 201 len: 1779 time: 1.4457903
Oct 21 11:45:32.760096 dv-cinder-814898-1-iscsi neutron-server[106352]: DEBUG neutron.wsgi [-] (106352) accepted ('10.222.0.24', 45044) {{(pid=106352) server /usr/local/lib/python3.8/dist-packages/eventlet/wsgi.py:982}}
Oct 21 11:45:32.790424 dv-cinder-814898-1-iscsi neutron-server[106352]: DEBUG neutron.api.v2.base [None req-108a218a-e669-4000-aca3-d053d51edf7b tempest-AttachVolumeShelveTestJSON-1045550076 tempest-AttachVolumeShelveTestJSON-1045550076-project] Request body: {'security_group_rule': {'security_group_id': 'e7ae379c-e0cc-497c-a962-d51405350f73', 'protocol': 'tcp', 'ethertype': 'IPv4', 'port_range_min': 22, 'port_range_max': 22, 'direction': 'ingress'}} {{(pid=106352) prepare_request_body /opt/stack/neutron/neutron/api/v2/base.py:729}}
Oct 21 11:45:32.858048 dv-cinder-814898-1-iscsi neutron-server[106354]: DEBUG neutron.db.l3_hamode_db [None req-66cc812b-103f-42ff-851c-b41ee3822368 None None] neutron.services.l3_router.l3_router_plugin.L3RouterPlugin method _process_sync_ha_data called with arguments (, [{'id': '37dd7db6-3af9-4d3f-ba12-22018eaf0ab1', 'name': 'tempest-AttachVolumeShelveTestJSON-1037876205-router', 'tenant_id': 'fc1a2a7622fa4007a93e98225b37c454', 'admin_state_up': True, 'status': 'ACTIVE', 'external_gateway_info': {'network_id': 'f1f48190-e7d7-48cd-832b-f0ed44723a0c', 'external_fixed_ips': [{'subnet_id': '959d5179-e919-4835-b97c-c9974d37c26b', 'ip_address': '172.27.3.92'}], 'enable_snat': True}, 'gw_port_id': 'dc39ce8e-86c0-452a-bb4f-edc9f313effb', 'description': '', 'availability_zones': ['nova'], 'distributed': False, 'ha': False, 'ha_vr_id': 0, 'availability_zone_hints': [], 'routes': [], 'flavor_id': None, 'tags': [], 'created_at': '2021-10-21T11:45:14Z', 'updated_at': '2021-10-21T11:45:26Z', 'revision_number': 4, 'project_id': 'fc1a2a7622fa4007a93e98225b37c454', 'gw_port': {'id': 'dc39ce8e-86c0-452a-bb4f-edc9f313effb', 'name': '', 'network_id': 'f1f48190-e7d7-48cd-832b-f0ed44723a0c', 'tenant_id': '', 'mac_address': 'fa:16:3e:fb:85:eb', 'admin_state_up': True, 'status': 'ACTIVE', 'device_id': '37dd7db6-3af9-4d3f-ba12-22018eaf0ab1', 'device_owner': 'network:router_gateway', 'standard_attr_id': 80, 'fixed_ips': [{'subnet_id': '959d5179-e919-4835-b97c-c9974d37c26b', 'ip_address': '172.27.3.92', 'prefixlen': 24}], 'allowed_address_pairs': [], 'extra_dhcp_opts': [], 'security_groups': [], 'description': '', 'binding:vnic_type': 'normal', 'binding:profile': {}, 'binding:host_id': 'dv-cinder-814898-1-iscsi', 'binding:vif_type': 'ovs', 'binding:vif_details': {'connectivity': 'l2', 'port_filter': True, 'ovs_hybrid_plug': False, 'datapath_type': 'system', 'bridge_name': 'br-int'}, 'port_security_enabled': False, 'tags': [], 'created_at': '2021-10-21T11:45:15Z', 'updated_at': '2021-10-21T11:45:25Z', 'revision_number': 4, 'project_id': '', 'subnets': [{'id': '959d5179-e919-4835-b97c-c9974d37c26b', 'cidr': '172.27.3.0/24', 'gateway_ip': '172.27.3.1', 'dns_nameservers': [], 'ipv6_ra_mode': None, 'subnetpool_id': None}], 'extra_subnets': [], 'address_scopes': {4: None, 6: None}, 'mtu': 1500}, 'enable_snat': True, 'gw_port_host': 'dv-cinder-814898-1-iscsi', '_interfaces': [{'id': '20f5780f-ce2a-41e0-8a4b-f61f4633a9c1', 'name': '', 'network_id': 'd3567cc6-bfe7-45ab-b19c-feef19a558f5', 'tenant_id': 'fc1a2a7622fa4007a93e98225b37c454', 'mac_address': 'fa:16:3e:31:5f:1b', 'admin_state_up': True, 'status': 'DOWN', 'device_id': '37dd7db6-3af9-4d3f-ba12-22018eaf0ab1', 'device_owner': 'network:router_interface', 'standard_attr_id': 95, 'fixed_ips': [{'subnet_id': '2cfd3420-e723-490f-9fbe-a2d76b978997', 'ip_address': '172.20.0.1', 'prefixlen': 28}], 'allowed_address_pairs': [], 'extra_dhcp_opts': [], 'security_groups': [], 'description': '', 'binding:vnic_type': 'normal', 'binding:profile': {}, 'binding:host_id': 'dv-cinder-814898-1-iscsi', 'binding:vif_type': 'ovs', 'binding:vif_details': {'connectivity': 'l2', 'port_filter': True, 'ovs_hybrid_plug': False, 'datapath_type': 'system', 'bridge_name': 'br-int'}, 'port_security_enabled': False, 'tags': [], 'created_at': '2021-10-21T11:45:22Z', 'updated_at': '2021-10-21T11:45:31Z', 'revision_number': 4, 'project_id': 'fc1a2a7622fa4007a93e98225b37c454', 'subnets': [{'id': '2cfd3420-e723-490f-9fbe-a2d76b978997', 'cidr': '172.20.0.0/28', 'gateway_ip': '172.20.0.1', 'dns_nameservers': [], 'ipv6_ra_mode': None, 'subnetpool_id': None}], 'extra_subnets': [], 'address_scopes': {4: None, 6: None}, 'mtu': 1500}]}], 'dv-cinder-814898-1-iscsi', False) {} {{(pid=106354) wrapper /usr/local/lib/python3.8/dist-packages/oslo_log/helpers.py:65}}
Oct 21 11:45:32.870890 dv-cinder-814898-1-iscsi neutron-server[106352]: DEBUG neutron.pecan_wsgi.hooks.policy_enforcement [req-c371af50-3a82-47ee-af30-f611682914c6 req-07311b3b-e812-4de8-9333-477a0cb90498 tempest-DeleteServersTestJSON-1770418935 tempest-DeleteServersTestJSON-1770418935-project] Attributes excluded by policy engine: ['standard_attr_id', 'binding:profile', 'binding:host_id', 'binding:vif_type', 'binding:vif_details'] {{(pid=106352) _exclude_attributes_by_policy /opt/stack/neutron/neutron/pecan_wsgi/hooks/policy_enforcement.py:255}}
Oct 21 11:45:32.872458 dv-cinder-814898-1-iscsi neutron-server[106352]: INFO neutron.wsgi [req-c371af50-3a82-47ee-af30-f611682914c6 req-07311b3b-e812-4de8-9333-477a0cb90498 tempest-DeleteServersTestJSON-1770418935 tempest-DeleteServersTestJSON-1770418935-project] 10.222.0.24 "GET /v2.0/ports?device_id=e79f407e-f3e2-4dc1-adf5-601875df4ad4 HTTP/1.1" status: 200 len: 931 time: 0.5451038
Oct 21 11:45:32.882361 dv-cinder-814898-1-iscsi neutron-server[106353]: DEBUG neutron.db.provisioning_blocks [req-59c3159c-af5a-4736-82a6-8a9898be5160 req-dee4d174-aaf6-47c9-86e3-bf3a7b455ea6 service neutron] Transition to ACTIVE for port object d559b90e-9222-44dd-8dd1-4b12e70ddcfd will not be triggered until provisioned by entity L2. {{(pid=106353) add_provisioning_component /opt/stack/neutron/neutron/db/provisioning_blocks.py:73}}
Oct 21 11:45:32.888912 dv-cinder-814898-1-iscsi neutron-server[106352]: INFO neutron.wsgi [req-569f8ae4-b585-4b0c-a83b-617cfdd5e1d5 req-cca78d34-934b-458e-8ec7-337a45a9b7c8 service neutron] 10.222.0.47 "GET /v2.0/networks/424deba6-bccd-4605-85ac-925b0a293982?fields=segments HTTP/1.1" status: 200 len: 212 time: 1.1463475
Oct 21 11:45:32.894587 dv-cinder-814898-1-iscsi neutron-server[106353]: DEBUG neutron_lib.callbacks.manager [None req-3fd221cd-355f-4eff-b628-7fd2d53df054 admin admin] Publish callbacks [] for security_group, before_delete {{(pid=106353) _notify_loop /usr/local/lib/python3.8/dist-packages/neutron_lib/callbacks/manager.py:175}}
Oct 21 11:45:32.905628 dv-cinder-814898-1-iscsi neutron-server[106354]: DEBUG neutron.api.rpc.handlers.resources_rpc [None req-4b359638-81f0-4c25-b7e3-9210b5e6ca11 None None] Pushing event updated for resources: {'Port': ['ID=20f5780f-ce2a-41e0-8a4b-f61f4633a9c1,revision_number=5']} {{(pid=106354) push /opt/stack/neutron/neutron/api/rpc/handlers/resources_rpc.py:237}}
Oct 21 11:45:32.911915 dv-cinder-814898-1-iscsi neutron-server[106354]: DEBUG neutron.api.rpc.handlers.l3_rpc [None req-66cc812b-103f-42ff-851c-b41ee3822368 None None] The sync data for ids ['37dd7db6-3af9-4d3f-ba12-22018eaf0ab1'] in dv-cinder-814898-1-iscsi is: [{'id': '37dd7db6-3af9-4d3f-ba12-22018eaf0ab1', 'name': 'tempest-AttachVolumeShelveTestJSON-1037876205-router', 'tenant_id': 'fc1a2a7622fa4007a93e98225b37c454', 'admin_state_up': True, 'status': 'ACTIVE', 'external_gateway_info': {'network_id': 'f1f48190-e7d7-48cd-832b-f0ed44723a0c', 'external_fixed_ips': [{'subnet_id': '959d5179-e919-4835-b97c-c9974d37c26b', 'ip_address': '172.27.3.92'}], 'enable_snat': True}, 'gw_port_id': 'dc39ce8e-86c0-452a-bb4f-edc9f313effb', 'description': '', 'availability_zones': ['nova'], 'distributed': False, 'ha': False, 'ha_vr_id': 0, 'availability_zone_hints': [], 'routes': [], 'flavor_id': None, 'tags': [], 'created_at': '2021-10-21T11:45:14Z', 'updated_at': '2021-10-21T11:45:26Z', 'revision_number': 4, 'project_id': 'fc1a2a7622fa4007a93e98225b37c454', 'gw_port': {'id': 'dc39ce8e-86c0-452a-bb4f-edc9f313effb', 'name': '', 'network_id': 'f1f48190-e7d7-48cd-832b-f0ed44723a0c', 'tenant_id': '', 'mac_address': 'fa:16:3e:fb:85:eb', 'admin_state_up': True, 'status': 'ACTIVE', 'device_id': '37dd7db6-3af9-4d3f-ba12-22018eaf0ab1', 'device_owner': 'network:router_gateway', 'standard_attr_id': 80, 'fixed_ips': [{'subnet_id': '959d5179-e919-4835-b97c-c9974d37c26b', 'ip_address': '172.27.3.92', 'prefixlen': 24}], 'allowed_address_pairs': [], 'extra_dhcp_opts': [], 'security_groups': [], 'description': '', 'binding:vnic_type': 'normal', 'binding:profile': {}, 'binding:host_id': 'dv-cinder-814898-1-iscsi', 'binding:vif_type': 'ovs', 'binding:vif_details': {'connectivity': 'l2', 'port_filter': True, 'ovs_hybrid_plug': False, 'datapath_type': 'system', 'bridge_name': 'br-int'}, 'port_security_enabled': False, 'tags': [], 'created_at': '2021-10-21T11:45:15Z', 'updated_at': '2021-10-21T11:45:25Z', 'revision_number': 4, 'project_id': '', 'subnets': [{'id': '959d5179-e919-4835-b97c-c9974d37c26b', 'cidr': '172.27.3.0/24', 'gateway_ip': '172.27.3.1', 'dns_nameservers': [], 'ipv6_ra_mode': None, 'subnetpool_id': None}], 'extra_subnets': [], 'address_scopes': {4: None, 6: None}, 'mtu': 1500}, 'enable_snat': True, 'gw_port_host': 'dv-cinder-814898-1-iscsi', '_interfaces': [{'id': '20f5780f-ce2a-41e0-8a4b-f61f4633a9c1', 'name': '', 'network_id': 'd3567cc6-bfe7-45ab-b19c-feef19a558f5', 'tenant_id': 'fc1a2a7622fa4007a93e98225b37c454', 'mac_address': 'fa:16:3e:31:5f:1b', 'admin_state_up': True, 'status': 'DOWN', 'device_id': '37dd7db6-3af9-4d3f-ba12-22018eaf0ab1', 'device_owner': 'network:router_interface', 'standard_attr_id': 95, 'fixed_ips': [{'subnet_id': '2cfd3420-e723-490f-9fbe-a2d76b978997', 'ip_address': '172.20.0.1', 'prefixlen': 28}], 'allowed_address_pairs': [], 'extra_dhcp_opts': [], 'security_groups': [], 'description': '', 'binding:vnic_type': 'normal', 'binding:profile': {}, 'binding:host_id': 'dv-cinder-814898-1-iscsi', 'binding:vif_type': 'ovs', 'binding:vif_details': {'connectivity': 'l2', 'port_filter': True, 'ovs_hybrid_plug': False, 'datapath_type': 'system', 'bridge_name': 'br-int'}, 'port_security_enabled': False, 'tags': [], 'created_at': '2021-10-21T11:45:22Z', 'updated_at': '2021-10-21T11:45:31Z', 'revision_number': 4, 'project_id': 'fc1a2a7622fa4007a93e98225b37c454', 'subnets': [{'id': '2cfd3420-e723-490f-9fbe-a2d76b978997', 'cidr': '172.20.0.0/28', 'gateway_ip': '172.20.0.1', 'dns_nameservers': [], 'ipv6_ra_mode': None, 'subnetpool_id': None}], 'extra_subnets': [], 'address_scopes': {4: None, 6: None}, 'mtu': 1500}]}] {{(pid=106354) sync_routers /opt/stack/neutron/neutron/api/rpc/handlers/l3_rpc.py:137}}
Oct 21 11:45:32.934514 dv-cinder-814898-1-iscsi neutron-server[106353]: DEBUG neutron_lib.callbacks.manager [None req-3fd221cd-355f-4eff-b628-7fd2d53df054 admin admin] Publish callbacks [] for security_group, precommit_delete {{(pid=106353) _notify_loop /usr/local/lib/python3.8/dist-packages/neutron_lib/callbacks/manager.py:175}}
Oct 21 11:45:32.942439 dv-cinder-814898-1-iscsi neutron-server[106354]: DEBUG neutron.db.provisioning_blocks [None req-888c8e9e-9d71-4da8-98bb-e74bc38e5cdf None None] Provisioning complete for port 20f5780f-ce2a-41e0-8a4b-f61f4633a9c1 triggered by entity DHCP. {{(pid=106354) provisioning_complete /opt/stack/neutron/neutron/db/provisioning_blocks.py:139}}
Oct 21 11:45:32.946269 dv-cinder-814898-1-iscsi neutron-server[106354]: DEBUG neutron_lib.callbacks.manager [None req-888c8e9e-9d71-4da8-98bb-e74bc38e5cdf None None] Publish callbacks ['neutron.plugins.ml2.plugin.Ml2Plugin._port_provisioned-666537'] for port, provisioning_complete {{(pid=106354) _notify_loop /usr/local/lib/python3.8/dist-packages/neutron_lib/callbacks/manager.py:175}}
Oct 21 11:45:33.035953 dv-cinder-814898-1-iscsi neutron-server[106353]: DEBUG neutron_lib.callbacks.manager [None req-748f28fe-6055-49fd-b963-145dc213823a admin admin] Publish callbacks [] for security_group, before_delete {{(pid=106353) _notify_loop /usr/local/lib/python3.8/dist-packages/neutron_lib/callbacks/manager.py:175}}
Oct 21 11:45:33.086086 dv-cinder-814898-1-iscsi neutron-server[106352]: INFO neutron.wsgi [req-5922bbf0-39b2-4684-86dd-633db722aa30 req-51c9cfb3-ac5b-4cea-8dec-2009409a2927 tempest-ServerRescueNegativeTestJSON-1960821732 tempest-ServerRescueNegativeTestJSON-1960821732-project] 10.222.0.24 "GET /v2.0/ports?device_id=88d04a38-9e5c-463d-89b6-b4566a366250 HTTP/1.1" status: 200 len: 210 time: 0.2122579
Oct 21 11:45:33.103427 dv-cinder-814898-1-iscsi neutron-server[106353]: DEBUG neutron_lib.callbacks.manager [None req-748f28fe-6055-49fd-b963-145dc213823a admin admin] Publish callbacks [] for security_group, precommit_delete {{(pid=106353) _notify_loop /usr/local/lib/python3.8/dist-packages/neutron_lib/callbacks/manager.py:175}}
Oct 21 11:45:33.136951 dv-cinder-814898-1-iscsi neutron-server[106353]: DEBUG neutron_lib.callbacks.manager [req-59c3159c-af5a-4736-82a6-8a9898be5160 req-dee4d174-aaf6-47c9-86e3-bf3a7b455ea6 service neutron] Publish callbacks ['neutron.plugins.ml2.plugin.SecurityGroupServerNotifierRpcMixin._notify_sg_on_port_change-682570', 'neutron.plugins.ml2.ovo_rpc._ObjectChangeHandler.handle_event-31342', 'neutron.api.rpc.agentnotifiers.dhcp_rpc_agent_api.DhcpAgentNotifyAPI._native_event_send_dhcp_notification-3855084', 'neutron.db.l3_db.L3RpcNotifierMixin._notify_gateway_port_ip_changed-8755792151655', 'neutron.db.l3_dvrscheduler_db._notify_l3_agent_port_update-8755791671372', 'neutron.db.l3_hascheduler_db._notify_l3_agent_ha_port_update-8755791671390', 'neutron.services.segments.plugin.NovaSegmentNotifier._notify_port_updated-9302708'] for port, after_update {{(pid=106353) _notify_loop /usr/local/lib/python3.8/dist-packages/neutron_lib/callbacks/manager.py:175}}
Oct 21 11:45:33.250059 dv-cinder-814898-1-iscsi neutron-server[106352]: INFO neutron.wsgi [req-c371af50-3a82-47ee-af30-f611682914c6 req-304302fe-0bca-47a3-8a2a-a0908aab5e26 tempest-DeleteServersTestJSON-1770418935 tempest-DeleteServersTestJSON-1770418935-project] 10.222.0.24 "GET /v2.0/security-groups?id=3be2d795-eef2-4f1e-96ad-bf0566a4c873&fields=id&fields=name HTTP/1.1" status: 200 len: 286 time: 0.3569584
Oct 21 11:45:33.250905 dv-cinder-814898-1-iscsi neutron-server[106352]: DEBUG neutron_lib.callbacks.manager [None req-108a218a-e669-4000-aca3-d053d51edf7b tempest-AttachVolumeShelveTestJSON-1045550076 tempest-AttachVolumeShelveTestJSON-1045550076-project] Publish callbacks [] for security_group_rule, before_create {{(pid=106352) _notify_loop /usr/local/lib/python3.8/dist-packages/neutron_lib/callbacks/manager.py:175}}
Oct 21 11:45:33.261579 dv-cinder-814898-1-iscsi neutron-server[106353]: DEBUG neutron_lib.callbacks.manager [None req-3fd221cd-355f-4eff-b628-7fd2d53df054 admin admin] Publish callbacks ['neutron.plugins.ml2.ovo_rpc._ObjectChangeHandler.handle_event-349899'] for security_group, after_delete {{(pid=106353) _notify_loop /usr/local/lib/python3.8/dist-packages/neutron_lib/callbacks/manager.py:175}}
Oct 21 11:45:33.264757 dv-cinder-814898-1-iscsi neutron-server[106353]: DEBUG neutron_lib.callbacks.manager [None req-3fd221cd-355f-4eff-b628-7fd2d53df054 admin admin] Publish callbacks [] for security_group, before_response {{(pid=106353) _notify_loop /usr/local/lib/python3.8/dist-packages/neutron_lib/callbacks/manager.py:175}}
Oct 21 11:45:33.266350 dv-cinder-814898-1-iscsi neutron-server[106353]: INFO neutron.wsgi [None req-3fd221cd-355f-4eff-b628-7fd2d53df054 admin admin] 10.222.0.24 "DELETE /v2.0/security-groups/9fa5ba75-315a-4bce-ad75-1bade397369d HTTP/1.1" status: 204 len: 168 time: 0.6235919
Oct 21 11:45:33.384015 dv-cinder-814898-1-iscsi neutron-server[106353]: DEBUG neutron.api.rpc.handlers.resources_rpc [None req-3fd221cd-355f-4eff-b628-7fd2d53df054 admin admin] Pushing event deleted for resources: {'SecurityGroup': ['ID=9fa5ba75-315a-4bce-ad75-1bade397369d,revision_number=None']} {{(pid=106353) push /opt/stack/neutron/neutron/api/rpc/handlers/resources_rpc.py:237}}
Oct 21 11:45:33.386900 dv-cinder-814898-1-iscsi neutron-server[106353]: DEBUG neutron_lib.callbacks.manager [None req-748f28fe-6055-49fd-b963-145dc213823a admin admin] Publish callbacks ['neutron.plugins.ml2.ovo_rpc._ObjectChangeHandler.handle_event-349899'] for security_group, after_delete {{(pid=106353) _notify_loop /usr/local/lib/python3.8/dist-packages/neutron_lib/callbacks/manager.py:175}}
Oct 21 11:45:33.389786 dv-cinder-814898-1-iscsi neutron-server[106353]: DEBUG neutron_lib.callbacks.manager [None req-748f28fe-6055-49fd-b963-145dc213823a admin admin] Publish callbacks [] for security_group, before_response {{(pid=106353) _notify_loop /usr/local/lib/python3.8/dist-packages/neutron_lib/callbacks/manager.py:175}}
Oct 21 11:45:33.392282 dv-cinder-814898-1-iscsi neutron-server[106353]: INFO neutron.wsgi [None req-748f28fe-6055-49fd-b963-145dc213823a admin admin] 10.222.0.24 "DELETE /v2.0/security-groups/47b5fe49-8383-4ee4-b135-9e33a78df601 HTTP/1.1" status: 204 len: 168 time: 0.9405372
Oct 21 11:45:33.412318 dv-cinder-814898-1-iscsi neutron-server[106353]: DEBUG neutron.api.rpc.handlers.resources_rpc [None req-748f28fe-6055-49fd-b963-145dc213823a admin admin] Pushing event deleted for resources: {'SecurityGroup': ['ID=47b5fe49-8383-4ee4-b135-9e33a78df601,revision_number=None']} {{(pid=106353) push /opt/stack/neutron/neutron/api/rpc/handlers/resources_rpc.py:237}}
Oct 21 11:45:33.517617 dv-cinder-814898-1-iscsi neutron-server[106353]: DEBUG neutron.api.rpc.handlers.resources_rpc [None req-dee4d174-aaf6-47c9-86e3-bf3a7b455ea6 service neutron] Pushing event updated for resources: {'Port': ['ID=d559b90e-9222-44dd-8dd1-4b12e70ddcfd,revision_number=2']} {{(pid=106353) push /opt/stack/neutron/neutron/api/rpc/handlers/resources_rpc.py:237}}
Oct 21 11:45:33.528684 dv-cinder-814898-1-iscsi neutron-server[106352]: INFO neutron.wsgi [req-569f8ae4-b585-4b0c-a83b-617cfdd5e1d5 req-48e97426-98d5-4869-a359-188cbe00fa3b service neutron] 10.222.0.47 "GET /v2.0/networks/424deba6-bccd-4605-85ac-925b0a293982?fields=provider%3Aphysical_network&fields=provider%3Anetwork_type HTTP/1.1" status: 200 len: 281 time: 0.4298675
Oct 21 11:45:33.564696 dv-cinder-814898-1-iscsi neutron-server[106352]: DEBUG neutron_lib.callbacks.manager [None req-108a218a-e669-4000-aca3-d053d51edf7b tempest-AttachVolumeShelveTestJSON-1045550076 tempest-AttachVolumeShelveTestJSON-1045550076-project] Publish callbacks [] for security_group_rule, precommit_create {{(pid=106352) _notify_loop /usr/local/lib/python3.8/dist-packages/neutron_lib/callbacks/manager.py:175}}
Oct 21 11:45:33.576668 dv-cinder-814898-1-iscsi neutron-server[106352]: DEBUG neutron_lib.callbacks.manager [None req-108a218a-e669-4000-aca3-d053d51edf7b tempest-AttachVolumeShelveTestJSON-1045550076 tempest-AttachVolumeShelveTestJSON-1045550076-project] Publish callbacks ['neutron.plugins.ml2.ovo_rpc._ObjectChangeHandler.handle_event-349820'] for security_group_rule, after_create {{(pid=106352) _notify_loop /usr/local/lib/python3.8/dist-packages/neutron_lib/callbacks/manager.py:175}}
Oct 21 11:45:33.617737 dv-cinder-814898-1-iscsi neutron-server[106352]: DEBUG neutron.api.rpc.handlers.resources_rpc [None req-108a218a-e669-4000-aca3-d053d51edf7b tempest-AttachVolumeShelveTestJSON-1045550076 tempest-AttachVolumeShelveTestJSON-1045550076-project] Pushing event updated for resources: {'SecurityGroupRule': ['ID=2f17ff8f-5965-4503-a548-ce2804db5a29,revision_number=0']} {{(pid=106352) push /opt/stack/neutron/neutron/api/rpc/handlers/resources_rpc.py:237}}
Oct 21 11:45:33.648880 dv-cinder-814898-1-iscsi neutron-server[106352]: DEBUG neutron_lib.callbacks.manager [None req-108a218a-e669-4000-aca3-d053d51edf7b tempest-AttachVolumeShelveTestJSON-1045550076 tempest-AttachVolumeShelveTestJSON-1045550076-project] Publish callbacks [] for security_group_rule, before_response {{(pid=106352) _notify_loop /usr/local/lib/python3.8/dist-packages/neutron_lib/callbacks/manager.py:175}}
Oct 21 11:45:33.651895 dv-cinder-814898-1-iscsi neutron-server[106352]: INFO neutron.wsgi [None req-108a218a-e669-4000-aca3-d053d51edf7b tempest-AttachVolumeShelveTestJSON-1045550076 tempest-AttachVolumeShelveTestJSON-1045550076-project] 10.222.0.24 "POST /v2.0/security-group-rules HTTP/1.1" status: 201 len: 764 time: 0.8831763
Oct 21 11:45:33.687159 dv-cinder-814898-1-iscsi neutron-server[106352]: DEBUG neutron.wsgi [-] (106352) accepted ('10.222.0.24', 45062) {{(pid=106352) server /usr/local/lib/python3.8/dist-packages/eventlet/wsgi.py:982}}
Oct 21 11:45:33.701325 dv-cinder-814898-1-iscsi neutron-server[106352]: DEBUG neutron.api.v2.base [None req-e93b9592-d5fd-487c-a3cd-6e9f014ec928 tempest-AttachVolumeShelveTestJSON-1045550076 tempest-AttachVolumeShelveTestJSON-1045550076-project] Request body: {'security_group_rule': {'security_group_id': 'e7ae379c-e0cc-497c-a962-d51405350f73', 'protocol': 'icmp', 'ethertype': 'IPv4', 'direction': 'ingress'}} {{(pid=106352) prepare_request_body /opt/stack/neutron/neutron/api/v2/base.py:729}}
Oct 21 11:45:33.844488 dv-cinder-814898-1-iscsi neutron-server[106353]: DEBUG neutron.plugins.ml2.managers [req-59c3159c-af5a-4736-82a6-8a9898be5160 req-dee4d174-aaf6-47c9-86e3-bf3a7b455ea6 service neutron] Attempting to bind port d559b90e-9222-44dd-8dd1-4b12e70ddcfd on host hv-cinder-81489 for vnic_type normal with profile {{(pid=106353) bind_port /opt/stack/neutron/neutron/plugins/ml2/managers.py:795}}
Oct 21 11:45:33.847389 dv-cinder-814898-1-iscsi neutron-server[106353]: DEBUG neutron.plugins.ml2.managers [req-59c3159c-af5a-4736-82a6-8a9898be5160 req-dee4d174-aaf6-47c9-86e3-bf3a7b455ea6 service neutron] Attempting to bind port d559b90e-9222-44dd-8dd1-4b12e70ddcfd by drivers openvswitch,hyperv on host hv-cinder-81489 at level 0 using segments [{'id': '969bc0d8-be41-469a-8894-e2ad1c8eafc9', 'network_type': 'vlan', 'physical_network': 'physnet1', 'segmentation_id': 745, 'network_id': 'ec023b71-aece-4abc-87ff-2dfa1c9f77ce'}] {{(pid=106353) _bind_port_level /opt/stack/neutron/neutron/plugins/ml2/managers.py:820}}
Oct 21 11:45:33.847942 dv-cinder-814898-1-iscsi neutron-server[106353]: DEBUG neutron.plugins.ml2.drivers.mech_agent [req-59c3159c-af5a-4736-82a6-8a9898be5160 req-dee4d174-aaf6-47c9-86e3-bf3a7b455ea6 service neutron] Attempting to bind port d559b90e-9222-44dd-8dd1-4b12e70ddcfd on network ec023b71-aece-4abc-87ff-2dfa1c9f77ce {{(pid=106353) bind_port /opt/stack/neutron/neutron/plugins/ml2/drivers/mech_agent.py:91}}
Oct 21 11:45:33.868471 dv-cinder-814898-1-iscsi neutron-server[106353]: DEBUG neutron.plugins.ml2.drivers.mech_agent [req-59c3159c-af5a-4736-82a6-8a9898be5160 req-dee4d174-aaf6-47c9-86e3-bf3a7b455ea6 service neutron] Port d559b90e-9222-44dd-8dd1-4b12e70ddcfd on network ec023b71-aece-4abc-87ff-2dfa1c9f77ce not bound, no agent of type Open vSwitch agent registered on host hv-cinder-81489 {{(pid=106353) bind_port /opt/stack/neutron/neutron/plugins/ml2/drivers/mech_agent.py:103}}
Oct 21 11:45:33.869165 dv-cinder-814898-1-iscsi neutron-server[106353]: DEBUG neutron.plugins.ml2.drivers.mech_agent [req-59c3159c-af5a-4736-82a6-8a9898be5160 req-dee4d174-aaf6-47c9-86e3-bf3a7b455ea6 service neutron] Attempting to bind port d559b90e-9222-44dd-8dd1-4b12e70ddcfd on network ec023b71-aece-4abc-87ff-2dfa1c9f77ce {{(pid=106353) bind_port /opt/stack/neutron/neutron/plugins/ml2/drivers/mech_agent.py:91}}
Oct 21 11:45:33.909132 dv-cinder-814898-1-iscsi neutron-server[106353]: DEBUG neutron.plugins.ml2.drivers.mech_agent [req-59c3159c-af5a-4736-82a6-8a9898be5160 req-dee4d174-aaf6-47c9-86e3-bf3a7b455ea6 service neutron] Checking agent: {'id': '8225af87-056e-450c-847a-819ccf8e2307', 'agent_type': 'HyperV agent', 'binary': 'neutron-hyperv-agent', 'topic': 'N/A', 'host': 'hv-cinder-81489', 'admin_state_up': True, 'created_at': datetime.datetime(2021, 10, 21, 11, 43, 21), 'started_at': datetime.datetime(2021, 10, 21, 11, 43, 21), 'heartbeat_timestamp': datetime.datetime(2021, 10, 21, 11, 45, 21), 'description': None, 'resources_synced': None, 'availability_zone': None, 'alive': True, 'configurations': {'vswitch_mappings': {'physnet1$': 'br-data'}}, 'resource_versions': {}} {{(pid=106353) bind_port /opt/stack/neutron/neutron/plugins/ml2/drivers/mech_agent.py:110}}
Oct 21 11:45:33.909909 dv-cinder-814898-1-iscsi neutron-server[106353]: DEBUG neutron.plugins.ml2.drivers.mech_agent [req-59c3159c-af5a-4736-82a6-8a9898be5160 req-dee4d174-aaf6-47c9-86e3-bf3a7b455ea6 service neutron] Checking segment: {'id': '969bc0d8-be41-469a-8894-e2ad1c8eafc9', 'network_type': 'vlan', 'physical_network': 'physnet1', 'segmentation_id': 745, 'network_id': 'ec023b71-aece-4abc-87ff-2dfa1c9f77ce'} for mappings: {'physnet1$': 'br-data'} with network types: ['local', 'flat', 'vlan'] {{(pid=106353) check_segment_for_agent /opt/stack/neutron/neutron/plugins/ml2/drivers/mech_agent.py:358}}
Oct 21 11:45:33.910701 dv-cinder-814898-1-iscsi neutron-server[106353]: DEBUG neutron.plugins.ml2.drivers.mech_agent [req-59c3159c-af5a-4736-82a6-8a9898be5160 req-dee4d174-aaf6-47c9-86e3-bf3a7b455ea6 service neutron] Bound using segment: {'id': '969bc0d8-be41-469a-8894-e2ad1c8eafc9', 'network_type': 'vlan', 'physical_network': 'physnet1', 'segmentation_id': 745, 'network_id': 'ec023b71-aece-4abc-87ff-2dfa1c9f77ce'} {{(pid=106353) bind_port /opt/stack/neutron/neutron/plugins/ml2/drivers/mech_agent.py:120}}
Oct 21 11:45:33.911728 dv-cinder-814898-1-iscsi neutron-server[106353]: DEBUG neutron.plugins.ml2.managers [req-59c3159c-af5a-4736-82a6-8a9898be5160 req-dee4d174-aaf6-47c9-86e3-bf3a7b455ea6 service neutron] Bound port: d559b90e-9222-44dd-8dd1-4b12e70ddcfd, host: hv-cinder-81489, vif_type: hyperv, vif_details: {"connectivity": "legacy", "port_filter": false}, binding_levels: [{'bound_driver': 'hyperv', 'bound_segment': {'id': '969bc0d8-be41-469a-8894-e2ad1c8eafc9', 'network_type': 'vlan', 'physical_network': 'physnet1', 'segmentation_id': 745, 'network_id': 'ec023b71-aece-4abc-87ff-2dfa1c9f77ce'}}] {{(pid=106353) _bind_port_level /opt/stack/neutron/neutron/plugins/ml2/managers.py:933}}
Oct 21 11:45:33.912341 dv-cinder-814898-1-iscsi neutron-server[106353]: DEBUG neutron_lib.callbacks.manager [req-59c3159c-af5a-4736-82a6-8a9898be5160 req-dee4d174-aaf6-47c9-86e3-bf3a7b455ea6 service neutron] Publish callbacks ['neutron.plugins.ml2.plugin.SecurityGroupDbMixin._ensure_default_security_group_handler-660747'] for port, before_update {{(pid=106353) _notify_loop /usr/local/lib/python3.8/dist-packages/neutron_lib/callbacks/manager.py:175}}
Oct 21 11:45:33.919673 dv-cinder-814898-1-iscsi neutron-server[106353]: DEBUG neutron_lib.callbacks.manager [req-e68b071c-c168-482e-83fc-8f7048dc27cb req-7c555e00-daaa-4234-921f-9f83d60ffc50 tempest-ServerRescueNegativeTestJSON-1960821732 tempest-ServerRescueNegativeTestJSON-1960821732-project] Publish callbacks [] for port, precommit_create {{(pid=106353) _notify_loop /usr/local/lib/python3.8/dist-packages/neutron_lib/callbacks/manager.py:175}}
Oct 21 11:45:34.016722 dv-cinder-814898-1-iscsi neutron-server[106353]: DEBUG neutron.plugins.ml2.db [req-59c3159c-af5a-4736-82a6-8a9898be5160 req-dee4d174-aaf6-47c9-86e3-bf3a7b455ea6 service neutron] For port d559b90e-9222-44dd-8dd1-4b12e70ddcfd, host hv-cinder-81489, cleared binding levels {{(pid=106353) clear_binding_levels /opt/stack/neutron/neutron/plugins/ml2/db.py:87}}
Oct 21 11:45:34.026938 dv-cinder-814898-1-iscsi neutron-server[106353]: DEBUG neutron.plugins.ml2.db [req-59c3159c-af5a-4736-82a6-8a9898be5160 req-dee4d174-aaf6-47c9-86e3-bf3a7b455ea6 service neutron] For port d559b90e-9222-44dd-8dd1-4b12e70ddcfd, host hv-cinder-81489, set binding levels [PortBindingLevel(driver='hyperv',host='hv-cinder-81489',level=0,port_id=d559b90e-9222-44dd-8dd1-4b12e70ddcfd,segment=NetworkSegment(969bc0d8-be41-469a-8894-e2ad1c8eafc9),segment_id=969bc0d8-be41-469a-8894-e2ad1c8eafc9)] {{(pid=106353) set_binding_levels /opt/stack/neutron/neutron/plugins/ml2/db.py:59}}
