Oct 15 19:45:17.216427 dv-cinder-814214-1-smb devstack@c-api.service[113687]: INFO cinder.api.openstack.wsgi [None req-387ce98a-888c-4b57-8265-f6bcb4afbcc7 tempest-VolumesTransfersV355Test-696809546 tempest-VolumesTransfersV355Test-696809546-project] http://10.222.0.32/volume/v3/bf74709ef31045f39a6e1b618aee06f1/volumes/b1f6ef45-7178-42a9-9bc1-dc54842dcffb returned with HTTP 200
Oct 15 19:45:17.216768 dv-cinder-814214-1-smb devstack@c-api.service[113688]: /usr/local/lib/python3.8/dist-packages/oslo_context/context.py:105: DeprecationWarning: Policy enforcement is depending on the value of is_admin. This key is deprecated. Please update your policy file to use the standard policy values.
Oct 15 19:45:17.216768 dv-cinder-814214-1-smb devstack@c-api.service[113688]: warnings.warn('Policy enforcement is depending on the value of '
Oct 15 19:45:17.216901 dv-cinder-814214-1-smb devstack@c-api.service[113687]: [pid: 113687|app: 0|req: 211/386] 10.222.0.32 () {60 vars in 1365 bytes} [Fri Oct 15 19:45:17 2021] GET /volume/v3/bf74709ef31045f39a6e1b618aee06f1/volumes/b1f6ef45-7178-42a9-9bc1-dc54842dcffb => generated 1023 bytes in 61 msecs (HTTP/1.1 200) 7 headers in 287 bytes (2 switches on core 0)
Oct 15 19:45:17.221150 dv-cinder-814214-1-smb devstack@c-api.service[113687]: INFO cinder.api.openstack.wsgi [None req-954ea6b9-1e91-4da1-badd-ec1cc2aa5fae tempest-VolumesTransfersV355Test-696809546 tempest-VolumesTransfersV355Test-696809546-project] GET http://10.222.0.32/volume/v3/bf74709ef31045f39a6e1b618aee06f1/volume-transfers/042e0902-9279-4a28-bae5-aaf9cc4a46eb
Oct 15 19:45:17.221603 dv-cinder-814214-1-smb devstack@c-api.service[113687]: DEBUG cinder.api.openstack.wsgi [None req-954ea6b9-1e91-4da1-badd-ec1cc2aa5fae tempest-VolumesTransfersV355Test-696809546 tempest-VolumesTransfersV355Test-696809546-project] Empty body provided in request {{(pid=113687) get_body /opt/stack/cinder/cinder/api/openstack/wsgi.py:703}}
Oct 15 19:45:17.221788 dv-cinder-814214-1-smb devstack@c-api.service[113687]: /usr/local/lib/python3.8/dist-packages/webob/acceptparse.py:1047: DeprecationWarning: The behavior of AcceptValidHeader.best_match is currently being maintained for backward compatibility, but it will be deprecated in the future, as it does not conform to the RFC.
Oct 15 19:45:17.221788 dv-cinder-814214-1-smb devstack@c-api.service[113687]: warnings.warn(
Oct 15 19:45:17.222345 dv-cinder-814214-1-smb devstack@c-api.service[113687]: DEBUG cinder.api.openstack.wsgi [None req-954ea6b9-1e91-4da1-badd-ec1cc2aa5fae tempest-VolumesTransfersV355Test-696809546 tempest-VolumesTransfersV355Test-696809546-project] Calling method 'show' {{(pid=113687) _process_stack /opt/stack/cinder/cinder/api/openstack/wsgi.py:856}}
Oct 15 19:45:17.224218 dv-cinder-814214-1-smb devstack@c-api.service[113688]: INFO cinder.api.openstack.wsgi [None req-0163c22c-dc03-425d-8830-cd8802771214 tempest-GroupSnapshotsTest-2116208982 tempest-GroupSnapshotsTest-2116208982-project] http://10.222.0.32/volume/v3/5a9615da11304034a38935ac9da261ad/volumes/detail returned with HTTP 200
Oct 15 19:45:17.226118 dv-cinder-814214-1-smb devstack@c-api.service[113688]: [pid: 113688|app: 0|req: 176/387] 10.222.0.32 () {60 vars in 1275 bytes} [Fri Oct 15 19:45:17 2021] GET /volume/v3/5a9615da11304034a38935ac9da261ad/volumes/detail => generated 1003 bytes in 102 msecs (HTTP/1.1 200) 7 headers in 287 bytes (1 switches on core 0)
Oct 15 19:45:17.235684 dv-cinder-814214-1-smb devstack@c-api.service[113687]: INFO cinder.api.openstack.wsgi [None req-954ea6b9-1e91-4da1-badd-ec1cc2aa5fae tempest-VolumesTransfersV355Test-696809546 tempest-VolumesTransfersV355Test-696809546-project] http://10.222.0.32/volume/v3/bf74709ef31045f39a6e1b618aee06f1/volume-transfers/042e0902-9279-4a28-bae5-aaf9cc4a46eb returned with HTTP 200
Oct 15 19:45:17.241530 dv-cinder-814214-1-smb devstack@c-api.service[113687]: [pid: 113687|app: 0|req: 212/388] 10.222.0.32 () {58 vars in 1351 bytes} [Fri Oct 15 19:45:17 2021] GET /volume/v3/bf74709ef31045f39a6e1b618aee06f1/volume-transfers/042e0902-9279-4a28-bae5-aaf9cc4a46eb => generated 475 bytes in 21 msecs (HTTP/1.1 200) 7 headers in 285 bytes (2 switches on core 0)
Oct 15 19:45:17.241709 dv-cinder-814214-1-smb devstack@c-api.service[113688]: INFO cinder.api.openstack.wsgi [None req-31cfc839-3244-4a87-ad50-dc103bbfff62 tempest-GroupSnapshotsTest-2116208982 tempest-GroupSnapshotsTest-2116208982-project] POST http://10.222.0.32/volume/v3/5a9615da11304034a38935ac9da261ad/groups/43f9f21b-b534-4635-97e3-257622333d51/action
Oct 15 19:45:17.241709 dv-cinder-814214-1-smb devstack@c-api.service[113688]: /usr/local/lib/python3.8/dist-packages/webob/acceptparse.py:1047: DeprecationWarning: The behavior of AcceptValidHeader.best_match is currently being maintained for backward compatibility, but it will be deprecated in the future, as it does not conform to the RFC.
Oct 15 19:45:17.241709 dv-cinder-814214-1-smb devstack@c-api.service[113688]: warnings.warn(
Oct 15 19:45:17.241709 dv-cinder-814214-1-smb devstack@c-api.service[113688]: DEBUG cinder.api.openstack.wsgi [None req-31cfc839-3244-4a87-ad50-dc103bbfff62 tempest-GroupSnapshotsTest-2116208982 tempest-GroupSnapshotsTest-2116208982-project] Action body: b'{"delete": {"delete-volumes": true}}' {{(pid=113688) get_method /opt/stack/cinder/cinder/api/openstack/wsgi.py:971}}
Oct 15 19:45:17.241709 dv-cinder-814214-1-smb devstack@c-api.service[113688]: DEBUG cinder.api.openstack.wsgi [None req-31cfc839-3244-4a87-ad50-dc103bbfff62 tempest-GroupSnapshotsTest-2116208982 tempest-GroupSnapshotsTest-2116208982-project] Action: 'action', calling method: delete_group, body: {"delete": {"delete-volumes": true}} {{(pid=113688) _process_stack /opt/stack/cinder/cinder/api/openstack/wsgi.py:854}}
Oct 15 19:45:17.255649 dv-cinder-814214-1-smb devstack@c-api.service[113688]: DEBUG cinder.api.v3.groups [None req-31cfc839-3244-4a87-ad50-dc103bbfff62 tempest-GroupSnapshotsTest-2116208982 tempest-GroupSnapshotsTest-2116208982-project] delete called for group 43f9f21b-b534-4635-97e3-257622333d51 {{(pid=113688) _delete /opt/stack/cinder/cinder/api/v3/groups.py:117}}
Oct 15 19:45:17.255649 dv-cinder-814214-1-smb devstack@c-api.service[113688]: INFO cinder.api.v3.groups [None req-31cfc839-3244-4a87-ad50-dc103bbfff62 tempest-GroupSnapshotsTest-2116208982 tempest-GroupSnapshotsTest-2116208982-project] Delete group with id: 43f9f21b-b534-4635-97e3-257622333d51
Oct 15 19:45:17.256095 dv-cinder-814214-1-smb devstack@c-api.service[113687]: INFO cinder.api.openstack.wsgi [None req-907db75a-dbd0-40b9-9d64-7729f723cbb0 tempest-VolumesTransfersV355Test-696809546 tempest-VolumesTransfersV355Test-696809546-project] GET http://10.222.0.32/volume/v3/bf74709ef31045f39a6e1b618aee06f1/volume-transfers
Oct 15 19:45:17.256095 dv-cinder-814214-1-smb devstack@c-api.service[113687]: DEBUG cinder.api.openstack.wsgi [None req-907db75a-dbd0-40b9-9d64-7729f723cbb0 tempest-VolumesTransfersV355Test-696809546 tempest-VolumesTransfersV355Test-696809546-project] Empty body provided in request {{(pid=113687) get_body /opt/stack/cinder/cinder/api/openstack/wsgi.py:703}}
Oct 15 19:45:17.256095 dv-cinder-814214-1-smb devstack@c-api.service[113687]: DEBUG cinder.api.openstack.wsgi [None req-907db75a-dbd0-40b9-9d64-7729f723cbb0 tempest-VolumesTransfersV355Test-696809546 tempest-VolumesTransfersV355Test-696809546-project] Calling method 'index' {{(pid=113687) _process_stack /opt/stack/cinder/cinder/api/openstack/wsgi.py:856}}
Oct 15 19:45:17.256095 dv-cinder-814214-1-smb devstack@c-api.service[113687]: DEBUG cinder.api.v3.volume_transfer [None req-907db75a-dbd0-40b9-9d64-7729f723cbb0 tempest-VolumesTransfersV355Test-696809546 tempest-VolumesTransfersV355Test-696809546-project] Listing volume transfers {{(pid=113687) _get_transfers /opt/stack/cinder/cinder/api/v3/volume_transfer.py:51}}
Oct 15 19:45:17.259419 dv-cinder-814214-1-smb devstack@c-api.service[113688]: /usr/local/lib/python3.8/dist-packages/oslo_context/context.py:105: DeprecationWarning: Policy enforcement is depending on the value of is_admin. This key is deprecated. Please update your policy file to use the standard policy values.
Oct 15 19:45:17.259419 dv-cinder-814214-1-smb devstack@c-api.service[113688]: warnings.warn('Policy enforcement is depending on the value of '
Oct 15 19:45:17.275854 dv-cinder-814214-1-smb devstack@c-api.service[113687]: INFO cinder.api.openstack.wsgi [None req-907db75a-dbd0-40b9-9d64-7729f723cbb0 tempest-VolumesTransfersV355Test-696809546 tempest-VolumesTransfersV355Test-696809546-project] http://10.222.0.32/volume/v3/bf74709ef31045f39a6e1b618aee06f1/volume-transfers returned with HTTP 200
Oct 15 19:45:17.275854 dv-cinder-814214-1-smb devstack@c-api.service[113687]: [pid: 113687|app: 0|req: 213/389] 10.222.0.32 () {58 vars in 1240 bytes} [Fri Oct 15 19:45:17 2021] GET /volume/v3/bf74709ef31045f39a6e1b618aee06f1/volume-transfers => generated 434 bytes in 28 msecs (HTTP/1.1 200) 7 headers in 285 bytes (1 switches on core 0)
Oct 15 19:45:17.499543 dv-cinder-814214-1-smb devstack@c-api.service[113687]: INFO cinder.api.openstack.wsgi [None req-50d6a935-17c8-4cb3-ac4b-6d13914ee993 tempest-VolumesTransfersV355Test-242768344 tempest-VolumesTransfersV355Test-242768344-project] POST http://10.222.0.32/volume/v3/7dd3959c4d834bf3adf2a9730ef97f36/volume-transfers/042e0902-9279-4a28-bae5-aaf9cc4a46eb/accept
Oct 15 19:45:17.500218 dv-cinder-814214-1-smb devstack@c-api.service[113687]: DEBUG cinder.api.openstack.wsgi [None req-50d6a935-17c8-4cb3-ac4b-6d13914ee993 tempest-VolumesTransfersV355Test-242768344 tempest-VolumesTransfersV355Test-242768344-project] Action: 'accept', calling method: accept, body: {"accept": {"auth_key": "be333fb94f8a3bd1"}} {{(pid=113687) _process_stack /opt/stack/cinder/cinder/api/openstack/wsgi.py:854}}
Oct 15 19:45:17.501746 dv-cinder-814214-1-smb devstack@c-api.service[113687]: DEBUG cinder.api.contrib.volume_transfer [None req-50d6a935-17c8-4cb3-ac4b-6d13914ee993 tempest-VolumesTransfersV355Test-242768344 tempest-VolumesTransfersV355Test-242768344-project] Accepting volume transfer 042e0902-9279-4a28-bae5-aaf9cc4a46eb {{(pid=113687) accept /opt/stack/cinder/cinder/api/contrib/volume_transfer.py:115}}
Oct 15 19:45:17.502041 dv-cinder-814214-1-smb devstack@c-api.service[113687]: INFO cinder.api.contrib.volume_transfer [None req-50d6a935-17c8-4cb3-ac4b-6d13914ee993 tempest-VolumesTransfersV355Test-242768344 tempest-VolumesTransfersV355Test-242768344-project] Accepting transfer 042e0902-9279-4a28-bae5-aaf9cc4a46eb
Oct 15 19:45:17.578683 dv-cinder-814214-1-smb devstack@c-api.service[113688]: INFO cinder.api.openstack.wsgi [None req-31cfc839-3244-4a87-ad50-dc103bbfff62 tempest-GroupSnapshotsTest-2116208982 tempest-GroupSnapshotsTest-2116208982-project] http://10.222.0.32/volume/v3/5a9615da11304034a38935ac9da261ad/groups/43f9f21b-b534-4635-97e3-257622333d51/action returned with HTTP 202
Oct 15 19:45:17.582947 dv-cinder-814214-1-smb devstack@c-api.service[113688]: [pid: 113688|app: 0|req: 177/390] 10.222.0.32 () {62 vars in 1404 bytes} [Fri Oct 15 19:45:17 2021] POST /volume/v3/5a9615da11304034a38935ac9da261ad/groups/43f9f21b-b534-4635-97e3-257622333d51/action => generated 0 bytes in 344 msecs (HTTP/1.1 202) 6 headers in 234 bytes (1 switches on core 0)
Oct 15 19:45:17.588093 dv-cinder-814214-1-smb devstack@c-api.service[113688]: INFO cinder.api.openstack.wsgi [None req-dba98f99-fb7a-4941-9c4c-c38b12eda0e1 tempest-GroupSnapshotsTest-2116208982 tempest-GroupSnapshotsTest-2116208982-project] GET http://10.222.0.32/volume/v3/5a9615da11304034a38935ac9da261ad/volumes/90fc79be-c2e8-4478-9ba8-a4ac08c807fb
Oct 15 19:45:17.588585 dv-cinder-814214-1-smb devstack@c-api.service[113688]: DEBUG cinder.api.openstack.wsgi [None req-dba98f99-fb7a-4941-9c4c-c38b12eda0e1 tempest-GroupSnapshotsTest-2116208982 tempest-GroupSnapshotsTest-2116208982-project] Empty body provided in request {{(pid=113688) get_body /opt/stack/cinder/cinder/api/openstack/wsgi.py:703}}
Oct 15 19:45:17.588754 dv-cinder-814214-1-smb devstack@c-api.service[113688]: /usr/local/lib/python3.8/dist-packages/webob/acceptparse.py:1047: DeprecationWarning: The behavior of AcceptValidHeader.best_match is currently being maintained for backward compatibility, but it will be deprecated in the future, as it does not conform to the RFC.
Oct 15 19:45:17.588754 dv-cinder-814214-1-smb devstack@c-api.service[113688]: warnings.warn(
Oct 15 19:45:17.589113 dv-cinder-814214-1-smb devstack@c-api.service[113688]: DEBUG cinder.api.openstack.wsgi [None req-dba98f99-fb7a-4941-9c4c-c38b12eda0e1 tempest-GroupSnapshotsTest-2116208982 tempest-GroupSnapshotsTest-2116208982-project] Calling method 'show' {{(pid=113688) _process_stack /opt/stack/cinder/cinder/api/openstack/wsgi.py:856}}
Oct 15 19:45:17.617352 dv-cinder-814214-1-smb devstack@c-api.service[113688]: /usr/local/lib/python3.8/dist-packages/oslo_context/context.py:105: DeprecationWarning: Policy enforcement is depending on the value of is_admin. This key is deprecated. Please update your policy file to use the standard policy values.
Oct 15 19:45:17.617352 dv-cinder-814214-1-smb devstack@c-api.service[113688]: warnings.warn('Policy enforcement is depending on the value of '
Oct 15 19:45:17.635561 dv-cinder-814214-1-smb devstack@c-api.service[113688]: INFO cinder.volume.api [None req-dba98f99-fb7a-4941-9c4c-c38b12eda0e1 tempest-GroupSnapshotsTest-2116208982 tempest-GroupSnapshotsTest-2116208982-project] Volume info retrieved successfully.
Oct 15 19:45:17.637863 dv-cinder-814214-1-smb devstack@c-api.service[113688]: WARNING stevedore.named [None req-dba98f99-fb7a-4941-9c4c-c38b12eda0e1 tempest-GroupSnapshotsTest-2116208982 tempest-GroupSnapshotsTest-2116208982-project] Could not load cinder.keymgr.conf_key_mgr.ConfKeyManager
Oct 15 19:45:17.638248 dv-cinder-814214-1-smb devstack@c-api.service[113688]: WARNING castellan.key_manager [None req-dba98f99-fb7a-4941-9c4c-c38b12eda0e1 tempest-GroupSnapshotsTest-2116208982 tempest-GroupSnapshotsTest-2116208982-project] Deprecation Warning : cinder.keymgr.conf_key_mgr.ConfKeyManager is not a stevedore based driver, trying to load it as a class: stevedore.exception.NoMatches: No 'castellan.drivers' driver found, looking for 'cinder.keymgr.conf_key_mgr.ConfKeyManager'
Oct 15 19:45:17.645625 dv-cinder-814214-1-smb devstack@c-api.service[113688]: DEBUG oslo_db.sqlalchemy.engines [None req-dba98f99-fb7a-4941-9c4c-c38b12eda0e1 tempest-GroupSnapshotsTest-2116208982 tempest-GroupSnapshotsTest-2116208982-project] MySQL server mode set to STRICT_TRANS_TABLES,STRICT_ALL_TABLES,NO_ZERO_IN_DATE,NO_ZERO_DATE,ERROR_FOR_DIVISION_BY_ZERO,TRADITIONAL,NO_ENGINE_SUBSTITUTION {{(pid=113688) _check_effective_sql_mode /usr/local/lib/python3.8/dist-packages/oslo_db/sqlalchemy/engines.py:314}}
Oct 15 19:45:17.651434 dv-cinder-814214-1-smb devstack@c-api.service[113688]: /usr/local/lib/python3.8/dist-packages/oslo_context/context.py:105: DeprecationWarning: Policy enforcement is depending on the value of is_admin. This key is deprecated. Please update your policy file to use the standard policy values.
Oct 15 19:45:17.651434 dv-cinder-814214-1-smb devstack@c-api.service[113688]: warnings.warn('Policy enforcement is depending on the value of '
Oct 15 19:45:17.665867 dv-cinder-814214-1-smb devstack@c-api.service[113688]: INFO cinder.api.openstack.wsgi [None req-dba98f99-fb7a-4941-9c4c-c38b12eda0e1 tempest-GroupSnapshotsTest-2116208982 tempest-GroupSnapshotsTest-2116208982-project] http://10.222.0.32/volume/v3/5a9615da11304034a38935ac9da261ad/volumes/90fc79be-c2e8-4478-9ba8-a4ac08c807fb returned with HTTP 200
Oct 15 19:45:17.666726 dv-cinder-814214-1-smb devstack@c-api.service[113688]: [pid: 113688|app: 0|req: 178/391] 10.222.0.32 () {60 vars in 1365 bytes} [Fri Oct 15 19:45:17 2021] GET /volume/v3/5a9615da11304034a38935ac9da261ad/volumes/90fc79be-c2e8-4478-9ba8-a4ac08c807fb => generated 999 bytes in 83 msecs (HTTP/1.1 200) 7 headers in 286 bytes (2 switches on core 0)
Oct 15 19:45:17.670591 dv-cinder-814214-1-smb devstack@c-api.service[113688]: INFO cinder.api.openstack.wsgi [None req-66c58e61-248c-4594-9df9-f095678232a3 tempest-VolumesCloneTest-326146623 tempest-VolumesCloneTest-326146623-project] GET http://10.222.0.32/volume/v3/4fcf2bad5c3c4757ac7ba8f61046fe2a/volumes/a7fbdc4e-82da-4c11-98d8-49d349cd048a
Oct 15 19:45:17.677560 dv-cinder-814214-1-smb devstack@c-api.service[113688]: DEBUG cinder.api.openstack.wsgi [None req-66c58e61-248c-4594-9df9-f095678232a3 tempest-VolumesCloneTest-326146623 tempest-VolumesCloneTest-326146623-project] Empty body provided in request {{(pid=113688) get_body /opt/stack/cinder/cinder/api/openstack/wsgi.py:703}}
Oct 15 19:45:17.677847 dv-cinder-814214-1-smb devstack@c-api.service[113688]: /usr/local/lib/python3.8/dist-packages/webob/acceptparse.py:1047: DeprecationWarning: The behavior of AcceptValidHeader.best_match is currently being maintained for backward compatibility, but it will be deprecated in the future, as it does not conform to the RFC.
Oct 15 19:45:17.677847 dv-cinder-814214-1-smb devstack@c-api.service[113688]: warnings.warn(
Oct 15 19:45:17.682100 dv-cinder-814214-1-smb devstack@c-api.service[113688]: DEBUG cinder.api.openstack.wsgi [None req-66c58e61-248c-4594-9df9-f095678232a3 tempest-VolumesCloneTest-326146623 tempest-VolumesCloneTest-326146623-project] Calling method 'show' {{(pid=113688) _process_stack /opt/stack/cinder/cinder/api/openstack/wsgi.py:856}}
Oct 15 19:45:17.694858 dv-cinder-814214-1-smb devstack@c-api.service[113688]: INFO cinder.api.openstack.wsgi [None req-66c58e61-248c-4594-9df9-f095678232a3 tempest-VolumesCloneTest-326146623 tempest-VolumesCloneTest-326146623-project] http://10.222.0.32/volume/v3/4fcf2bad5c3c4757ac7ba8f61046fe2a/volumes/a7fbdc4e-82da-4c11-98d8-49d349cd048a returned with HTTP 404
Oct 15 19:45:17.696058 dv-cinder-814214-1-smb devstack@c-api.service[113688]: [pid: 113688|app: 0|req: 179/392] 10.222.0.32 () {58 vars in 1324 bytes} [Fri Oct 15 19:45:17 2021] GET /volume/v3/4fcf2bad5c3c4757ac7ba8f61046fe2a/volumes/a7fbdc4e-82da-4c11-98d8-49d349cd048a => generated 109 bytes in 29 msecs (HTTP/1.1 404) 7 headers in 292 bytes (1 switches on core 0)
Oct 15 19:45:17.702676 dv-cinder-814214-1-smb devstack@c-api.service[113688]: INFO cinder.api.openstack.wsgi [None req-18ad8764-e0aa-4c06-ab78-c5f170abbb02 tempest-VolumesCloneTest-326146623 tempest-VolumesCloneTest-326146623-project] DELETE http://10.222.0.32/volume/v3/4fcf2bad5c3c4757ac7ba8f61046fe2a/volumes/887d6a64-e05c-45cb-9525-14e7cfa1e7dd
Oct 15 19:45:17.703114 dv-cinder-814214-1-smb devstack@c-api.service[113688]: DEBUG cinder.api.openstack.wsgi [None req-18ad8764-e0aa-4c06-ab78-c5f170abbb02 tempest-VolumesCloneTest-326146623 tempest-VolumesCloneTest-326146623-project] Empty body provided in request {{(pid=113688) get_body /opt/stack/cinder/cinder/api/openstack/wsgi.py:703}}
Oct 15 19:45:17.703514 dv-cinder-814214-1-smb devstack@c-api.service[113688]: DEBUG cinder.api.openstack.wsgi [None req-18ad8764-e0aa-4c06-ab78-c5f170abbb02 tempest-VolumesCloneTest-326146623 tempest-VolumesCloneTest-326146623-project] Calling method 'delete' {{(pid=113688) _process_stack /opt/stack/cinder/cinder/api/openstack/wsgi.py:856}}
Oct 15 19:45:17.703896 dv-cinder-814214-1-smb devstack@c-api.service[113688]: INFO cinder.api.v3.volumes [None req-18ad8764-e0aa-4c06-ab78-c5f170abbb02 tempest-VolumesCloneTest-326146623 tempest-VolumesCloneTest-326146623-project] Delete volume with id: 887d6a64-e05c-45cb-9525-14e7cfa1e7dd
Oct 15 19:45:17.717307 dv-cinder-814214-1-smb devstack@c-api.service[113688]: /usr/local/lib/python3.8/dist-packages/oslo_context/context.py:105: DeprecationWarning: Policy enforcement is depending on the value of is_admin. This key is deprecated. Please update your policy file to use the standard policy values.
Oct 15 19:45:17.717307 dv-cinder-814214-1-smb devstack@c-api.service[113688]: warnings.warn('Policy enforcement is depending on the value of '
Oct 15 19:45:17.718436 dv-cinder-814214-1-smb devstack@c-api.service[113688]: INFO cinder.volume.api [None req-18ad8764-e0aa-4c06-ab78-c5f170abbb02 tempest-VolumesCloneTest-326146623 tempest-VolumesCloneTest-326146623-project] Volume info retrieved successfully.
Oct 15 19:45:17.859188 dv-cinder-814214-1-smb devstack@c-api.service[113687]: DEBUG cinder.quota [None req-50d6a935-17c8-4cb3-ac4b-6d13914ee993 tempest-VolumesTransfersV355Test-242768344 tempest-VolumesTransfersV355Test-242768344-project] Created reservations ['162eeb4f-100c-4973-a142-66eaf75d1340', '4acda727-99ba-4cbd-86f4-380448741f03', '093d14c4-db87-4f6f-b556-e424631a3485', '8c3f9748-497e-49a4-927f-4dcc7a7835ba'] {{(pid=113687) reserve /opt/stack/cinder/cinder/quota.py:755}}
Oct 15 19:45:17.967636 dv-cinder-814214-1-smb devstack@c-api.service[113687]: DEBUG cinder.quota [None req-50d6a935-17c8-4cb3-ac4b-6d13914ee993 tempest-VolumesTransfersV355Test-242768344 tempest-VolumesTransfersV355Test-242768344-project] Created reservations ['1e7e01ff-822f-45d6-b42f-302615c9fed2', 'c73f9d6d-280e-4f54-9741-f97d8cd0a186', 'a65f7acb-9fbf-490e-a86d-3dbe96cbc1f7', '0c1d4350-f718-4568-b2ae-5fc6ab355749'] {{(pid=113687) reserve /opt/stack/cinder/cinder/quota.py:755}}
Oct 15 19:45:17.970981 dv-cinder-814214-1-smb devstack@c-api.service[113688]: INFO cinder.volume.api [None req-18ad8764-e0aa-4c06-ab78-c5f170abbb02 tempest-VolumesCloneTest-326146623 tempest-VolumesCloneTest-326146623-project] Delete volume request issued successfully.
Oct 15 19:45:17.972039 dv-cinder-814214-1-smb devstack@c-api.service[113688]: INFO cinder.api.openstack.wsgi [None req-18ad8764-e0aa-4c06-ab78-c5f170abbb02 tempest-VolumesCloneTest-326146623 tempest-VolumesCloneTest-326146623-project] http://10.222.0.32/volume/v3/4fcf2bad5c3c4757ac7ba8f61046fe2a/volumes/887d6a64-e05c-45cb-9525-14e7cfa1e7dd returned with HTTP 202
Oct 15 19:45:17.973399 dv-cinder-814214-1-smb devstack@c-api.service[113688]: [pid: 113688|app: 0|req: 180/393] 10.222.0.32 () {58 vars in 1327 bytes} [Fri Oct 15 19:45:17 2021] DELETE /volume/v3/4fcf2bad5c3c4757ac7ba8f61046fe2a/volumes/887d6a64-e05c-45cb-9525-14e7cfa1e7dd => generated 0 bytes in 274 msecs (HTTP/1.1 202) 6 headers in 233 bytes (2 switches on core 0)
Oct 15 19:45:17.988413 dv-cinder-814214-1-smb devstack@c-api.service[113688]: INFO cinder.api.openstack.wsgi [None req-f6c640a9-79b3-46fb-8ad7-a7faa2c990a0 tempest-VolumesCloneTest-326146623 tempest-VolumesCloneTest-326146623-project] GET http://10.222.0.32/volume/v3/4fcf2bad5c3c4757ac7ba8f61046fe2a/volumes/887d6a64-e05c-45cb-9525-14e7cfa1e7dd
Oct 15 19:45:17.989392 dv-cinder-814214-1-smb devstack@c-api.service[113688]: DEBUG cinder.api.openstack.wsgi [None req-f6c640a9-79b3-46fb-8ad7-a7faa2c990a0 tempest-VolumesCloneTest-326146623 tempest-VolumesCloneTest-326146623-project] Empty body provided in request {{(pid=113688) get_body /opt/stack/cinder/cinder/api/openstack/wsgi.py:703}}
Oct 15 19:45:17.990280 dv-cinder-814214-1-smb devstack@c-api.service[113688]: /usr/local/lib/python3.8/dist-packages/webob/acceptparse.py:1047: DeprecationWarning: The behavior of AcceptValidHeader.best_match is currently being maintained for backward compatibility, but it will be deprecated in the future, as it does not conform to the RFC.
Oct 15 19:45:17.990280 dv-cinder-814214-1-smb devstack@c-api.service[113688]: warnings.warn(
Oct 15 19:45:17.991104 dv-cinder-814214-1-smb devstack@c-api.service[113688]: DEBUG cinder.api.openstack.wsgi [None req-f6c640a9-79b3-46fb-8ad7-a7faa2c990a0 tempest-VolumesCloneTest-326146623 tempest-VolumesCloneTest-326146623-project] Calling method 'show' {{(pid=113688) _process_stack /opt/stack/cinder/cinder/api/openstack/wsgi.py:856}}
Oct 15 19:45:18.008569 dv-cinder-814214-1-smb devstack@c-api.service[113688]: /usr/local/lib/python3.8/dist-packages/oslo_context/context.py:105: DeprecationWarning: Policy enforcement is depending on the value of is_admin. This key is deprecated. Please update your policy file to use the standard policy values.
Oct 15 19:45:18.008569 dv-cinder-814214-1-smb devstack@c-api.service[113688]: warnings.warn('Policy enforcement is depending on the value of '
Oct 15 19:45:18.018588 dv-cinder-814214-1-smb devstack@c-api.service[113688]: INFO cinder.volume.api [None req-f6c640a9-79b3-46fb-8ad7-a7faa2c990a0 tempest-VolumesCloneTest-326146623 tempest-VolumesCloneTest-326146623-project] Volume info retrieved successfully.
Oct 15 19:45:18.032865 dv-cinder-814214-1-smb devstack@c-api.service[113688]: INFO cinder.api.openstack.wsgi [None req-f6c640a9-79b3-46fb-8ad7-a7faa2c990a0 tempest-VolumesCloneTest-326146623 tempest-VolumesCloneTest-326146623-project] http://10.222.0.32/volume/v3/4fcf2bad5c3c4757ac7ba8f61046fe2a/volumes/887d6a64-e05c-45cb-9525-14e7cfa1e7dd returned with HTTP 200
Oct 15 19:45:18.034177 dv-cinder-814214-1-smb devstack@c-api.service[113688]: [pid: 113688|app: 0|req: 181/394] 10.222.0.32 () {58 vars in 1324 bytes} [Fri Oct 15 19:45:17 2021] GET /volume/v3/4fcf2bad5c3c4757ac7ba8f61046fe2a/volumes/887d6a64-e05c-45cb-9525-14e7cfa1e7dd => generated 1389 bytes in 50 msecs (HTTP/1.1 200) 7 headers in 286 bytes (1 switches on core 0)
Oct 15 19:45:18.248733 dv-cinder-814214-1-smb devstack@c-api.service[113687]: DEBUG cinder.quota [None req-50d6a935-17c8-4cb3-ac4b-6d13914ee993 tempest-VolumesTransfersV355Test-242768344 tempest-VolumesTransfersV355Test-242768344-project] Created reservations ['ba15c2f4-076f-42b0-a5d4-63816cbb527d', 'c342b8f8-94b4-4b9e-9cc2-d83a5676cf9f', '220bc9da-e929-4e8b-a0aa-32ad858bbfec', 'b3c883e8-7934-4e8b-abfd-d9d8fc16f4a0'] {{(pid=113687) reserve /opt/stack/cinder/cinder/quota.py:755}}
Oct 15 19:45:18.494702 dv-cinder-814214-1-smb devstack@c-api.service[113687]: DEBUG cinder.quota [None req-50d6a935-17c8-4cb3-ac4b-6d13914ee993 tempest-VolumesTransfersV355Test-242768344 tempest-VolumesTransfersV355Test-242768344-project] Created reservations ['1ebf7957-af6e-4132-b293-f8b583ae0153', '81369b02-6bc1-4f08-b24e-1ba8146f469b', '36813225-b93e-44c3-9be9-0b853e25aab9', 'b21c29af-bf03-427f-93a3-8318cbc16035'] {{(pid=113687) reserve /opt/stack/cinder/cinder/quota.py:755}}
Oct 15 19:45:18.497184 dv-cinder-814214-1-smb devstack@c-api.service[113687]: /usr/local/lib/python3.8/dist-packages/oslo_context/context.py:105: DeprecationWarning: Policy enforcement is depending on the value of is_admin. This key is deprecated. Please update your policy file to use the standard policy values.
Oct 15 19:45:18.497184 dv-cinder-814214-1-smb devstack@c-api.service[113687]: warnings.warn('Policy enforcement is depending on the value of '
Oct 15 19:45:18.523989 dv-cinder-814214-1-smb devstack@c-api.service[113687]: INFO cinder.volume.api [None req-50d6a935-17c8-4cb3-ac4b-6d13914ee993 tempest-VolumesTransfersV355Test-242768344 tempest-VolumesTransfersV355Test-242768344-project] Transfer volume completed successfully.
Oct 15 19:45:18.682039 dv-cinder-814214-1-smb devstack@c-api.service[113688]: INFO cinder.api.openstack.wsgi [None req-d365c08d-5299-4493-a321-850a7568c045 tempest-GroupSnapshotsTest-2116208982 tempest-GroupSnapshotsTest-2116208982-project] GET http://10.222.0.32/volume/v3/5a9615da11304034a38935ac9da261ad/volumes/90fc79be-c2e8-4478-9ba8-a4ac08c807fb
Oct 15 19:45:18.682526 dv-cinder-814214-1-smb devstack@c-api.service[113688]: DEBUG cinder.api.openstack.wsgi [None req-d365c08d-5299-4493-a321-850a7568c045 tempest-GroupSnapshotsTest-2116208982 tempest-GroupSnapshotsTest-2116208982-project] Empty body provided in request {{(pid=113688) get_body /opt/stack/cinder/cinder/api/openstack/wsgi.py:703}}
Oct 15 19:45:18.682705 dv-cinder-814214-1-smb devstack@c-api.service[113688]: /usr/local/lib/python3.8/dist-packages/webob/acceptparse.py:1047: DeprecationWarning: The behavior of AcceptValidHeader.best_match is currently being maintained for backward compatibility, but it will be deprecated in the future, as it does not conform to the RFC.
Oct 15 19:45:18.682705 dv-cinder-814214-1-smb devstack@c-api.service[113688]: warnings.warn(
Oct 15 19:45:18.683012 dv-cinder-814214-1-smb devstack@c-api.service[113688]: DEBUG cinder.api.openstack.wsgi [None req-d365c08d-5299-4493-a321-850a7568c045 tempest-GroupSnapshotsTest-2116208982 tempest-GroupSnapshotsTest-2116208982-project] Calling method 'show' {{(pid=113688) _process_stack /opt/stack/cinder/cinder/api/openstack/wsgi.py:856}}
Oct 15 19:45:18.693311 dv-cinder-814214-1-smb devstack@c-api.service[113688]: INFO cinder.api.openstack.wsgi [None req-d365c08d-5299-4493-a321-850a7568c045 tempest-GroupSnapshotsTest-2116208982 tempest-GroupSnapshotsTest-2116208982-project] http://10.222.0.32/volume/v3/5a9615da11304034a38935ac9da261ad/volumes/90fc79be-c2e8-4478-9ba8-a4ac08c807fb returned with HTTP 404
Oct 15 19:45:18.694414 dv-cinder-814214-1-smb devstack@c-api.service[113688]: [pid: 113688|app: 0|req: 182/395] 10.222.0.32 () {60 vars in 1365 bytes} [Fri Oct 15 19:45:18 2021] GET /volume/v3/5a9615da11304034a38935ac9da261ad/volumes/90fc79be-c2e8-4478-9ba8-a4ac08c807fb => generated 109 bytes in 16 msecs (HTTP/1.1 404) 7 headers in 293 bytes (2 switches on core 0)
Oct 15 19:45:18.701988 dv-cinder-814214-1-smb devstack@c-api.service[113688]: INFO cinder.api.openstack.wsgi [None req-f3f4ed75-34a9-44a1-9e2e-e14f29a75dee tempest-GroupSnapshotsTest-2116208982 tempest-GroupSnapshotsTest-2116208982-project] GET http://10.222.0.32/volume/v3/5a9615da11304034a38935ac9da261ad/groups/43f9f21b-b534-4635-97e3-257622333d51
Oct 15 19:45:18.702471 dv-cinder-814214-1-smb devstack@c-api.service[113688]: DEBUG cinder.api.openstack.wsgi [None req-f3f4ed75-34a9-44a1-9e2e-e14f29a75dee tempest-GroupSnapshotsTest-2116208982 tempest-GroupSnapshotsTest-2116208982-project] Empty body provided in request {{(pid=113688) get_body /opt/stack/cinder/cinder/api/openstack/wsgi.py:703}}
Oct 15 19:45:18.702873 dv-cinder-814214-1-smb devstack@c-api.service[113688]: DEBUG cinder.api.openstack.wsgi [None req-f3f4ed75-34a9-44a1-9e2e-e14f29a75dee tempest-GroupSnapshotsTest-2116208982 tempest-GroupSnapshotsTest-2116208982-project] Calling method 'version_select' {{(pid=113688) _process_stack /opt/stack/cinder/cinder/api/openstack/wsgi.py:856}}
Oct 15 19:45:18.703213 dv-cinder-814214-1-smb devstack@c-api.service[113688]: DEBUG cinder.api.v3.groups [None req-f3f4ed75-34a9-44a1-9e2e-e14f29a75dee tempest-GroupSnapshotsTest-2116208982 tempest-GroupSnapshotsTest-2116208982-project] show called for member 43f9f21b-b534-4635-97e3-257622333d51 {{(pid=113688) show /opt/stack/cinder/cinder/api/v3/groups.py:58}}
Oct 15 19:45:18.708685 dv-cinder-814214-1-smb devstack@c-api.service[113688]: /usr/local/lib/python3.8/dist-packages/oslo_context/context.py:105: DeprecationWarning: Policy enforcement is depending on the value of is_admin. This key is deprecated. Please update your policy file to use the standard policy values.
Oct 15 19:45:18.708685 dv-cinder-814214-1-smb devstack@c-api.service[113688]: warnings.warn('Policy enforcement is depending on the value of '
Oct 15 19:45:18.731618 dv-cinder-814214-1-smb devstack@c-api.service[113688]: INFO cinder.api.openstack.wsgi [None req-f3f4ed75-34a9-44a1-9e2e-e14f29a75dee tempest-GroupSnapshotsTest-2116208982 tempest-GroupSnapshotsTest-2116208982-project] http://10.222.0.32/volume/v3/5a9615da11304034a38935ac9da261ad/groups/43f9f21b-b534-4635-97e3-257622333d51 returned with HTTP 200
Oct 15 19:45:18.732367 dv-cinder-814214-1-smb devstack@c-api.service[113688]: [pid: 113688|app: 0|req: 183/396] 10.222.0.32 () {60 vars in 1362 bytes} [Fri Oct 15 19:45:18 2021] GET /volume/v3/5a9615da11304034a38935ac9da261ad/groups/43f9f21b-b534-4635-97e3-257622333d51 => generated 392 bytes in 34 msecs (HTTP/1.1 200) 7 headers in 286 bytes (2 switches on core 0)
Oct 15 19:45:19.065068 dv-cinder-814214-1-smb devstack@c-api.service[113688]: INFO cinder.api.openstack.wsgi [None req-0066e9a9-577c-4ab6-8382-e27812214d6e tempest-VolumesCloneTest-326146623 tempest-VolumesCloneTest-326146623-project] GET http://10.222.0.32/volume/v3/4fcf2bad5c3c4757ac7ba8f61046fe2a/volumes/887d6a64-e05c-45cb-9525-14e7cfa1e7dd
Oct 15 19:45:19.065068 dv-cinder-814214-1-smb devstack@c-api.service[113688]: DEBUG cinder.api.openstack.wsgi [None req-0066e9a9-577c-4ab6-8382-e27812214d6e tempest-VolumesCloneTest-326146623 tempest-VolumesCloneTest-326146623-project] Empty body provided in request {{(pid=113688) get_body /opt/stack/cinder/cinder/api/openstack/wsgi.py:703}}
Oct 15 19:45:19.065068 dv-cinder-814214-1-smb devstack@c-api.service[113688]: /usr/local/lib/python3.8/dist-packages/webob/acceptparse.py:1047: DeprecationWarning: The behavior of AcceptValidHeader.best_match is currently being maintained for backward compatibility, but it will be deprecated in the future, as it does not conform to the RFC.
Oct 15 19:45:19.065068 dv-cinder-814214-1-smb devstack@c-api.service[113688]: warnings.warn(
Oct 15 19:45:19.065068 dv-cinder-814214-1-smb devstack@c-api.service[113688]: DEBUG cinder.api.openstack.wsgi [None req-0066e9a9-577c-4ab6-8382-e27812214d6e tempest-VolumesCloneTest-326146623 tempest-VolumesCloneTest-326146623-project] Calling method 'show' {{(pid=113688) _process_stack /opt/stack/cinder/cinder/api/openstack/wsgi.py:856}}
Oct 15 19:45:19.065068 dv-cinder-814214-1-smb devstack@c-api.service[113688]: INFO cinder.api.openstack.wsgi [None req-0066e9a9-577c-4ab6-8382-e27812214d6e tempest-VolumesCloneTest-326146623 tempest-VolumesCloneTest-326146623-project] http://10.222.0.32/volume/v3/4fcf2bad5c3c4757ac7ba8f61046fe2a/volumes/887d6a64-e05c-45cb-9525-14e7cfa1e7dd returned with HTTP 404
Oct 15 19:45:19.065068 dv-cinder-814214-1-smb devstack@c-api.service[113688]: [pid: 113688|app: 0|req: 184/397] 10.222.0.32 () {58 vars in 1324 bytes} [Fri Oct 15 19:45:19 2021] GET /volume/v3/4fcf2bad5c3c4757ac7ba8f61046fe2a/volumes/887d6a64-e05c-45cb-9525-14e7cfa1e7dd => generated 109 bytes in 17 msecs (HTTP/1.1 404) 7 headers in 292 bytes (2 switches on core 0)
Oct 15 19:45:19.070199 dv-cinder-814214-1-smb devstack@c-api.service[113688]: INFO cinder.api.openstack.wsgi [None req-013db9f3-1823-4160-9398-0ebfbf645616 tempest-VolumesCloneTest-326146623 tempest-VolumesCloneTest-326146623-project] DELETE http://10.222.0.32/volume/v3/4fcf2bad5c3c4757ac7ba8f61046fe2a/volumes/fec480f8-ce23-40a3-8ef7-da43b004357d
Oct 15 19:45:19.070794 dv-cinder-814214-1-smb devstack@c-api.service[113688]: DEBUG cinder.api.openstack.wsgi [None req-013db9f3-1823-4160-9398-0ebfbf645616 tempest-VolumesCloneTest-326146623 tempest-VolumesCloneTest-326146623-project] Empty body provided in request {{(pid=113688) get_body /opt/stack/cinder/cinder/api/openstack/wsgi.py:703}}
Oct 15 19:45:19.071744 dv-cinder-814214-1-smb devstack@c-api.service[113688]: DEBUG cinder.api.openstack.wsgi [None req-013db9f3-1823-4160-9398-0ebfbf645616 tempest-VolumesCloneTest-326146623 tempest-VolumesCloneTest-326146623-project] Calling method 'delete' {{(pid=113688) _process_stack /opt/stack/cinder/cinder/api/openstack/wsgi.py:856}}
Oct 15 19:45:19.071744 dv-cinder-814214-1-smb devstack@c-api.service[113688]: INFO cinder.api.v3.volumes [None req-013db9f3-1823-4160-9398-0ebfbf645616 tempest-VolumesCloneTest-326146623 tempest-VolumesCloneTest-326146623-project] Delete volume with id: fec480f8-ce23-40a3-8ef7-da43b004357d
Oct 15 19:45:19.087307 dv-cinder-814214-1-smb devstack@c-api.service[113688]: /usr/local/lib/python3.8/dist-packages/oslo_context/context.py:105: DeprecationWarning: Policy enforcement is depending on the value of is_admin. This key is deprecated. Please update your policy file to use the standard policy values.
Oct 15 19:45:19.087307 dv-cinder-814214-1-smb devstack@c-api.service[113688]: warnings.warn('Policy enforcement is depending on the value of '
Oct 15 19:45:19.088504 dv-cinder-814214-1-smb devstack@c-api.service[113688]: INFO cinder.volume.api [None req-013db9f3-1823-4160-9398-0ebfbf645616 tempest-VolumesCloneTest-326146623 tempest-VolumesCloneTest-326146623-project] Volume info retrieved successfully.
Oct 15 19:45:19.632968 dv-cinder-814214-1-smb devstack@c-api.service[113687]: INFO cinder.transfer.api [None req-50d6a935-17c8-4cb3-ac4b-6d13914ee993 tempest-VolumesTransfersV355Test-242768344 tempest-VolumesTransfersV355Test-242768344-project] Volume b1f6ef45-7178-42a9-9bc1-dc54842dcffb has been transferred.
Oct 15 19:45:19.643967 dv-cinder-814214-1-smb devstack@c-api.service[113688]: INFO cinder.volume.api [None req-013db9f3-1823-4160-9398-0ebfbf645616 tempest-VolumesCloneTest-326146623 tempest-VolumesCloneTest-326146623-project] Delete volume request issued successfully.
Oct 15 19:45:19.643967 dv-cinder-814214-1-smb devstack@c-api.service[113688]: INFO cinder.api.openstack.wsgi [None req-013db9f3-1823-4160-9398-0ebfbf645616 tempest-VolumesCloneTest-326146623 tempest-VolumesCloneTest-326146623-project] http://10.222.0.32/volume/v3/4fcf2bad5c3c4757ac7ba8f61046fe2a/volumes/fec480f8-ce23-40a3-8ef7-da43b004357d returned with HTTP 202
Oct 15 19:45:19.643967 dv-cinder-814214-1-smb devstack@c-api.service[113688]: [pid: 113688|app: 0|req: 185/398] 10.222.0.32 () {58 vars in 1327 bytes} [Fri Oct 15 19:45:19 2021] DELETE /volume/v3/4fcf2bad5c3c4757ac7ba8f61046fe2a/volumes/fec480f8-ce23-40a3-8ef7-da43b004357d => generated 0 bytes in 574 msecs (HTTP/1.1 202) 6 headers in 233 bytes (2 switches on core 0)
Oct 15 19:45:19.647713 dv-cinder-814214-1-smb devstack@c-api.service[113687]: INFO cinder.api.openstack.wsgi [None req-50d6a935-17c8-4cb3-ac4b-6d13914ee993 tempest-VolumesTransfersV355Test-242768344 tempest-VolumesTransfersV355Test-242768344-project] http://10.222.0.32/volume/v3/7dd3959c4d834bf3adf2a9730ef97f36/volume-transfers/042e0902-9279-4a28-bae5-aaf9cc4a46eb/accept returned with HTTP 202
Oct 15 19:45:19.647980 dv-cinder-814214-1-smb devstack@c-api.service[113688]: INFO cinder.api.openstack.wsgi [None req-0e5fae1e-3feb-417f-82f7-38058d4cdedd tempest-VolumesCloneTest-326146623 tempest-VolumesCloneTest-326146623-project] GET http://10.222.0.32/volume/v3/4fcf2bad5c3c4757ac7ba8f61046fe2a/volumes/fec480f8-ce23-40a3-8ef7-da43b004357d
Oct 15 19:45:19.648486 dv-cinder-814214-1-smb devstack@c-api.service[113688]: DEBUG cinder.api.openstack.wsgi [None req-0e5fae1e-3feb-417f-82f7-38058d4cdedd tempest-VolumesCloneTest-326146623 tempest-VolumesCloneTest-326146623-project] Empty body provided in request {{(pid=113688) get_body /opt/stack/cinder/cinder/api/openstack/wsgi.py:703}}
Oct 15 19:45:19.648639 dv-cinder-814214-1-smb devstack@c-api.service[113688]: /usr/local/lib/python3.8/dist-packages/webob/acceptparse.py:1047: DeprecationWarning: The behavior of AcceptValidHeader.best_match is currently being maintained for backward compatibility, but it will be deprecated in the future, as it does not conform to the RFC.
Oct 15 19:45:19.648639 dv-cinder-814214-1-smb devstack@c-api.service[113688]: warnings.warn(
Oct 15 19:45:19.648942 dv-cinder-814214-1-smb devstack@c-api.service[113688]: DEBUG cinder.api.openstack.wsgi [None req-0e5fae1e-3feb-417f-82f7-38058d4cdedd tempest-VolumesCloneTest-326146623 tempest-VolumesCloneTest-326146623-project] Calling method 'show' {{(pid=113688) _process_stack /opt/stack/cinder/cinder/api/openstack/wsgi.py:856}}
Oct 15 19:45:19.653950 dv-cinder-814214-1-smb devstack@c-api.service[113687]: [pid: 113687|app: 0|req: 214/399] 10.222.0.32 () {60 vars in 1393 bytes} [Fri Oct 15 19:45:17 2021] POST /volume/v3/7dd3959c4d834bf3adf2a9730ef97f36/volume-transfers/042e0902-9279-4a28-bae5-aaf9cc4a46eb/accept => generated 431 bytes in 2372 msecs (HTTP/1.1 202) 7 headers in 291 bytes (1 switches on core 0)
Oct 15 19:45:19.658403 dv-cinder-814214-1-smb devstack@c-api.service[113687]: INFO cinder.api.openstack.wsgi [None req-7cbb321f-47f1-4dc3-9bab-958fd35cc2ee tempest-VolumesTransfersV355Test-242768344 tempest-VolumesTransfersV355Test-242768344-project] GET http://10.222.0.32/volume/v3/7dd3959c4d834bf3adf2a9730ef97f36/volumes/b1f6ef45-7178-42a9-9bc1-dc54842dcffb
Oct 15 19:45:19.659000 dv-cinder-814214-1-smb devstack@c-api.service[113687]: DEBUG cinder.api.openstack.wsgi [None req-7cbb321f-47f1-4dc3-9bab-958fd35cc2ee tempest-VolumesTransfersV355Test-242768344 tempest-VolumesTransfersV355Test-242768344-project] Empty body provided in request {{(pid=113687) get_body /opt/stack/cinder/cinder/api/openstack/wsgi.py:703}}
Oct 15 19:45:19.659376 dv-cinder-814214-1-smb devstack@c-api.service[113687]: /usr/local/lib/python3.8/dist-packages/webob/acceptparse.py:1047: DeprecationWarning: The behavior of AcceptValidHeader.best_match is currently being maintained for backward compatibility, but it will be deprecated in the future, as it does not conform to the RFC.
Oct 15 19:45:19.659376 dv-cinder-814214-1-smb devstack@c-api.service[113687]: warnings.warn(
Oct 15 19:45:19.659946 dv-cinder-814214-1-smb devstack@c-api.service[113687]: DEBUG cinder.api.openstack.wsgi [None req-7cbb321f-47f1-4dc3-9bab-958fd35cc2ee tempest-VolumesTransfersV355Test-242768344 tempest-VolumesTransfersV355Test-242768344-project] Calling method 'show' {{(pid=113687) _process_stack /opt/stack/cinder/cinder/api/openstack/wsgi.py:856}}
Oct 15 19:45:19.663553 dv-cinder-814214-1-smb devstack@c-api.service[113688]: /usr/local/lib/python3.8/dist-packages/oslo_context/context.py:105: DeprecationWarning: Policy enforcement is depending on the value of is_admin. This key is deprecated. Please update your policy file to use the standard policy values.
Oct 15 19:45:19.663553 dv-cinder-814214-1-smb devstack@c-api.service[113688]: warnings.warn('Policy enforcement is depending on the value of '
Oct 15 19:45:19.671624 dv-cinder-814214-1-smb devstack@c-api.service[113688]: INFO cinder.volume.api [None req-0e5fae1e-3feb-417f-82f7-38058d4cdedd tempest-VolumesCloneTest-326146623 tempest-VolumesCloneTest-326146623-project] Volume info retrieved successfully.
Oct 15 19:45:19.675829 dv-cinder-814214-1-smb devstack@c-api.service[113687]: /usr/local/lib/python3.8/dist-packages/oslo_context/context.py:105: DeprecationWarning: Policy enforcement is depending on the value of is_admin. This key is deprecated. Please update your policy file to use the standard policy values.
Oct 15 19:45:19.675829 dv-cinder-814214-1-smb devstack@c-api.service[113687]: warnings.warn('Policy enforcement is depending on the value of '
Oct 15 19:45:19.682329 dv-cinder-814214-1-smb devstack@c-api.service[113688]: INFO cinder.api.openstack.wsgi [None req-0e5fae1e-3feb-417f-82f7-38058d4cdedd tempest-VolumesCloneTest-326146623 tempest-VolumesCloneTest-326146623-project] http://10.222.0.32/volume/v3/4fcf2bad5c3c4757ac7ba8f61046fe2a/volumes/fec480f8-ce23-40a3-8ef7-da43b004357d returned with HTTP 200
Oct 15 19:45:19.683193 dv-cinder-814214-1-smb devstack@c-api.service[113688]: [pid: 113688|app: 0|req: 186/400] 10.222.0.32 () {58 vars in 1324 bytes} [Fri Oct 15 19:45:19 2021] GET /volume/v3/4fcf2bad5c3c4757ac7ba8f61046fe2a/volumes/fec480f8-ce23-40a3-8ef7-da43b004357d => generated 1356 bytes in 39 msecs (HTTP/1.1 200) 7 headers in 286 bytes (1 switches on core 0)
Oct 15 19:45:19.683879 dv-cinder-814214-1-smb devstack@c-api.service[113687]: INFO cinder.volume.api [None req-7cbb321f-47f1-4dc3-9bab-958fd35cc2ee tempest-VolumesTransfersV355Test-242768344 tempest-VolumesTransfersV355Test-242768344-project] Volume info retrieved successfully.
Oct 15 19:45:19.693741 dv-cinder-814214-1-smb devstack@c-api.service[113687]: INFO cinder.api.openstack.wsgi [None req-7cbb321f-47f1-4dc3-9bab-958fd35cc2ee tempest-VolumesTransfersV355Test-242768344 tempest-VolumesTransfersV355Test-242768344-project] http://10.222.0.32/volume/v3/7dd3959c4d834bf3adf2a9730ef97f36/volumes/b1f6ef45-7178-42a9-9bc1-dc54842dcffb returned with HTTP 200
Oct 15 19:45:19.694467 dv-cinder-814214-1-smb devstack@c-api.service[113687]: [pid: 113687|app: 0|req: 215/401] 10.222.0.32 () {60 vars in 1365 bytes} [Fri Oct 15 19:45:19 2021] GET /volume/v3/7dd3959c4d834bf3adf2a9730ef97f36/volumes/b1f6ef45-7178-42a9-9bc1-dc54842dcffb => generated 1015 bytes in 40 msecs (HTTP/1.1 200) 7 headers in 287 bytes (1 switches on core 0)
Oct 15 19:45:19.708681 dv-cinder-814214-1-smb devstack@c-api.service[113688]: INFO cinder.api.openstack.wsgi [None req-d6846cf2-38b2-4e9a-87c0-deebc47fa7ce tempest-VolumesTransfersV355Test-242768344 tempest-VolumesTransfersV355Test-242768344-project] GET http://10.222.0.32/volume/v3/7dd3959c4d834bf3adf2a9730ef97f36/volumes/b1f6ef45-7178-42a9-9bc1-dc54842dcffb
Oct 15 19:45:19.709161 dv-cinder-814214-1-smb devstack@c-api.service[113688]: DEBUG cinder.api.openstack.wsgi [None req-d6846cf2-38b2-4e9a-87c0-deebc47fa7ce tempest-VolumesTransfersV355Test-242768344 tempest-VolumesTransfersV355Test-242768344-project] Empty body provided in request {{(pid=113688) get_body /opt/stack/cinder/cinder/api/openstack/wsgi.py:703}}
Oct 15 19:45:19.709406 dv-cinder-814214-1-smb devstack@c-api.service[113688]: /usr/local/lib/python3.8/dist-packages/webob/acceptparse.py:1047: DeprecationWarning: The behavior of AcceptValidHeader.best_match is currently being maintained for backward compatibility, but it will be deprecated in the future, as it does not conform to the RFC.
Oct 15 19:45:19.709406 dv-cinder-814214-1-smb devstack@c-api.service[113688]: warnings.warn(
Oct 15 19:45:19.709758 dv-cinder-814214-1-smb devstack@c-api.service[113688]: DEBUG cinder.api.openstack.wsgi [None req-d6846cf2-38b2-4e9a-87c0-deebc47fa7ce tempest-VolumesTransfersV355Test-242768344 tempest-VolumesTransfersV355Test-242768344-project] Calling method 'show' {{(pid=113688) _process_stack /opt/stack/cinder/cinder/api/openstack/wsgi.py:856}}
Oct 15 19:45:19.724548 dv-cinder-814214-1-smb devstack@c-api.service[113688]: /usr/local/lib/python3.8/dist-packages/oslo_context/context.py:105: DeprecationWarning: Policy enforcement is depending on the value of is_admin. This key is deprecated. Please update your policy file to use the standard policy values.
Oct 15 19:45:19.724548 dv-cinder-814214-1-smb devstack@c-api.service[113688]: warnings.warn('Policy enforcement is depending on the value of '
Oct 15 19:45:19.732062 dv-cinder-814214-1-smb devstack@c-api.service[113688]: INFO cinder.volume.api [None req-d6846cf2-38b2-4e9a-87c0-deebc47fa7ce tempest-VolumesTransfersV355Test-242768344 tempest-VolumesTransfersV355Test-242768344-project] Volume info retrieved successfully.
Oct 15 19:45:19.740325 dv-cinder-814214-1-smb devstack@c-api.service[113688]: INFO cinder.api.openstack.wsgi [None req-d6846cf2-38b2-4e9a-87c0-deebc47fa7ce tempest-VolumesTransfersV355Test-242768344 tempest-VolumesTransfersV355Test-242768344-project] http://10.222.0.32/volume/v3/7dd3959c4d834bf3adf2a9730ef97f36/volumes/b1f6ef45-7178-42a9-9bc1-dc54842dcffb returned with HTTP 200
Oct 15 19:45:19.741029 dv-cinder-814214-1-smb devstack@c-api.service[113688]: [pid: 113688|app: 0|req: 187/402] 10.222.0.32 () {60 vars in 1365 bytes} [Fri Oct 15 19:45:19 2021] GET /volume/v3/7dd3959c4d834bf3adf2a9730ef97f36/volumes/b1f6ef45-7178-42a9-9bc1-dc54842dcffb => generated 1015 bytes in 36 msecs (HTTP/1.1 200) 7 headers in 287 bytes (1 switches on core 0)
Oct 15 19:45:19.744484 dv-cinder-814214-1-smb devstack@c-api.service[113687]: INFO cinder.api.openstack.wsgi [None req-96851fc2-6a0a-455c-a40c-ac72776470a0 tempest-GroupSnapshotsTest-2116208982 tempest-GroupSnapshotsTest-2116208982-project] GET http://10.222.0.32/volume/v3/5a9615da11304034a38935ac9da261ad/groups/43f9f21b-b534-4635-97e3-257622333d51
Oct 15 19:45:19.745223 dv-cinder-814214-1-smb devstack@c-api.service[113687]: DEBUG cinder.api.openstack.wsgi [None req-96851fc2-6a0a-455c-a40c-ac72776470a0 tempest-GroupSnapshotsTest-2116208982 tempest-GroupSnapshotsTest-2116208982-project] Empty body provided in request {{(pid=113687) get_body /opt/stack/cinder/cinder/api/openstack/wsgi.py:703}}
Oct 15 19:45:19.745389 dv-cinder-814214-1-smb devstack@c-api.service[113687]: /usr/local/lib/python3.8/dist-packages/webob/acceptparse.py:1047: DeprecationWarning: The behavior of AcceptValidHeader.best_match is currently being maintained for backward compatibility, but it will be deprecated in the future, as it does not conform to the RFC.
Oct 15 19:45:19.745389 dv-cinder-814214-1-smb devstack@c-api.service[113687]: warnings.warn(
Oct 15 19:45:19.745719 dv-cinder-814214-1-smb devstack@c-api.service[113687]: DEBUG cinder.api.openstack.wsgi [None req-96851fc2-6a0a-455c-a40c-ac72776470a0 tempest-GroupSnapshotsTest-2116208982 tempest-GroupSnapshotsTest-2116208982-project] Calling method 'version_select' {{(pid=113687) _process_stack /opt/stack/cinder/cinder/api/openstack/wsgi.py:856}}
Oct 15 19:45:19.746059 dv-cinder-814214-1-smb devstack@c-api.service[113687]: DEBUG cinder.api.v3.groups [None req-96851fc2-6a0a-455c-a40c-ac72776470a0 tempest-GroupSnapshotsTest-2116208982 tempest-GroupSnapshotsTest-2116208982-project] show called for member 43f9f21b-b534-4635-97e3-257622333d51 {{(pid=113687) show /opt/stack/cinder/cinder/api/v3/groups.py:58}}
Oct 15 19:45:19.750709 dv-cinder-814214-1-smb devstack@c-api.service[113687]: INFO cinder.api.openstack.wsgi [None req-96851fc2-6a0a-455c-a40c-ac72776470a0 tempest-GroupSnapshotsTest-2116208982 tempest-GroupSnapshotsTest-2116208982-project] http://10.222.0.32/volume/v3/5a9615da11304034a38935ac9da261ad/groups/43f9f21b-b534-4635-97e3-257622333d51 returned with HTTP 404
Oct 15 19:45:19.751539 dv-cinder-814214-1-smb devstack@c-api.service[113687]: [pid: 113687|app: 0|req: 216/403] 10.222.0.32 () {60 vars in 1362 bytes} [Fri Oct 15 19:45:19 2021] GET /volume/v3/5a9615da11304034a38935ac9da261ad/groups/43f9f21b-b534-4635-97e3-257622333d51 => generated 108 bytes in 12 msecs (HTTP/1.1 404) 7 headers in 293 bytes (2 switches on core 0)
Oct 15 19:45:19.756766 dv-cinder-814214-1-smb devstack@c-api.service[113688]: INFO cinder.api.openstack.wsgi [None req-bbf24b26-59ca-471d-99cc-7613b201104b tempest-VolumesTransfersV355Test-696809546 tempest-VolumesTransfersV355Test-696809546-project] DELETE http://10.222.0.32/volume/v3/bf74709ef31045f39a6e1b618aee06f1/volume-transfers/042e0902-9279-4a28-bae5-aaf9cc4a46eb
