Oct 14 18:00:32.730136 dv-cinder-813936-1-iscsi neutron-server[99720]: DEBUG neutron.api.rpc.callbacks.version_manager [None req-d98a7d23-2069-40e4-8ab5-f4ec7765852f None None] Tracked resource versions report:
Oct 14 18:00:32.730136 dv-cinder-813936-1-iscsi neutron-server[99720]: pushed versions:
Oct 14 18:00:32.730136 dv-cinder-813936-1-iscsi neutron-server[99720]: { 'AddressGroup': {'1.2'},
Oct 14 18:00:32.730136 dv-cinder-813936-1-iscsi neutron-server[99720]: 'ConntrackHelper': {'1.0'},
Oct 14 18:00:32.730136 dv-cinder-813936-1-iscsi neutron-server[99720]: 'Log': {'1.0'},
Oct 14 18:00:32.730136 dv-cinder-813936-1-iscsi neutron-server[99720]: 'Network': {'1.1'},
Oct 14 18:00:32.730136 dv-cinder-813936-1-iscsi neutron-server[99720]: 'Port': {'1.7'},
Oct 14 18:00:32.730136 dv-cinder-813936-1-iscsi neutron-server[99720]: 'PortForwarding': {'1.2'},
Oct 14 18:00:32.730136 dv-cinder-813936-1-iscsi neutron-server[99720]: 'QosPolicy': {'1.9'},
Oct 14 18:00:32.730136 dv-cinder-813936-1-iscsi neutron-server[99720]: 'SecurityGroup': {'1.4'},
Oct 14 18:00:32.730136 dv-cinder-813936-1-iscsi neutron-server[99720]: 'SecurityGroupRule': {'1.2'},
Oct 14 18:00:32.730136 dv-cinder-813936-1-iscsi neutron-server[99720]: 'SubPort': {'1.0'},
Oct 14 18:00:32.730136 dv-cinder-813936-1-iscsi neutron-server[99720]: 'Subnet': {'1.1'},
Oct 14 18:00:32.730136 dv-cinder-813936-1-iscsi neutron-server[99720]: 'Trunk': {'1.1'}}
Oct 14 18:00:32.730136 dv-cinder-813936-1-iscsi neutron-server[99720]: consumer versions:
Oct 14 18:00:32.730136 dv-cinder-813936-1-iscsi neutron-server[99720]: { DHCP agent@dv-cinder-813936-1-iscsi: {},
Oct 14 18:00:32.730136 dv-cinder-813936-1-iscsi neutron-server[99720]: HyperV agent@hv-cinder-81393: {},
Oct 14 18:00:32.730136 dv-cinder-813936-1-iscsi neutron-server[99720]: L3 agent@dv-cinder-813936-1-iscsi: {},
Oct 14 18:00:32.730136 dv-cinder-813936-1-iscsi neutron-server[99720]: Metadata agent@dv-cinder-813936-1-iscsi: {},
Oct 14 18:00:32.730136 dv-cinder-813936-1-iscsi neutron-server[99720]: Metering agent@dv-cinder-813936-1-iscsi: {},
Oct 14 18:00:32.730136 dv-cinder-813936-1-iscsi neutron-server[99720]: Open vSwitch agent@dv-cinder-813936-1-iscsi: { 'AddressGroup': '1.2',
Oct 14 18:00:32.730136 dv-cinder-813936-1-iscsi neutron-server[99720]: 'ConntrackHelper': '1.0',
Oct 14 18:00:32.730136 dv-cinder-813936-1-iscsi neutron-server[99720]: 'Log': '1.0',
Oct 14 18:00:32.730136 dv-cinder-813936-1-iscsi neutron-server[99720]: 'Network': '1.1',
Oct 14 18:00:32.730136 dv-cinder-813936-1-iscsi neutron-server[99720]: 'Port': '1.7',
Oct 14 18:00:32.730136 dv-cinder-813936-1-iscsi neutron-server[99720]: 'PortForwarding': '1.2',
Oct 14 18:00:32.730136 dv-cinder-813936-1-iscsi neutron-server[99720]: 'QosPolicy': '1.9',
Oct 14 18:00:32.730136 dv-cinder-813936-1-iscsi neutron-server[99720]: 'SecurityGroup': '1.4',
Oct 14 18:00:32.730136 dv-cinder-813936-1-iscsi neutron-server[99720]: 'SecurityGroupRule': '1.2',
Oct 14 18:00:32.730136 dv-cinder-813936-1-iscsi neutron-server[99720]: 'SubPort': '1.0',
Oct 14 18:00:32.730136 dv-cinder-813936-1-iscsi neutron-server[99720]: 'Subnet': '1.1',
Oct 14 18:00:32.730136 dv-cinder-813936-1-iscsi neutron-server[99720]: 'Trunk': '1.1'}}
Oct 14 18:00:32.730136 dv-cinder-813936-1-iscsi neutron-server[99720]: {{(pid=99720) report /opt/stack/neutron/neutron/api/rpc/callbacks/version_manager.py:175}}
Oct 14 18:00:32.746241 dv-cinder-813936-1-iscsi neutron-server[99720]: DEBUG neutron.scheduler.dhcp_agent_scheduler [None req-d98a7d23-2069-40e4-8ab5-f4ec7765852f None None] Network 83910de2-b586-4465-84e9-9f9658b647e4 is already hosted by enough agents. {{(pid=99720) _get_dhcp_agents_hosting_network /opt/stack/neutron/neutron/scheduler/dhcp_agent_scheduler.py:275}}
Oct 14 18:00:32.748357 dv-cinder-813936-1-iscsi neutron-server[99720]: DEBUG neutron.scheduler.base_scheduler [None req-d98a7d23-2069-40e4-8ab5-f4ec7765852f None None] Resources bound (agent type, host, resource id): {{(pid=99720) schedule /opt/stack/neutron/neutron/scheduler/base_scheduler.py:57}}
Oct 14 18:00:32.751779 dv-cinder-813936-1-iscsi neutron-server[99720]: DEBUG neutron.db.l3_dvrscheduler_db [None req-d98a7d23-2069-40e4-8ab5-f4ec7765852f None None] Received port after_create {{(pid=99720) _notify_l3_agent_new_port /opt/stack/neutron/neutron/db/l3_dvrscheduler_db.py:535}}
Oct 14 18:00:32.818103 dv-cinder-813936-1-iscsi neutron-server[99720]: DEBUG neutron.plugins.ml2.managers [None req-d98a7d23-2069-40e4-8ab5-f4ec7765852f None None] Attempting to bind port 75d3775e-44da-4a9d-ab05-ef70d46393b5 on host dv-cinder-813936-1-iscsi for vnic_type normal with profile {{(pid=99720) bind_port /opt/stack/neutron/neutron/plugins/ml2/managers.py:790}}
Oct 14 18:00:32.818788 dv-cinder-813936-1-iscsi neutron-server[99720]: DEBUG neutron.plugins.ml2.managers [None req-d98a7d23-2069-40e4-8ab5-f4ec7765852f None None] Attempting to bind port 75d3775e-44da-4a9d-ab05-ef70d46393b5 by drivers openvswitch,hyperv on host dv-cinder-813936-1-iscsi at level 0 using segments [{'id': '52ac0125-356a-4259-94e8-0d806eb069a1', 'network_type': 'vlan', 'physical_network': 'physnet1', 'segmentation_id': 569, 'network_id': '83910de2-b586-4465-84e9-9f9658b647e4'}] {{(pid=99720) _bind_port_level /opt/stack/neutron/neutron/plugins/ml2/managers.py:815}}
Oct 14 18:00:32.819417 dv-cinder-813936-1-iscsi neutron-server[99720]: DEBUG neutron.plugins.ml2.drivers.mech_agent [None req-d98a7d23-2069-40e4-8ab5-f4ec7765852f None None] Attempting to bind port 75d3775e-44da-4a9d-ab05-ef70d46393b5 on network 83910de2-b586-4465-84e9-9f9658b647e4 {{(pid=99720) bind_port /opt/stack/neutron/neutron/plugins/ml2/drivers/mech_agent.py:91}}
Oct 14 18:00:32.825489 dv-cinder-813936-1-iscsi neutron-server[99720]: DEBUG neutron.plugins.ml2.drivers.mech_agent [None req-d98a7d23-2069-40e4-8ab5-f4ec7765852f None None] Checking agent: {'id': '178d5e4a-a80b-4aaf-a110-96840ccbedbd', 'agent_type': 'Open vSwitch agent', 'binary': 'neutron-openvswitch-agent', 'topic': 'N/A', 'host': 'dv-cinder-813936-1-iscsi', 'admin_state_up': True, 'created_at': datetime.datetime(2021, 10, 14, 17, 52, 12), 'started_at': datetime.datetime(2021, 10, 14, 17, 52, 42), 'heartbeat_timestamp': datetime.datetime(2021, 10, 14, 18, 0, 12), 'description': None, 'resources_synced': None, 'availability_zone': None, 'alive': True, 'configurations': {'arp_responder_enabled': False, 'baremetal_smartnic': False, 'bridge_mappings': {'physnet1': 'br-data'}, 'datapath_type': 'system', 'devices': 0, 'enable_distributed_routing': False, 'extensions': [], 'in_distributed_mode': False, 'integration_bridge': 'br-int', 'l2_population': False, 'log_agent_heartbeats': False, 'ovs_capabilities': {'datapath_types': ['netdev', 'system'], 'iface_types': ['erspan', 'geneve', 'gre', 'internal', 'ip6erspan', 'ip6gre', 'lisp', 'patch', 'stt', 'system', 'tap', 'vxlan']}, 'ovs_hybrid_plug': False, 'resource_provider_bandwidths': {}, 'resource_provider_hypervisors': {'br-data': 'dv-cinder-813936-1-iscsi'}, 'resource_provider_inventory_defaults': {'allocation_ratio': 1.0, 'min_unit': 1, 'step_size': 1, 'reserved': 0}, 'tunnel_types': [], 'tunneling_ip': None, 'vhostuser_socket_dir': '/var/run/openvswitch'}, 'resource_versions': {'AddressGroup': '1.2', 'ConntrackHelper': '1.0', 'Log': '1.0', 'Network': '1.1', 'Port': '1.7', 'PortForwarding': '1.2', 'QosPolicy': '1.9', 'SecurityGroup': '1.4', 'SecurityGroupRule': '1.2', 'SubPort': '1.0', 'Subnet': '1.1', 'Trunk': '1.1'}} {{(pid=99720) bind_port /opt/stack/neutron/neutron/plugins/ml2/drivers/mech_agent.py:110}}
Oct 14 18:00:32.826089 dv-cinder-813936-1-iscsi neutron-server[99720]: DEBUG neutron.plugins.ml2.drivers.mech_agent [None req-d98a7d23-2069-40e4-8ab5-f4ec7765852f None None] Checking segment: {'id': '52ac0125-356a-4259-94e8-0d806eb069a1', 'network_type': 'vlan', 'physical_network': 'physnet1', 'segmentation_id': 569, 'network_id': '83910de2-b586-4465-84e9-9f9658b647e4'} for mappings: {'physnet1': 'br-data'} with network types: ['local', 'flat', 'vlan'] {{(pid=99720) check_segment_for_agent /opt/stack/neutron/neutron/plugins/ml2/drivers/mech_agent.py:358}}
Oct 14 18:00:32.826647 dv-cinder-813936-1-iscsi neutron-server[99720]: DEBUG neutron_lib.callbacks.manager [None req-d98a7d23-2069-40e4-8ab5-f4ec7765852f None None] Notify callbacks [] for ovs_bridge_name, before_read {{(pid=99720) _notify_loop /usr/local/lib/python3.8/dist-packages/neutron_lib/callbacks/manager.py:192}}
Oct 14 18:00:32.827197 dv-cinder-813936-1-iscsi neutron-server[99720]: DEBUG neutron.plugins.ml2.drivers.mech_agent [None req-d98a7d23-2069-40e4-8ab5-f4ec7765852f None None] Bound using segment: {'id': '52ac0125-356a-4259-94e8-0d806eb069a1', 'network_type': 'vlan', 'physical_network': 'physnet1', 'segmentation_id': 569, 'network_id': '83910de2-b586-4465-84e9-9f9658b647e4'} {{(pid=99720) bind_port /opt/stack/neutron/neutron/plugins/ml2/drivers/mech_agent.py:120}}
Oct 14 18:00:32.827663 dv-cinder-813936-1-iscsi neutron-server[99720]: DEBUG neutron.plugins.ml2.managers [None req-d98a7d23-2069-40e4-8ab5-f4ec7765852f None None] Bound port: 75d3775e-44da-4a9d-ab05-ef70d46393b5, host: dv-cinder-813936-1-iscsi, vif_type: ovs, vif_details: {"connectivity": "l2", "port_filter": true, "ovs_hybrid_plug": false, "datapath_type": "system", "bridge_name": "br-int"}, binding_levels: [{'bound_driver': 'openvswitch', 'bound_segment': {'id': '52ac0125-356a-4259-94e8-0d806eb069a1', 'network_type': 'vlan', 'physical_network': 'physnet1', 'segmentation_id': 569, 'network_id': '83910de2-b586-4465-84e9-9f9658b647e4'}}] {{(pid=99720) _bind_port_level /opt/stack/neutron/neutron/plugins/ml2/managers.py:928}}
Oct 14 18:00:32.828061 dv-cinder-813936-1-iscsi neutron-server[99720]: DEBUG neutron_lib.callbacks.manager [None req-d98a7d23-2069-40e4-8ab5-f4ec7765852f None None] Notify callbacks ['neutron.plugins.ml2.plugin.SecurityGroupDbMixin._ensure_default_security_group_handler-644595'] for port, before_update {{(pid=99720) _notify_loop /usr/local/lib/python3.8/dist-packages/neutron_lib/callbacks/manager.py:192}}
Oct 14 18:00:32.863308 dv-cinder-813936-1-iscsi neutron-server[99719]: DEBUG neutron.wsgi [-] (99719) accepted ('10.222.0.49', 47098) {{(pid=99719) server /usr/local/lib/python3.8/dist-packages/eventlet/wsgi.py:982}}
Oct 14 18:00:32.909619 dv-cinder-813936-1-iscsi neutron-server[99718]: DEBUG neutron.db.db_base_plugin_common [None req-8c2623f0-56d6-46fc-adf1-f717b4025ced admin admin] Allocated IP 172.27.3.213 (d72eea9d-773f-4ba1-af60-02bc446a2bfb/b0081548-82f4-4db0-bd72-f0077bc2ab2a/136923af-c6cc-4889-8e25-2ddb57fd7cfb) {{(pid=99718) _store_ip_allocation /opt/stack/neutron/neutron/db/db_base_plugin_common.py:131}}
Oct 14 18:00:32.912183 dv-cinder-813936-1-iscsi neutron-server[99720]: DEBUG neutron.plugins.ml2.db [None req-d98a7d23-2069-40e4-8ab5-f4ec7765852f None None] For port 75d3775e-44da-4a9d-ab05-ef70d46393b5, host dv-cinder-813936-1-iscsi, cleared binding levels {{(pid=99720) clear_binding_levels /opt/stack/neutron/neutron/plugins/ml2/db.py:87}}
Oct 14 18:00:32.915842 dv-cinder-813936-1-iscsi neutron-server[99720]: DEBUG neutron.plugins.ml2.db [None req-d98a7d23-2069-40e4-8ab5-f4ec7765852f None None] For port 75d3775e-44da-4a9d-ab05-ef70d46393b5, host dv-cinder-813936-1-iscsi, set binding levels [PortBindingLevel(driver='openvswitch',host='dv-cinder-813936-1-iscsi',level=0,port_id=75d3775e-44da-4a9d-ab05-ef70d46393b5,segment=NetworkSegment(52ac0125-356a-4259-94e8-0d806eb069a1),segment_id=52ac0125-356a-4259-94e8-0d806eb069a1)] {{(pid=99720) set_binding_levels /opt/stack/neutron/neutron/plugins/ml2/db.py:59}}
Oct 14 18:00:32.923996 dv-cinder-813936-1-iscsi neutron-server[99720]: DEBUG neutron_lib.callbacks.manager [None req-d98a7d23-2069-40e4-8ab5-f4ec7765852f None None] Notify callbacks ['neutron.plugins.ml2.plugin.SecurityGroupServerNotifierRpcMixin._notify_sg_on_port_change-644402', 'neutron.plugins.ml2.ovo_rpc._ObjectChangeHandler.handle_event-193746', 'neutron.api.rpc.agentnotifiers.dhcp_rpc_agent_api.DhcpAgentNotifyAPI._native_event_send_dhcp_notification-3683398', 'neutron.db.l3_db.L3RpcNotifierMixin._notify_gateway_port_ip_changed-8762486588986', 'neutron.db.l3_dvrscheduler_db._notify_l3_agent_port_update-8762486085178', 'neutron.db.l3_hascheduler_db._notify_l3_agent_ha_port_update-8762486085196'] for port, after_update {{(pid=99720) _notify_loop /usr/local/lib/python3.8/dist-packages/neutron_lib/callbacks/manager.py:192}}
Oct 14 18:00:32.997771 dv-cinder-813936-1-iscsi neutron-server[99720]: DEBUG neutron.api.rpc.handlers.resources_rpc [None req-d98a7d23-2069-40e4-8ab5-f4ec7765852f None None] Pushing event updated for resources: {'Port': ['ID=75d3775e-44da-4a9d-ab05-ef70d46393b5,revision_number=2']} {{(pid=99720) push /opt/stack/neutron/neutron/api/rpc/handlers/resources_rpc.py:237}}
Oct 14 18:00:33.048768 dv-cinder-813936-1-iscsi neutron-server[99718]: DEBUG neutron_lib.callbacks.manager [None req-8c2623f0-56d6-46fc-adf1-f717b4025ced admin admin] Notify callbacks [] for port, precommit_create {{(pid=99718) _notify_loop /usr/local/lib/python3.8/dist-packages/neutron_lib/callbacks/manager.py:192}}
Oct 14 18:00:33.126559 dv-cinder-813936-1-iscsi neutron-server[99718]: DEBUG neutron_lib.callbacks.manager [None req-8c2623f0-56d6-46fc-adf1-f717b4025ced admin admin] Notify callbacks ['neutron.plugins.ml2.plugin.SecurityGroupServerNotifierRpcMixin._notify_sg_on_port_change-644402', 'neutron.plugins.ml2.ovo_rpc._ObjectChangeHandler.handle_event-193746', 'neutron.api.rpc.agentnotifiers.dhcp_rpc_agent_api.DhcpAgentNotifyAPI._native_event_send_dhcp_notification-3683398', 'neutron.db.l3_dvrscheduler_db._notify_l3_agent_new_port-8762486085160'] for port, after_create {{(pid=99718) _notify_loop /usr/local/lib/python3.8/dist-packages/neutron_lib/callbacks/manager.py:192}}
Oct 14 18:00:33.256747 dv-cinder-813936-1-iscsi neutron-server[99718]: DEBUG neutron.api.rpc.handlers.resources_rpc [None req-8c2623f0-56d6-46fc-adf1-f717b4025ced admin admin] Pushing event updated for resources: {'Port': ['ID=136923af-c6cc-4889-8e25-2ddb57fd7cfb,revision_number=1']} {{(pid=99718) push /opt/stack/neutron/neutron/api/rpc/handlers/resources_rpc.py:237}}
Oct 14 18:00:33.260441 dv-cinder-813936-1-iscsi neutron-server[99718]: DEBUG neutron.scheduler.dhcp_agent_scheduler [None req-8c2623f0-56d6-46fc-adf1-f717b4025ced admin admin] Network d72eea9d-773f-4ba1-af60-02bc446a2bfb is already hosted by enough agents. {{(pid=99718) _get_dhcp_agents_hosting_network /opt/stack/neutron/neutron/scheduler/dhcp_agent_scheduler.py:275}}
Oct 14 18:00:33.269678 dv-cinder-813936-1-iscsi neutron-server[99718]: DEBUG neutron.scheduler.base_scheduler [None req-8c2623f0-56d6-46fc-adf1-f717b4025ced admin admin] Resources bound (agent type, host, resource id): {{(pid=99718) schedule /opt/stack/neutron/neutron/scheduler/base_scheduler.py:57}}
Oct 14 18:00:33.273086 dv-cinder-813936-1-iscsi neutron-server[99718]: DEBUG neutron.db.l3_dvrscheduler_db [None req-8c2623f0-56d6-46fc-adf1-f717b4025ced admin admin] Received port after_create {{(pid=99718) _notify_l3_agent_new_port /opt/stack/neutron/neutron/db/l3_dvrscheduler_db.py:535}}
Oct 14 18:00:33.276997 dv-cinder-813936-1-iscsi neutron-server[99718]: DEBUG neutron.api.rpc.callbacks.version_manager [None req-8c2623f0-56d6-46fc-adf1-f717b4025ced admin admin] Version for resource type AddressGroup changed None to 1.2 on consumer Open vSwitch agent@dv-cinder-813936-1-iscsi {{(pid=99718) _set_version /opt/stack/neutron/neutron/api/rpc/callbacks/version_manager.py:113}}
Oct 14 18:00:33.277353 dv-cinder-813936-1-iscsi neutron-server[99718]: DEBUG neutron.api.rpc.callbacks.version_manager [None req-8c2623f0-56d6-46fc-adf1-f717b4025ced admin admin] Version for resource type ConntrackHelper changed None to 1.0 on consumer Open vSwitch agent@dv-cinder-813936-1-iscsi {{(pid=99718) _set_version /opt/stack/neutron/neutron/api/rpc/callbacks/version_manager.py:113}}
Oct 14 18:00:33.277704 dv-cinder-813936-1-iscsi neutron-server[99718]: DEBUG neutron.api.rpc.callbacks.version_manager [None req-8c2623f0-56d6-46fc-adf1-f717b4025ced admin admin] Version for resource type Log changed None to 1.0 on consumer Open vSwitch agent@dv-cinder-813936-1-iscsi {{(pid=99718) _set_version /opt/stack/neutron/neutron/api/rpc/callbacks/version_manager.py:113}}
Oct 14 18:00:33.278045 dv-cinder-813936-1-iscsi neutron-server[99718]: DEBUG neutron.api.rpc.callbacks.version_manager [None req-8c2623f0-56d6-46fc-adf1-f717b4025ced admin admin] Version for resource type Network changed None to 1.1 on consumer Open vSwitch agent@dv-cinder-813936-1-iscsi {{(pid=99718) _set_version /opt/stack/neutron/neutron/api/rpc/callbacks/version_manager.py:113}}
Oct 14 18:00:33.278382 dv-cinder-813936-1-iscsi neutron-server[99718]: DEBUG neutron.api.rpc.callbacks.version_manager [None req-8c2623f0-56d6-46fc-adf1-f717b4025ced admin admin] Version for resource type Port changed None to 1.7 on consumer Open vSwitch agent@dv-cinder-813936-1-iscsi {{(pid=99718) _set_version /opt/stack/neutron/neutron/api/rpc/callbacks/version_manager.py:113}}
Oct 14 18:00:33.278737 dv-cinder-813936-1-iscsi neutron-server[99718]: DEBUG neutron.api.rpc.callbacks.version_manager [None req-8c2623f0-56d6-46fc-adf1-f717b4025ced admin admin] Version for resource type PortForwarding changed None to 1.2 on consumer Open vSwitch agent@dv-cinder-813936-1-iscsi {{(pid=99718) _set_version /opt/stack/neutron/neutron/api/rpc/callbacks/version_manager.py:113}}
Oct 14 18:00:33.279074 dv-cinder-813936-1-iscsi neutron-server[99718]: DEBUG neutron.api.rpc.callbacks.version_manager [None req-8c2623f0-56d6-46fc-adf1-f717b4025ced admin admin] Version for resource type QosPolicy changed None to 1.9 on consumer Open vSwitch agent@dv-cinder-813936-1-iscsi {{(pid=99718) _set_version /opt/stack/neutron/neutron/api/rpc/callbacks/version_manager.py:113}}
Oct 14 18:00:33.279408 dv-cinder-813936-1-iscsi neutron-server[99718]: DEBUG neutron.api.rpc.callbacks.version_manager [None req-8c2623f0-56d6-46fc-adf1-f717b4025ced admin admin] Version for resource type SecurityGroup changed None to 1.4 on consumer Open vSwitch agent@dv-cinder-813936-1-iscsi {{(pid=99718) _set_version /opt/stack/neutron/neutron/api/rpc/callbacks/version_manager.py:113}}
Oct 14 18:00:33.279761 dv-cinder-813936-1-iscsi neutron-server[99718]: DEBUG neutron.api.rpc.callbacks.version_manager [None req-8c2623f0-56d6-46fc-adf1-f717b4025ced admin admin] Version for resource type SecurityGroupRule changed None to 1.2 on consumer Open vSwitch agent@dv-cinder-813936-1-iscsi {{(pid=99718) _set_version /opt/stack/neutron/neutron/api/rpc/callbacks/version_manager.py:113}}
Oct 14 18:00:33.280097 dv-cinder-813936-1-iscsi neutron-server[99718]: DEBUG neutron.api.rpc.callbacks.version_manager [None req-8c2623f0-56d6-46fc-adf1-f717b4025ced admin admin] Version for resource type SubPort changed None to 1.0 on consumer Open vSwitch agent@dv-cinder-813936-1-iscsi {{(pid=99718) _set_version /opt/stack/neutron/neutron/api/rpc/callbacks/version_manager.py:113}}
Oct 14 18:00:33.280425 dv-cinder-813936-1-iscsi neutron-server[99718]: DEBUG neutron.api.rpc.callbacks.version_manager [None req-8c2623f0-56d6-46fc-adf1-f717b4025ced admin admin] Version for resource type Subnet changed None to 1.1 on consumer Open vSwitch agent@dv-cinder-813936-1-iscsi {{(pid=99718) _set_version /opt/stack/neutron/neutron/api/rpc/callbacks/version_manager.py:113}}
Oct 14 18:00:33.280754 dv-cinder-813936-1-iscsi neutron-server[99718]: DEBUG neutron.api.rpc.callbacks.version_manager [None req-8c2623f0-56d6-46fc-adf1-f717b4025ced admin admin] Version for resource type Trunk changed None to 1.1 on consumer Open vSwitch agent@dv-cinder-813936-1-iscsi {{(pid=99718) _set_version /opt/stack/neutron/neutron/api/rpc/callbacks/version_manager.py:113}}
Oct 14 18:00:33.281884 dv-cinder-813936-1-iscsi neutron-server[99718]: DEBUG neutron.api.rpc.callbacks.version_manager [None req-8c2623f0-56d6-46fc-adf1-f717b4025ced admin admin] Tracked resource versions report:
Oct 14 18:00:33.281884 dv-cinder-813936-1-iscsi neutron-server[99718]: pushed versions:
Oct 14 18:00:33.281884 dv-cinder-813936-1-iscsi neutron-server[99718]: { 'AddressGroup': {'1.2'},
Oct 14 18:00:33.281884 dv-cinder-813936-1-iscsi neutron-server[99718]: 'ConntrackHelper': {'1.0'},
Oct 14 18:00:33.281884 dv-cinder-813936-1-iscsi neutron-server[99718]: 'Log': {'1.0'},
Oct 14 18:00:33.281884 dv-cinder-813936-1-iscsi neutron-server[99718]: 'Network': {'1.1'},
Oct 14 18:00:33.281884 dv-cinder-813936-1-iscsi neutron-server[99718]: 'Port': {'1.7'},
Oct 14 18:00:33.281884 dv-cinder-813936-1-iscsi neutron-server[99718]: 'PortForwarding': {'1.2'},
Oct 14 18:00:33.281884 dv-cinder-813936-1-iscsi neutron-server[99718]: 'QosPolicy': {'1.9'},
Oct 14 18:00:33.281884 dv-cinder-813936-1-iscsi neutron-server[99718]: 'SecurityGroup': {'1.4'},
Oct 14 18:00:33.281884 dv-cinder-813936-1-iscsi neutron-server[99718]: 'SecurityGroupRule': {'1.2'},
Oct 14 18:00:33.281884 dv-cinder-813936-1-iscsi neutron-server[99718]: 'SubPort': {'1.0'},
Oct 14 18:00:33.281884 dv-cinder-813936-1-iscsi neutron-server[99718]: 'Subnet': {'1.1'},
Oct 14 18:00:33.281884 dv-cinder-813936-1-iscsi neutron-server[99718]: 'Trunk': {'1.1'}}
Oct 14 18:00:33.281884 dv-cinder-813936-1-iscsi neutron-server[99718]: consumer versions:
Oct 14 18:00:33.281884 dv-cinder-813936-1-iscsi neutron-server[99718]: { DHCP agent@dv-cinder-813936-1-iscsi: {},
Oct 14 18:00:33.281884 dv-cinder-813936-1-iscsi neutron-server[99718]: HyperV agent@hv-cinder-81393: {},
Oct 14 18:00:33.281884 dv-cinder-813936-1-iscsi neutron-server[99718]: L3 agent@dv-cinder-813936-1-iscsi: {},
Oct 14 18:00:33.281884 dv-cinder-813936-1-iscsi neutron-server[99718]: Metadata agent@dv-cinder-813936-1-iscsi: {},
Oct 14 18:00:33.281884 dv-cinder-813936-1-iscsi neutron-server[99718]: Metering agent@dv-cinder-813936-1-iscsi: {},
Oct 14 18:00:33.281884 dv-cinder-813936-1-iscsi neutron-server[99718]: Open vSwitch agent@dv-cinder-813936-1-iscsi: { 'AddressGroup': '1.2',
Oct 14 18:00:33.281884 dv-cinder-813936-1-iscsi neutron-server[99718]: 'ConntrackHelper': '1.0',
Oct 14 18:00:33.281884 dv-cinder-813936-1-iscsi neutron-server[99718]: 'Log': '1.0',
Oct 14 18:00:33.281884 dv-cinder-813936-1-iscsi neutron-server[99718]: 'Network': '1.1',
Oct 14 18:00:33.281884 dv-cinder-813936-1-iscsi neutron-server[99718]: 'Port': '1.7',
Oct 14 18:00:33.281884 dv-cinder-813936-1-iscsi neutron-server[99718]: 'PortForwarding': '1.2',
Oct 14 18:00:33.281884 dv-cinder-813936-1-iscsi neutron-server[99718]: 'QosPolicy': '1.9',
Oct 14 18:00:33.281884 dv-cinder-813936-1-iscsi neutron-server[99718]: 'SecurityGroup': '1.4',
Oct 14 18:00:33.281884 dv-cinder-813936-1-iscsi neutron-server[99718]: 'SecurityGroupRule': '1.2',
Oct 14 18:00:33.281884 dv-cinder-813936-1-iscsi neutron-server[99718]: 'SubPort': '1.0',
Oct 14 18:00:33.281884 dv-cinder-813936-1-iscsi neutron-server[99718]: 'Subnet': '1.1',
Oct 14 18:00:33.281884 dv-cinder-813936-1-iscsi neutron-server[99718]: 'Trunk': '1.1'}}
Oct 14 18:00:33.281884 dv-cinder-813936-1-iscsi neutron-server[99718]: {{(pid=99718) report /opt/stack/neutron/neutron/api/rpc/callbacks/version_manager.py:175}}
Oct 14 18:00:33.331757 dv-cinder-813936-1-iscsi neutron-server[99719]: DEBUG neutron.wsgi [-] (99719) accepted ('10.222.0.49', 47122) {{(pid=99719) server /usr/local/lib/python3.8/dist-packages/eventlet/wsgi.py:982}}
Oct 14 18:00:33.389827 dv-cinder-813936-1-iscsi neutron-server[99719]: DEBUG neutron.api.v2.base [None req-9e7af05d-167d-4043-bce7-272c596778ad admin admin] Request body: {'network': {'name': 'tempest-AttachVolumeShelveTestJSON-422061755-network', 'tenant_id': '229d568687144cccbef243c252982e00'}} {{(pid=99719) prepare_request_body /opt/stack/neutron/neutron/api/v2/base.py:729}}
Oct 14 18:00:33.393029 dv-cinder-813936-1-iscsi neutron-server[99719]: DEBUG neutron.wsgi [-] (99719) accepted ('10.222.0.49', 47128) {{(pid=99719) server /usr/local/lib/python3.8/dist-packages/eventlet/wsgi.py:982}}
Oct 14 18:00:33.464827 dv-cinder-813936-1-iscsi neutron-server[99720]: DEBUG neutron.plugins.ml2.rpc [None req-1a5224a8-c7cd-413b-bd10-52c5f07a8c3a None None] Device 75d3775e-44da-4a9d-ab05-ef70d46393b5 up at agent ovs-agent-dv-cinder-813936-1-iscsi {{(pid=99720) update_device_up /opt/stack/neutron/neutron/plugins/ml2/rpc.py:296}}
Oct 14 18:00:33.469057 dv-cinder-813936-1-iscsi neutron-server[99719]: DEBUG neutron.pecan_wsgi.hooks.quota_enforcement [None req-9e7af05d-167d-4043-bce7-272c596778ad admin admin] Made reservation on behalf of 229d568687144cccbef243c252982e00 for: {'network': 1} {{(pid=99719) before /opt/stack/neutron/neutron/pecan_wsgi/hooks/quota_enforcement.py:53}}
Oct 14 18:00:33.472765 dv-cinder-813936-1-iscsi neutron-server[99719]: DEBUG neutron_lib.callbacks.manager [None req-9e7af05d-167d-4043-bce7-272c596778ad admin admin] Notify callbacks ['neutron.plugins.ml2.plugin.SecurityGroupDbMixin._ensure_default_security_group_handler-644595'] for network, before_create {{(pid=99719) _notify_loop /usr/local/lib/python3.8/dist-packages/neutron_lib/callbacks/manager.py:192}}
Oct 14 18:00:33.485591 dv-cinder-813936-1-iscsi neutron-server[99719]: DEBUG neutron_lib.callbacks.manager [None req-9e7af05d-167d-4043-bce7-272c596778ad admin admin] Notify callbacks [] for security_group, before_create {{(pid=99719) _notify_loop /usr/local/lib/python3.8/dist-packages/neutron_lib/callbacks/manager.py:192}}
Oct 14 18:00:33.586193 dv-cinder-813936-1-iscsi neutron-server[99720]: DEBUG neutron.db.provisioning_blocks [None req-1a5224a8-c7cd-413b-bd10-52c5f07a8c3a None None] Provisioning complete for port 75d3775e-44da-4a9d-ab05-ef70d46393b5 triggered by entity L2. {{(pid=99720) provisioning_complete /opt/stack/neutron/neutron/db/provisioning_blocks.py:139}}
Oct 14 18:00:33.587733 dv-cinder-813936-1-iscsi neutron-server[99720]: DEBUG neutron_lib.callbacks.manager [None req-1a5224a8-c7cd-413b-bd10-52c5f07a8c3a None None] Notify callbacks ['neutron.plugins.ml2.plugin.Ml2Plugin._port_provisioned-675735'] for port, provisioning_complete {{(pid=99720) _notify_loop /usr/local/lib/python3.8/dist-packages/neutron_lib/callbacks/manager.py:192}}
Oct 14 18:00:33.635633 dv-cinder-813936-1-iscsi neutron-server[99718]: DEBUG neutron_lib.callbacks.manager [None req-8c2623f0-56d6-46fc-adf1-f717b4025ced admin admin] Notify callbacks [] for router_gateway, after_create {{(pid=99718) _notify_loop /usr/local/lib/python3.8/dist-packages/neutron_lib/callbacks/manager.py:192}}
Oct 14 18:00:33.659954 dv-cinder-813936-1-iscsi neutron-server[99719]: DEBUG neutron_lib.callbacks.manager [None req-9e7af05d-167d-4043-bce7-272c596778ad admin admin] Notify callbacks [] for security_group, precommit_create {{(pid=99719) _notify_loop /usr/local/lib/python3.8/dist-packages/neutron_lib/callbacks/manager.py:192}}
Oct 14 18:00:33.670399 dv-cinder-813936-1-iscsi neutron-server[99719]: DEBUG neutron_lib.callbacks.manager [None req-9e7af05d-167d-4043-bce7-272c596778ad admin admin] Notify callbacks ['neutron.plugins.ml2.ovo_rpc._ObjectChangeHandler.handle_event-3675753'] for security_group, after_create {{(pid=99719) _notify_loop /usr/local/lib/python3.8/dist-packages/neutron_lib/callbacks/manager.py:192}}
Oct 14 18:00:33.733571 dv-cinder-813936-1-iscsi neutron-server[99719]: DEBUG neutron.api.rpc.handlers.resources_rpc [None req-9e7af05d-167d-4043-bce7-272c596778ad admin admin] Pushing event updated for resources: {'SecurityGroup': ['ID=a1e470f5-b64b-4ce2-9d4b-34c6568ec4b7,revision_number=1']} {{(pid=99719) push /opt/stack/neutron/neutron/api/rpc/handlers/resources_rpc.py:237}}
Oct 14 18:00:33.772419 dv-cinder-813936-1-iscsi neutron-server[99719]: DEBUG neutron.api.v2.base [None req-12836dca-4493-4254-82d4-266cecfd1369 admin admin] Request body: {'network': {'name': 'tempest-AttachVolumeNegativeTest-1705066956-network', 'tenant_id': '8e7c64022d3247eb88c9074d2d71c846'}} {{(pid=99719) prepare_request_body /opt/stack/neutron/neutron/api/v2/base.py:729}}
Oct 14 18:00:33.789871 dv-cinder-813936-1-iscsi neutron-server[99720]: DEBUG neutron_lib.callbacks.manager [None req-1a5224a8-c7cd-413b-bd10-52c5f07a8c3a None None] Notify callbacks ['neutron.plugins.ml2.plugin.SecurityGroupDbMixin._ensure_default_security_group_handler-644595'] for port, before_update {{(pid=99720) _notify_loop /usr/local/lib/python3.8/dist-packages/neutron_lib/callbacks/manager.py:192}}
Oct 14 18:00:33.813481 dv-cinder-813936-1-iscsi neutron-server[99719]: DEBUG neutron.api.v2.base [None req-d086690c-97bd-427a-b70c-680d07dc9543 admin admin] Request body: {'network': {'name': 'tempest-DeleteServersTestJSON-1065269392-network', 'tenant_id': '1b28984a6ade4f38b5175843c936492c'}} {{(pid=99719) prepare_request_body /opt/stack/neutron/neutron/api/v2/base.py:729}}
Oct 14 18:00:33.836561 dv-cinder-813936-1-iscsi neutron-server[99719]: DEBUG neutron.plugins.ml2.drivers.helpers [None req-9e7af05d-167d-4043-bce7-272c596778ad admin admin] vlan segment allocate from pool success with {'vlan_id': 559, 'physical_network': 'physnet1'} {{(pid=99719) allocate_partially_specified_segment /opt/stack/neutron/neutron/plugins/ml2/drivers/helpers.py:153}}
Oct 14 18:00:33.870560 dv-cinder-813936-1-iscsi neutron-server[99720]: DEBUG neutron.plugins.ml2.db [None req-1a5224a8-c7cd-413b-bd10-52c5f07a8c3a None None] For port 75d3775e-44da-4a9d-ab05-ef70d46393b5, host dv-cinder-813936-1-iscsi, got binding levels [PortBindingLevel(driver='openvswitch',host='dv-cinder-813936-1-iscsi',level=0,port_id=75d3775e-44da-4a9d-ab05-ef70d46393b5,segment=NetworkSegment(52ac0125-356a-4259-94e8-0d806eb069a1),segment_id=52ac0125-356a-4259-94e8-0d806eb069a1)] {{(pid=99720) get_binding_level_objs /opt/stack/neutron/neutron/plugins/ml2/db.py:74}}
Oct 14 18:00:33.875822 dv-cinder-813936-1-iscsi neutron-server[99719]: DEBUG neutron_lib.callbacks.manager [None req-9e7af05d-167d-4043-bce7-272c596778ad admin admin] Notify callbacks ['neutron.plugins.ml2.plugin.Ml2Plugin._handle_segment_change-676716'] for segment, precommit_create {{(pid=99719) _notify_loop /usr/local/lib/python3.8/dist-packages/neutron_lib/callbacks/manager.py:192}}
Oct 14 18:00:33.877288 dv-cinder-813936-1-iscsi neutron-server[99720]: DEBUG neutron_lib.callbacks.manager [None req-1a5224a8-c7cd-413b-bd10-52c5f07a8c3a None None] Notify callbacks ['neutron.plugins.ml2.plugin.SecurityGroupServerNotifierRpcMixin._notify_sg_on_port_change-644402', 'neutron.plugins.ml2.ovo_rpc._ObjectChangeHandler.handle_event-193746', 'neutron.api.rpc.agentnotifiers.dhcp_rpc_agent_api.DhcpAgentNotifyAPI._native_event_send_dhcp_notification-3683398', 'neutron.db.l3_db.L3RpcNotifierMixin._notify_gateway_port_ip_changed-8762486588986', 'neutron.db.l3_dvrscheduler_db._notify_l3_agent_port_update-8762486085178', 'neutron.db.l3_hascheduler_db._notify_l3_agent_ha_port_update-8762486085196'] for port, after_update {{(pid=99720) _notify_loop /usr/local/lib/python3.8/dist-packages/neutron_lib/callbacks/manager.py:192}}
Oct 14 18:00:33.884539 dv-cinder-813936-1-iscsi neutron-server[99719]: INFO neutron.db.segments_db [None req-9e7af05d-167d-4043-bce7-272c596778ad admin admin] Added segment ac426582-1f1e-4f24-813f-1d64cc5aaaac of type vlan for network d7ed64d5-7393-452b-96b7-28d14516f1ea
Oct 14 18:00:33.991589 dv-cinder-813936-1-iscsi neutron-server[99720]: DEBUG neutron.api.rpc.handlers.resources_rpc [None req-1a5224a8-c7cd-413b-bd10-52c5f07a8c3a None None] Pushing event updated for resources: {'Port': ['ID=75d3775e-44da-4a9d-ab05-ef70d46393b5,revision_number=3']} {{(pid=99720) push /opt/stack/neutron/neutron/api/rpc/handlers/resources_rpc.py:237}}
Oct 14 18:00:34.007981 dv-cinder-813936-1-iscsi neutron-server[99719]: DEBUG neutron_lib.callbacks.manager [None req-9e7af05d-167d-4043-bce7-272c596778ad admin admin] Notify callbacks ['neutron.services.auto_allocate.db._ensure_external_network_default_value_callback-8762486039426'] for network, precommit_create {{(pid=99719) _notify_loop /usr/local/lib/python3.8/dist-packages/neutron_lib/callbacks/manager.py:192}}
Oct 14 18:00:34.062307 dv-cinder-813936-1-iscsi neutron-server[99719]: DEBUG neutron.pecan_wsgi.hooks.quota_enforcement [None req-12836dca-4493-4254-82d4-266cecfd1369 admin admin] Made reservation on behalf of 8e7c64022d3247eb88c9074d2d71c846 for: {'network': 1} {{(pid=99719) before /opt/stack/neutron/neutron/pecan_wsgi/hooks/quota_enforcement.py:53}}
Oct 14 18:00:34.065563 dv-cinder-813936-1-iscsi neutron-server[99719]: DEBUG neutron_lib.callbacks.manager [None req-12836dca-4493-4254-82d4-266cecfd1369 admin admin] Notify callbacks ['neutron.plugins.ml2.plugin.SecurityGroupDbMixin._ensure_default_security_group_handler-644595'] for network, before_create {{(pid=99719) _notify_loop /usr/local/lib/python3.8/dist-packages/neutron_lib/callbacks/manager.py:192}}
Oct 14 18:00:34.077477 dv-cinder-813936-1-iscsi neutron-server[99719]: DEBUG neutron_lib.callbacks.manager [None req-12836dca-4493-4254-82d4-266cecfd1369 admin admin] Notify callbacks [] for security_group, before_create {{(pid=99719) _notify_loop /usr/local/lib/python3.8/dist-packages/neutron_lib/callbacks/manager.py:192}}
Oct 14 18:00:34.079933 dv-cinder-813936-1-iscsi neutron-server[99719]: DEBUG neutron_lib.callbacks.manager [None req-9e7af05d-167d-4043-bce7-272c596778ad admin admin] Notify callbacks ['neutron.plugins.ml2.ovo_rpc._ObjectChangeHandler.handle_event-3675706', 'neutron.api.rpc.agentnotifiers.dhcp_rpc_agent_api.DhcpAgentNotifyAPI._native_event_send_dhcp_notification-3683398'] for network, after_create {{(pid=99719) _notify_loop /usr/local/lib/python3.8/dist-packages/neutron_lib/callbacks/manager.py:192}}
Oct 14 18:00:34.081007 dv-cinder-813936-1-iscsi neutron-server[99719]: DEBUG neutron.pecan_wsgi.hooks.policy_enforcement [None req-9e7af05d-167d-4043-bce7-272c596778ad admin admin] Attributes excluded by policy engine: ['standard_attr_id', 'vlan_transparent'] {{(pid=99719) _exclude_attributes_by_policy /opt/stack/neutron/neutron/pecan_wsgi/hooks/policy_enforcement.py:255}}
Oct 14 18:00:34.081755 dv-cinder-813936-1-iscsi neutron-server[99719]: DEBUG neutron_lib.callbacks.manager [None req-9e7af05d-167d-4043-bce7-272c596778ad admin admin] Notify callbacks ['neutron.api.rpc.agentnotifiers.dhcp_rpc_agent_api.DhcpAgentNotifyAPI._send_dhcp_notification-3683376'] for network, before_response {{(pid=99719) _notify_loop /usr/local/lib/python3.8/dist-packages/neutron_lib/callbacks/manager.py:192}}
Oct 14 18:00:34.092031 dv-cinder-813936-1-iscsi neutron-server[99719]: DEBUG neutron.pecan_wsgi.hooks.quota_enforcement [None req-d086690c-97bd-427a-b70c-680d07dc9543 admin admin] Made reservation on behalf of 1b28984a6ade4f38b5175843c936492c for: {'network': 1} {{(pid=99719) before /opt/stack/neutron/neutron/pecan_wsgi/hooks/quota_enforcement.py:53}}
Oct 14 18:00:34.095760 dv-cinder-813936-1-iscsi neutron-server[99719]: DEBUG neutron_lib.callbacks.manager [None req-d086690c-97bd-427a-b70c-680d07dc9543 admin admin] Notify callbacks ['neutron.plugins.ml2.plugin.SecurityGroupDbMixin._ensure_default_security_group_handler-644595'] for network, before_create {{(pid=99719) _notify_loop /usr/local/lib/python3.8/dist-packages/neutron_lib/callbacks/manager.py:192}}
Oct 14 18:00:34.114453 dv-cinder-813936-1-iscsi neutron-server[99718]: DEBUG neutron_lib.callbacks.manager [None req-8c2623f0-56d6-46fc-adf1-f717b4025ced admin admin] Notify callbacks ['neutron.services.l3_router.l3_router_plugin.L3_HA_NAT_db_mixin._after_router_create-3787582', 'neutron.services.l3_router.l3_router_plugin.DVRResourceOperationHandler._create_snat_interfaces_after_change-3789984'] for router, after_create {{(pid=99718) _notify_loop /usr/local/lib/python3.8/dist-packages/neutron_lib/callbacks/manager.py:192}}
Oct 14 18:00:34.119020 dv-cinder-813936-1-iscsi neutron-server[99719]: DEBUG neutron_lib.callbacks.manager [None req-d086690c-97bd-427a-b70c-680d07dc9543 admin admin] Notify callbacks [] for security_group, before_create {{(pid=99719) _notify_loop /usr/local/lib/python3.8/dist-packages/neutron_lib/callbacks/manager.py:192}}
Oct 14 18:00:34.137520 dv-cinder-813936-1-iscsi neutron-server[99719]: INFO neutron.wsgi [None req-9e7af05d-167d-4043-bce7-272c596778ad admin admin] 10.222.0.49 "POST /v2.0/networks HTTP/1.1" status: 201 len: 889 time: 1.2725189
Oct 14 18:00:34.143339 dv-cinder-813936-1-iscsi neutron-server[99719]: DEBUG neutron.wsgi [-] (99719) accepted ('10.222.0.49', 47156) {{(pid=99719) server /usr/local/lib/python3.8/dist-packages/eventlet/wsgi.py:982}}
Oct 14 18:00:34.161154 dv-cinder-813936-1-iscsi neutron-server[99719]: DEBUG neutron.api.v2.base [None req-3c279713-65ed-4aec-94b6-39c3dcf8c2d6 admin admin] Request body: {'subnet': {'network_id': 'd7ed64d5-7393-452b-96b7-28d14516f1ea', 'cidr': '172.20.0.0/28', 'name': 'tempest-AttachVolumeShelveTestJSON-422061755-subnet', 'tenant_id': '229d568687144cccbef243c252982e00', 'enable_dhcp': True, 'ip_version': 4}} {{(pid=99719) prepare_request_body /opt/stack/neutron/neutron/api/v2/base.py:729}}
Oct 14 18:00:34.225870 dv-cinder-813936-1-iscsi neutron-server[99719]: DEBUG neutron.pecan_wsgi.hooks.quota_enforcement [None req-3c279713-65ed-4aec-94b6-39c3dcf8c2d6 admin admin] Made reservation on behalf of 229d568687144cccbef243c252982e00 for: {'subnet': 1} {{(pid=99719) before /opt/stack/neutron/neutron/pecan_wsgi/hooks/quota_enforcement.py:53}}
Oct 14 18:00:34.231000 dv-cinder-813936-1-iscsi neutron-server[99719]: DEBUG neutron_lib.callbacks.manager [None req-3c279713-65ed-4aec-94b6-39c3dcf8c2d6 admin admin] Notify callbacks [] for subnet, before_create {{(pid=99719) _notify_loop /usr/local/lib/python3.8/dist-packages/neutron_lib/callbacks/manager.py:192}}
Oct 14 18:00:34.288109 dv-cinder-813936-1-iscsi neutron-server[99718]: DEBUG neutron.scheduler.l3_agent_scheduler [None req-8c2623f0-56d6-46fc-adf1-f717b4025ced admin admin] Router b7293706-4bc3-443e-b6ef-4bad6797855a is scheduled to L3 agent f5c66416-1798-4ba6-b0ee-c665eab0ebef with binding_index 1 {{(pid=99718) bind_router /opt/stack/neutron/neutron/scheduler/l3_agent_scheduler.py:209}}
Oct 14 18:00:34.452790 dv-cinder-813936-1-iscsi neutron-server[99720]: DEBUG neutron.api.rpc.handlers.dhcp_rpc [None req-1e0b35ac-34e1-4b2f-a541-6bff30f1aef5 None None] Network 83910de2-b586-4465-84e9-9f9658b647e4 requested from dv-cinder-813936-1-iscsi {{(pid=99720) get_network_info /opt/stack/neutron/neutron/api/rpc/handlers/dhcp_rpc.py:218}}
Oct 14 18:00:34.501117 dv-cinder-813936-1-iscsi neutron-server[99718]: DEBUG neutron.api.rpc.agentnotifiers.l3_rpc_agent_api [None req-8c2623f0-56d6-46fc-adf1-f717b4025ced admin admin] Notify agent at l3_agent.dv-cinder-813936-1-iscsi the message routers_updated {{(pid=99718) _agent_notification /opt/stack/neutron/neutron/api/rpc/agentnotifiers/l3_rpc_agent_api.py:65}}
Oct 14 18:00:34.513270 dv-cinder-813936-1-iscsi neutron-server[99721]: DEBUG neutron.api.rpc.handlers.l3_rpc [None req-25019b2c-0a7c-4215-ac32-20f581036d10 None None] Sync routers for ids ['b7293706-4bc3-443e-b6ef-4bad6797855a'] in dv-cinder-813936-1-iscsi {{(pid=99721) sync_routers /opt/stack/neutron/neutron/api/rpc/handlers/l3_rpc.py:125}}
Oct 14 18:00:34.525756 dv-cinder-813936-1-iscsi neutron-server[99721]: DEBUG neutron.db.l3_dvrscheduler_db [None req-25019b2c-0a7c-4215-ac32-20f581036d10 None None] Routers {'b7293706-4bc3-443e-b6ef-4bad6797855a'} bound to L3 agent in host dv-cinder-813936-1-iscsi {{(pid=99721) _get_router_ids_for_agent /opt/stack/neutron/neutron/db/l3_dvrscheduler_db.py:420}}
Oct 14 18:00:34.526475 dv-cinder-813936-1-iscsi neutron-server[99721]: DEBUG neutron.db.l3_hamode_db [None req-25019b2c-0a7c-4215-ac32-20f581036d10 None None] neutron.services.l3_router.l3_router_plugin.L3RouterPlugin method get_ha_sync_data_for_host called with arguments (, 'dv-cinder-813936-1-iscsi', Agent(admin_state_up=True,agent_type='L3 agent',availability_zone='nova',binary='neutron-l3-agent',configurations={"agent_mode": "legacy", "ex_gw_ports": 1, "extensions": [], "floating_ips": 0, "handle_internal_only_routers": true, "interface_driver": "openvswitch", "interfaces": 1, "log_agent_heartbeats": false, "routers": 1},created_at=2021-10-14T17:52:12Z,description=,heartbeat_timestamp=2021-10-14T18:00:12Z,host='dv-cinder-813936-1-iscsi',id=f5c66416-1798-4ba6-b0ee-c665eab0ebef,load=0,resource_versions=,resources_synced=,started_at=2021-10-14T17:52:12Z,topic='l3_agent')) {'router_ids': ['b7293706-4bc3-443e-b6ef-4bad6797855a'], 'active': True} {{(pid=99721) wrapper /usr/local/lib/python3.8/dist-packages/oslo_log/helpers.py:65}}
Oct 14 18:00:34.530546 dv-cinder-813936-1-iscsi neutron-server[99718]: DEBUG neutron_lib.callbacks.manager [None req-8c2623f0-56d6-46fc-adf1-f717b4025ced admin admin] Notify callbacks [] for router, before_response {{(pid=99718) _notify_loop /usr/local/lib/python3.8/dist-packages/neutron_lib/callbacks/manager.py:192}}
Oct 14 18:00:34.537873 dv-cinder-813936-1-iscsi neutron-server[99718]: INFO neutron.wsgi [None req-8c2623f0-56d6-46fc-adf1-f717b4025ced admin admin] 10.222.0.49 "POST /v2.0/routers HTTP/1.1" status: 201 len: 923 time: 2.6355171
Oct 14 18:00:34.538911 dv-cinder-813936-1-iscsi neutron-server[99718]: DEBUG neutron.wsgi [-] (99718) accepted ('10.222.0.49', 47164) {{(pid=99718) server /usr/local/lib/python3.8/dist-packages/eventlet/wsgi.py:982}}
Oct 14 18:00:34.615987 dv-cinder-813936-1-iscsi neutron-server[99720]: DEBUG neutron.db.provisioning_blocks [None req-a908a5f3-be0e-4860-a4b2-9a358eec0f73 None None] Provisioning complete for port 75d3775e-44da-4a9d-ab05-ef70d46393b5 triggered by entity DHCP. {{(pid=99720) provisioning_complete /opt/stack/neutron/neutron/db/provisioning_blocks.py:139}}
Oct 14 18:00:34.616530 dv-cinder-813936-1-iscsi neutron-server[99720]: DEBUG neutron_lib.callbacks.manager [None req-a908a5f3-be0e-4860-a4b2-9a358eec0f73 None None] Notify callbacks ['neutron.plugins.ml2.plugin.Ml2Plugin._port_provisioned-675735'] for port, provisioning_complete {{(pid=99720) _notify_loop /usr/local/lib/python3.8/dist-packages/neutron_lib/callbacks/manager.py:192}}
Oct 14 18:00:34.797132 dv-cinder-813936-1-iscsi neutron-server[99721]: DEBUG neutron.db.l3_dvr_db [None req-25019b2c-0a7c-4215-ac32-20f581036d10 None None] Set router b7293706-4bc3-443e-b6ef-4bad6797855a gateway port host: dv-cinder-813936-1-iscsi {{(pid=99721) _build_routers_list /opt/stack/neutron/neutron/db/l3_dvr_db.py:906}}
Oct 14 18:00:34.826557 dv-cinder-813936-1-iscsi neutron-server[99719]: DEBUG neutron.api.rpc.handlers.resources_rpc [None req-9e7af05d-167d-4043-bce7-272c596778ad admin admin] Pushing event updated for resources: {'Network': ['ID=d7ed64d5-7393-452b-96b7-28d14516f1ea,revision_number=1']} {{(pid=99719) push /opt/stack/neutron/neutron/api/rpc/handlers/resources_rpc.py:237}}
Oct 14 18:00:34.860579 dv-cinder-813936-1-iscsi neutron-server[99720]: DEBUG neutron.plugins.ml2.rpc [None req-1a5224a8-c7cd-413b-bd10-52c5f07a8c3a None None] Network d7ed64d5-7393-452b-96b7-28d14516f1ea details requested by agent ovs-agent-dv-cinder-813936-1-iscsi with host dv-cinder-813936-1-iscsi {{(pid=99720) get_network_details /opt/stack/neutron/neutron/plugins/ml2/rpc.py:248}}
Oct 14 18:00:34.935713 dv-cinder-813936-1-iscsi neutron-server[99719]: DEBUG neutron_lib.callbacks.manager [None req-12836dca-4493-4254-82d4-266cecfd1369 admin admin] Notify callbacks [] for security_group, precommit_create {{(pid=99719) _notify_loop /usr/local/lib/python3.8/dist-packages/neutron_lib/callbacks/manager.py:192}}
Oct 14 18:00:34.949266 dv-cinder-813936-1-iscsi neutron-server[99719]: DEBUG neutron.wsgi [-] (99719) accepted ('10.222.0.49', 47186) {{(pid=99719) server /usr/local/lib/python3.8/dist-packages/eventlet/wsgi.py:982}}
Oct 14 18:00:35.026563 dv-cinder-813936-1-iscsi neutron-server[99719]: DEBUG neutron_lib.callbacks.manager [None req-12836dca-4493-4254-82d4-266cecfd1369 admin admin] Notify callbacks ['neutron.plugins.ml2.ovo_rpc._ObjectChangeHandler.handle_event-3675753'] for security_group, after_create {{(pid=99719) _notify_loop /usr/local/lib/python3.8/dist-packages/neutron_lib/callbacks/manager.py:192}}
Oct 14 18:00:35.044345 dv-cinder-813936-1-iscsi neutron-server[99719]: DEBUG neutron.plugins.ml2.drivers.helpers [None req-12836dca-4493-4254-82d4-266cecfd1369 admin admin] vlan segment allocate from pool success with {'vlan_id': 592, 'physical_network': 'physnet1'} {{(pid=99719) allocate_partially_specified_segment /opt/stack/neutron/neutron/plugins/ml2/drivers/helpers.py:153}}
Oct 14 18:00:35.057211 dv-cinder-813936-1-iscsi neutron-server[99719]: DEBUG neutron_lib.callbacks.manager [None req-12836dca-4493-4254-82d4-266cecfd1369 admin admin] Notify callbacks ['neutron.plugins.ml2.plugin.Ml2Plugin._handle_segment_change-676716'] for segment, precommit_create {{(pid=99719) _notify_loop /usr/local/lib/python3.8/dist-packages/neutron_lib/callbacks/manager.py:192}}
Oct 14 18:00:35.057859 dv-cinder-813936-1-iscsi neutron-server[99719]: INFO neutron.db.segments_db [None req-12836dca-4493-4254-82d4-266cecfd1369 admin admin] Added segment 931a8068-5c0e-41a2-bb4c-c55889796b97 of type vlan for network c83af823-a336-4acf-9cf9-971bb99a778b
Oct 14 18:00:35.143971 dv-cinder-813936-1-iscsi neutron-server[99719]: DEBUG neutron_lib.callbacks.manager [None req-3c279713-65ed-4aec-94b6-39c3dcf8c2d6 admin admin] Notify callbacks ['neutron.plugins.ml2.ovo_rpc._ObjectChangeHandler.handle_event-3672524', 'neutron.api.rpc.agentnotifiers.dhcp_rpc_agent_api.DhcpAgentNotifyAPI._native_event_send_dhcp_notification-3683398'] for subnet, after_create {{(pid=99719) _notify_loop /usr/local/lib/python3.8/dist-packages/neutron_lib/callbacks/manager.py:192}}
Oct 14 18:00:35.242578 dv-cinder-813936-1-iscsi neutron-server[99719]: DEBUG neutron_lib.callbacks.manager [None req-12836dca-4493-4254-82d4-266cecfd1369 admin admin] Notify callbacks ['neutron.services.auto_allocate.db._ensure_external_network_default_value_callback-8762486039426'] for network, precommit_create {{(pid=99719) _notify_loop /usr/local/lib/python3.8/dist-packages/neutron_lib/callbacks/manager.py:192}}
Oct 14 18:00:35.261590 dv-cinder-813936-1-iscsi neutron-server[99721]: DEBUG neutron.db.l3_hamode_db [None req-25019b2c-0a7c-4215-ac32-20f581036d10 None None] neutron.services.l3_router.l3_router_plugin.L3RouterPlugin method _process_sync_ha_data called with arguments (, [{'id': 'b7293706-4bc3-443e-b6ef-4bad6797855a', 'name': 'tempest-AttachVolumeTestJSON-1526018621-router', 'tenant_id': '9286435440ed4572b505e029abbfe5fe', 'admin_state_up': True, 'status': 'ACTIVE', 'external_gateway_info': {'network_id': 'd72eea9d-773f-4ba1-af60-02bc446a2bfb', 'external_fixed_ips': [{'subnet_id': 'b0081548-82f4-4db0-bd72-f0077bc2ab2a', 'ip_address': '172.27.3.213'}], 'enable_snat': True}, 'gw_port_id': '136923af-c6cc-4889-8e25-2ddb57fd7cfb', 'description': '', 'availability_zones': ['nova'], 'distributed': False, 'ha': False, 'ha_vr_id': 0, 'availability_zone_hints': [], 'routes': [], 'flavor_id': None, 'tags': [], 'created_at': '2021-10-14T18:00:31Z', 'updated_at': '2021-10-14T18:00:33Z', 'revision_number': 3, 'project_id': '9286435440ed4572b505e029abbfe5fe', 'gw_port': {'id': '136923af-c6cc-4889-8e25-2ddb57fd7cfb', 'name': '', 'network_id': 'd72eea9d-773f-4ba1-af60-02bc446a2bfb', 'tenant_id': '', 'mac_address': 'fa:16:3e:fa:52:df', 'admin_state_up': True, 'status': 'DOWN', 'device_id': 'b7293706-4bc3-443e-b6ef-4bad6797855a', 'device_owner': 'network:router_gateway', 'standard_attr_id': 41, 'fixed_ips': [{'subnet_id': 'b0081548-82f4-4db0-bd72-f0077bc2ab2a', 'ip_address': '172.27.3.213', 'prefixlen': 24}], 'allowed_address_pairs': [], 'extra_dhcp_opts': [], 'security_groups': [], 'description': '', 'binding:vnic_type': 'normal', 'binding:profile': {}, 'binding:host_id': '', 'binding:vif_type': 'unbound', 'binding:vif_details': {}, 'port_security_enabled': False, 'tags': [], 'created_at': '2021-10-14T18:00:32Z', 'updated_at': '2021-10-14T18:00:32Z', 'revision_number': 1, 'project_id': '', 'subnets': [{'id': 'b0081548-82f4-4db0-bd72-f0077bc2ab2a', 'cidr': '172.27.3.0/24', 'gateway_ip': '172.27.3.1', 'dns_nameservers': [], 'ipv6_ra_mode': None, 'subnetpool_id': None}], 'extra_subnets': [], 'address_scopes': {4: None, 6: None}, 'mtu': 1500}, 'enable_snat': True, 'gw_port_host': 'dv-cinder-813936-1-iscsi'}], 'dv-cinder-813936-1-iscsi', False) {} {{(pid=99721) wrapper /usr/local/lib/python3.8/dist-packages/oslo_log/helpers.py:65}}
Oct 14 18:00:35.291620 dv-cinder-813936-1-iscsi neutron-server[99719]: DEBUG neutron.api.rpc.handlers.resources_rpc [None req-12836dca-4493-4254-82d4-266cecfd1369 admin admin] Pushing event updated for resources: {'SecurityGroup': ['ID=0f8c58ff-c40e-4a5d-a815-f4d4bc404560,revision_number=1']} {{(pid=99719) push /opt/stack/neutron/neutron/api/rpc/handlers/resources_rpc.py:237}}
Oct 14 18:00:35.362391 dv-cinder-813936-1-iscsi neutron-server[99721]: DEBUG neutron.api.rpc.handlers.l3_rpc [None req-25019b2c-0a7c-4215-ac32-20f581036d10 None None] Checking router: b7293706-4bc3-443e-b6ef-4bad6797855a for host: dv-cinder-813936-1-iscsi {{(pid=99721) _ensure_host_set_on_ports /opt/stack/neutron/neutron/api/rpc/handlers/l3_rpc.py:155}}
Oct 14 18:00:35.367339 dv-cinder-813936-1-iscsi neutron-server[99721]: DEBUG neutron.api.rpc.handlers.l3_rpc [None req-25019b2c-0a7c-4215-ac32-20f581036d10 None None] Updating router b7293706-4bc3-443e-b6ef-4bad6797855a port 136923af-c6cc-4889-8e25-2ddb57fd7cfb binding host dv-cinder-813936-1-iscsi {{(pid=99721) _ensure_host_set_on_port /opt/stack/neutron/neutron/api/rpc/handlers/l3_rpc.py:205}}
Oct 14 18:00:35.385305 dv-cinder-813936-1-iscsi neutron-server[99718]: DEBUG neutron_lib.callbacks.manager [None req-2e099722-b7e3-49a6-9548-cd7ac95f3115 admin admin] Notify callbacks ['neutron.plugins.ml2.plugin.SecurityGroupDbMixin._ensure_default_security_group_handler-644595'] for port, before_create {{(pid=99718) _notify_loop /usr/local/lib/python3.8/dist-packages/neutron_lib/callbacks/manager.py:192}}
