Oct 25 14:57:56.036599 dv-cinder-813751-1-iscsi devstack@c-api.service[93662]: DEBUG oslo_db.sqlalchemy.engines [None req-70c67220-1d46-44af-8116-882b126a6063 tempest-GroupsV314Test-76702518 tempest-GroupsV314Test-76702518-project] MySQL server mode set to STRICT_TRANS_TABLES,STRICT_ALL_TABLES,NO_ZERO_IN_DATE,NO_ZERO_DATE,ERROR_FOR_DIVISION_BY_ZERO,TRADITIONAL,NO_ENGINE_SUBSTITUTION {{(pid=93662) _check_effective_sql_mode /usr/local/lib/python3.8/dist-packages/oslo_db/sqlalchemy/engines.py:304}}
Oct 25 14:57:56.043858 dv-cinder-813751-1-iscsi devstack@c-api.service[93662]: /usr/local/lib/python3.8/dist-packages/oslo_context/context.py:105: DeprecationWarning: Policy enforcement is depending on the value of is_admin. This key is deprecated. Please update your policy file to use the standard policy values.
Oct 25 14:57:56.043858 dv-cinder-813751-1-iscsi devstack@c-api.service[93662]: warnings.warn('Policy enforcement is depending on the value of '
Oct 25 14:57:56.079283 dv-cinder-813751-1-iscsi devstack@c-api.service[93662]: INFO cinder.api.openstack.wsgi [None req-70c67220-1d46-44af-8116-882b126a6063 tempest-GroupsV314Test-76702518 tempest-GroupsV314Test-76702518-project] http://10.222.0.57/volume/v3/088f36855be84595b9efb29342649229/volumes/detail returned with HTTP 200
Oct 25 14:57:56.079283 dv-cinder-813751-1-iscsi devstack@c-api.service[93662]: [pid: 93662|app: 0|req: 69/156] 10.222.0.57 () {60 vars in 1275 bytes} [Mon Oct 25 14:57:55 2021] GET /volume/v3/088f36855be84595b9efb29342649229/volumes/detail => generated 995 bytes in 284 msecs (HTTP/1.1 200) 7 headers in 286 bytes (1 switches on core 0)
Oct 25 14:57:56.094732 dv-cinder-813751-1-iscsi devstack@c-api.service[93663]: INFO cinder.api.openstack.wsgi [None req-f4fb21ec-0d87-475e-9b47-372c0cb42be4 tempest-GroupsV314Test-76702518 tempest-GroupsV314Test-76702518-project] POST http://10.222.0.57/volume/v3/088f36855be84595b9efb29342649229/groups/c3b4fedd-517f-42b0-a36a-d4e0af4ed1af/action
Oct 25 14:57:56.095671 dv-cinder-813751-1-iscsi devstack@c-api.service[93663]: DEBUG cinder.api.openstack.wsgi [None req-f4fb21ec-0d87-475e-9b47-372c0cb42be4 tempest-GroupsV314Test-76702518 tempest-GroupsV314Test-76702518-project] Action body: b'{"delete": {"delete-volumes": true}}' {{(pid=93663) get_method /opt/stack/cinder/cinder/api/openstack/wsgi.py:981}}
Oct 25 14:57:56.096086 dv-cinder-813751-1-iscsi devstack@c-api.service[93663]: DEBUG cinder.api.openstack.wsgi [None req-f4fb21ec-0d87-475e-9b47-372c0cb42be4 tempest-GroupsV314Test-76702518 tempest-GroupsV314Test-76702518-project] Action: 'action', calling method: delete_group, body: {"delete": {"delete-volumes": true}} {{(pid=93663) _process_stack /opt/stack/cinder/cinder/api/openstack/wsgi.py:864}}
Oct 25 14:57:56.097049 dv-cinder-813751-1-iscsi devstack@c-api.service[93663]: DEBUG cinder.api.v3.groups [None req-f4fb21ec-0d87-475e-9b47-372c0cb42be4 tempest-GroupsV314Test-76702518 tempest-GroupsV314Test-76702518-project] delete called for group c3b4fedd-517f-42b0-a36a-d4e0af4ed1af {{(pid=93663) _delete /opt/stack/cinder/cinder/api/v3/groups.py:117}}
Oct 25 14:57:56.097422 dv-cinder-813751-1-iscsi devstack@c-api.service[93663]: INFO cinder.api.v3.groups [None req-f4fb21ec-0d87-475e-9b47-372c0cb42be4 tempest-GroupsV314Test-76702518 tempest-GroupsV314Test-76702518-project] Delete group with id: c3b4fedd-517f-42b0-a36a-d4e0af4ed1af
Oct 25 14:57:56.105496 dv-cinder-813751-1-iscsi devstack@c-api.service[93663]: /usr/local/lib/python3.8/dist-packages/oslo_context/context.py:105: DeprecationWarning: Policy enforcement is depending on the value of is_admin. This key is deprecated. Please update your policy file to use the standard policy values.
Oct 25 14:57:56.105496 dv-cinder-813751-1-iscsi devstack@c-api.service[93663]: warnings.warn('Policy enforcement is depending on the value of '
Oct 25 14:57:56.367762 dv-cinder-813751-1-iscsi devstack@c-api.service[93663]: INFO cinder.api.openstack.wsgi [None req-f4fb21ec-0d87-475e-9b47-372c0cb42be4 tempest-GroupsV314Test-76702518 tempest-GroupsV314Test-76702518-project] http://10.222.0.57/volume/v3/088f36855be84595b9efb29342649229/groups/c3b4fedd-517f-42b0-a36a-d4e0af4ed1af/action returned with HTTP 202
Oct 25 14:57:56.375393 dv-cinder-813751-1-iscsi devstack@c-api.service[93663]: [pid: 93663|app: 0|req: 88/157] 10.222.0.57 () {62 vars in 1404 bytes} [Mon Oct 25 14:57:56 2021] POST /volume/v3/088f36855be84595b9efb29342649229/groups/c3b4fedd-517f-42b0-a36a-d4e0af4ed1af/action => generated 0 bytes in 280 msecs (HTTP/1.1 202) 6 headers in 234 bytes (1 switches on core 0)
Oct 25 14:57:56.378626 dv-cinder-813751-1-iscsi devstack@c-api.service[93662]: INFO cinder.api.openstack.wsgi [None req-7c1a60db-77b2-40a8-8057-4a2aeb092f46 tempest-GroupsV314Test-76702518 tempest-GroupsV314Test-76702518-project] GET http://10.222.0.57/volume/v3/088f36855be84595b9efb29342649229/volumes/08988f0a-7a32-44a8-86fb-8bd1e28c9d10
Oct 25 14:57:56.379430 dv-cinder-813751-1-iscsi devstack@c-api.service[93662]: DEBUG cinder.api.openstack.wsgi [None req-7c1a60db-77b2-40a8-8057-4a2aeb092f46 tempest-GroupsV314Test-76702518 tempest-GroupsV314Test-76702518-project] Empty body provided in request {{(pid=93662) get_body /opt/stack/cinder/cinder/api/openstack/wsgi.py:713}}
Oct 25 14:57:56.380313 dv-cinder-813751-1-iscsi devstack@c-api.service[93662]: /usr/local/lib/python3.8/dist-packages/webob/acceptparse.py:1047: DeprecationWarning: The behavior of AcceptValidHeader.best_match is currently being maintained for backward compatibility, but it will be deprecated in the future, as it does not conform to the RFC.
Oct 25 14:57:56.380313 dv-cinder-813751-1-iscsi devstack@c-api.service[93662]: warnings.warn(
Oct 25 14:57:56.380688 dv-cinder-813751-1-iscsi devstack@c-api.service[93662]: DEBUG cinder.api.openstack.wsgi [None req-7c1a60db-77b2-40a8-8057-4a2aeb092f46 tempest-GroupsV314Test-76702518 tempest-GroupsV314Test-76702518-project] Calling method 'show' {{(pid=93662) _process_stack /opt/stack/cinder/cinder/api/openstack/wsgi.py:866}}
Oct 25 14:57:56.437868 dv-cinder-813751-1-iscsi devstack@c-api.service[93663]: INFO cinder.api.openstack.wsgi [None req-d9abf4f4-f030-492e-adbc-09e8c3a34350 tempest-SnapshotsActionsTest-1180842889 tempest-SnapshotsActionsTest-1180842889-project] GET http://10.222.0.57/volume/v3/ae5c7f3eae8d4f65903e599c4a20b28a/snapshots/70add9f3-7299-478a-8502-d8b002fa6bec
Oct 25 14:57:56.438525 dv-cinder-813751-1-iscsi devstack@c-api.service[93663]: DEBUG cinder.api.openstack.wsgi [None req-d9abf4f4-f030-492e-adbc-09e8c3a34350 tempest-SnapshotsActionsTest-1180842889 tempest-SnapshotsActionsTest-1180842889-project] Empty body provided in request {{(pid=93663) get_body /opt/stack/cinder/cinder/api/openstack/wsgi.py:713}}
Oct 25 14:57:56.438831 dv-cinder-813751-1-iscsi devstack@c-api.service[93663]: /usr/local/lib/python3.8/dist-packages/webob/acceptparse.py:1047: DeprecationWarning: The behavior of AcceptValidHeader.best_match is currently being maintained for backward compatibility, but it will be deprecated in the future, as it does not conform to the RFC.
Oct 25 14:57:56.438831 dv-cinder-813751-1-iscsi devstack@c-api.service[93663]: warnings.warn(
Oct 25 14:57:56.439339 dv-cinder-813751-1-iscsi devstack@c-api.service[93663]: DEBUG cinder.api.openstack.wsgi [None req-d9abf4f4-f030-492e-adbc-09e8c3a34350 tempest-SnapshotsActionsTest-1180842889 tempest-SnapshotsActionsTest-1180842889-project] Calling method 'show' {{(pid=93663) _process_stack /opt/stack/cinder/cinder/api/openstack/wsgi.py:866}}
Oct 25 14:57:56.456325 dv-cinder-813751-1-iscsi devstack@c-api.service[93662]: /usr/local/lib/python3.8/dist-packages/oslo_context/context.py:105: DeprecationWarning: Policy enforcement is depending on the value of is_admin. This key is deprecated. Please update your policy file to use the standard policy values.
Oct 25 14:57:56.456325 dv-cinder-813751-1-iscsi devstack@c-api.service[93662]: warnings.warn('Policy enforcement is depending on the value of '
Oct 25 14:57:56.470686 dv-cinder-813751-1-iscsi devstack@c-api.service[93662]: INFO cinder.volume.api [None req-7c1a60db-77b2-40a8-8057-4a2aeb092f46 tempest-GroupsV314Test-76702518 tempest-GroupsV314Test-76702518-project] Volume info retrieved successfully.
Oct 25 14:57:56.490182 dv-cinder-813751-1-iscsi devstack@c-api.service[93662]: WARNING stevedore.named [None req-7c1a60db-77b2-40a8-8057-4a2aeb092f46 tempest-GroupsV314Test-76702518 tempest-GroupsV314Test-76702518-project] Could not load cinder.keymgr.conf_key_mgr.ConfKeyManager
Oct 25 14:57:56.490800 dv-cinder-813751-1-iscsi devstack@c-api.service[93662]: WARNING castellan.key_manager [None req-7c1a60db-77b2-40a8-8057-4a2aeb092f46 tempest-GroupsV314Test-76702518 tempest-GroupsV314Test-76702518-project] Deprecation Warning : cinder.keymgr.conf_key_mgr.ConfKeyManager is not a stevedore based driver, trying to load it as a class: stevedore.exception.NoMatches: No 'castellan.drivers' driver found, looking for 'cinder.keymgr.conf_key_mgr.ConfKeyManager'
Oct 25 14:57:56.495095 dv-cinder-813751-1-iscsi devstack@c-api.service[93663]: INFO cinder.api.openstack.wsgi [None req-d9abf4f4-f030-492e-adbc-09e8c3a34350 tempest-SnapshotsActionsTest-1180842889 tempest-SnapshotsActionsTest-1180842889-project] http://10.222.0.57/volume/v3/ae5c7f3eae8d4f65903e599c4a20b28a/snapshots/70add9f3-7299-478a-8502-d8b002fa6bec returned with HTTP 404
Oct 25 14:57:56.498198 dv-cinder-813751-1-iscsi devstack@c-api.service[93663]: [pid: 93663|app: 0|req: 89/158] 10.222.0.57 () {58 vars in 1330 bytes} [Mon Oct 25 14:57:56 2021] GET /volume/v3/ae5c7f3eae8d4f65903e599c4a20b28a/snapshots/70add9f3-7299-478a-8502-d8b002fa6bec => generated 111 bytes in 65 msecs (HTTP/1.1 404) 7 headers in 292 bytes (2 switches on core 0)
Oct 25 14:57:56.506638 dv-cinder-813751-1-iscsi devstack@c-api.service[93663]: INFO cinder.api.openstack.wsgi [None req-ea70956e-df71-43f3-8ab1-5b1b5d42309f tempest-GroupSnapshotsTest-1429359216 tempest-GroupSnapshotsTest-1429359216-project] GET http://10.222.0.57/volume/v3/8972fc79b7de48839f5212bfcc90b1a6/snapshots/86b3e207-6e2f-457a-8c1b-a657f5276324
Oct 25 14:57:56.507745 dv-cinder-813751-1-iscsi devstack@c-api.service[93663]: DEBUG cinder.api.openstack.wsgi [None req-ea70956e-df71-43f3-8ab1-5b1b5d42309f tempest-GroupSnapshotsTest-1429359216 tempest-GroupSnapshotsTest-1429359216-project] Empty body provided in request {{(pid=93663) get_body /opt/stack/cinder/cinder/api/openstack/wsgi.py:713}}
Oct 25 14:57:56.508162 dv-cinder-813751-1-iscsi devstack@c-api.service[93662]: DEBUG oslo_db.sqlalchemy.engines [None req-7c1a60db-77b2-40a8-8057-4a2aeb092f46 tempest-GroupsV314Test-76702518 tempest-GroupsV314Test-76702518-project] MySQL server mode set to STRICT_TRANS_TABLES,STRICT_ALL_TABLES,NO_ZERO_IN_DATE,NO_ZERO_DATE,ERROR_FOR_DIVISION_BY_ZERO,TRADITIONAL,NO_ENGINE_SUBSTITUTION {{(pid=93662) _check_effective_sql_mode /usr/local/lib/python3.8/dist-packages/oslo_db/sqlalchemy/engines.py:304}}
Oct 25 14:57:56.508959 dv-cinder-813751-1-iscsi devstack@c-api.service[93663]: DEBUG cinder.api.openstack.wsgi [None req-ea70956e-df71-43f3-8ab1-5b1b5d42309f tempest-GroupSnapshotsTest-1429359216 tempest-GroupSnapshotsTest-1429359216-project] Calling method 'show' {{(pid=93663) _process_stack /opt/stack/cinder/cinder/api/openstack/wsgi.py:866}}
Oct 25 14:57:56.519218 dv-cinder-813751-1-iscsi devstack@c-api.service[93662]: /usr/local/lib/python3.8/dist-packages/oslo_context/context.py:105: DeprecationWarning: Policy enforcement is depending on the value of is_admin. This key is deprecated. Please update your policy file to use the standard policy values.
Oct 25 14:57:56.519218 dv-cinder-813751-1-iscsi devstack@c-api.service[93662]: warnings.warn('Policy enforcement is depending on the value of '
Oct 25 14:57:56.559284 dv-cinder-813751-1-iscsi devstack@c-api.service[93663]: INFO cinder.api.openstack.wsgi [None req-ea70956e-df71-43f3-8ab1-5b1b5d42309f tempest-GroupSnapshotsTest-1429359216 tempest-GroupSnapshotsTest-1429359216-project] http://10.222.0.57/volume/v3/8972fc79b7de48839f5212bfcc90b1a6/snapshots/86b3e207-6e2f-457a-8c1b-a657f5276324 returned with HTTP 404
Oct 25 14:57:56.562831 dv-cinder-813751-1-iscsi devstack@c-api.service[93663]: [pid: 93663|app: 0|req: 90/159] 10.222.0.57 () {58 vars in 1330 bytes} [Mon Oct 25 14:57:56 2021] GET /volume/v3/8972fc79b7de48839f5212bfcc90b1a6/snapshots/86b3e207-6e2f-457a-8c1b-a657f5276324 => generated 111 bytes in 63 msecs (HTTP/1.1 404) 7 headers in 292 bytes (1 switches on core 0)
Oct 25 14:57:56.574334 dv-cinder-813751-1-iscsi devstack@c-api.service[93663]: INFO cinder.api.openstack.wsgi [None req-434dae00-ed15-4e10-a804-45049eba6c8c tempest-SnapshotsActionsTest-398455221 tempest-SnapshotsActionsTest-398455221-project-admin] POST http://10.222.0.57/volume/v3/a88463824ab84410be2ddd1b9e68d50c/snapshots/1de61926-e6fd-4e08-ae1d-ca9dcc60867f/action
Oct 25 14:57:56.576198 dv-cinder-813751-1-iscsi devstack@c-api.service[93663]: DEBUG cinder.api.openstack.wsgi [None req-434dae00-ed15-4e10-a804-45049eba6c8c tempest-SnapshotsActionsTest-398455221 tempest-SnapshotsActionsTest-398455221-project-admin] Action body: b'{"os-reset_status": {"status": "available"}}' {{(pid=93663) get_method /opt/stack/cinder/cinder/api/openstack/wsgi.py:981}}
Oct 25 14:57:56.577232 dv-cinder-813751-1-iscsi devstack@c-api.service[93663]: DEBUG cinder.api.openstack.wsgi [None req-434dae00-ed15-4e10-a804-45049eba6c8c tempest-SnapshotsActionsTest-398455221 tempest-SnapshotsActionsTest-398455221-project-admin] Action: 'action', calling method: _reset_status, body: {"os-reset_status": {"status": "available"}} {{(pid=93663) _process_stack /opt/stack/cinder/cinder/api/openstack/wsgi.py:864}}
Oct 25 14:57:56.579915 dv-cinder-813751-1-iscsi devstack@c-api.service[93663]: DEBUG cinder.api.contrib.admin_actions [None req-434dae00-ed15-4e10-a804-45049eba6c8c tempest-SnapshotsActionsTest-398455221 tempest-SnapshotsActionsTest-398455221-project-admin] Updating snapshot '1de61926-e6fd-4e08-ae1d-ca9dcc60867f' with '{'status': 'available'}' {{(pid=93663) _reset_status /opt/stack/cinder/cinder/api/contrib/admin_actions.py:100}}
Oct 25 14:57:56.583236 dv-cinder-813751-1-iscsi devstack@c-api.service[93662]: INFO cinder.api.openstack.wsgi [None req-7c1a60db-77b2-40a8-8057-4a2aeb092f46 tempest-GroupsV314Test-76702518 tempest-GroupsV314Test-76702518-project] http://10.222.0.57/volume/v3/088f36855be84595b9efb29342649229/volumes/08988f0a-7a32-44a8-86fb-8bd1e28c9d10 returned with HTTP 200
Oct 25 14:57:56.603220 dv-cinder-813751-1-iscsi devstack@c-api.service[93662]: [pid: 93662|app: 0|req: 70/160] 10.222.0.57 () {60 vars in 1365 bytes} [Mon Oct 25 14:57:56 2021] GET /volume/v3/088f36855be84595b9efb29342649229/volumes/08988f0a-7a32-44a8-86fb-8bd1e28c9d10 => generated 991 bytes in 229 msecs (HTTP/1.1 200) 7 headers in 286 bytes (1 switches on core 0)
Oct 25 14:57:56.609534 dv-cinder-813751-1-iscsi devstack@c-api.service[93662]: INFO cinder.api.openstack.wsgi [None req-cda73e05-99bd-4c23-b2cc-e7d8db454c1d tempest-GroupSnapshotsTest-1429359216 tempest-GroupSnapshotsTest-1429359216-project] GET http://10.222.0.57/volume/v3/8972fc79b7de48839f5212bfcc90b1a6/group_snapshots/8ef40df5-3252-4ad4-88ae-862d62e8700c
Oct 25 14:57:56.610391 dv-cinder-813751-1-iscsi devstack@c-api.service[93662]: DEBUG cinder.api.openstack.wsgi [None req-cda73e05-99bd-4c23-b2cc-e7d8db454c1d tempest-GroupSnapshotsTest-1429359216 tempest-GroupSnapshotsTest-1429359216-project] Empty body provided in request {{(pid=93662) get_body /opt/stack/cinder/cinder/api/openstack/wsgi.py:713}}
Oct 25 14:57:56.610781 dv-cinder-813751-1-iscsi devstack@c-api.service[93662]: /usr/local/lib/python3.8/dist-packages/webob/acceptparse.py:1047: DeprecationWarning: The behavior of AcceptValidHeader.best_match is currently being maintained for backward compatibility, but it will be deprecated in the future, as it does not conform to the RFC.
Oct 25 14:57:56.610781 dv-cinder-813751-1-iscsi devstack@c-api.service[93662]: warnings.warn(
Oct 25 14:57:56.611379 dv-cinder-813751-1-iscsi devstack@c-api.service[93662]: DEBUG cinder.api.openstack.wsgi [None req-cda73e05-99bd-4c23-b2cc-e7d8db454c1d tempest-GroupSnapshotsTest-1429359216 tempest-GroupSnapshotsTest-1429359216-project] Calling method 'version_select' {{(pid=93662) _process_stack /opt/stack/cinder/cinder/api/openstack/wsgi.py:866}}
Oct 25 14:57:56.611940 dv-cinder-813751-1-iscsi devstack@c-api.service[93662]: DEBUG cinder.api.v3.group_snapshots [None req-cda73e05-99bd-4c23-b2cc-e7d8db454c1d tempest-GroupSnapshotsTest-1429359216 tempest-GroupSnapshotsTest-1429359216-project] show called for member 8ef40df5-3252-4ad4-88ae-862d62e8700c {{(pid=93662) show /opt/stack/cinder/cinder/api/v3/group_snapshots.py:58}}
Oct 25 14:57:56.629999 dv-cinder-813751-1-iscsi devstack@c-api.service[93662]: INFO cinder.api.openstack.wsgi [None req-cda73e05-99bd-4c23-b2cc-e7d8db454c1d tempest-GroupSnapshotsTest-1429359216 tempest-GroupSnapshotsTest-1429359216-project] http://10.222.0.57/volume/v3/8972fc79b7de48839f5212bfcc90b1a6/group_snapshots/8ef40df5-3252-4ad4-88ae-862d62e8700c returned with HTTP 404
Oct 25 14:57:56.639154 dv-cinder-813751-1-iscsi devstack@c-api.service[93662]: [pid: 93662|app: 0|req: 71/161] 10.222.0.57 () {60 vars in 1389 bytes} [Mon Oct 25 14:57:56 2021] GET /volume/v3/8972fc79b7de48839f5212bfcc90b1a6/group_snapshots/8ef40df5-3252-4ad4-88ae-862d62e8700c => generated 116 bytes in 35 msecs (HTTP/1.1 404) 7 headers in 293 bytes (1 switches on core 0)
Oct 25 14:57:56.653914 dv-cinder-813751-1-iscsi devstack@c-api.service[93662]: INFO cinder.api.openstack.wsgi [None req-a820dcf0-2b8c-400b-8734-4a8166bc37cd tempest-GroupSnapshotsTest-1429359216 tempest-GroupSnapshotsTest-1429359216-project] GET http://10.222.0.57/volume/v3/8972fc79b7de48839f5212bfcc90b1a6/volumes/detail
Oct 25 14:57:56.656702 dv-cinder-813751-1-iscsi devstack@c-api.service[93662]: DEBUG cinder.api.openstack.wsgi [None req-a820dcf0-2b8c-400b-8734-4a8166bc37cd tempest-GroupSnapshotsTest-1429359216 tempest-GroupSnapshotsTest-1429359216-project] Empty body provided in request {{(pid=93662) get_body /opt/stack/cinder/cinder/api/openstack/wsgi.py:713}}
Oct 25 14:57:56.658576 dv-cinder-813751-1-iscsi devstack@c-api.service[93662]: DEBUG cinder.api.openstack.wsgi [None req-a820dcf0-2b8c-400b-8734-4a8166bc37cd tempest-GroupSnapshotsTest-1429359216 tempest-GroupSnapshotsTest-1429359216-project] Calling method 'detail' {{(pid=93662) _process_stack /opt/stack/cinder/cinder/api/openstack/wsgi.py:866}}
Oct 25 14:57:56.659634 dv-cinder-813751-1-iscsi devstack@c-api.service[93662]: DEBUG cinder.api.api_utils [None req-a820dcf0-2b8c-400b-8734-4a8166bc37cd tempest-GroupSnapshotsTest-1429359216 tempest-GroupSnapshotsTest-1429359216-project] Removing options '' from query. {{(pid=93662) remove_invalid_filter_options /opt/stack/cinder/cinder/api/api_utils.py:63}}
Oct 25 14:57:56.665735 dv-cinder-813751-1-iscsi devstack@c-api.service[93662]: DEBUG cinder.volume.api [None req-a820dcf0-2b8c-400b-8734-4a8166bc37cd tempest-GroupSnapshotsTest-1429359216 tempest-GroupSnapshotsTest-1429359216-project] Searching by: MultiDict([('no_migration_targets', True)]). {{(pid=93662) get_all /opt/stack/cinder/cinder/volume/api.py:617}}
Oct 25 14:57:56.751501 dv-cinder-813751-1-iscsi devstack@c-api.service[93662]: INFO cinder.volume.api [None req-a820dcf0-2b8c-400b-8734-4a8166bc37cd tempest-GroupSnapshotsTest-1429359216 tempest-GroupSnapshotsTest-1429359216-project] Get all volumes completed successfully.
Oct 25 14:57:56.764464 dv-cinder-813751-1-iscsi devstack@c-api.service[93662]: WARNING stevedore.named [None req-a820dcf0-2b8c-400b-8734-4a8166bc37cd tempest-GroupSnapshotsTest-1429359216 tempest-GroupSnapshotsTest-1429359216-project] Could not load cinder.keymgr.conf_key_mgr.ConfKeyManager
Oct 25 14:57:56.765665 dv-cinder-813751-1-iscsi devstack@c-api.service[93662]: WARNING castellan.key_manager [None req-a820dcf0-2b8c-400b-8734-4a8166bc37cd tempest-GroupSnapshotsTest-1429359216 tempest-GroupSnapshotsTest-1429359216-project] Deprecation Warning : cinder.keymgr.conf_key_mgr.ConfKeyManager is not a stevedore based driver, trying to load it as a class: stevedore.exception.NoMatches: No 'castellan.drivers' driver found, looking for 'cinder.keymgr.conf_key_mgr.ConfKeyManager'
Oct 25 14:57:56.775265 dv-cinder-813751-1-iscsi devstack@c-api.service[93663]: /usr/local/lib/python3.8/dist-packages/oslo_context/context.py:105: DeprecationWarning: Policy enforcement is depending on the value of is_admin. This key is deprecated. Please update your policy file to use the standard policy values.
Oct 25 14:57:56.775265 dv-cinder-813751-1-iscsi devstack@c-api.service[93663]: warnings.warn('Policy enforcement is depending on the value of '
Oct 25 14:57:56.777913 dv-cinder-813751-1-iscsi devstack@c-api.service[93662]: DEBUG oslo_db.sqlalchemy.engines [None req-a820dcf0-2b8c-400b-8734-4a8166bc37cd tempest-GroupSnapshotsTest-1429359216 tempest-GroupSnapshotsTest-1429359216-project] MySQL server mode set to STRICT_TRANS_TABLES,STRICT_ALL_TABLES,NO_ZERO_IN_DATE,NO_ZERO_DATE,ERROR_FOR_DIVISION_BY_ZERO,TRADITIONAL,NO_ENGINE_SUBSTITUTION {{(pid=93662) _check_effective_sql_mode /usr/local/lib/python3.8/dist-packages/oslo_db/sqlalchemy/engines.py:304}}
Oct 25 14:57:56.828423 dv-cinder-813751-1-iscsi devstack@c-api.service[93662]: /usr/local/lib/python3.8/dist-packages/oslo_context/context.py:105: DeprecationWarning: Policy enforcement is depending on the value of is_admin. This key is deprecated. Please update your policy file to use the standard policy values.
Oct 25 14:57:56.828423 dv-cinder-813751-1-iscsi devstack@c-api.service[93662]: warnings.warn('Policy enforcement is depending on the value of '
Oct 25 14:57:56.902286 dv-cinder-813751-1-iscsi devstack@c-api.service[93662]: INFO cinder.api.openstack.wsgi [None req-a820dcf0-2b8c-400b-8734-4a8166bc37cd tempest-GroupSnapshotsTest-1429359216 tempest-GroupSnapshotsTest-1429359216-project] http://10.222.0.57/volume/v3/8972fc79b7de48839f5212bfcc90b1a6/volumes/detail returned with HTTP 200
Oct 25 14:57:56.903890 dv-cinder-813751-1-iscsi devstack@c-api.service[93662]: [pid: 93662|app: 0|req: 72/162] 10.222.0.57 () {60 vars in 1275 bytes} [Mon Oct 25 14:57:56 2021] GET /volume/v3/8972fc79b7de48839f5212bfcc90b1a6/volumes/detail => generated 1004 bytes in 260 msecs (HTTP/1.1 200) 7 headers in 287 bytes (1 switches on core 0)
Oct 25 14:57:56.923051 dv-cinder-813751-1-iscsi devstack@c-api.service[93662]: INFO cinder.api.openstack.wsgi [None req-a9295629-1219-42ae-b7af-8e4be78ef2d0 tempest-GroupSnapshotsTest-1429359216 tempest-GroupSnapshotsTest-1429359216-project] POST http://10.222.0.57/volume/v3/8972fc79b7de48839f5212bfcc90b1a6/groups/b7ed6313-fc65-44ff-bbaf-2af771742f2e/action
Oct 25 14:57:56.923051 dv-cinder-813751-1-iscsi devstack@c-api.service[93662]: /usr/local/lib/python3.8/dist-packages/webob/acceptparse.py:1047: DeprecationWarning: The behavior of AcceptValidHeader.best_match is currently being maintained for backward compatibility, but it will be deprecated in the future, as it does not conform to the RFC.
Oct 25 14:57:56.923051 dv-cinder-813751-1-iscsi devstack@c-api.service[93662]: warnings.warn(
Oct 25 14:57:56.923529 dv-cinder-813751-1-iscsi devstack@c-api.service[93662]: DEBUG cinder.api.openstack.wsgi [None req-a9295629-1219-42ae-b7af-8e4be78ef2d0 tempest-GroupSnapshotsTest-1429359216 tempest-GroupSnapshotsTest-1429359216-project] Action body: b'{"delete": {"delete-volumes": true}}' {{(pid=93662) get_method /opt/stack/cinder/cinder/api/openstack/wsgi.py:981}}
Oct 25 14:57:56.923733 dv-cinder-813751-1-iscsi devstack@c-api.service[93662]: DEBUG cinder.api.openstack.wsgi [None req-a9295629-1219-42ae-b7af-8e4be78ef2d0 tempest-GroupSnapshotsTest-1429359216 tempest-GroupSnapshotsTest-1429359216-project] Action: 'action', calling method: delete_group, body: {"delete": {"delete-volumes": true}} {{(pid=93662) _process_stack /opt/stack/cinder/cinder/api/openstack/wsgi.py:864}}
Oct 25 14:57:56.926295 dv-cinder-813751-1-iscsi devstack@c-api.service[93663]: INFO cinder.api.openstack.wsgi [None req-434dae00-ed15-4e10-a804-45049eba6c8c tempest-SnapshotsActionsTest-398455221 tempest-SnapshotsActionsTest-398455221-project-admin] http://10.222.0.57/volume/v3/a88463824ab84410be2ddd1b9e68d50c/snapshots/1de61926-e6fd-4e08-ae1d-ca9dcc60867f/action returned with HTTP 202
Oct 25 14:57:56.927834 dv-cinder-813751-1-iscsi devstack@c-api.service[93663]: [pid: 93663|app: 0|req: 91/163] 10.222.0.57 () {60 vars in 1372 bytes} [Mon Oct 25 14:57:56 2021] POST /volume/v3/a88463824ab84410be2ddd1b9e68d50c/snapshots/1de61926-e6fd-4e08-ae1d-ca9dcc60867f/action => generated 0 bytes in 364 msecs (HTTP/1.1 202) 7 headers in 289 bytes (1 switches on core 0)
Oct 25 14:57:56.928439 dv-cinder-813751-1-iscsi devstack@c-api.service[93662]: DEBUG cinder.api.v3.groups [None req-a9295629-1219-42ae-b7af-8e4be78ef2d0 tempest-GroupSnapshotsTest-1429359216 tempest-GroupSnapshotsTest-1429359216-project] delete called for group b7ed6313-fc65-44ff-bbaf-2af771742f2e {{(pid=93662) _delete /opt/stack/cinder/cinder/api/v3/groups.py:117}}
Oct 25 14:57:56.928892 dv-cinder-813751-1-iscsi devstack@c-api.service[93662]: INFO cinder.api.v3.groups [None req-a9295629-1219-42ae-b7af-8e4be78ef2d0 tempest-GroupSnapshotsTest-1429359216 tempest-GroupSnapshotsTest-1429359216-project] Delete group with id: b7ed6313-fc65-44ff-bbaf-2af771742f2e
Oct 25 14:57:56.937343 dv-cinder-813751-1-iscsi devstack@c-api.service[93663]: INFO cinder.api.openstack.wsgi [None req-9321cfcf-5642-4074-b36c-382b2b1d1449 tempest-SnapshotsActionsTest-1180842889 tempest-SnapshotsActionsTest-1180842889-project] GET http://10.222.0.57/volume/v3/ae5c7f3eae8d4f65903e599c4a20b28a/snapshots/1de61926-e6fd-4e08-ae1d-ca9dcc60867f
Oct 25 14:57:56.940621 dv-cinder-813751-1-iscsi devstack@c-api.service[93663]: DEBUG cinder.api.openstack.wsgi [None req-9321cfcf-5642-4074-b36c-382b2b1d1449 tempest-SnapshotsActionsTest-1180842889 tempest-SnapshotsActionsTest-1180842889-project] Empty body provided in request {{(pid=93663) get_body /opt/stack/cinder/cinder/api/openstack/wsgi.py:713}}
Oct 25 14:57:56.940827 dv-cinder-813751-1-iscsi devstack@c-api.service[93663]: /usr/local/lib/python3.8/dist-packages/webob/acceptparse.py:1047: DeprecationWarning: The behavior of AcceptValidHeader.best_match is currently being maintained for backward compatibility, but it will be deprecated in the future, as it does not conform to the RFC.
Oct 25 14:57:56.940827 dv-cinder-813751-1-iscsi devstack@c-api.service[93663]: warnings.warn(
Oct 25 14:57:56.941451 dv-cinder-813751-1-iscsi devstack@c-api.service[93663]: DEBUG cinder.api.openstack.wsgi [None req-9321cfcf-5642-4074-b36c-382b2b1d1449 tempest-SnapshotsActionsTest-1180842889 tempest-SnapshotsActionsTest-1180842889-project] Calling method 'show' {{(pid=93663) _process_stack /opt/stack/cinder/cinder/api/openstack/wsgi.py:866}}
Oct 25 14:57:56.953588 dv-cinder-813751-1-iscsi devstack@c-api.service[93662]: /usr/local/lib/python3.8/dist-packages/oslo_context/context.py:105: DeprecationWarning: Policy enforcement is depending on the value of is_admin. This key is deprecated. Please update your policy file to use the standard policy values.
Oct 25 14:57:56.953588 dv-cinder-813751-1-iscsi devstack@c-api.service[93662]: warnings.warn('Policy enforcement is depending on the value of '
Oct 25 14:57:56.988266 dv-cinder-813751-1-iscsi devstack@c-api.service[93663]: /usr/local/lib/python3.8/dist-packages/oslo_context/context.py:105: DeprecationWarning: Policy enforcement is depending on the value of is_admin. This key is deprecated. Please update your policy file to use the standard policy values.
Oct 25 14:57:56.988266 dv-cinder-813751-1-iscsi devstack@c-api.service[93663]: warnings.warn('Policy enforcement is depending on the value of '
Oct 25 14:57:56.989287 dv-cinder-813751-1-iscsi devstack@c-api.service[93663]: INFO cinder.volume.api [None req-9321cfcf-5642-4074-b36c-382b2b1d1449 tempest-SnapshotsActionsTest-1180842889 tempest-SnapshotsActionsTest-1180842889-project] Snapshot retrieved successfully.
Oct 25 14:57:56.991291 dv-cinder-813751-1-iscsi devstack@c-api.service[93663]: INFO cinder.api.openstack.wsgi [None req-9321cfcf-5642-4074-b36c-382b2b1d1449 tempest-SnapshotsActionsTest-1180842889 tempest-SnapshotsActionsTest-1180842889-project] http://10.222.0.57/volume/v3/ae5c7f3eae8d4f65903e599c4a20b28a/snapshots/1de61926-e6fd-4e08-ae1d-ca9dcc60867f returned with HTTP 200
Oct 25 14:57:56.992739 dv-cinder-813751-1-iscsi devstack@c-api.service[93663]: [pid: 93663|app: 0|req: 92/164] 10.222.0.57 () {58 vars in 1330 bytes} [Mon Oct 25 14:57:56 2021] GET /volume/v3/ae5c7f3eae8d4f65903e599c4a20b28a/snapshots/1de61926-e6fd-4e08-ae1d-ca9dcc60867f => generated 466 bytes in 61 msecs (HTTP/1.1 200) 7 headers in 285 bytes (2 switches on core 0)
Oct 25 14:57:57.004683 dv-cinder-813751-1-iscsi devstack@c-api.service[93663]: INFO cinder.api.openstack.wsgi [None req-42a252f7-73be-4500-8bdf-c96732d16286 tempest-SnapshotsActionsTest-1180842889 tempest-SnapshotsActionsTest-1180842889-project] POST http://10.222.0.57/volume/v3/ae5c7f3eae8d4f65903e599c4a20b28a/snapshots
Oct 25 14:57:57.005074 dv-cinder-813751-1-iscsi devstack@c-api.service[93663]: /usr/local/lib/python3.8/dist-packages/webob/acceptparse.py:1047: DeprecationWarning: The behavior of AcceptValidHeader.best_match is currently being maintained for backward compatibility, but it will be deprecated in the future, as it does not conform to the RFC.
Oct 25 14:57:57.005074 dv-cinder-813751-1-iscsi devstack@c-api.service[93663]: warnings.warn(
Oct 25 14:57:57.005504 dv-cinder-813751-1-iscsi devstack@c-api.service[93663]: DEBUG cinder.api.openstack.wsgi [None req-42a252f7-73be-4500-8bdf-c96732d16286 tempest-SnapshotsActionsTest-1180842889 tempest-SnapshotsActionsTest-1180842889-project] Action: 'create', calling method: create, body: {"snapshot": {"volume_id": "28e6a717-5e9b-4ce2-bc8c-a1a48f5aa18e", "name": "tempest-SnapshotsActionsTest-Snapshot-848976475"}} {{(pid=93663) _process_stack /opt/stack/cinder/cinder/api/openstack/wsgi.py:864}}
Oct 25 14:57:57.090256 dv-cinder-813751-1-iscsi devstack@c-api.service[93663]: /usr/local/lib/python3.8/dist-packages/oslo_context/context.py:105: DeprecationWarning: Policy enforcement is depending on the value of is_admin. This key is deprecated. Please update your policy file to use the standard policy values.
Oct 25 14:57:57.090256 dv-cinder-813751-1-iscsi devstack@c-api.service[93663]: warnings.warn('Policy enforcement is depending on the value of '
Oct 25 14:57:57.091772 dv-cinder-813751-1-iscsi devstack@c-api.service[93663]: INFO cinder.volume.api [None req-42a252f7-73be-4500-8bdf-c96732d16286 tempest-SnapshotsActionsTest-1180842889 tempest-SnapshotsActionsTest-1180842889-project] Volume info retrieved successfully.
Oct 25 14:57:57.092181 dv-cinder-813751-1-iscsi devstack@c-api.service[93663]: INFO cinder.api.v2.snapshots [None req-42a252f7-73be-4500-8bdf-c96732d16286 tempest-SnapshotsActionsTest-1180842889 tempest-SnapshotsActionsTest-1180842889-project] Create snapshot from volume 28e6a717-5e9b-4ce2-bc8c-a1a48f5aa18e
Oct 25 14:57:57.133898 dv-cinder-813751-1-iscsi devstack@c-api.service[93663]: WARNING cinder.quota [None req-42a252f7-73be-4500-8bdf-c96732d16286 tempest-SnapshotsActionsTest-1180842889 tempest-SnapshotsActionsTest-1180842889-project] Deprecated: Default quota for resource: gigabytes___DEFAULT__ is set by the default quota flag: quota_gigabytes___DEFAULT__, it is now deprecated. Please use the default quota class for default quota.
Oct 25 14:57:57.135217 dv-cinder-813751-1-iscsi devstack@c-api.service[93663]: WARNING cinder.quota [None req-42a252f7-73be-4500-8bdf-c96732d16286 tempest-SnapshotsActionsTest-1180842889 tempest-SnapshotsActionsTest-1180842889-project] Deprecated: Default quota for resource: snapshots___DEFAULT__ is set by the default quota flag: quota_snapshots___DEFAULT__, it is now deprecated. Please use the default quota class for default quota.
Oct 25 14:57:57.162864 dv-cinder-813751-1-iscsi devstack@c-api.service[93663]: DEBUG cinder.quota [None req-42a252f7-73be-4500-8bdf-c96732d16286 tempest-SnapshotsActionsTest-1180842889 tempest-SnapshotsActionsTest-1180842889-project] Created reservations ['a80a9e02-425a-4ff9-b3a3-0b81bdb644db', 'a7a378a8-fbd4-4e45-937e-0010d5bdc5e5', '137a2ebc-10c4-4085-b7e9-cebd7cd8477e', '30b5b112-5bf0-42db-b9bd-2de9fb3e01cc'] {{(pid=93663) reserve /opt/stack/cinder/cinder/quota.py:756}}
Oct 25 14:57:57.164164 dv-cinder-813751-1-iscsi devstack@c-api.service[93662]: INFO cinder.api.openstack.wsgi [None req-a9295629-1219-42ae-b7af-8e4be78ef2d0 tempest-GroupSnapshotsTest-1429359216 tempest-GroupSnapshotsTest-1429359216-project] http://10.222.0.57/volume/v3/8972fc79b7de48839f5212bfcc90b1a6/groups/b7ed6313-fc65-44ff-bbaf-2af771742f2e/action returned with HTTP 202
Oct 25 14:57:57.171424 dv-cinder-813751-1-iscsi devstack@c-api.service[93662]: [pid: 93662|app: 0|req: 73/165] 10.222.0.57 () {62 vars in 1404 bytes} [Mon Oct 25 14:57:56 2021] POST /volume/v3/8972fc79b7de48839f5212bfcc90b1a6/groups/b7ed6313-fc65-44ff-bbaf-2af771742f2e/action => generated 0 bytes in 255 msecs (HTTP/1.1 202) 6 headers in 234 bytes (1 switches on core 0)
Oct 25 14:57:57.175881 dv-cinder-813751-1-iscsi devstack@c-api.service[93662]: INFO cinder.api.openstack.wsgi [None req-2dd5dd53-ca98-4536-bd36-f54b2363ce98 tempest-GroupSnapshotsTest-1429359216 tempest-GroupSnapshotsTest-1429359216-project] GET http://10.222.0.57/volume/v3/8972fc79b7de48839f5212bfcc90b1a6/volumes/e50fbb96-faef-4f44-ae3b-d3d7b75759a0
Oct 25 14:57:57.176409 dv-cinder-813751-1-iscsi devstack@c-api.service[93662]: DEBUG cinder.api.openstack.wsgi [None req-2dd5dd53-ca98-4536-bd36-f54b2363ce98 tempest-GroupSnapshotsTest-1429359216 tempest-GroupSnapshotsTest-1429359216-project] Empty body provided in request {{(pid=93662) get_body /opt/stack/cinder/cinder/api/openstack/wsgi.py:713}}
Oct 25 14:57:57.176595 dv-cinder-813751-1-iscsi devstack@c-api.service[93662]: /usr/local/lib/python3.8/dist-packages/webob/acceptparse.py:1047: DeprecationWarning: The behavior of AcceptValidHeader.best_match is currently being maintained for backward compatibility, but it will be deprecated in the future, as it does not conform to the RFC.
Oct 25 14:57:57.176595 dv-cinder-813751-1-iscsi devstack@c-api.service[93662]: warnings.warn(
Oct 25 14:57:57.176912 dv-cinder-813751-1-iscsi devstack@c-api.service[93662]: DEBUG cinder.api.openstack.wsgi [None req-2dd5dd53-ca98-4536-bd36-f54b2363ce98 tempest-GroupSnapshotsTest-1429359216 tempest-GroupSnapshotsTest-1429359216-project] Calling method 'show' {{(pid=93662) _process_stack /opt/stack/cinder/cinder/api/openstack/wsgi.py:866}}
Oct 25 14:57:57.239280 dv-cinder-813751-1-iscsi devstack@c-api.service[93662]: /usr/local/lib/python3.8/dist-packages/oslo_context/context.py:105: DeprecationWarning: Policy enforcement is depending on the value of is_admin. This key is deprecated. Please update your policy file to use the standard policy values.
Oct 25 14:57:57.239280 dv-cinder-813751-1-iscsi devstack@c-api.service[93662]: warnings.warn('Policy enforcement is depending on the value of '
Oct 25 14:57:57.252359 dv-cinder-813751-1-iscsi devstack@c-api.service[93662]: INFO cinder.volume.api [None req-2dd5dd53-ca98-4536-bd36-f54b2363ce98 tempest-GroupSnapshotsTest-1429359216 tempest-GroupSnapshotsTest-1429359216-project] Volume info retrieved successfully.
Oct 25 14:57:57.285940 dv-cinder-813751-1-iscsi devstack@c-api.service[93662]: WARNING stevedore.named [None req-2dd5dd53-ca98-4536-bd36-f54b2363ce98 tempest-GroupSnapshotsTest-1429359216 tempest-GroupSnapshotsTest-1429359216-project] Could not load cinder.keymgr.conf_key_mgr.ConfKeyManager
Oct 25 14:57:57.286151 dv-cinder-813751-1-iscsi devstack@c-api.service[93662]: WARNING castellan.key_manager [None req-2dd5dd53-ca98-4536-bd36-f54b2363ce98 tempest-GroupSnapshotsTest-1429359216 tempest-GroupSnapshotsTest-1429359216-project] Deprecation Warning : cinder.keymgr.conf_key_mgr.ConfKeyManager is not a stevedore based driver, trying to load it as a class: stevedore.exception.NoMatches: No 'castellan.drivers' driver found, looking for 'cinder.keymgr.conf_key_mgr.ConfKeyManager'
Oct 25 14:57:57.303617 dv-cinder-813751-1-iscsi devstack@c-api.service[93662]: DEBUG oslo_db.sqlalchemy.engines [None req-2dd5dd53-ca98-4536-bd36-f54b2363ce98 tempest-GroupSnapshotsTest-1429359216 tempest-GroupSnapshotsTest-1429359216-project] MySQL server mode set to STRICT_TRANS_TABLES,STRICT_ALL_TABLES,NO_ZERO_IN_DATE,NO_ZERO_DATE,ERROR_FOR_DIVISION_BY_ZERO,TRADITIONAL,NO_ENGINE_SUBSTITUTION {{(pid=93662) _check_effective_sql_mode /usr/local/lib/python3.8/dist-packages/oslo_db/sqlalchemy/engines.py:304}}
Oct 25 14:57:57.328399 dv-cinder-813751-1-iscsi devstack@c-api.service[93662]: /usr/local/lib/python3.8/dist-packages/oslo_context/context.py:105: DeprecationWarning: Policy enforcement is depending on the value of is_admin. This key is deprecated. Please update your policy file to use the standard policy values.
Oct 25 14:57:57.328399 dv-cinder-813751-1-iscsi devstack@c-api.service[93662]: warnings.warn('Policy enforcement is depending on the value of '
Oct 25 14:57:57.362766 dv-cinder-813751-1-iscsi devstack@c-api.service[93663]: INFO cinder.volume.api [None req-42a252f7-73be-4500-8bdf-c96732d16286 tempest-SnapshotsActionsTest-1180842889 tempest-SnapshotsActionsTest-1180842889-project] Snapshot create request issued successfully.
Oct 25 14:57:57.364413 dv-cinder-813751-1-iscsi devstack@c-api.service[93663]: INFO cinder.api.openstack.wsgi [None req-42a252f7-73be-4500-8bdf-c96732d16286 tempest-SnapshotsActionsTest-1180842889 tempest-SnapshotsActionsTest-1180842889-project] http://10.222.0.57/volume/v3/ae5c7f3eae8d4f65903e599c4a20b28a/snapshots returned with HTTP 202
Oct 25 14:57:57.365629 dv-cinder-813751-1-iscsi devstack@c-api.service[93663]: [pid: 93663|app: 0|req: 93/166] 10.222.0.57 () {60 vars in 1241 bytes} [Mon Oct 25 14:57:57 2021] POST /volume/v3/ae5c7f3eae8d4f65903e599c4a20b28a/snapshots => generated 306 bytes in 365 msecs (HTTP/1.1 202) 7 headers in 291 bytes (2 switches on core 0)
Oct 25 14:57:57.377231 dv-cinder-813751-1-iscsi devstack@c-api.service[93663]: INFO cinder.api.openstack.wsgi [None req-3e9dd578-79eb-44c3-b3e5-17eabd1b2731 tempest-SnapshotsActionsTest-1180842889 tempest-SnapshotsActionsTest-1180842889-project] GET http://10.222.0.57/volume/v3/ae5c7f3eae8d4f65903e599c4a20b28a/snapshots/c990b71b-6ed1-49a4-9e2a-bfcf9b7cbd15
Oct 25 14:57:57.378116 dv-cinder-813751-1-iscsi devstack@c-api.service[93663]: DEBUG cinder.api.openstack.wsgi [None req-3e9dd578-79eb-44c3-b3e5-17eabd1b2731 tempest-SnapshotsActionsTest-1180842889 tempest-SnapshotsActionsTest-1180842889-project] Empty body provided in request {{(pid=93663) get_body /opt/stack/cinder/cinder/api/openstack/wsgi.py:713}}
Oct 25 14:57:57.378524 dv-cinder-813751-1-iscsi devstack@c-api.service[93663]: /usr/local/lib/python3.8/dist-packages/webob/acceptparse.py:1047: DeprecationWarning: The behavior of AcceptValidHeader.best_match is currently being maintained for backward compatibility, but it will be deprecated in the future, as it does not conform to the RFC.
Oct 25 14:57:57.378524 dv-cinder-813751-1-iscsi devstack@c-api.service[93663]: warnings.warn(
Oct 25 14:57:57.379251 dv-cinder-813751-1-iscsi devstack@c-api.service[93663]: DEBUG cinder.api.openstack.wsgi [None req-3e9dd578-79eb-44c3-b3e5-17eabd1b2731 tempest-SnapshotsActionsTest-1180842889 tempest-SnapshotsActionsTest-1180842889-project] Calling method 'show' {{(pid=93663) _process_stack /opt/stack/cinder/cinder/api/openstack/wsgi.py:866}}
Oct 25 14:57:57.381533 dv-cinder-813751-1-iscsi devstack@c-api.service[93662]: INFO cinder.api.openstack.wsgi [None req-2dd5dd53-ca98-4536-bd36-f54b2363ce98 tempest-GroupSnapshotsTest-1429359216 tempest-GroupSnapshotsTest-1429359216-project] http://10.222.0.57/volume/v3/8972fc79b7de48839f5212bfcc90b1a6/volumes/e50fbb96-faef-4f44-ae3b-d3d7b75759a0 returned with HTTP 200
Oct 25 14:57:57.382457 dv-cinder-813751-1-iscsi devstack@c-api.service[93662]: [pid: 93662|app: 0|req: 74/167] 10.222.0.57 () {60 vars in 1365 bytes} [Mon Oct 25 14:57:57 2021] GET /volume/v3/8972fc79b7de48839f5212bfcc90b1a6/volumes/e50fbb96-faef-4f44-ae3b-d3d7b75759a0 => generated 1000 bytes in 210 msecs (HTTP/1.1 200) 7 headers in 287 bytes (1 switches on core 0)
Oct 25 14:57:57.462004 dv-cinder-813751-1-iscsi devstack@c-api.service[93663]: /usr/local/lib/python3.8/dist-packages/oslo_context/context.py:105: DeprecationWarning: Policy enforcement is depending on the value of is_admin. This key is deprecated. Please update your policy file to use the standard policy values.
Oct 25 14:57:57.462004 dv-cinder-813751-1-iscsi devstack@c-api.service[93663]: warnings.warn('Policy enforcement is depending on the value of '
Oct 25 14:57:57.466014 dv-cinder-813751-1-iscsi devstack@c-api.service[93663]: INFO cinder.volume.api [None req-3e9dd578-79eb-44c3-b3e5-17eabd1b2731 tempest-SnapshotsActionsTest-1180842889 tempest-SnapshotsActionsTest-1180842889-project] Snapshot retrieved successfully.
Oct 25 14:57:57.470202 dv-cinder-813751-1-iscsi devstack@c-api.service[93663]: INFO cinder.api.openstack.wsgi [None req-3e9dd578-79eb-44c3-b3e5-17eabd1b2731 tempest-SnapshotsActionsTest-1180842889 tempest-SnapshotsActionsTest-1180842889-project] http://10.222.0.57/volume/v3/ae5c7f3eae8d4f65903e599c4a20b28a/snapshots/c990b71b-6ed1-49a4-9e2a-bfcf9b7cbd15 returned with HTTP 200
Oct 25 14:57:57.471820 dv-cinder-813751-1-iscsi devstack@c-api.service[93663]: [pid: 93663|app: 0|req: 94/168] 10.222.0.57 () {58 vars in 1330 bytes} [Mon Oct 25 14:57:57 2021] GET /volume/v3/ae5c7f3eae8d4f65903e599c4a20b28a/snapshots/c990b71b-6ed1-49a4-9e2a-bfcf9b7cbd15 => generated 438 bytes in 101 msecs (HTTP/1.1 200) 7 headers in 285 bytes (1 switches on core 0)
Oct 25 14:57:57.608129 dv-cinder-813751-1-iscsi devstack@c-api.service[93662]: INFO cinder.api.openstack.wsgi [None req-bc96ee44-0e67-4ffa-9b58-3761b19beafc tempest-GroupsV314Test-76702518 tempest-GroupsV314Test-76702518-project] GET http://10.222.0.57/volume/v3/088f36855be84595b9efb29342649229/volumes/08988f0a-7a32-44a8-86fb-8bd1e28c9d10
Oct 25 14:57:57.609786 dv-cinder-813751-1-iscsi devstack@c-api.service[93662]: DEBUG cinder.api.openstack.wsgi [None req-bc96ee44-0e67-4ffa-9b58-3761b19beafc tempest-GroupsV314Test-76702518 tempest-GroupsV314Test-76702518-project] Empty body provided in request {{(pid=93662) get_body /opt/stack/cinder/cinder/api/openstack/wsgi.py:713}}
Oct 25 14:57:57.611685 dv-cinder-813751-1-iscsi devstack@c-api.service[93662]: /usr/local/lib/python3.8/dist-packages/webob/acceptparse.py:1047: DeprecationWarning: The behavior of AcceptValidHeader.best_match is currently being maintained for backward compatibility, but it will be deprecated in the future, as it does not conform to the RFC.
Oct 25 14:57:57.611685 dv-cinder-813751-1-iscsi devstack@c-api.service[93662]: warnings.warn(
Oct 25 14:57:57.612499 dv-cinder-813751-1-iscsi devstack@c-api.service[93662]: DEBUG cinder.api.openstack.wsgi [None req-bc96ee44-0e67-4ffa-9b58-3761b19beafc tempest-GroupsV314Test-76702518 tempest-GroupsV314Test-76702518-project] Calling method 'show' {{(pid=93662) _process_stack /opt/stack/cinder/cinder/api/openstack/wsgi.py:866}}
Oct 25 14:57:57.664748 dv-cinder-813751-1-iscsi devstack@c-api.service[93662]: INFO cinder.api.openstack.wsgi [None req-bc96ee44-0e67-4ffa-9b58-3761b19beafc tempest-GroupsV314Test-76702518 tempest-GroupsV314Test-76702518-project] http://10.222.0.57/volume/v3/088f36855be84595b9efb29342649229/volumes/08988f0a-7a32-44a8-86fb-8bd1e28c9d10 returned with HTTP 404
Oct 25 14:57:57.666036 dv-cinder-813751-1-iscsi devstack@c-api.service[93662]: [pid: 93662|app: 0|req: 75/169] 10.222.0.57 () {60 vars in 1365 bytes} [Mon Oct 25 14:57:57 2021] GET /volume/v3/088f36855be84595b9efb29342649229/volumes/08988f0a-7a32-44a8-86fb-8bd1e28c9d10 => generated 109 bytes in 68 msecs (HTTP/1.1 404) 7 headers in 293 bytes (1 switches on core 0)
Oct 25 14:57:57.680294 dv-cinder-813751-1-iscsi devstack@c-api.service[93663]: INFO cinder.api.openstack.wsgi [None req-4a4cb21e-c5a8-4f8d-8cbb-e7f1f8d0a01e tempest-GroupsV314Test-76702518 tempest-GroupsV314Test-76702518-project] GET http://10.222.0.57/volume/v3/088f36855be84595b9efb29342649229/groups/c3b4fedd-517f-42b0-a36a-d4e0af4ed1af
Oct 25 14:57:57.681363 dv-cinder-813751-1-iscsi devstack@c-api.service[93663]: DEBUG cinder.api.openstack.wsgi [None req-4a4cb21e-c5a8-4f8d-8cbb-e7f1f8d0a01e tempest-GroupsV314Test-76702518 tempest-GroupsV314Test-76702518-project] Empty body provided in request {{(pid=93663) get_body /opt/stack/cinder/cinder/api/openstack/wsgi.py:713}}
Oct 25 14:57:57.682666 dv-cinder-813751-1-iscsi devstack@c-api.service[93663]: /usr/local/lib/python3.8/dist-packages/webob/acceptparse.py:1047: DeprecationWarning: The behavior of AcceptValidHeader.best_match is currently being maintained for backward compatibility, but it will be deprecated in the future, as it does not conform to the RFC.
Oct 25 14:57:57.682666 dv-cinder-813751-1-iscsi devstack@c-api.service[93663]: warnings.warn(
Oct 25 14:57:57.683201 dv-cinder-813751-1-iscsi devstack@c-api.service[93663]: DEBUG cinder.api.openstack.wsgi [None req-4a4cb21e-c5a8-4f8d-8cbb-e7f1f8d0a01e tempest-GroupsV314Test-76702518 tempest-GroupsV314Test-76702518-project] Calling method 'version_select' {{(pid=93663) _process_stack /opt/stack/cinder/cinder/api/openstack/wsgi.py:866}}
Oct 25 14:57:57.683916 dv-cinder-813751-1-iscsi devstack@c-api.service[93663]: DEBUG cinder.api.v3.groups [None req-4a4cb21e-c5a8-4f8d-8cbb-e7f1f8d0a01e tempest-GroupsV314Test-76702518 tempest-GroupsV314Test-76702518-project] show called for member c3b4fedd-517f-42b0-a36a-d4e0af4ed1af {{(pid=93663) show /opt/stack/cinder/cinder/api/v3/groups.py:58}}
Oct 25 14:57:57.699295 dv-cinder-813751-1-iscsi devstack@c-api.service[93663]: INFO cinder.api.openstack.wsgi [None req-4a4cb21e-c5a8-4f8d-8cbb-e7f1f8d0a01e tempest-GroupsV314Test-76702518 tempest-GroupsV314Test-76702518-project] http://10.222.0.57/volume/v3/088f36855be84595b9efb29342649229/groups/c3b4fedd-517f-42b0-a36a-d4e0af4ed1af returned with HTTP 404
Oct 25 14:57:57.708356 dv-cinder-813751-1-iscsi devstack@c-api.service[93663]: [pid: 93663|app: 0|req: 95/170] 10.222.0.57 () {60 vars in 1362 bytes} [Mon Oct 25 14:57:57 2021] GET /volume/v3/088f36855be84595b9efb29342649229/groups/c3b4fedd-517f-42b0-a36a-d4e0af4ed1af => generated 108 bytes in 35 msecs (HTTP/1.1 404) 7 headers in 293 bytes (1 switches on core 0)
Oct 25 14:57:57.714179 dv-cinder-813751-1-iscsi devstack@c-api.service[93662]: INFO cinder.api.openstack.wsgi [None req-ee2c81ba-c154-4587-8431-f29f7ee67584 tempest-GroupsV314Test-1615656514 tempest-GroupsV314Test-1615656514-project-admin] DELETE http://10.222.0.57/volume/v3/31164bf256a24f4bbd369994a520419d/group_types/8e003fe5-4cda-4258-b250-f04334c9e7fe
Oct 25 14:57:57.714922 dv-cinder-813751-1-iscsi devstack@c-api.service[93662]: DEBUG cinder.api.openstack.wsgi [None req-ee2c81ba-c154-4587-8431-f29f7ee67584 tempest-GroupsV314Test-1615656514 tempest-GroupsV314Test-1615656514-project-admin] Empty body provided in request {{(pid=93662) get_body /opt/stack/cinder/cinder/api/openstack/wsgi.py:713}}
Oct 25 14:57:57.715287 dv-cinder-813751-1-iscsi devstack@c-api.service[93662]: DEBUG cinder.api.openstack.wsgi [None req-ee2c81ba-c154-4587-8431-f29f7ee67584 tempest-GroupsV314Test-1615656514 tempest-GroupsV314Test-1615656514-project-admin] Calling method 'version_select' {{(pid=93662) _process_stack /opt/stack/cinder/cinder/api/openstack/wsgi.py:866}}
Oct 25 14:57:57.814488 dv-cinder-813751-1-iscsi devstack@c-api.service[93662]: INFO cinder.api.openstack.wsgi [None req-ee2c81ba-c154-4587-8431-f29f7ee67584 tempest-GroupsV314Test-1615656514 tempest-GroupsV314Test-1615656514-project-admin] http://10.222.0.57/volume/v3/31164bf256a24f4bbd369994a520419d/group_types/8e003fe5-4cda-4258-b250-f04334c9e7fe returned with HTTP 202
Oct 25 14:57:57.825864 dv-cinder-813751-1-iscsi devstack@c-api.service[93662]: [pid: 93662|app: 0|req: 76/171] 10.222.0.57 () {60 vars in 1380 bytes} [Mon Oct 25 14:57:57 2021] DELETE /volume/v3/31164bf256a24f4bbd369994a520419d/group_types/8e003fe5-4cda-4258-b250-f04334c9e7fe => generated 0 bytes in 107 msecs (HTTP/1.1 202) 6 headers in 234 bytes (1 switches on core 0)
Oct 25 14:57:57.842492 dv-cinder-813751-1-iscsi devstack@c-api.service[93663]: INFO cinder.api.openstack.wsgi [None req-aa9be807-b785-4963-a9d3-b1c08e04cc4d tempest-GroupsV314Test-76702518 tempest-GroupsV314Test-76702518-project] DELETE http://10.222.0.57/volume/v3/088f36855be84595b9efb29342649229/volumes/08988f0a-7a32-44a8-86fb-8bd1e28c9d10
Oct 25 14:57:57.846810 dv-cinder-813751-1-iscsi devstack@c-api.service[93663]: DEBUG cinder.api.openstack.wsgi [None req-aa9be807-b785-4963-a9d3-b1c08e04cc4d tempest-GroupsV314Test-76702518 tempest-GroupsV314Test-76702518-project] Empty body provided in request {{(pid=93663) get_body /opt/stack/cinder/cinder/api/openstack/wsgi.py:713}}
Oct 25 14:57:57.850175 dv-cinder-813751-1-iscsi devstack@c-api.service[93663]: DEBUG cinder.api.openstack.wsgi [None req-aa9be807-b785-4963-a9d3-b1c08e04cc4d tempest-GroupsV314Test-76702518 tempest-GroupsV314Test-76702518-project] Calling method 'delete' {{(pid=93663) _process_stack /opt/stack/cinder/cinder/api/openstack/wsgi.py:866}}
Oct 25 14:57:57.852485 dv-cinder-813751-1-iscsi devstack@c-api.service[93663]: INFO cinder.api.v3.volumes [None req-aa9be807-b785-4963-a9d3-b1c08e04cc4d tempest-GroupsV314Test-76702518 tempest-GroupsV314Test-76702518-project] Delete volume with id: 08988f0a-7a32-44a8-86fb-8bd1e28c9d10
