Oct 14 07:32:03.811868 dv-cinder-813746-2-smb devstack@n-api.service[115232]: [pid: 115232|app: 0|req: 92/184] 10.222.0.44 () {58 vars in 1235 bytes} [Thu Oct 14 07:32:03 2021] GET /compute/v2.1/servers/f81982c8-ad42-49e0-ba51-89920e2bc7fd => generated 1520 bytes in 153 msecs (HTTP/1.1 200) 9 headers in 358 bytes (1 switches on core 0)
Oct 14 07:32:04.257580 dv-cinder-813746-2-smb devstack@n-api.service[115233]: DEBUG nova.api.openstack.wsgi [None req-9bacfe91-3389-4e96-8378-61445308b479 tempest-AttachVolumeShelveTestJSON-609441631 tempest-AttachVolumeShelveTestJSON-609441631-project] Action: 'action', calling method: >, body: {"os-getConsoleOutput": {}} {{(pid=115233) _process_stack /opt/stack/nova/nova/api/openstack/wsgi.py:511}}
Oct 14 07:32:04.262246 dv-cinder-813746-2-smb devstack@n-api.service[115233]: DEBUG nova.compute.api [None req-9bacfe91-3389-4e96-8378-61445308b479 tempest-AttachVolumeShelveTestJSON-609441631 tempest-AttachVolumeShelveTestJSON-609441631-project] [instance: 847b1c04-e501-49c5-a92b-3bce4429ee40] Fetching instance by UUID {{(pid=115233) get /opt/stack/nova/nova/compute/api.py:2863}}
Oct 14 07:32:04.268853 dv-cinder-813746-2-smb devstack@n-api.service[115233]: DEBUG oslo_concurrency.lockutils [None req-9bacfe91-3389-4e96-8378-61445308b479 tempest-AttachVolumeShelveTestJSON-609441631 tempest-AttachVolumeShelveTestJSON-609441631-project] Lock "e9a13395-edcd-4db4-8e49-26425d7b3a62" acquired by "nova.context.set_target_cell..get_or_set_cached_cell_and_set_connections" :: waited 0.000s {{(pid=115233) inner /usr/local/lib/python3.8/dist-packages/oslo_concurrency/lockutils.py:355}}
Oct 14 07:32:04.269368 dv-cinder-813746-2-smb devstack@n-api.service[115233]: DEBUG oslo_concurrency.lockutils [None req-9bacfe91-3389-4e96-8378-61445308b479 tempest-AttachVolumeShelveTestJSON-609441631 tempest-AttachVolumeShelveTestJSON-609441631-project] Lock "e9a13395-edcd-4db4-8e49-26425d7b3a62" released by "nova.context.set_target_cell..get_or_set_cached_cell_and_set_connections" :: held 0.001s {{(pid=115233) inner /usr/local/lib/python3.8/dist-packages/oslo_concurrency/lockutils.py:367}}
Oct 14 07:32:04.270139 dv-cinder-813746-2-smb devstack@n-api.service[115233]: DEBUG oslo_concurrency.lockutils [None req-9bacfe91-3389-4e96-8378-61445308b479 tempest-AttachVolumeShelveTestJSON-609441631 tempest-AttachVolumeShelveTestJSON-609441631-project] Lock "e9a13395-edcd-4db4-8e49-26425d7b3a62" acquired by "nova.context.set_target_cell..get_or_set_cached_cell_and_set_connections" :: waited 0.000s {{(pid=115233) inner /usr/local/lib/python3.8/dist-packages/oslo_concurrency/lockutils.py:355}}
Oct 14 07:32:04.270672 dv-cinder-813746-2-smb devstack@n-api.service[115233]: DEBUG oslo_concurrency.lockutils [None req-9bacfe91-3389-4e96-8378-61445308b479 tempest-AttachVolumeShelveTestJSON-609441631 tempest-AttachVolumeShelveTestJSON-609441631-project] Lock "e9a13395-edcd-4db4-8e49-26425d7b3a62" released by "nova.context.set_target_cell..get_or_set_cached_cell_and_set_connections" :: held 0.000s {{(pid=115233) inner /usr/local/lib/python3.8/dist-packages/oslo_concurrency/lockutils.py:367}}
Oct 14 07:32:04.290621 dv-cinder-813746-2-smb devstack@n-api.service[115232]: DEBUG nova.api.openstack.wsgi [None req-c811b409-19ee-442c-abf8-dfbbe8ce8d2f tempest-AttachVolumeTestJSON-1592284832 tempest-AttachVolumeTestJSON-1592284832-project] Action: 'action', calling method: >, body: {"os-getConsoleOutput": {}} {{(pid=115232) _process_stack /opt/stack/nova/nova/api/openstack/wsgi.py:511}}
Oct 14 07:32:04.291562 dv-cinder-813746-2-smb devstack@n-api.service[115232]: DEBUG nova.compute.api [None req-c811b409-19ee-442c-abf8-dfbbe8ce8d2f tempest-AttachVolumeTestJSON-1592284832 tempest-AttachVolumeTestJSON-1592284832-project] [instance: 373d0648-1121-4d84-9286-9d8a4717b17f] Fetching instance by UUID {{(pid=115232) get /opt/stack/nova/nova/compute/api.py:2863}}
Oct 14 07:32:04.297920 dv-cinder-813746-2-smb devstack@n-api.service[115232]: DEBUG oslo_concurrency.lockutils [None req-c811b409-19ee-442c-abf8-dfbbe8ce8d2f tempest-AttachVolumeTestJSON-1592284832 tempest-AttachVolumeTestJSON-1592284832-project] Lock "e9a13395-edcd-4db4-8e49-26425d7b3a62" acquired by "nova.context.set_target_cell..get_or_set_cached_cell_and_set_connections" :: waited 0.000s {{(pid=115232) inner /usr/local/lib/python3.8/dist-packages/oslo_concurrency/lockutils.py:355}}
Oct 14 07:32:04.298365 dv-cinder-813746-2-smb devstack@n-api.service[115232]: DEBUG oslo_concurrency.lockutils [None req-c811b409-19ee-442c-abf8-dfbbe8ce8d2f tempest-AttachVolumeTestJSON-1592284832 tempest-AttachVolumeTestJSON-1592284832-project] Lock "e9a13395-edcd-4db4-8e49-26425d7b3a62" released by "nova.context.set_target_cell..get_or_set_cached_cell_and_set_connections" :: held 0.001s {{(pid=115232) inner /usr/local/lib/python3.8/dist-packages/oslo_concurrency/lockutils.py:367}}
Oct 14 07:32:04.299150 dv-cinder-813746-2-smb devstack@n-api.service[115232]: DEBUG oslo_concurrency.lockutils [None req-c811b409-19ee-442c-abf8-dfbbe8ce8d2f tempest-AttachVolumeTestJSON-1592284832 tempest-AttachVolumeTestJSON-1592284832-project] Lock "e9a13395-edcd-4db4-8e49-26425d7b3a62" acquired by "nova.context.set_target_cell..get_or_set_cached_cell_and_set_connections" :: waited 0.000s {{(pid=115232) inner /usr/local/lib/python3.8/dist-packages/oslo_concurrency/lockutils.py:355}}
Oct 14 07:32:04.299617 dv-cinder-813746-2-smb devstack@n-api.service[115232]: DEBUG oslo_concurrency.lockutils [None req-c811b409-19ee-442c-abf8-dfbbe8ce8d2f tempest-AttachVolumeTestJSON-1592284832 tempest-AttachVolumeTestJSON-1592284832-project] Lock "e9a13395-edcd-4db4-8e49-26425d7b3a62" released by "nova.context.set_target_cell..get_or_set_cached_cell_and_set_connections" :: held 0.000s {{(pid=115232) inner /usr/local/lib/python3.8/dist-packages/oslo_concurrency/lockutils.py:367}}
Oct 14 07:32:04.449523 dv-cinder-813746-2-smb devstack@n-api.service[115232]: INFO nova.api.openstack.requestlog [None req-c811b409-19ee-442c-abf8-dfbbe8ce8d2f tempest-AttachVolumeTestJSON-1592284832 tempest-AttachVolumeTestJSON-1592284832-project] 10.222.0.44 "POST /compute/v2.1/servers/373d0648-1121-4d84-9286-9d8a4717b17f/action" status: 200 len: 14 microversion: 2.1 time: 0.162541
Oct 14 07:32:04.450238 dv-cinder-813746-2-smb devstack@n-api.service[115232]: [pid: 115232|app: 0|req: 93/185] 10.222.0.44 () {60 vars in 1277 bytes} [Thu Oct 14 07:32:04 2021] POST /compute/v2.1/servers/373d0648-1121-4d84-9286-9d8a4717b17f/action => generated 14 bytes in 164 msecs (HTTP/1.1 200) 9 headers in 356 bytes (1 switches on core 0)
Oct 14 07:32:04.479424 dv-cinder-813746-2-smb devstack@n-api.service[115232]: DEBUG nova.api.openstack.wsgi [None req-ab48a28e-0956-44e1-9c8e-4128cfe89d81 tempest-AttachVolumeNegativeTest-916439914 tempest-AttachVolumeNegativeTest-916439914-project] Calling method '>' {{(pid=115232) _process_stack /opt/stack/nova/nova/api/openstack/wsgi.py:513}}
Oct 14 07:32:04.480407 dv-cinder-813746-2-smb devstack@n-api.service[115232]: DEBUG nova.compute.api [None req-ab48a28e-0956-44e1-9c8e-4128cfe89d81 tempest-AttachVolumeNegativeTest-916439914 tempest-AttachVolumeNegativeTest-916439914-project] [instance: 667c8a5b-18a5-4be1-8cbb-075abcb58597] Fetching instance by UUID {{(pid=115232) get /opt/stack/nova/nova/compute/api.py:2863}}
Oct 14 07:32:04.487163 dv-cinder-813746-2-smb devstack@n-api.service[115232]: DEBUG oslo_concurrency.lockutils [None req-ab48a28e-0956-44e1-9c8e-4128cfe89d81 tempest-AttachVolumeNegativeTest-916439914 tempest-AttachVolumeNegativeTest-916439914-project] Lock "e9a13395-edcd-4db4-8e49-26425d7b3a62" acquired by "nova.context.set_target_cell..get_or_set_cached_cell_and_set_connections" :: waited 0.000s {{(pid=115232) inner /usr/local/lib/python3.8/dist-packages/oslo_concurrency/lockutils.py:355}}
Oct 14 07:32:04.487604 dv-cinder-813746-2-smb devstack@n-api.service[115232]: DEBUG oslo_concurrency.lockutils [None req-ab48a28e-0956-44e1-9c8e-4128cfe89d81 tempest-AttachVolumeNegativeTest-916439914 tempest-AttachVolumeNegativeTest-916439914-project] Lock "e9a13395-edcd-4db4-8e49-26425d7b3a62" released by "nova.context.set_target_cell..get_or_set_cached_cell_and_set_connections" :: held 0.001s {{(pid=115232) inner /usr/local/lib/python3.8/dist-packages/oslo_concurrency/lockutils.py:367}}
Oct 14 07:32:04.488360 dv-cinder-813746-2-smb devstack@n-api.service[115232]: DEBUG oslo_concurrency.lockutils [None req-ab48a28e-0956-44e1-9c8e-4128cfe89d81 tempest-AttachVolumeNegativeTest-916439914 tempest-AttachVolumeNegativeTest-916439914-project] Lock "e9a13395-edcd-4db4-8e49-26425d7b3a62" acquired by "nova.context.set_target_cell..get_or_set_cached_cell_and_set_connections" :: waited 0.000s {{(pid=115232) inner /usr/local/lib/python3.8/dist-packages/oslo_concurrency/lockutils.py:355}}
Oct 14 07:32:04.488808 dv-cinder-813746-2-smb devstack@n-api.service[115232]: DEBUG oslo_concurrency.lockutils [None req-ab48a28e-0956-44e1-9c8e-4128cfe89d81 tempest-AttachVolumeNegativeTest-916439914 tempest-AttachVolumeNegativeTest-916439914-project] Lock "e9a13395-edcd-4db4-8e49-26425d7b3a62" released by "nova.context.set_target_cell..get_or_set_cached_cell_and_set_connections" :: held 0.000s {{(pid=115232) inner /usr/local/lib/python3.8/dist-packages/oslo_concurrency/lockutils.py:367}}
Oct 14 07:32:04.532380 dv-cinder-813746-2-smb devstack@n-api.service[115232]: INFO nova.api.openstack.requestlog [None req-ab48a28e-0956-44e1-9c8e-4128cfe89d81 tempest-AttachVolumeNegativeTest-916439914 tempest-AttachVolumeNegativeTest-916439914-project] 10.222.0.44 "GET /compute/v2.1/servers/667c8a5b-18a5-4be1-8cbb-075abcb58597/os-volume_attachments" status: 200 len: 25 microversion: 2.1 time: 0.056983
Oct 14 07:32:04.533377 dv-cinder-813746-2-smb devstack@n-api.service[115232]: [pid: 115232|app: 0|req: 94/186] 10.222.0.44 () {58 vars in 1301 bytes} [Thu Oct 14 07:32:04 2021] GET /compute/v2.1/servers/667c8a5b-18a5-4be1-8cbb-075abcb58597/os-volume_attachments => generated 25 bytes in 59 msecs (HTTP/1.1 200) 9 headers in 356 bytes (1 switches on core 0)
Oct 14 07:32:04.563218 dv-cinder-813746-2-smb devstack@n-api.service[115233]: INFO nova.api.openstack.requestlog [None req-9bacfe91-3389-4e96-8378-61445308b479 tempest-AttachVolumeShelveTestJSON-609441631 tempest-AttachVolumeShelveTestJSON-609441631-project] 10.222.0.44 "POST /compute/v2.1/servers/847b1c04-e501-49c5-a92b-3bce4429ee40/action" status: 200 len: 14 microversion: 2.20 time: 0.309286
Oct 14 07:32:04.564315 dv-cinder-813746-2-smb devstack@n-api.service[115233]: [pid: 115233|app: 0|req: 93/187] 10.222.0.44 () {62 vars in 1318 bytes} [Thu Oct 14 07:32:04 2021] POST /compute/v2.1/servers/847b1c04-e501-49c5-a92b-3bce4429ee40/action => generated 14 bytes in 312 msecs (HTTP/1.1 200) 9 headers in 358 bytes (1 switches on core 0)
Oct 14 07:32:04.733708 dv-cinder-813746-2-smb devstack@n-api.service[115232]: DEBUG nova.api.openstack.wsgi [None req-6c375846-677f-46f9-91d5-4a77ef8f2b81 tempest-AttachVolumeNegativeTest-916439914 tempest-AttachVolumeNegativeTest-916439914-project] Action: 'create', calling method: >, body: {"server": {"name": "tempest-AttachVolumeNegativeTest-server-1287299306", "imageRef": "b6c99398-543a-4c22-8bea-cf5202c9a407", "flavorRef": "452", "networks": [{"uuid": "9aa9b45a-ef05-47e4-a122-a57594192e76"}]}} {{(pid=115232) _process_stack /opt/stack/nova/nova/api/openstack/wsgi.py:511}}
Oct 14 07:32:04.784557 dv-cinder-813746-2-smb devstack@n-api.service[115232]: DEBUG nova.network.neutron [None req-6c375846-677f-46f9-91d5-4a77ef8f2b81 tempest-AttachVolumeNegativeTest-916439914 tempest-AttachVolumeNegativeTest-916439914-project] validate_networks() for [('9aa9b45a-ef05-47e4-a122-a57594192e76', None, None, None, None, None)] {{(pid=115232) validate_networks /opt/stack/nova/nova/network/neutron.py:2475}}
Oct 14 07:32:04.828274 dv-cinder-813746-2-smb devstack@n-api.service[115233]: DEBUG nova.api.openstack.wsgi [None req-f632bc8c-0fae-4e8c-b0e3-40affb62dde0 tempest-ServerRescueNegativeTestJSON-1356372086 tempest-ServerRescueNegativeTestJSON-1356372086-project] Calling method '>' {{(pid=115233) _process_stack /opt/stack/nova/nova/api/openstack/wsgi.py:513}}
Oct 14 07:32:04.829270 dv-cinder-813746-2-smb devstack@n-api.service[115233]: DEBUG nova.compute.api [None req-f632bc8c-0fae-4e8c-b0e3-40affb62dde0 tempest-ServerRescueNegativeTestJSON-1356372086 tempest-ServerRescueNegativeTestJSON-1356372086-project] [instance: f81982c8-ad42-49e0-ba51-89920e2bc7fd] Fetching instance by UUID {{(pid=115233) get /opt/stack/nova/nova/compute/api.py:2863}}
Oct 14 07:32:04.835784 dv-cinder-813746-2-smb devstack@n-api.service[115233]: DEBUG oslo_concurrency.lockutils [None req-f632bc8c-0fae-4e8c-b0e3-40affb62dde0 tempest-ServerRescueNegativeTestJSON-1356372086 tempest-ServerRescueNegativeTestJSON-1356372086-project] Lock "e9a13395-edcd-4db4-8e49-26425d7b3a62" acquired by "nova.context.set_target_cell..get_or_set_cached_cell_and_set_connections" :: waited 0.000s {{(pid=115233) inner /usr/local/lib/python3.8/dist-packages/oslo_concurrency/lockutils.py:355}}
Oct 14 07:32:04.836247 dv-cinder-813746-2-smb devstack@n-api.service[115233]: DEBUG oslo_concurrency.lockutils [None req-f632bc8c-0fae-4e8c-b0e3-40affb62dde0 tempest-ServerRescueNegativeTestJSON-1356372086 tempest-ServerRescueNegativeTestJSON-1356372086-project] Lock "e9a13395-edcd-4db4-8e49-26425d7b3a62" released by "nova.context.set_target_cell..get_or_set_cached_cell_and_set_connections" :: held 0.001s {{(pid=115233) inner /usr/local/lib/python3.8/dist-packages/oslo_concurrency/lockutils.py:367}}
Oct 14 07:32:04.837027 dv-cinder-813746-2-smb devstack@n-api.service[115233]: DEBUG oslo_concurrency.lockutils [None req-f632bc8c-0fae-4e8c-b0e3-40affb62dde0 tempest-ServerRescueNegativeTestJSON-1356372086 tempest-ServerRescueNegativeTestJSON-1356372086-project] Lock "e9a13395-edcd-4db4-8e49-26425d7b3a62" acquired by "nova.context.set_target_cell..get_or_set_cached_cell_and_set_connections" :: waited 0.000s {{(pid=115233) inner /usr/local/lib/python3.8/dist-packages/oslo_concurrency/lockutils.py:355}}
Oct 14 07:32:04.837443 dv-cinder-813746-2-smb devstack@n-api.service[115233]: DEBUG oslo_concurrency.lockutils [None req-f632bc8c-0fae-4e8c-b0e3-40affb62dde0 tempest-ServerRescueNegativeTestJSON-1356372086 tempest-ServerRescueNegativeTestJSON-1356372086-project] Lock "e9a13395-edcd-4db4-8e49-26425d7b3a62" released by "nova.context.set_target_cell..get_or_set_cached_cell_and_set_connections" :: held 0.000s {{(pid=115233) inner /usr/local/lib/python3.8/dist-packages/oslo_concurrency/lockutils.py:367}}
Oct 14 07:32:04.986165 dv-cinder-813746-2-smb devstack@n-api.service[115233]: DEBUG nova.policy [None req-f632bc8c-0fae-4e8c-b0e3-40affb62dde0 tempest-ServerRescueNegativeTestJSON-1356372086 tempest-ServerRescueNegativeTestJSON-1356372086-project] Policy check for os_compute_api:os-extended-server-attributes failed with credentials {'is_admin': False, 'user_id': 'd2a762e17f5645bd92b7a0c1b9ff243a', 'user_domain_id': 'default', 'system_scope': None, 'domain_id': None, 'project_id': '42c14a7887ce44b099e2c725a79d7283', 'project_domain_id': 'default', 'roles': ['reader', 'member'], 'is_admin_project': True, 'service_user_id': None, 'service_user_domain_id': None, 'service_project_id': None, 'service_project_domain_id': None, 'service_roles': []} {{(pid=115233) authorize /opt/stack/nova/nova/policy.py:199}}
Oct 14 07:32:04.995911 dv-cinder-813746-2-smb devstack@n-api.service[115233]: INFO nova.api.openstack.requestlog [None req-f632bc8c-0fae-4e8c-b0e3-40affb62dde0 tempest-ServerRescueNegativeTestJSON-1356372086 tempest-ServerRescueNegativeTestJSON-1356372086-project] 10.222.0.44 "GET /compute/v2.1/servers/f81982c8-ad42-49e0-ba51-89920e2bc7fd" status: 200 len: 1520 microversion: 2.1 time: 0.171501
Oct 14 07:32:04.996869 dv-cinder-813746-2-smb devstack@n-api.service[115233]: [pid: 115233|app: 0|req: 94/188] 10.222.0.44 () {58 vars in 1235 bytes} [Thu Oct 14 07:32:04 2021] GET /compute/v2.1/servers/f81982c8-ad42-49e0-ba51-89920e2bc7fd => generated 1520 bytes in 173 msecs (HTTP/1.1 200) 9 headers in 358 bytes (2 switches on core 0)
Oct 14 07:32:05.193302 dv-cinder-813746-2-smb devstack@n-api.service[115232]: DEBUG nova.virt.hardware [None req-6c375846-677f-46f9-91d5-4a77ef8f2b81 tempest-AttachVolumeNegativeTest-916439914 tempest-AttachVolumeNegativeTest-916439914-project] Flavor limits 0:0:0 {{(pid=115232) get_cpu_topology_constraints /opt/stack/nova/nova/virt/hardware.py:343}}
Oct 14 07:32:05.193735 dv-cinder-813746-2-smb devstack@n-api.service[115232]: DEBUG nova.virt.hardware [None req-6c375846-677f-46f9-91d5-4a77ef8f2b81 tempest-AttachVolumeNegativeTest-916439914 tempest-AttachVolumeNegativeTest-916439914-project] Image limits 0:0:0 {{(pid=115232) get_cpu_topology_constraints /opt/stack/nova/nova/virt/hardware.py:347}}
Oct 14 07:32:05.194195 dv-cinder-813746-2-smb devstack@n-api.service[115232]: DEBUG nova.virt.hardware [None req-6c375846-677f-46f9-91d5-4a77ef8f2b81 tempest-AttachVolumeNegativeTest-916439914 tempest-AttachVolumeNegativeTest-916439914-project] Flavor pref 0:0:0 {{(pid=115232) get_cpu_topology_constraints /opt/stack/nova/nova/virt/hardware.py:383}}
Oct 14 07:32:05.194589 dv-cinder-813746-2-smb devstack@n-api.service[115232]: DEBUG nova.virt.hardware [None req-6c375846-677f-46f9-91d5-4a77ef8f2b81 tempest-AttachVolumeNegativeTest-916439914 tempest-AttachVolumeNegativeTest-916439914-project] Image pref 0:0:0 {{(pid=115232) get_cpu_topology_constraints /opt/stack/nova/nova/virt/hardware.py:387}}
Oct 14 07:32:05.194986 dv-cinder-813746-2-smb devstack@n-api.service[115232]: DEBUG nova.virt.hardware [None req-6c375846-677f-46f9-91d5-4a77ef8f2b81 tempest-AttachVolumeNegativeTest-916439914 tempest-AttachVolumeNegativeTest-916439914-project] Chose sockets=0, cores=0, threads=0; limits were sockets=65536, cores=65536, threads=65536 {{(pid=115232) get_cpu_topology_constraints /opt/stack/nova/nova/virt/hardware.py:425}}
Oct 14 07:32:05.203819 dv-cinder-813746-2-smb devstack@n-api.service[115232]: DEBUG oslo_concurrency.lockutils [None req-6c375846-677f-46f9-91d5-4a77ef8f2b81 tempest-AttachVolumeNegativeTest-916439914 tempest-AttachVolumeNegativeTest-916439914-project] Lock "00000000-0000-0000-0000-000000000000" acquired by "nova.context.set_target_cell..get_or_set_cached_cell_and_set_connections" :: waited 0.000s {{(pid=115232) inner /usr/local/lib/python3.8/dist-packages/oslo_concurrency/lockutils.py:355}}
Oct 14 07:32:05.204528 dv-cinder-813746-2-smb devstack@n-api.service[115232]: DEBUG oslo_concurrency.lockutils [None req-6c375846-677f-46f9-91d5-4a77ef8f2b81 tempest-AttachVolumeNegativeTest-916439914 tempest-AttachVolumeNegativeTest-916439914-project] Lock "00000000-0000-0000-0000-000000000000" released by "nova.context.set_target_cell..get_or_set_cached_cell_and_set_connections" :: held 0.001s {{(pid=115232) inner /usr/local/lib/python3.8/dist-packages/oslo_concurrency/lockutils.py:367}}
Oct 14 07:32:05.205466 dv-cinder-813746-2-smb devstack@n-api.service[115232]: DEBUG oslo_concurrency.lockutils [None req-6c375846-677f-46f9-91d5-4a77ef8f2b81 tempest-AttachVolumeNegativeTest-916439914 tempest-AttachVolumeNegativeTest-916439914-project] Lock "e9a13395-edcd-4db4-8e49-26425d7b3a62" acquired by "nova.context.set_target_cell..get_or_set_cached_cell_and_set_connections" :: waited 0.000s {{(pid=115232) inner /usr/local/lib/python3.8/dist-packages/oslo_concurrency/lockutils.py:355}}
Oct 14 07:32:05.206025 dv-cinder-813746-2-smb devstack@n-api.service[115232]: DEBUG oslo_concurrency.lockutils [None req-6c375846-677f-46f9-91d5-4a77ef8f2b81 tempest-AttachVolumeNegativeTest-916439914 tempest-AttachVolumeNegativeTest-916439914-project] Lock "e9a13395-edcd-4db4-8e49-26425d7b3a62" released by "nova.context.set_target_cell..get_or_set_cached_cell_and_set_connections" :: held 0.000s {{(pid=115232) inner /usr/local/lib/python3.8/dist-packages/oslo_concurrency/lockutils.py:367}}
Oct 14 07:32:05.226735 dv-cinder-813746-2-smb devstack@n-api.service[115232]: DEBUG nova.quota [None req-6c375846-677f-46f9-91d5-4a77ef8f2b81 tempest-AttachVolumeNegativeTest-916439914 tempest-AttachVolumeNegativeTest-916439914-project] Getting quotas for project 24f34a4789864033af17d85ef7e04e72. Resources: {'cores', 'instances', 'ram'} {{(pid=115232) _get_quotas /opt/stack/nova/nova/quota.py:387}}
Oct 14 07:32:05.230908 dv-cinder-813746-2-smb devstack@n-api.service[115232]: DEBUG nova.quota [None req-6c375846-677f-46f9-91d5-4a77ef8f2b81 tempest-AttachVolumeNegativeTest-916439914 tempest-AttachVolumeNegativeTest-916439914-project] Getting quotas for user 0e4af1edd65e40989927b1366c598e69 and project 24f34a4789864033af17d85ef7e04e72. Resources: {'cores', 'instances', 'ram'} {{(pid=115232) _get_quotas /opt/stack/nova/nova/quota.py:377}}
Oct 14 07:32:05.245089 dv-cinder-813746-2-smb devstack@n-api.service[115232]: DEBUG nova.compute.api [None req-6c375846-677f-46f9-91d5-4a77ef8f2b81 tempest-AttachVolumeNegativeTest-916439914 tempest-AttachVolumeNegativeTest-916439914-project] Going to run 1 instances... {{(pid=115232) _provision_instances /opt/stack/nova/nova/compute/api.py:1350}}
Oct 14 07:32:05.247435 dv-cinder-813746-2-smb devstack@n-api.service[115232]: DEBUG nova.compute.api [None req-6c375846-677f-46f9-91d5-4a77ef8f2b81 tempest-AttachVolumeNegativeTest-916439914 tempest-AttachVolumeNegativeTest-916439914-project] [instance: 6f5368ec-7235-46b1-9092-0703b1f8f4ad] block_device_mapping [BlockDeviceMapping(attachment_id=,boot_index=0,connection_info=None,created_at=,delete_on_termination=True,deleted=,deleted_at=,destination_type='local',device_name=None,device_type='disk',disk_bus=None,guest_format=None,id=,image_id='b6c99398-543a-4c22-8bea-cf5202c9a407',instance=,instance_uuid=,no_device=False,snapshot_id=None,source_type='image',tag=None,updated_at=,uuid=,volume_id=None,volume_size=None,volume_type=None)] {{(pid=115232) _bdm_validate_set_size_and_instance /opt/stack/nova/nova/compute/api.py:1757}}
Oct 14 07:32:05.260792 dv-cinder-813746-2-smb devstack@n-api.service[115233]: DEBUG nova.api.openstack.wsgi [None req-ce027fdc-edbe-49ab-ae66-10b23e46cb5c tempest-VolumesNegativeTest-830766073 tempest-VolumesNegativeTest-830766073-project] Action: 'create', calling method: .version_select at 0x7ff208c9ce50>, body: {"volume": {"size": "#$%", "display_name": "tempest-VolumesNegativeTest-Volume-1291077610", "metadata": {"Type": "work"}}} {{(pid=115233) _process_stack /opt/stack/nova/nova/api/openstack/wsgi.py:511}}
Oct 14 07:32:05.262930 dv-cinder-813746-2-smb devstack@n-api.service[115233]: DEBUG nova.api.openstack.wsgi [None req-ce027fdc-edbe-49ab-ae66-10b23e46cb5c tempest-VolumesNegativeTest-830766073 tempest-VolumesNegativeTest-830766073-project] Returning 400 to user: Invalid input for field/attribute size. Value: #$%. '#$%' does not match '^[0-9]+$' {{(pid=115233) __call__ /opt/stack/nova/nova/api/openstack/wsgi.py:936}}
Oct 14 07:32:05.263723 dv-cinder-813746-2-smb devstack@n-api.service[115233]: INFO nova.api.openstack.requestlog [None req-ce027fdc-edbe-49ab-ae66-10b23e46cb5c tempest-VolumesNegativeTest-830766073 tempest-VolumesNegativeTest-830766073-project] 10.222.0.44 "POST /compute/v2.1/os-volumes" status: 400 len: 127 microversion: 2.1 time: 0.137347
Oct 14 07:32:05.268818 dv-cinder-813746-2-smb devstack@n-api.service[115233]: [pid: 115233|app: 0|req: 95/189] 10.222.0.44 () {60 vars in 1155 bytes} [Thu Oct 14 07:32:05 2021] POST /compute/v2.1/os-volumes => generated 127 bytes in 139 msecs (HTTP/1.1 400) 9 headers in 381 bytes (1 switches on core 0)
Oct 14 07:32:05.274426 dv-cinder-813746-2-smb devstack@n-api.service[115233]: DEBUG nova.api.openstack.wsgi [None req-c90c8a0c-3734-42d8-93ac-004392b87cb6 tempest-VolumesNegativeTest-830766073 tempest-VolumesNegativeTest-830766073-project] Action: 'create', calling method: .version_select at 0x7ff208c8e550>, body: {"volume": {"size": "0", "display_name": "tempest-VolumesNegativeTest-Volume-1348802995", "metadata": {"Type": "work"}}} {{(pid=115233) _process_stack /opt/stack/nova/nova/api/openstack/wsgi.py:511}}
Oct 14 07:32:05.275573 dv-cinder-813746-2-smb devstack@n-api.service[115233]: DEBUG nova.api.openstack.wsgi [None req-c90c8a0c-3734-42d8-93ac-004392b87cb6 tempest-VolumesNegativeTest-830766073 tempest-VolumesNegativeTest-830766073-project] Returning 400 to user: Invalid input for field/attribute size. Value: 0. 0 is less than the minimum of 1 {{(pid=115233) __call__ /opt/stack/nova/nova/api/openstack/wsgi.py:936}}
Oct 14 07:32:05.276334 dv-cinder-813746-2-smb devstack@n-api.service[115233]: INFO nova.api.openstack.requestlog [None req-c90c8a0c-3734-42d8-93ac-004392b87cb6 tempest-VolumesNegativeTest-830766073 tempest-VolumesNegativeTest-830766073-project] 10.222.0.44 "POST /compute/v2.1/os-volumes" status: 400 len: 125 microversion: 2.1 time: 0.006793
Oct 14 07:32:05.276855 dv-cinder-813746-2-smb devstack@n-api.service[115233]: [pid: 115233|app: 0|req: 96/190] 10.222.0.44 () {60 vars in 1155 bytes} [Thu Oct 14 07:32:05 2021] POST /compute/v2.1/os-volumes => generated 125 bytes in 8 msecs (HTTP/1.1 400) 9 headers in 381 bytes (1 switches on core 0)
Oct 14 07:32:05.288855 dv-cinder-813746-2-smb devstack@n-api.service[115233]: DEBUG nova.api.openstack.wsgi [None req-d47ea886-640c-4e4c-96a5-d654d445d6fd tempest-VolumesNegativeTest-830766073 tempest-VolumesNegativeTest-830766073-project] Action: 'create', calling method: .version_select at 0x7ff2096d1e50>, body: {"volume": {"size": "", "display_name": "tempest-VolumesNegativeTest-Volume-1742447645", "metadata": {"Type": "work"}}} {{(pid=115233) _process_stack /opt/stack/nova/nova/api/openstack/wsgi.py:511}}
Oct 14 07:32:05.290381 dv-cinder-813746-2-smb devstack@n-api.service[115233]: DEBUG nova.api.openstack.wsgi [None req-d47ea886-640c-4e4c-96a5-d654d445d6fd tempest-VolumesNegativeTest-830766073 tempest-VolumesNegativeTest-830766073-project] Returning 400 to user: Invalid input for field/attribute size. Value: . '' does not match '^[0-9]+$' {{(pid=115233) __call__ /opt/stack/nova/nova/api/openstack/wsgi.py:936}}
Oct 14 07:32:05.291149 dv-cinder-813746-2-smb devstack@n-api.service[115233]: INFO nova.api.openstack.requestlog [None req-d47ea886-640c-4e4c-96a5-d654d445d6fd tempest-VolumesNegativeTest-830766073 tempest-VolumesNegativeTest-830766073-project] 10.222.0.44 "POST /compute/v2.1/os-volumes" status: 400 len: 121 microversion: 2.1 time: 0.006599
Oct 14 07:32:05.295643 dv-cinder-813746-2-smb devstack@n-api.service[115233]: [pid: 115233|app: 0|req: 97/191] 10.222.0.44 () {60 vars in 1155 bytes} [Thu Oct 14 07:32:05 2021] POST /compute/v2.1/os-volumes => generated 121 bytes in 8 msecs (HTTP/1.1 400) 9 headers in 381 bytes (1 switches on core 0)
Oct 14 07:32:05.300117 dv-cinder-813746-2-smb devstack@n-api.service[115233]: DEBUG nova.api.openstack.wsgi [None req-67b693e9-a26c-488a-9de1-33ccf1da15d2 tempest-VolumesNegativeTest-830766073 tempest-VolumesNegativeTest-830766073-project] Calling method '.version_select at 0x7ff208c9cf70>' {{(pid=115233) _process_stack /opt/stack/nova/nova/api/openstack/wsgi.py:513}}
Oct 14 07:32:05.302904 dv-cinder-813746-2-smb devstack@n-api.service[115232]: INFO nova.api.openstack.requestlog [None req-6c375846-677f-46f9-91d5-4a77ef8f2b81 tempest-AttachVolumeNegativeTest-916439914 tempest-AttachVolumeNegativeTest-916439914-project] 10.222.0.44 "POST /compute/v2.1/servers" status: 202 len: 380 microversion: 2.1 time: 0.574731
Oct 14 07:32:05.303777 dv-cinder-813746-2-smb devstack@n-api.service[115232]: [pid: 115232|app: 0|req: 95/192] 10.222.0.44 () {60 vars in 1146 bytes} [Thu Oct 14 07:32:04 2021] POST /compute/v2.1/servers => generated 380 bytes in 576 msecs (HTTP/1.1 202) 10 headers in 451 bytes (1 switches on core 0)
Oct 14 07:32:05.313157 dv-cinder-813746-2-smb devstack@n-api.service[115232]: DEBUG nova.api.openstack.wsgi [None req-f7afc86f-fc06-4049-8129-208f9bdd875b tempest-AttachVolumeNegativeTest-916439914 tempest-AttachVolumeNegativeTest-916439914-project] Calling method '>' {{(pid=115232) _process_stack /opt/stack/nova/nova/api/openstack/wsgi.py:513}}
Oct 14 07:32:05.314219 dv-cinder-813746-2-smb devstack@n-api.service[115232]: DEBUG nova.compute.api [None req-f7afc86f-fc06-4049-8129-208f9bdd875b tempest-AttachVolumeNegativeTest-916439914 tempest-AttachVolumeNegativeTest-916439914-project] [instance: 6f5368ec-7235-46b1-9092-0703b1f8f4ad] Fetching instance by UUID {{(pid=115232) get /opt/stack/nova/nova/compute/api.py:2863}}
Oct 14 07:32:05.365967 dv-cinder-813746-2-smb devstack@n-api.service[115233]: INFO nova.api.openstack.wsgi [None req-67b693e9-a26c-488a-9de1-33ccf1da15d2 tempest-VolumesNegativeTest-830766073 tempest-VolumesNegativeTest-830766073-project] HTTP exception thrown: Volume tempest-invalid-1797577099 could not be found.
Oct 14 07:32:05.366562 dv-cinder-813746-2-smb devstack@n-api.service[115233]: DEBUG nova.api.openstack.wsgi [None req-67b693e9-a26c-488a-9de1-33ccf1da15d2 tempest-VolumesNegativeTest-830766073 tempest-VolumesNegativeTest-830766073-project] Returning 404 to user: Volume tempest-invalid-1797577099 could not be found. {{(pid=115233) __call__ /opt/stack/nova/nova/api/openstack/wsgi.py:936}}
Oct 14 07:32:05.367373 dv-cinder-813746-2-smb devstack@n-api.service[115233]: INFO nova.api.openstack.requestlog [None req-67b693e9-a26c-488a-9de1-33ccf1da15d2 tempest-VolumesNegativeTest-830766073 tempest-VolumesNegativeTest-830766073-project] 10.222.0.44 "DELETE /compute/v2.1/os-volumes/tempest-invalid-1797577099" status: 404 len: 99 microversion: 2.1 time: 0.070697
Oct 14 07:32:05.367906 dv-cinder-813746-2-smb devstack@n-api.service[115233]: [pid: 115233|app: 0|req: 98/193] 10.222.0.44 () {58 vars in 1217 bytes} [Thu Oct 14 07:32:05 2021] DELETE /compute/v2.1/os-volumes/tempest-invalid-1797577099 => generated 99 bytes in 72 msecs (HTTP/1.1 404) 9 headers in 378 bytes (2 switches on core 0)
Oct 14 07:32:05.377252 dv-cinder-813746-2-smb devstack@n-api.service[115233]: INFO nova.api.openstack.requestlog [None req-ca896fd0-6ddb-460e-bbba-4c97cde22b78 tempest-VolumesNegativeTest-830766073 tempest-VolumesNegativeTest-830766073-project] 10.222.0.44 "DELETE /compute/v2.1/os-volumes/" status: 404 len: 112 microversion: - time: 0.004051
Oct 14 07:32:05.377784 dv-cinder-813746-2-smb devstack@n-api.service[115233]: [pid: 115233|app: 0|req: 99/194] 10.222.0.44 () {58 vars in 1139 bytes} [Thu Oct 14 07:32:05 2021] DELETE /compute/v2.1/os-volumes/ => generated 112 bytes in 5 msecs (HTTP/1.1 404) 5 headers in 228 bytes (2 switches on core 0)
Oct 14 07:32:05.378538 dv-cinder-813746-2-smb devstack@n-api.service[115232]: DEBUG nova.policy [None req-f7afc86f-fc06-4049-8129-208f9bdd875b tempest-AttachVolumeNegativeTest-916439914 tempest-AttachVolumeNegativeTest-916439914-project] Policy check for os_compute_api:os-extended-server-attributes failed with credentials {'is_admin': False, 'user_id': '0e4af1edd65e40989927b1366c598e69', 'user_domain_id': 'default', 'system_scope': None, 'domain_id': None, 'project_id': '24f34a4789864033af17d85ef7e04e72', 'project_domain_id': 'default', 'roles': ['reader', 'member'], 'is_admin_project': True, 'service_user_id': None, 'service_user_domain_id': None, 'service_project_id': None, 'service_project_domain_id': None, 'service_roles': []} {{(pid=115232) authorize /opt/stack/nova/nova/policy.py:199}}
Oct 14 07:32:05.386107 dv-cinder-813746-2-smb devstack@n-api.service[115233]: INFO nova.api.openstack.requestlog [None req-f055c698-4d53-4a6c-9533-c25b6e2d969e tempest-VolumesNegativeTest-830766073 tempest-VolumesNegativeTest-830766073-project] 10.222.0.44 "GET /compute/v2.1/os-volumes/" status: 404 len: 112 microversion: - time: 0.003496
Oct 14 07:32:05.386287 dv-cinder-813746-2-smb devstack@n-api.service[115232]: INFO nova.api.openstack.requestlog [None req-f7afc86f-fc06-4049-8129-208f9bdd875b tempest-AttachVolumeNegativeTest-916439914 tempest-AttachVolumeNegativeTest-916439914-project] 10.222.0.44 "GET /compute/v2.1/servers/6f5368ec-7235-46b1-9092-0703b1f8f4ad" status: 200 len: 1218 microversion: 2.1 time: 0.076721
Oct 14 07:32:05.386609 dv-cinder-813746-2-smb devstack@n-api.service[115233]: [pid: 115233|app: 0|req: 100/195] 10.222.0.44 () {58 vars in 1136 bytes} [Thu Oct 14 07:32:05 2021] GET /compute/v2.1/os-volumes/ => generated 112 bytes in 4 msecs (HTTP/1.1 404) 5 headers in 228 bytes (2 switches on core 0)
Oct 14 07:32:05.390497 dv-cinder-813746-2-smb devstack@n-api.service[115232]: [pid: 115232|app: 0|req: 96/196] 10.222.0.44 () {58 vars in 1235 bytes} [Thu Oct 14 07:32:05 2021] GET /compute/v2.1/servers/6f5368ec-7235-46b1-9092-0703b1f8f4ad => generated 1218 bytes in 78 msecs (HTTP/1.1 200) 9 headers in 358 bytes (2 switches on core 0)
Oct 14 07:32:05.395326 dv-cinder-813746-2-smb devstack@n-api.service[115232]: DEBUG nova.api.openstack.wsgi [None req-53099768-fbde-4df4-9768-87b7cc9c270a tempest-VolumesNegativeTest-830766073 tempest-VolumesNegativeTest-830766073-project] Calling method '.version_select at 0x7ff2083c5d30>' {{(pid=115232) _process_stack /opt/stack/nova/nova/api/openstack/wsgi.py:513}}
Oct 14 07:32:05.424818 dv-cinder-813746-2-smb devstack@n-api.service[115232]: INFO nova.api.openstack.wsgi [None req-53099768-fbde-4df4-9768-87b7cc9c270a tempest-VolumesNegativeTest-830766073 tempest-VolumesNegativeTest-830766073-project] HTTP exception thrown: Volume dbea352c-d239-4fbc-a92b-3478b23ec32b could not be found.
Oct 14 07:32:05.425413 dv-cinder-813746-2-smb devstack@n-api.service[115232]: DEBUG nova.api.openstack.wsgi [None req-53099768-fbde-4df4-9768-87b7cc9c270a tempest-VolumesNegativeTest-830766073 tempest-VolumesNegativeTest-830766073-project] Returning 404 to user: Volume dbea352c-d239-4fbc-a92b-3478b23ec32b could not be found. {{(pid=115232) __call__ /opt/stack/nova/nova/api/openstack/wsgi.py:936}}
Oct 14 07:32:05.426235 dv-cinder-813746-2-smb devstack@n-api.service[115232]: INFO nova.api.openstack.requestlog [None req-53099768-fbde-4df4-9768-87b7cc9c270a tempest-VolumesNegativeTest-830766073 tempest-VolumesNegativeTest-830766073-project] 10.222.0.44 "DELETE /compute/v2.1/os-volumes/dbea352c-d239-4fbc-a92b-3478b23ec32b" status: 404 len: 109 microversion: 2.1 time: 0.034657
Oct 14 07:32:05.426768 dv-cinder-813746-2-smb devstack@n-api.service[115232]: [pid: 115232|app: 0|req: 97/197] 10.222.0.44 () {58 vars in 1247 bytes} [Thu Oct 14 07:32:05 2021] DELETE /compute/v2.1/os-volumes/dbea352c-d239-4fbc-a92b-3478b23ec32b => generated 109 bytes in 36 msecs (HTTP/1.1 404) 9 headers in 379 bytes (1 switches on core 0)
Oct 14 07:32:05.436231 dv-cinder-813746-2-smb devstack@n-api.service[115233]: DEBUG nova.api.openstack.wsgi [None req-92308665-664c-4d82-905f-e9b61aaec567 tempest-VolumesNegativeTest-830766073 tempest-VolumesNegativeTest-830766073-project] Calling method '.version_select at 0x7ff208dd8e50>' {{(pid=115233) _process_stack /opt/stack/nova/nova/api/openstack/wsgi.py:513}}
Oct 14 07:32:05.461767 dv-cinder-813746-2-smb devstack@n-api.service[115232]: DEBUG nova.api.openstack.wsgi [None req-53722b48-0c76-4556-9129-e1cbcba771ee tempest-AttachVolumeTestJSON-1592284832 tempest-AttachVolumeTestJSON-1592284832-project] Action: 'action', calling method: >, body: {"os-getConsoleOutput": {}} {{(pid=115232) _process_stack /opt/stack/nova/nova/api/openstack/wsgi.py:511}}
Oct 14 07:32:05.462758 dv-cinder-813746-2-smb devstack@n-api.service[115232]: DEBUG nova.compute.api [None req-53722b48-0c76-4556-9129-e1cbcba771ee tempest-AttachVolumeTestJSON-1592284832 tempest-AttachVolumeTestJSON-1592284832-project] [instance: 373d0648-1121-4d84-9286-9d8a4717b17f] Fetching instance by UUID {{(pid=115232) get /opt/stack/nova/nova/compute/api.py:2863}}
Oct 14 07:32:05.468901 dv-cinder-813746-2-smb devstack@n-api.service[115233]: INFO nova.api.openstack.wsgi [None req-92308665-664c-4d82-905f-e9b61aaec567 tempest-VolumesNegativeTest-830766073 tempest-VolumesNegativeTest-830766073-project] HTTP exception thrown: Volume 86ff101a-91ff-4b07-abae-997571fda112 could not be found.
Oct 14 07:32:05.469121 dv-cinder-813746-2-smb devstack@n-api.service[115232]: DEBUG oslo_concurrency.lockutils [None req-53722b48-0c76-4556-9129-e1cbcba771ee tempest-AttachVolumeTestJSON-1592284832 tempest-AttachVolumeTestJSON-1592284832-project] Lock "e9a13395-edcd-4db4-8e49-26425d7b3a62" acquired by "nova.context.set_target_cell..get_or_set_cached_cell_and_set_connections" :: waited 0.000s {{(pid=115232) inner /usr/local/lib/python3.8/dist-packages/oslo_concurrency/lockutils.py:355}}
Oct 14 07:32:05.469403 dv-cinder-813746-2-smb devstack@n-api.service[115233]: DEBUG nova.api.openstack.wsgi [None req-92308665-664c-4d82-905f-e9b61aaec567 tempest-VolumesNegativeTest-830766073 tempest-VolumesNegativeTest-830766073-project] Returning 404 to user: Volume 86ff101a-91ff-4b07-abae-997571fda112 could not be found. {{(pid=115233) __call__ /opt/stack/nova/nova/api/openstack/wsgi.py:936}}
Oct 14 07:32:05.469540 dv-cinder-813746-2-smb devstack@n-api.service[115232]: DEBUG oslo_concurrency.lockutils [None req-53722b48-0c76-4556-9129-e1cbcba771ee tempest-AttachVolumeTestJSON-1592284832 tempest-AttachVolumeTestJSON-1592284832-project] Lock "e9a13395-edcd-4db4-8e49-26425d7b3a62" released by "nova.context.set_target_cell..get_or_set_cached_cell_and_set_connections" :: held 0.001s {{(pid=115232) inner /usr/local/lib/python3.8/dist-packages/oslo_concurrency/lockutils.py:367}}
Oct 14 07:32:05.470229 dv-cinder-813746-2-smb devstack@n-api.service[115233]: INFO nova.api.openstack.requestlog [None req-92308665-664c-4d82-905f-e9b61aaec567 tempest-VolumesNegativeTest-830766073 tempest-VolumesNegativeTest-830766073-project] 10.222.0.44 "GET /compute/v2.1/os-volumes/86ff101a-91ff-4b07-abae-997571fda112" status: 404 len: 109 microversion: 2.1 time: 0.038080
Oct 14 07:32:05.470352 dv-cinder-813746-2-smb devstack@n-api.service[115232]: DEBUG oslo_concurrency.lockutils [None req-53722b48-0c76-4556-9129-e1cbcba771ee tempest-AttachVolumeTestJSON-1592284832 tempest-AttachVolumeTestJSON-1592284832-project] Lock "e9a13395-edcd-4db4-8e49-26425d7b3a62" acquired by "nova.context.set_target_cell..get_or_set_cached_cell_and_set_connections" :: waited 0.000s {{(pid=115232) inner /usr/local/lib/python3.8/dist-packages/oslo_concurrency/lockutils.py:355}}
Oct 14 07:32:05.470760 dv-cinder-813746-2-smb devstack@n-api.service[115232]: DEBUG oslo_concurrency.lockutils [None req-53722b48-0c76-4556-9129-e1cbcba771ee tempest-AttachVolumeTestJSON-1592284832 tempest-AttachVolumeTestJSON-1592284832-project] Lock "e9a13395-edcd-4db4-8e49-26425d7b3a62" released by "nova.context.set_target_cell..get_or_set_cached_cell_and_set_connections" :: held 0.000s {{(pid=115232) inner /usr/local/lib/python3.8/dist-packages/oslo_concurrency/lockutils.py:367}}
Oct 14 07:32:05.481540 dv-cinder-813746-2-smb devstack@n-api.service[115233]: [pid: 115233|app: 0|req: 101/198] 10.222.0.44 () {58 vars in 1244 bytes} [Thu Oct 14 07:32:05 2021] GET /compute/v2.1/os-volumes/86ff101a-91ff-4b07-abae-997571fda112 => generated 109 bytes in 50 msecs (HTTP/1.1 404) 9 headers in 379 bytes (1 switches on core 0)
Oct 14 07:32:05.574885 dv-cinder-813746-2-smb devstack@n-api.service[115233]: DEBUG nova.api.openstack.wsgi [None req-98df453a-df1e-4c21-a55c-9e196ee6835a tempest-AttachVolumeShelveTestJSON-609441631 tempest-AttachVolumeShelveTestJSON-609441631-project] Action: 'action', calling method: >, body: {"os-getConsoleOutput": {}} {{(pid=115233) _process_stack /opt/stack/nova/nova/api/openstack/wsgi.py:511}}
Oct 14 07:32:05.575999 dv-cinder-813746-2-smb devstack@n-api.service[115233]: DEBUG nova.compute.api [None req-98df453a-df1e-4c21-a55c-9e196ee6835a tempest-AttachVolumeShelveTestJSON-609441631 tempest-AttachVolumeShelveTestJSON-609441631-project] [instance: 847b1c04-e501-49c5-a92b-3bce4429ee40] Fetching instance by UUID {{(pid=115233) get /opt/stack/nova/nova/compute/api.py:2863}}
Oct 14 07:32:05.582968 dv-cinder-813746-2-smb devstack@n-api.service[115233]: DEBUG oslo_concurrency.lockutils [None req-98df453a-df1e-4c21-a55c-9e196ee6835a tempest-AttachVolumeShelveTestJSON-609441631 tempest-AttachVolumeShelveTestJSON-609441631-project] Lock "e9a13395-edcd-4db4-8e49-26425d7b3a62" acquired by "nova.context.set_target_cell..get_or_set_cached_cell_and_set_connections" :: waited 0.000s {{(pid=115233) inner /usr/local/lib/python3.8/dist-packages/oslo_concurrency/lockutils.py:355}}
Oct 14 07:32:05.583618 dv-cinder-813746-2-smb devstack@n-api.service[115233]: DEBUG oslo_concurrency.lockutils [None req-98df453a-df1e-4c21-a55c-9e196ee6835a tempest-AttachVolumeShelveTestJSON-609441631 tempest-AttachVolumeShelveTestJSON-609441631-project] Lock "e9a13395-edcd-4db4-8e49-26425d7b3a62" released by "nova.context.set_target_cell..get_or_set_cached_cell_and_set_connections" :: held 0.001s {{(pid=115233) inner /usr/local/lib/python3.8/dist-packages/oslo_concurrency/lockutils.py:367}}
Oct 14 07:32:05.584526 dv-cinder-813746-2-smb devstack@n-api.service[115233]: DEBUG oslo_concurrency.lockutils [None req-98df453a-df1e-4c21-a55c-9e196ee6835a tempest-AttachVolumeShelveTestJSON-609441631 tempest-AttachVolumeShelveTestJSON-609441631-project] Lock "e9a13395-edcd-4db4-8e49-26425d7b3a62" acquired by "nova.context.set_target_cell..get_or_set_cached_cell_and_set_connections" :: waited 0.000s {{(pid=115233) inner /usr/local/lib/python3.8/dist-packages/oslo_concurrency/lockutils.py:355}}
Oct 14 07:32:05.585118 dv-cinder-813746-2-smb devstack@n-api.service[115233]: DEBUG oslo_concurrency.lockutils [None req-98df453a-df1e-4c21-a55c-9e196ee6835a tempest-AttachVolumeShelveTestJSON-609441631 tempest-AttachVolumeShelveTestJSON-609441631-project] Lock "e9a13395-edcd-4db4-8e49-26425d7b3a62" released by "nova.context.set_target_cell..get_or_set_cached_cell_and_set_connections" :: held 0.001s {{(pid=115233) inner /usr/local/lib/python3.8/dist-packages/oslo_concurrency/lockutils.py:367}}
Oct 14 07:32:05.605983 dv-cinder-813746-2-smb devstack@n-api.service[115232]: INFO nova.api.openstack.requestlog [None req-53722b48-0c76-4556-9129-e1cbcba771ee tempest-AttachVolumeTestJSON-1592284832 tempest-AttachVolumeTestJSON-1592284832-project] 10.222.0.44 "POST /compute/v2.1/servers/373d0648-1121-4d84-9286-9d8a4717b17f/action" status: 200 len: 14 microversion: 2.1 time: 0.147644
Oct 14 07:32:05.607065 dv-cinder-813746-2-smb devstack@n-api.service[115232]: [pid: 115232|app: 0|req: 98/199] 10.222.0.44 () {60 vars in 1277 bytes} [Thu Oct 14 07:32:05 2021] POST /compute/v2.1/servers/373d0648-1121-4d84-9286-9d8a4717b17f/action => generated 14 bytes in 150 msecs (HTTP/1.1 200) 9 headers in 356 bytes (2 switches on core 0)
Oct 14 07:32:05.711637 dv-cinder-813746-2-smb devstack@n-api.service[115233]: INFO nova.api.openstack.requestlog [None req-98df453a-df1e-4c21-a55c-9e196ee6835a tempest-AttachVolumeShelveTestJSON-609441631 tempest-AttachVolumeShelveTestJSON-609441631-project] 10.222.0.44 "POST /compute/v2.1/servers/847b1c04-e501-49c5-a92b-3bce4429ee40/action" status: 200 len: 14 microversion: 2.20 time: 0.140197
Oct 14 07:32:05.715426 dv-cinder-813746-2-smb devstack@n-api.service[115233]: [pid: 115233|app: 0|req: 102/200] 10.222.0.44 () {62 vars in 1318 bytes} [Thu Oct 14 07:32:05 2021] POST /compute/v2.1/servers/847b1c04-e501-49c5-a92b-3bce4429ee40/action => generated 14 bytes in 145 msecs (HTTP/1.1 200) 9 headers in 358 bytes (2 switches on core 0)
Oct 14 07:32:06.015338 dv-cinder-813746-2-smb devstack@n-api.service[115232]: DEBUG nova.api.openstack.wsgi [None req-77b94860-67ad-49df-8699-5b5926e197e2 tempest-ServerRescueNegativeTestJSON-1356372086 tempest-ServerRescueNegativeTestJSON-1356372086-project] Calling method '>' {{(pid=115232) _process_stack /opt/stack/nova/nova/api/openstack/wsgi.py:513}}
Oct 14 07:32:06.016034 dv-cinder-813746-2-smb devstack@n-api.service[115232]: DEBUG nova.compute.api [None req-77b94860-67ad-49df-8699-5b5926e197e2 tempest-ServerRescueNegativeTestJSON-1356372086 tempest-ServerRescueNegativeTestJSON-1356372086-project] [instance: f81982c8-ad42-49e0-ba51-89920e2bc7fd] Fetching instance by UUID {{(pid=115232) get /opt/stack/nova/nova/compute/api.py:2863}}
Oct 14 07:32:06.027254 dv-cinder-813746-2-smb devstack@n-api.service[115232]: DEBUG oslo_concurrency.lockutils [None req-77b94860-67ad-49df-8699-5b5926e197e2 tempest-ServerRescueNegativeTestJSON-1356372086 tempest-ServerRescueNegativeTestJSON-1356372086-project] Lock "e9a13395-edcd-4db4-8e49-26425d7b3a62" acquired by "nova.context.set_target_cell..get_or_set_cached_cell_and_set_connections" :: waited 0.000s {{(pid=115232) inner /usr/local/lib/python3.8/dist-packages/oslo_concurrency/lockutils.py:355}}
Oct 14 07:32:06.027694 dv-cinder-813746-2-smb devstack@n-api.service[115232]: DEBUG oslo_concurrency.lockutils [None req-77b94860-67ad-49df-8699-5b5926e197e2 tempest-ServerRescueNegativeTestJSON-1356372086 tempest-ServerRescueNegativeTestJSON-1356372086-project] Lock "e9a13395-edcd-4db4-8e49-26425d7b3a62" released by "nova.context.set_target_cell..get_or_set_cached_cell_and_set_connections" :: held 0.001s {{(pid=115232) inner /usr/local/lib/python3.8/dist-packages/oslo_concurrency/lockutils.py:367}}
Oct 14 07:32:06.028485 dv-cinder-813746-2-smb devstack@n-api.service[115232]: DEBUG oslo_concurrency.lockutils [None req-77b94860-67ad-49df-8699-5b5926e197e2 tempest-ServerRescueNegativeTestJSON-1356372086 tempest-ServerRescueNegativeTestJSON-1356372086-project] Lock "e9a13395-edcd-4db4-8e49-26425d7b3a62" acquired by "nova.context.set_target_cell..get_or_set_cached_cell_and_set_connections" :: waited 0.000s {{(pid=115232) inner /usr/local/lib/python3.8/dist-packages/oslo_concurrency/lockutils.py:355}}
Oct 14 07:32:06.034802 dv-cinder-813746-2-smb devstack@n-api.service[115232]: DEBUG oslo_concurrency.lockutils [None req-77b94860-67ad-49df-8699-5b5926e197e2 tempest-ServerRescueNegativeTestJSON-1356372086 tempest-ServerRescueNegativeTestJSON-1356372086-project] Lock "e9a13395-edcd-4db4-8e49-26425d7b3a62" released by "nova.context.set_target_cell..get_or_set_cached_cell_and_set_connections" :: held 0.000s {{(pid=115232) inner /usr/local/lib/python3.8/dist-packages/oslo_concurrency/lockutils.py:367}}
Oct 14 07:32:06.188659 dv-cinder-813746-2-smb devstack@n-api.service[115232]: DEBUG nova.policy [None req-77b94860-67ad-49df-8699-5b5926e197e2 tempest-ServerRescueNegativeTestJSON-1356372086 tempest-ServerRescueNegativeTestJSON-1356372086-project] Policy check for os_compute_api:os-extended-server-attributes failed with credentials {'is_admin': False, 'user_id': 'd2a762e17f5645bd92b7a0c1b9ff243a', 'user_domain_id': 'default', 'system_scope': None, 'domain_id': None, 'project_id': '42c14a7887ce44b099e2c725a79d7283', 'project_domain_id': 'default', 'roles': ['reader', 'member'], 'is_admin_project': True, 'service_user_id': None, 'service_user_domain_id': None, 'service_project_id': None, 'service_project_domain_id': None, 'service_roles': []} {{(pid=115232) authorize /opt/stack/nova/nova/policy.py:199}}
Oct 14 07:32:06.196290 dv-cinder-813746-2-smb devstack@n-api.service[115232]: INFO nova.api.openstack.requestlog [None req-77b94860-67ad-49df-8699-5b5926e197e2 tempest-ServerRescueNegativeTestJSON-1356372086 tempest-ServerRescueNegativeTestJSON-1356372086-project] 10.222.0.44 "GET /compute/v2.1/servers/f81982c8-ad42-49e0-ba51-89920e2bc7fd" status: 200 len: 1520 microversion: 2.1 time: 0.185403
Oct 14 07:32:06.197105 dv-cinder-813746-2-smb devstack@n-api.service[115232]: [pid: 115232|app: 0|req: 99/201] 10.222.0.44 () {58 vars in 1235 bytes} [Thu Oct 14 07:32:06 2021] GET /compute/v2.1/servers/f81982c8-ad42-49e0-ba51-89920e2bc7fd => generated 1520 bytes in 187 msecs (HTTP/1.1 200) 9 headers in 358 bytes (1 switches on core 0)
Oct 14 07:32:06.403258 dv-cinder-813746-2-smb devstack@n-api.service[115233]: DEBUG nova.api.openstack.wsgi [None req-fd01eabe-5259-4eab-a675-48e1fde6dd71 tempest-AttachVolumeNegativeTest-916439914 tempest-AttachVolumeNegativeTest-916439914-project] Calling method '>' {{(pid=115233) _process_stack /opt/stack/nova/nova/api/openstack/wsgi.py:513}}
Oct 14 07:32:06.404050 dv-cinder-813746-2-smb devstack@n-api.service[115233]: DEBUG nova.compute.api [None req-fd01eabe-5259-4eab-a675-48e1fde6dd71 tempest-AttachVolumeNegativeTest-916439914 tempest-AttachVolumeNegativeTest-916439914-project] [instance: 6f5368ec-7235-46b1-9092-0703b1f8f4ad] Fetching instance by UUID {{(pid=115233) get /opt/stack/nova/nova/compute/api.py:2863}}
Oct 14 07:32:06.414014 dv-cinder-813746-2-smb devstack@n-api.service[115233]: DEBUG oslo_concurrency.lockutils [None req-fd01eabe-5259-4eab-a675-48e1fde6dd71 tempest-AttachVolumeNegativeTest-916439914 tempest-AttachVolumeNegativeTest-916439914-project] Lock "e9a13395-edcd-4db4-8e49-26425d7b3a62" acquired by "nova.context.set_target_cell..get_or_set_cached_cell_and_set_connections" :: waited 0.000s {{(pid=115233) inner /usr/local/lib/python3.8/dist-packages/oslo_concurrency/lockutils.py:355}}
Oct 14 07:32:06.414014 dv-cinder-813746-2-smb devstack@n-api.service[115233]: DEBUG oslo_concurrency.lockutils [None req-fd01eabe-5259-4eab-a675-48e1fde6dd71 tempest-AttachVolumeNegativeTest-916439914 tempest-AttachVolumeNegativeTest-916439914-project] Lock "e9a13395-edcd-4db4-8e49-26425d7b3a62" released by "nova.context.set_target_cell..get_or_set_cached_cell_and_set_connections" :: held 0.001s {{(pid=115233) inner /usr/local/lib/python3.8/dist-packages/oslo_concurrency/lockutils.py:367}}
Oct 14 07:32:06.414014 dv-cinder-813746-2-smb devstack@n-api.service[115233]: DEBUG oslo_concurrency.lockutils [None req-fd01eabe-5259-4eab-a675-48e1fde6dd71 tempest-AttachVolumeNegativeTest-916439914 tempest-AttachVolumeNegativeTest-916439914-project] Lock "e9a13395-edcd-4db4-8e49-26425d7b3a62" acquired by "nova.context.set_target_cell..get_or_set_cached_cell_and_set_connections" :: waited 0.000s {{(pid=115233) inner /usr/local/lib/python3.8/dist-packages/oslo_concurrency/lockutils.py:355}}
