Oct 13 07:32:01.684274 dv-cinder-813746-1-iscsi devstack@c-api.service[101385]: INFO cinder.api.openstack.wsgi [None req-db1233b2-76e5-4d31-a0f6-c205eecfe9bc tempest-VolumesTestJSON-1732853704 tempest-VolumesTestJSON-1732853704-project] http://10.222.0.55/volume/v3/5c095a642537473b820612d1181e93d2/volumes/eac8703a-abd3-4af5-a91b-b2b9731ecb1c returned with HTTP 202
Oct 13 07:32:01.688301 dv-cinder-813746-1-iscsi devstack@c-api.service[101385]: [pid: 101385|app: 0|req: 82/171] 10.222.0.55 () {58 vars in 1327 bytes} [Wed Oct 13 07:32:01 2021] DELETE /volume/v3/5c095a642537473b820612d1181e93d2/volumes/eac8703a-abd3-4af5-a91b-b2b9731ecb1c => generated 0 bytes in 248 msecs (HTTP/1.1 202) 6 headers in 233 bytes (1 switches on core 0)
Oct 13 07:32:01.696123 dv-cinder-813746-1-iscsi devstack@c-api.service[101384]: INFO cinder.api.openstack.wsgi [None req-8504c44d-9639-4ee9-88ae-0580c0dbe613 tempest-VolumesTestJSON-1732853704 tempest-VolumesTestJSON-1732853704-project] GET http://10.222.0.55/volume/v3/5c095a642537473b820612d1181e93d2/volumes/eac8703a-abd3-4af5-a91b-b2b9731ecb1c
Oct 13 07:32:01.697181 dv-cinder-813746-1-iscsi devstack@c-api.service[101384]: DEBUG cinder.api.openstack.wsgi [None req-8504c44d-9639-4ee9-88ae-0580c0dbe613 tempest-VolumesTestJSON-1732853704 tempest-VolumesTestJSON-1732853704-project] Empty body provided in request {{(pid=101384) get_body /opt/stack/cinder/cinder/api/openstack/wsgi.py:703}}
Oct 13 07:32:01.697458 dv-cinder-813746-1-iscsi devstack@c-api.service[101384]: /usr/local/lib/python3.8/dist-packages/webob/acceptparse.py:1047: DeprecationWarning: The behavior of AcceptValidHeader.best_match is currently being maintained for backward compatibility, but it will be deprecated in the future, as it does not conform to the RFC.
Oct 13 07:32:01.697458 dv-cinder-813746-1-iscsi devstack@c-api.service[101384]: warnings.warn(
Oct 13 07:32:01.697879 dv-cinder-813746-1-iscsi devstack@c-api.service[101384]: DEBUG cinder.api.openstack.wsgi [None req-8504c44d-9639-4ee9-88ae-0580c0dbe613 tempest-VolumesTestJSON-1732853704 tempest-VolumesTestJSON-1732853704-project] Calling method 'show' {{(pid=101384) _process_stack /opt/stack/cinder/cinder/api/openstack/wsgi.py:856}}
Oct 13 07:32:01.720171 dv-cinder-813746-1-iscsi devstack@c-api.service[101384]: /usr/local/lib/python3.8/dist-packages/oslo_context/context.py:105: DeprecationWarning: Policy enforcement is depending on the value of is_admin. This key is deprecated. Please update your policy file to use the standard policy values.
Oct 13 07:32:01.720171 dv-cinder-813746-1-iscsi devstack@c-api.service[101384]: warnings.warn('Policy enforcement is depending on the value of '
Oct 13 07:32:01.745822 dv-cinder-813746-1-iscsi devstack@c-api.service[101384]: INFO cinder.volume.api [None req-8504c44d-9639-4ee9-88ae-0580c0dbe613 tempest-VolumesTestJSON-1732853704 tempest-VolumesTestJSON-1732853704-project] Volume info retrieved successfully.
Oct 13 07:32:01.764117 dv-cinder-813746-1-iscsi devstack@c-api.service[101384]: INFO cinder.api.openstack.wsgi [None req-8504c44d-9639-4ee9-88ae-0580c0dbe613 tempest-VolumesTestJSON-1732853704 tempest-VolumesTestJSON-1732853704-project] http://10.222.0.55/volume/v3/5c095a642537473b820612d1181e93d2/volumes/eac8703a-abd3-4af5-a91b-b2b9731ecb1c returned with HTTP 200
Oct 13 07:32:01.769025 dv-cinder-813746-1-iscsi devstack@c-api.service[101384]: [pid: 101384|app: 0|req: 90/172] 10.222.0.55 () {58 vars in 1324 bytes} [Wed Oct 13 07:32:01 2021] GET /volume/v3/5c095a642537473b820612d1181e93d2/volumes/eac8703a-abd3-4af5-a91b-b2b9731ecb1c => generated 921 bytes in 73 msecs (HTTP/1.1 200) 7 headers in 285 bytes (1 switches on core 0)
Oct 13 07:32:02.784288 dv-cinder-813746-1-iscsi devstack@c-api.service[101384]: INFO cinder.api.openstack.wsgi [None req-e88d0f23-b422-4dc3-b3d9-8e1b5b07df54 tempest-VolumesTestJSON-1732853704 tempest-VolumesTestJSON-1732853704-project] GET http://10.222.0.55/volume/v3/5c095a642537473b820612d1181e93d2/volumes/eac8703a-abd3-4af5-a91b-b2b9731ecb1c
Oct 13 07:32:02.786443 dv-cinder-813746-1-iscsi devstack@c-api.service[101384]: DEBUG cinder.api.openstack.wsgi [None req-e88d0f23-b422-4dc3-b3d9-8e1b5b07df54 tempest-VolumesTestJSON-1732853704 tempest-VolumesTestJSON-1732853704-project] Empty body provided in request {{(pid=101384) get_body /opt/stack/cinder/cinder/api/openstack/wsgi.py:703}}
Oct 13 07:32:02.787066 dv-cinder-813746-1-iscsi devstack@c-api.service[101384]: /usr/local/lib/python3.8/dist-packages/webob/acceptparse.py:1047: DeprecationWarning: The behavior of AcceptValidHeader.best_match is currently being maintained for backward compatibility, but it will be deprecated in the future, as it does not conform to the RFC.
Oct 13 07:32:02.787066 dv-cinder-813746-1-iscsi devstack@c-api.service[101384]: warnings.warn(
Oct 13 07:32:02.788814 dv-cinder-813746-1-iscsi devstack@c-api.service[101384]: DEBUG cinder.api.openstack.wsgi [None req-e88d0f23-b422-4dc3-b3d9-8e1b5b07df54 tempest-VolumesTestJSON-1732853704 tempest-VolumesTestJSON-1732853704-project] Calling method 'show' {{(pid=101384) _process_stack /opt/stack/cinder/cinder/api/openstack/wsgi.py:856}}
Oct 13 07:32:02.802374 dv-cinder-813746-1-iscsi devstack@c-api.service[101384]: INFO cinder.api.openstack.wsgi [None req-e88d0f23-b422-4dc3-b3d9-8e1b5b07df54 tempest-VolumesTestJSON-1732853704 tempest-VolumesTestJSON-1732853704-project] http://10.222.0.55/volume/v3/5c095a642537473b820612d1181e93d2/volumes/eac8703a-abd3-4af5-a91b-b2b9731ecb1c returned with HTTP 404
Oct 13 07:32:02.803999 dv-cinder-813746-1-iscsi devstack@c-api.service[101384]: [pid: 101384|app: 0|req: 91/173] 10.222.0.55 () {58 vars in 1324 bytes} [Wed Oct 13 07:32:02 2021] GET /volume/v3/5c095a642537473b820612d1181e93d2/volumes/eac8703a-abd3-4af5-a91b-b2b9731ecb1c => generated 109 bytes in 24 msecs (HTTP/1.1 404) 7 headers in 292 bytes (1 switches on core 0)
Oct 13 07:32:02.811884 dv-cinder-813746-1-iscsi devstack@c-api.service[101384]: INFO cinder.api.openstack.wsgi [None req-6273dec6-1d4a-42cb-9ae5-b42ed004633a tempest-VolumesTestJSON-1732853704 tempest-VolumesTestJSON-1732853704-project] DELETE http://10.222.0.55/volume/v3/5c095a642537473b820612d1181e93d2/volumes/4be634d0-eae6-46c0-8813-2cd59601b809
Oct 13 07:32:02.812598 dv-cinder-813746-1-iscsi devstack@c-api.service[101384]: DEBUG cinder.api.openstack.wsgi [None req-6273dec6-1d4a-42cb-9ae5-b42ed004633a tempest-VolumesTestJSON-1732853704 tempest-VolumesTestJSON-1732853704-project] Empty body provided in request {{(pid=101384) get_body /opt/stack/cinder/cinder/api/openstack/wsgi.py:703}}
Oct 13 07:32:02.813295 dv-cinder-813746-1-iscsi devstack@c-api.service[101384]: DEBUG cinder.api.openstack.wsgi [None req-6273dec6-1d4a-42cb-9ae5-b42ed004633a tempest-VolumesTestJSON-1732853704 tempest-VolumesTestJSON-1732853704-project] Calling method 'delete' {{(pid=101384) _process_stack /opt/stack/cinder/cinder/api/openstack/wsgi.py:856}}
Oct 13 07:32:02.814560 dv-cinder-813746-1-iscsi devstack@c-api.service[101384]: INFO cinder.api.v3.volumes [None req-6273dec6-1d4a-42cb-9ae5-b42ed004633a tempest-VolumesTestJSON-1732853704 tempest-VolumesTestJSON-1732853704-project] Delete volume with id: 4be634d0-eae6-46c0-8813-2cd59601b809
Oct 13 07:32:02.844100 dv-cinder-813746-1-iscsi devstack@c-api.service[101384]: /usr/local/lib/python3.8/dist-packages/oslo_context/context.py:105: DeprecationWarning: Policy enforcement is depending on the value of is_admin. This key is deprecated. Please update your policy file to use the standard policy values.
Oct 13 07:32:02.844100 dv-cinder-813746-1-iscsi devstack@c-api.service[101384]: warnings.warn('Policy enforcement is depending on the value of '
Oct 13 07:32:02.844100 dv-cinder-813746-1-iscsi devstack@c-api.service[101384]: INFO cinder.volume.api [None req-6273dec6-1d4a-42cb-9ae5-b42ed004633a tempest-VolumesTestJSON-1732853704 tempest-VolumesTestJSON-1732853704-project] Volume info retrieved successfully.
Oct 13 07:32:03.112624 dv-cinder-813746-1-iscsi devstack@c-api.service[101384]: INFO cinder.volume.api [None req-6273dec6-1d4a-42cb-9ae5-b42ed004633a tempest-VolumesTestJSON-1732853704 tempest-VolumesTestJSON-1732853704-project] Delete volume request issued successfully.
Oct 13 07:32:03.113562 dv-cinder-813746-1-iscsi devstack@c-api.service[101384]: INFO cinder.api.openstack.wsgi [None req-6273dec6-1d4a-42cb-9ae5-b42ed004633a tempest-VolumesTestJSON-1732853704 tempest-VolumesTestJSON-1732853704-project] http://10.222.0.55/volume/v3/5c095a642537473b820612d1181e93d2/volumes/4be634d0-eae6-46c0-8813-2cd59601b809 returned with HTTP 202
Oct 13 07:32:03.115200 dv-cinder-813746-1-iscsi devstack@c-api.service[101384]: [pid: 101384|app: 0|req: 92/174] 10.222.0.55 () {58 vars in 1327 bytes} [Wed Oct 13 07:32:02 2021] DELETE /volume/v3/5c095a642537473b820612d1181e93d2/volumes/4be634d0-eae6-46c0-8813-2cd59601b809 => generated 0 bytes in 307 msecs (HTTP/1.1 202) 6 headers in 233 bytes (1 switches on core 0)
Oct 13 07:32:03.127872 dv-cinder-813746-1-iscsi devstack@c-api.service[101384]: INFO cinder.api.openstack.wsgi [None req-5c86a50d-e1f4-4b1c-ba7d-91507dab74c3 tempest-VolumesTestJSON-1732853704 tempest-VolumesTestJSON-1732853704-project] GET http://10.222.0.55/volume/v3/5c095a642537473b820612d1181e93d2/volumes/4be634d0-eae6-46c0-8813-2cd59601b809
Oct 13 07:32:03.129577 dv-cinder-813746-1-iscsi devstack@c-api.service[101384]: DEBUG cinder.api.openstack.wsgi [None req-5c86a50d-e1f4-4b1c-ba7d-91507dab74c3 tempest-VolumesTestJSON-1732853704 tempest-VolumesTestJSON-1732853704-project] Empty body provided in request {{(pid=101384) get_body /opt/stack/cinder/cinder/api/openstack/wsgi.py:703}}
Oct 13 07:32:03.129900 dv-cinder-813746-1-iscsi devstack@c-api.service[101384]: /usr/local/lib/python3.8/dist-packages/webob/acceptparse.py:1047: DeprecationWarning: The behavior of AcceptValidHeader.best_match is currently being maintained for backward compatibility, but it will be deprecated in the future, as it does not conform to the RFC.
Oct 13 07:32:03.129900 dv-cinder-813746-1-iscsi devstack@c-api.service[101384]: warnings.warn(
Oct 13 07:32:03.130569 dv-cinder-813746-1-iscsi devstack@c-api.service[101384]: DEBUG cinder.api.openstack.wsgi [None req-5c86a50d-e1f4-4b1c-ba7d-91507dab74c3 tempest-VolumesTestJSON-1732853704 tempest-VolumesTestJSON-1732853704-project] Calling method 'show' {{(pid=101384) _process_stack /opt/stack/cinder/cinder/api/openstack/wsgi.py:856}}
Oct 13 07:32:03.170286 dv-cinder-813746-1-iscsi devstack@c-api.service[101385]: INFO cinder.api.openstack.wsgi [None req-327c23f5-73e8-4f0d-a629-1c9f0c5addfc tempest-VolumeQuotasAdminTestJSON-1494170568 tempest-VolumeQuotasAdminTestJSON-1494170568-project-admin] GET http://10.222.0.55/volume/v3/f3686074a9ca4d7ebc27e171e7afdc04/os-quota-sets/c9940bb27c2c4ec4876fff67380015ab
Oct 13 07:32:03.174296 dv-cinder-813746-1-iscsi devstack@c-api.service[101385]: DEBUG cinder.api.openstack.wsgi [None req-327c23f5-73e8-4f0d-a629-1c9f0c5addfc tempest-VolumeQuotasAdminTestJSON-1494170568 tempest-VolumeQuotasAdminTestJSON-1494170568-project-admin] Empty body provided in request {{(pid=101385) get_body /opt/stack/cinder/cinder/api/openstack/wsgi.py:703}}
Oct 13 07:32:03.174747 dv-cinder-813746-1-iscsi devstack@c-api.service[101385]: /usr/local/lib/python3.8/dist-packages/webob/acceptparse.py:1047: DeprecationWarning: The behavior of AcceptValidHeader.best_match is currently being maintained for backward compatibility, but it will be deprecated in the future, as it does not conform to the RFC.
Oct 13 07:32:03.174747 dv-cinder-813746-1-iscsi devstack@c-api.service[101385]: warnings.warn(
Oct 13 07:32:03.176197 dv-cinder-813746-1-iscsi devstack@c-api.service[101385]: DEBUG cinder.api.openstack.wsgi [None req-327c23f5-73e8-4f0d-a629-1c9f0c5addfc tempest-VolumeQuotasAdminTestJSON-1494170568 tempest-VolumeQuotasAdminTestJSON-1494170568-project-admin] Calling method 'show' {{(pid=101385) _process_stack /opt/stack/cinder/cinder/api/openstack/wsgi.py:856}}
Oct 13 07:32:03.176610 dv-cinder-813746-1-iscsi devstack@c-api.service[101384]: /usr/local/lib/python3.8/dist-packages/oslo_context/context.py:105: DeprecationWarning: Policy enforcement is depending on the value of is_admin. This key is deprecated. Please update your policy file to use the standard policy values.
Oct 13 07:32:03.176610 dv-cinder-813746-1-iscsi devstack@c-api.service[101384]: warnings.warn('Policy enforcement is depending on the value of '
Oct 13 07:32:03.198822 dv-cinder-813746-1-iscsi devstack@c-api.service[101384]: INFO cinder.volume.api [None req-5c86a50d-e1f4-4b1c-ba7d-91507dab74c3 tempest-VolumesTestJSON-1732853704 tempest-VolumesTestJSON-1732853704-project] Volume info retrieved successfully.
Oct 13 07:32:03.216943 dv-cinder-813746-1-iscsi devstack@c-api.service[101385]: WARNING cinder.quota [None req-327c23f5-73e8-4f0d-a629-1c9f0c5addfc tempest-VolumeQuotasAdminTestJSON-1494170568 tempest-VolumeQuotasAdminTestJSON-1494170568-project-admin] Deprecated: Default quota for resource: backups is set by the default quota flag: quota_backups, it is now deprecated. Please use the default quota class for default quota.
Oct 13 07:32:03.216943 dv-cinder-813746-1-iscsi devstack@c-api.service[101385]: WARNING cinder.quota [None req-327c23f5-73e8-4f0d-a629-1c9f0c5addfc tempest-VolumeQuotasAdminTestJSON-1494170568 tempest-VolumeQuotasAdminTestJSON-1494170568-project-admin] Deprecated: Default quota for resource: backup_gigabytes is set by the default quota flag: quota_backup_gigabytes, it is now deprecated. Please use the default quota class for default quota.
Oct 13 07:32:03.216943 dv-cinder-813746-1-iscsi devstack@c-api.service[101385]: WARNING cinder.quota [None req-327c23f5-73e8-4f0d-a629-1c9f0c5addfc tempest-VolumeQuotasAdminTestJSON-1494170568 tempest-VolumeQuotasAdminTestJSON-1494170568-project-admin] Deprecated: Default quota for resource: volumes_lvmdriver-1 is set by the default quota flag: quota_volumes_lvmdriver-1, it is now deprecated. Please use the default quota class for default quota.
Oct 13 07:32:03.218873 dv-cinder-813746-1-iscsi devstack@c-api.service[101385]: WARNING cinder.quota [None req-327c23f5-73e8-4f0d-a629-1c9f0c5addfc tempest-VolumeQuotasAdminTestJSON-1494170568 tempest-VolumeQuotasAdminTestJSON-1494170568-project-admin] Deprecated: Default quota for resource: gigabytes_lvmdriver-1 is set by the default quota flag: quota_gigabytes_lvmdriver-1, it is now deprecated. Please use the default quota class for default quota.
Oct 13 07:32:03.219979 dv-cinder-813746-1-iscsi devstack@c-api.service[101385]: WARNING cinder.quota [None req-327c23f5-73e8-4f0d-a629-1c9f0c5addfc tempest-VolumeQuotasAdminTestJSON-1494170568 tempest-VolumeQuotasAdminTestJSON-1494170568-project-admin] Deprecated: Default quota for resource: snapshots_lvmdriver-1 is set by the default quota flag: quota_snapshots_lvmdriver-1, it is now deprecated. Please use the default quota class for default quota.
Oct 13 07:32:03.224090 dv-cinder-813746-1-iscsi devstack@c-api.service[101384]: INFO cinder.api.openstack.wsgi [None req-5c86a50d-e1f4-4b1c-ba7d-91507dab74c3 tempest-VolumesTestJSON-1732853704 tempest-VolumesTestJSON-1732853704-project] http://10.222.0.55/volume/v3/5c095a642537473b820612d1181e93d2/volumes/4be634d0-eae6-46c0-8813-2cd59601b809 returned with HTTP 200
Oct 13 07:32:03.226294 dv-cinder-813746-1-iscsi devstack@c-api.service[101384]: [pid: 101384|app: 0|req: 93/175] 10.222.0.55 () {58 vars in 1324 bytes} [Wed Oct 13 07:32:03 2021] GET /volume/v3/5c095a642537473b820612d1181e93d2/volumes/4be634d0-eae6-46c0-8813-2cd59601b809 => generated 921 bytes in 103 msecs (HTTP/1.1 200) 7 headers in 285 bytes (2 switches on core 0)
Oct 13 07:32:03.242573 dv-cinder-813746-1-iscsi devstack@c-api.service[101385]: INFO cinder.api.openstack.wsgi [None req-327c23f5-73e8-4f0d-a629-1c9f0c5addfc tempest-VolumeQuotasAdminTestJSON-1494170568 tempest-VolumeQuotasAdminTestJSON-1494170568-project-admin] http://10.222.0.55/volume/v3/f3686074a9ca4d7ebc27e171e7afdc04/os-quota-sets/c9940bb27c2c4ec4876fff67380015ab returned with HTTP 200
Oct 13 07:32:03.248064 dv-cinder-813746-1-iscsi devstack@c-api.service[101385]: [pid: 101385|app: 0|req: 83/176] 10.222.0.55 () {58 vars in 1330 bytes} [Wed Oct 13 07:32:02 2021] GET /volume/v3/f3686074a9ca4d7ebc27e171e7afdc04/os-quota-sets/c9940bb27c2c4ec4876fff67380015ab => generated 361 bytes in 608 msecs (HTTP/1.1 200) 7 headers in 285 bytes (1 switches on core 0)
Oct 13 07:32:03.260976 dv-cinder-813746-1-iscsi devstack@c-api.service[101384]: INFO cinder.api.openstack.wsgi [None req-be6f8617-63c8-4c40-a712-60200f9e0135 tempest-VolumeQuotasAdminTestJSON-1494170568 tempest-VolumeQuotasAdminTestJSON-1494170568-project-admin] GET http://10.222.0.55/volume/v3/f3686074a9ca4d7ebc27e171e7afdc04/os-quota-sets/c9940bb27c2c4ec4876fff67380015ab/defaults
Oct 13 07:32:03.265081 dv-cinder-813746-1-iscsi devstack@c-api.service[101384]: DEBUG cinder.api.openstack.wsgi [None req-be6f8617-63c8-4c40-a712-60200f9e0135 tempest-VolumeQuotasAdminTestJSON-1494170568 tempest-VolumeQuotasAdminTestJSON-1494170568-project-admin] Empty body provided in request {{(pid=101384) get_body /opt/stack/cinder/cinder/api/openstack/wsgi.py:703}}
Oct 13 07:32:03.265380 dv-cinder-813746-1-iscsi devstack@c-api.service[101384]: /usr/local/lib/python3.8/dist-packages/webob/acceptparse.py:1047: DeprecationWarning: The behavior of AcceptValidHeader.best_match is currently being maintained for backward compatibility, but it will be deprecated in the future, as it does not conform to the RFC.
Oct 13 07:32:03.265380 dv-cinder-813746-1-iscsi devstack@c-api.service[101384]: warnings.warn(
Oct 13 07:32:03.265738 dv-cinder-813746-1-iscsi devstack@c-api.service[101384]: DEBUG cinder.api.openstack.wsgi [None req-be6f8617-63c8-4c40-a712-60200f9e0135 tempest-VolumeQuotasAdminTestJSON-1494170568 tempest-VolumeQuotasAdminTestJSON-1494170568-project-admin] Calling method 'defaults' {{(pid=101384) _process_stack /opt/stack/cinder/cinder/api/openstack/wsgi.py:856}}
Oct 13 07:32:03.292230 dv-cinder-813746-1-iscsi devstack@c-api.service[101384]: WARNING cinder.quota [None req-be6f8617-63c8-4c40-a712-60200f9e0135 tempest-VolumeQuotasAdminTestJSON-1494170568 tempest-VolumeQuotasAdminTestJSON-1494170568-project-admin] Deprecated: Default quota for resource: backups is set by the default quota flag: quota_backups, it is now deprecated. Please use the default quota class for default quota.
Oct 13 07:32:03.294667 dv-cinder-813746-1-iscsi devstack@c-api.service[101384]: WARNING cinder.quota [None req-be6f8617-63c8-4c40-a712-60200f9e0135 tempest-VolumeQuotasAdminTestJSON-1494170568 tempest-VolumeQuotasAdminTestJSON-1494170568-project-admin] Deprecated: Default quota for resource: backup_gigabytes is set by the default quota flag: quota_backup_gigabytes, it is now deprecated. Please use the default quota class for default quota.
Oct 13 07:32:03.295457 dv-cinder-813746-1-iscsi devstack@c-api.service[101384]: WARNING cinder.quota [None req-be6f8617-63c8-4c40-a712-60200f9e0135 tempest-VolumeQuotasAdminTestJSON-1494170568 tempest-VolumeQuotasAdminTestJSON-1494170568-project-admin] Deprecated: Default quota for resource: volumes_lvmdriver-1 is set by the default quota flag: quota_volumes_lvmdriver-1, it is now deprecated. Please use the default quota class for default quota.
Oct 13 07:32:03.296213 dv-cinder-813746-1-iscsi devstack@c-api.service[101384]: WARNING cinder.quota [None req-be6f8617-63c8-4c40-a712-60200f9e0135 tempest-VolumeQuotasAdminTestJSON-1494170568 tempest-VolumeQuotasAdminTestJSON-1494170568-project-admin] Deprecated: Default quota for resource: gigabytes_lvmdriver-1 is set by the default quota flag: quota_gigabytes_lvmdriver-1, it is now deprecated. Please use the default quota class for default quota.
Oct 13 07:32:03.298350 dv-cinder-813746-1-iscsi devstack@c-api.service[101384]: WARNING cinder.quota [None req-be6f8617-63c8-4c40-a712-60200f9e0135 tempest-VolumeQuotasAdminTestJSON-1494170568 tempest-VolumeQuotasAdminTestJSON-1494170568-project-admin] Deprecated: Default quota for resource: snapshots_lvmdriver-1 is set by the default quota flag: quota_snapshots_lvmdriver-1, it is now deprecated. Please use the default quota class for default quota.
Oct 13 07:32:03.310112 dv-cinder-813746-1-iscsi devstack@c-api.service[101384]: WARNING cinder.quota [None req-be6f8617-63c8-4c40-a712-60200f9e0135 tempest-VolumeQuotasAdminTestJSON-1494170568 tempest-VolumeQuotasAdminTestJSON-1494170568-project-admin] Deprecated: Default quota for resource: snapshots___DEFAULT__ is set by the default quota flag: quota_snapshots___DEFAULT__, it is now deprecated. Please use the default quota class for default quota.
Oct 13 07:32:03.315926 dv-cinder-813746-1-iscsi devstack@c-api.service[101384]: INFO cinder.api.openstack.wsgi [None req-be6f8617-63c8-4c40-a712-60200f9e0135 tempest-VolumeQuotasAdminTestJSON-1494170568 tempest-VolumeQuotasAdminTestJSON-1494170568-project-admin] http://10.222.0.55/volume/v3/f3686074a9ca4d7ebc27e171e7afdc04/os-quota-sets/c9940bb27c2c4ec4876fff67380015ab/defaults returned with HTTP 200
Oct 13 07:32:03.317080 dv-cinder-813746-1-iscsi devstack@c-api.service[101384]: [pid: 101384|app: 0|req: 94/177] 10.222.0.55 () {58 vars in 1357 bytes} [Wed Oct 13 07:32:03 2021] GET /volume/v3/f3686074a9ca4d7ebc27e171e7afdc04/os-quota-sets/c9940bb27c2c4ec4876fff67380015ab/defaults => generated 361 bytes in 64 msecs (HTTP/1.1 200) 7 headers in 285 bytes (1 switches on core 0)
Oct 13 07:32:03.330677 dv-cinder-813746-1-iscsi devstack@c-api.service[101385]: INFO cinder.api.openstack.wsgi [None req-795a8407-652b-443d-8434-512e572c331c tempest-VolumeQuotasAdminTestJSON-1494170568 tempest-VolumeQuotasAdminTestJSON-1494170568-project-admin] PUT http://10.222.0.55/volume/v3/f3686074a9ca4d7ebc27e171e7afdc04/os-quota-sets/c9940bb27c2c4ec4876fff67380015ab
Oct 13 07:32:03.332459 dv-cinder-813746-1-iscsi devstack@c-api.service[101385]: DEBUG cinder.api.openstack.wsgi [None req-795a8407-652b-443d-8434-512e572c331c tempest-VolumeQuotasAdminTestJSON-1494170568 tempest-VolumeQuotasAdminTestJSON-1494170568-project-admin] Action: 'update', calling method: update, body: {"quota_set": {"volumes": 15}} {{(pid=101385) _process_stack /opt/stack/cinder/cinder/api/openstack/wsgi.py:854}}
Oct 13 07:32:03.537699 dv-cinder-813746-1-iscsi devstack@c-api.service[101385]: INFO cinder.api.openstack.wsgi [None req-795a8407-652b-443d-8434-512e572c331c tempest-VolumeQuotasAdminTestJSON-1494170568 tempest-VolumeQuotasAdminTestJSON-1494170568-project-admin] http://10.222.0.55/volume/v3/f3686074a9ca4d7ebc27e171e7afdc04/os-quota-sets/c9940bb27c2c4ec4876fff67380015ab returned with HTTP 200
Oct 13 07:32:03.549581 dv-cinder-813746-1-iscsi devstack@c-api.service[101384]: INFO cinder.api.openstack.wsgi [None req-54973f0a-ef04-4f6d-88dc-bd3b2d2a9a33 tempest-VolumeQuotasAdminTestJSON-1494170568 tempest-VolumeQuotasAdminTestJSON-1494170568-project-admin] DELETE http://10.222.0.55/volume/v3/f3686074a9ca4d7ebc27e171e7afdc04/os-quota-sets/c9940bb27c2c4ec4876fff67380015ab
Oct 13 07:32:03.550401 dv-cinder-813746-1-iscsi devstack@c-api.service[101384]: DEBUG cinder.api.openstack.wsgi [None req-54973f0a-ef04-4f6d-88dc-bd3b2d2a9a33 tempest-VolumeQuotasAdminTestJSON-1494170568 tempest-VolumeQuotasAdminTestJSON-1494170568-project-admin] Empty body provided in request {{(pid=101384) get_body /opt/stack/cinder/cinder/api/openstack/wsgi.py:703}}
Oct 13 07:32:03.550973 dv-cinder-813746-1-iscsi devstack@c-api.service[101384]: DEBUG cinder.api.openstack.wsgi [None req-54973f0a-ef04-4f6d-88dc-bd3b2d2a9a33 tempest-VolumeQuotasAdminTestJSON-1494170568 tempest-VolumeQuotasAdminTestJSON-1494170568-project-admin] Calling method 'delete' {{(pid=101384) _process_stack /opt/stack/cinder/cinder/api/openstack/wsgi.py:856}}
Oct 13 07:32:03.554911 dv-cinder-813746-1-iscsi devstack@c-api.service[101385]: [pid: 101385|app: 0|req: 84/178] 10.222.0.55 () {60 vars in 1350 bytes} [Wed Oct 13 07:32:03 2021] PUT /volume/v3/f3686074a9ca4d7ebc27e171e7afdc04/os-quota-sets/c9940bb27c2c4ec4876fff67380015ab => generated 319 bytes in 229 msecs (HTTP/1.1 200) 7 headers in 285 bytes (1 switches on core 0)
Oct 13 07:32:03.634557 dv-cinder-813746-1-iscsi devstack@c-api.service[101384]: INFO cinder.api.openstack.wsgi [None req-54973f0a-ef04-4f6d-88dc-bd3b2d2a9a33 tempest-VolumeQuotasAdminTestJSON-1494170568 tempest-VolumeQuotasAdminTestJSON-1494170568-project-admin] http://10.222.0.55/volume/v3/f3686074a9ca4d7ebc27e171e7afdc04/os-quota-sets/c9940bb27c2c4ec4876fff67380015ab returned with HTTP 200
Oct 13 07:32:03.635410 dv-cinder-813746-1-iscsi devstack@c-api.service[101384]: [pid: 101384|app: 0|req: 95/179] 10.222.0.55 () {58 vars in 1333 bytes} [Wed Oct 13 07:32:03 2021] DELETE /volume/v3/f3686074a9ca4d7ebc27e171e7afdc04/os-quota-sets/c9940bb27c2c4ec4876fff67380015ab => generated 0 bytes in 91 msecs (HTTP/1.1 200) 7 headers in 283 bytes (1 switches on core 0)
Oct 13 07:32:03.653045 dv-cinder-813746-1-iscsi devstack@c-api.service[101385]: INFO cinder.api.openstack.wsgi [None req-5b61bf2d-e298-409c-9a59-1abdfc42d09d tempest-VolumeQuotasAdminTestJSON-1494170568 tempest-VolumeQuotasAdminTestJSON-1494170568-project-admin] GET http://10.222.0.55/volume/v3/f3686074a9ca4d7ebc27e171e7afdc04/os-quota-sets/c9940bb27c2c4ec4876fff67380015ab
Oct 13 07:32:03.653045 dv-cinder-813746-1-iscsi devstack@c-api.service[101385]: DEBUG cinder.api.openstack.wsgi [None req-5b61bf2d-e298-409c-9a59-1abdfc42d09d tempest-VolumeQuotasAdminTestJSON-1494170568 tempest-VolumeQuotasAdminTestJSON-1494170568-project-admin] Empty body provided in request {{(pid=101385) get_body /opt/stack/cinder/cinder/api/openstack/wsgi.py:703}}
Oct 13 07:32:03.653045 dv-cinder-813746-1-iscsi devstack@c-api.service[101385]: DEBUG cinder.api.openstack.wsgi [None req-5b61bf2d-e298-409c-9a59-1abdfc42d09d tempest-VolumeQuotasAdminTestJSON-1494170568 tempest-VolumeQuotasAdminTestJSON-1494170568-project-admin] Calling method 'show' {{(pid=101385) _process_stack /opt/stack/cinder/cinder/api/openstack/wsgi.py:856}}
Oct 13 07:32:03.695201 dv-cinder-813746-1-iscsi devstack@c-api.service[101385]: INFO cinder.api.openstack.wsgi [None req-5b61bf2d-e298-409c-9a59-1abdfc42d09d tempest-VolumeQuotasAdminTestJSON-1494170568 tempest-VolumeQuotasAdminTestJSON-1494170568-project-admin] http://10.222.0.55/volume/v3/f3686074a9ca4d7ebc27e171e7afdc04/os-quota-sets/c9940bb27c2c4ec4876fff67380015ab returned with HTTP 200
Oct 13 07:32:03.701587 dv-cinder-813746-1-iscsi devstack@c-api.service[101385]: [pid: 101385|app: 0|req: 85/180] 10.222.0.55 () {58 vars in 1330 bytes} [Wed Oct 13 07:32:03 2021] GET /volume/v3/f3686074a9ca4d7ebc27e171e7afdc04/os-quota-sets/c9940bb27c2c4ec4876fff67380015ab => generated 361 bytes in 61 msecs (HTTP/1.1 200) 7 headers in 285 bytes (1 switches on core 0)
Oct 13 07:32:03.708671 dv-cinder-813746-1-iscsi devstack@c-api.service[101384]: INFO cinder.api.openstack.wsgi [None req-8b096bc2-a6ea-4126-afc9-b6618c9f82e5 tempest-VolumeQuotasAdminTestJSON-1494170568 tempest-VolumeQuotasAdminTestJSON-1494170568-project-admin] PUT http://10.222.0.55/volume/v3/f3686074a9ca4d7ebc27e171e7afdc04/os-quota-sets/c9940bb27c2c4ec4876fff67380015ab
Oct 13 07:32:03.710218 dv-cinder-813746-1-iscsi devstack@c-api.service[101384]: DEBUG cinder.api.openstack.wsgi [None req-8b096bc2-a6ea-4126-afc9-b6618c9f82e5 tempest-VolumeQuotasAdminTestJSON-1494170568 tempest-VolumeQuotasAdminTestJSON-1494170568-project-admin] Action: 'update', calling method: update, body: {"quota_set": {"volumes": 10, "per_volume_gigabytes": -1, "snapshots": 10, "gigabytes": 1000, "backups": 10, "backup_gigabytes": 1000}} {{(pid=101384) _process_stack /opt/stack/cinder/cinder/api/openstack/wsgi.py:854}}
Oct 13 07:32:04.243481 dv-cinder-813746-1-iscsi devstack@c-api.service[101385]: INFO cinder.api.openstack.wsgi [None req-cd313162-d1ec-452b-937a-f05afdc62cc5 tempest-VolumesTestJSON-1732853704 tempest-VolumesTestJSON-1732853704-project] GET http://10.222.0.55/volume/v3/5c095a642537473b820612d1181e93d2/volumes/4be634d0-eae6-46c0-8813-2cd59601b809
Oct 13 07:32:04.244063 dv-cinder-813746-1-iscsi devstack@c-api.service[101385]: DEBUG cinder.api.openstack.wsgi [None req-cd313162-d1ec-452b-937a-f05afdc62cc5 tempest-VolumesTestJSON-1732853704 tempest-VolumesTestJSON-1732853704-project] Empty body provided in request {{(pid=101385) get_body /opt/stack/cinder/cinder/api/openstack/wsgi.py:703}}
Oct 13 07:32:04.244434 dv-cinder-813746-1-iscsi devstack@c-api.service[101385]: DEBUG cinder.api.openstack.wsgi [None req-cd313162-d1ec-452b-937a-f05afdc62cc5 tempest-VolumesTestJSON-1732853704 tempest-VolumesTestJSON-1732853704-project] Calling method 'show' {{(pid=101385) _process_stack /opt/stack/cinder/cinder/api/openstack/wsgi.py:856}}
Oct 13 07:32:04.274151 dv-cinder-813746-1-iscsi devstack@c-api.service[101385]: INFO cinder.api.openstack.wsgi [None req-cd313162-d1ec-452b-937a-f05afdc62cc5 tempest-VolumesTestJSON-1732853704 tempest-VolumesTestJSON-1732853704-project] http://10.222.0.55/volume/v3/5c095a642537473b820612d1181e93d2/volumes/4be634d0-eae6-46c0-8813-2cd59601b809 returned with HTTP 404
Oct 13 07:32:04.278872 dv-cinder-813746-1-iscsi devstack@c-api.service[101385]: [pid: 101385|app: 0|req: 86/181] 10.222.0.55 () {58 vars in 1324 bytes} [Wed Oct 13 07:32:04 2021] GET /volume/v3/5c095a642537473b820612d1181e93d2/volumes/4be634d0-eae6-46c0-8813-2cd59601b809 => generated 109 bytes in 41 msecs (HTTP/1.1 404) 7 headers in 292 bytes (2 switches on core 0)
Oct 13 07:32:04.283319 dv-cinder-813746-1-iscsi devstack@c-api.service[101385]: INFO cinder.api.openstack.wsgi [None req-003c40aa-0ce8-4b0f-a674-e3ad8360fd34 tempest-VolumesTestJSON-1732853704 tempest-VolumesTestJSON-1732853704-project] DELETE http://10.222.0.55/volume/v3/5c095a642537473b820612d1181e93d2/volumes/ff704e75-7214-4640-966b-14e88b2dc968
Oct 13 07:32:04.283958 dv-cinder-813746-1-iscsi devstack@c-api.service[101385]: DEBUG cinder.api.openstack.wsgi [None req-003c40aa-0ce8-4b0f-a674-e3ad8360fd34 tempest-VolumesTestJSON-1732853704 tempest-VolumesTestJSON-1732853704-project] Empty body provided in request {{(pid=101385) get_body /opt/stack/cinder/cinder/api/openstack/wsgi.py:703}}
Oct 13 07:32:04.284508 dv-cinder-813746-1-iscsi devstack@c-api.service[101385]: DEBUG cinder.api.openstack.wsgi [None req-003c40aa-0ce8-4b0f-a674-e3ad8360fd34 tempest-VolumesTestJSON-1732853704 tempest-VolumesTestJSON-1732853704-project] Calling method 'delete' {{(pid=101385) _process_stack /opt/stack/cinder/cinder/api/openstack/wsgi.py:856}}
Oct 13 07:32:04.285082 dv-cinder-813746-1-iscsi devstack@c-api.service[101385]: INFO cinder.api.v3.volumes [None req-003c40aa-0ce8-4b0f-a674-e3ad8360fd34 tempest-VolumesTestJSON-1732853704 tempest-VolumesTestJSON-1732853704-project] Delete volume with id: ff704e75-7214-4640-966b-14e88b2dc968
Oct 13 07:32:04.315128 dv-cinder-813746-1-iscsi devstack@c-api.service[101385]: /usr/local/lib/python3.8/dist-packages/oslo_context/context.py:105: DeprecationWarning: Policy enforcement is depending on the value of is_admin. This key is deprecated. Please update your policy file to use the standard policy values.
Oct 13 07:32:04.315128 dv-cinder-813746-1-iscsi devstack@c-api.service[101385]: warnings.warn('Policy enforcement is depending on the value of '
Oct 13 07:32:04.316673 dv-cinder-813746-1-iscsi devstack@c-api.service[101385]: INFO cinder.volume.api [None req-003c40aa-0ce8-4b0f-a674-e3ad8360fd34 tempest-VolumesTestJSON-1732853704 tempest-VolumesTestJSON-1732853704-project] Volume info retrieved successfully.
Oct 13 07:32:04.496868 dv-cinder-813746-1-iscsi devstack@c-api.service[101384]: INFO cinder.api.openstack.wsgi [None req-8b096bc2-a6ea-4126-afc9-b6618c9f82e5 tempest-VolumeQuotasAdminTestJSON-1494170568 tempest-VolumeQuotasAdminTestJSON-1494170568-project-admin] http://10.222.0.55/volume/v3/f3686074a9ca4d7ebc27e171e7afdc04/os-quota-sets/c9940bb27c2c4ec4876fff67380015ab returned with HTTP 200
Oct 13 07:32:04.506582 dv-cinder-813746-1-iscsi devstack@c-api.service[101384]: [pid: 101384|app: 0|req: 96/182] 10.222.0.55 () {60 vars in 1351 bytes} [Wed Oct 13 07:32:03 2021] PUT /volume/v3/f3686074a9ca4d7ebc27e171e7afdc04/os-quota-sets/c9940bb27c2c4ec4876fff67380015ab => generated 319 bytes in 804 msecs (HTTP/1.1 200) 7 headers in 285 bytes (2 switches on core 0)
Oct 13 07:32:04.514889 dv-cinder-813746-1-iscsi devstack@c-api.service[101384]: INFO cinder.api.openstack.wsgi [None req-9bfe39b7-5539-4774-b769-1ea528ba68f9 tempest-VolumeQuotasAdminTestJSON-1494170568 tempest-VolumeQuotasAdminTestJSON-1494170568-project-admin] GET http://10.222.0.55/volume/v3/f3686074a9ca4d7ebc27e171e7afdc04/os-quota-sets/c9940bb27c2c4ec4876fff67380015ab/defaults
Oct 13 07:32:04.517758 dv-cinder-813746-1-iscsi devstack@c-api.service[101384]: DEBUG cinder.api.openstack.wsgi [None req-9bfe39b7-5539-4774-b769-1ea528ba68f9 tempest-VolumeQuotasAdminTestJSON-1494170568 tempest-VolumeQuotasAdminTestJSON-1494170568-project-admin] Empty body provided in request {{(pid=101384) get_body /opt/stack/cinder/cinder/api/openstack/wsgi.py:703}}
Oct 13 07:32:04.518453 dv-cinder-813746-1-iscsi devstack@c-api.service[101384]: DEBUG cinder.api.openstack.wsgi [None req-9bfe39b7-5539-4774-b769-1ea528ba68f9 tempest-VolumeQuotasAdminTestJSON-1494170568 tempest-VolumeQuotasAdminTestJSON-1494170568-project-admin] Calling method 'defaults' {{(pid=101384) _process_stack /opt/stack/cinder/cinder/api/openstack/wsgi.py:856}}
Oct 13 07:32:04.544912 dv-cinder-813746-1-iscsi devstack@c-api.service[101385]: INFO cinder.volume.api [None req-003c40aa-0ce8-4b0f-a674-e3ad8360fd34 tempest-VolumesTestJSON-1732853704 tempest-VolumesTestJSON-1732853704-project] Delete volume request issued successfully.
Oct 13 07:32:04.544912 dv-cinder-813746-1-iscsi devstack@c-api.service[101385]: INFO cinder.api.openstack.wsgi [None req-003c40aa-0ce8-4b0f-a674-e3ad8360fd34 tempest-VolumesTestJSON-1732853704 tempest-VolumesTestJSON-1732853704-project] http://10.222.0.55/volume/v3/5c095a642537473b820612d1181e93d2/volumes/ff704e75-7214-4640-966b-14e88b2dc968 returned with HTTP 202
Oct 13 07:32:04.549782 dv-cinder-813746-1-iscsi devstack@c-api.service[101385]: [pid: 101385|app: 0|req: 87/183] 10.222.0.55 () {58 vars in 1327 bytes} [Wed Oct 13 07:32:04 2021] DELETE /volume/v3/5c095a642537473b820612d1181e93d2/volumes/ff704e75-7214-4640-966b-14e88b2dc968 => generated 0 bytes in 270 msecs (HTTP/1.1 202) 6 headers in 233 bytes (1 switches on core 0)
Oct 13 07:32:04.560515 dv-cinder-813746-1-iscsi devstack@c-api.service[101385]: INFO cinder.api.openstack.wsgi [None req-eb77fb18-fe5a-4a0d-b116-a81ced7256ba tempest-VolumesTestJSON-1732853704 tempest-VolumesTestJSON-1732853704-project] GET http://10.222.0.55/volume/v3/5c095a642537473b820612d1181e93d2/volumes/ff704e75-7214-4640-966b-14e88b2dc968
Oct 13 07:32:04.568581 dv-cinder-813746-1-iscsi devstack@c-api.service[101385]: DEBUG cinder.api.openstack.wsgi [None req-eb77fb18-fe5a-4a0d-b116-a81ced7256ba tempest-VolumesTestJSON-1732853704 tempest-VolumesTestJSON-1732853704-project] Empty body provided in request {{(pid=101385) get_body /opt/stack/cinder/cinder/api/openstack/wsgi.py:703}}
Oct 13 07:32:04.569422 dv-cinder-813746-1-iscsi devstack@c-api.service[101385]: /usr/local/lib/python3.8/dist-packages/webob/acceptparse.py:1047: DeprecationWarning: The behavior of AcceptValidHeader.best_match is currently being maintained for backward compatibility, but it will be deprecated in the future, as it does not conform to the RFC.
Oct 13 07:32:04.569422 dv-cinder-813746-1-iscsi devstack@c-api.service[101385]: warnings.warn(
Oct 13 07:32:04.569969 dv-cinder-813746-1-iscsi devstack@c-api.service[101385]: DEBUG cinder.api.openstack.wsgi [None req-eb77fb18-fe5a-4a0d-b116-a81ced7256ba tempest-VolumesTestJSON-1732853704 tempest-VolumesTestJSON-1732853704-project] Calling method 'show' {{(pid=101385) _process_stack /opt/stack/cinder/cinder/api/openstack/wsgi.py:856}}
Oct 13 07:32:04.604695 dv-cinder-813746-1-iscsi devstack@c-api.service[101384]: INFO cinder.api.openstack.wsgi [None req-9bfe39b7-5539-4774-b769-1ea528ba68f9 tempest-VolumeQuotasAdminTestJSON-1494170568 tempest-VolumeQuotasAdminTestJSON-1494170568-project-admin] http://10.222.0.55/volume/v3/f3686074a9ca4d7ebc27e171e7afdc04/os-quota-sets/c9940bb27c2c4ec4876fff67380015ab/defaults returned with HTTP 200
Oct 13 07:32:04.614403 dv-cinder-813746-1-iscsi devstack@c-api.service[101384]: [pid: 101384|app: 0|req: 97/184] 10.222.0.55 () {58 vars in 1357 bytes} [Wed Oct 13 07:32:04 2021] GET /volume/v3/f3686074a9ca4d7ebc27e171e7afdc04/os-quota-sets/c9940bb27c2c4ec4876fff67380015ab/defaults => generated 361 bytes in 107 msecs (HTTP/1.1 200) 7 headers in 285 bytes (1 switches on core 0)
Oct 13 07:32:04.614592 dv-cinder-813746-1-iscsi devstack@c-api.service[101385]: /usr/local/lib/python3.8/dist-packages/oslo_context/context.py:105: DeprecationWarning: Policy enforcement is depending on the value of is_admin. This key is deprecated. Please update your policy file to use the standard policy values.
Oct 13 07:32:04.614592 dv-cinder-813746-1-iscsi devstack@c-api.service[101385]: warnings.warn('Policy enforcement is depending on the value of '
Oct 13 07:32:04.620575 dv-cinder-813746-1-iscsi devstack@c-api.service[101384]: INFO cinder.api.openstack.wsgi [None req-39e1af08-b05f-4c04-a7db-a12a945a4d54 tempest-VolumeQuotasAdminTestJSON-1494170568 tempest-VolumeQuotasAdminTestJSON-1494170568-project-admin] GET http://10.222.0.55/volume/v3/f3686074a9ca4d7ebc27e171e7afdc04/os-quota-sets/c9940bb27c2c4ec4876fff67380015ab
Oct 13 07:32:04.625176 dv-cinder-813746-1-iscsi devstack@c-api.service[101384]: DEBUG cinder.api.openstack.wsgi [None req-39e1af08-b05f-4c04-a7db-a12a945a4d54 tempest-VolumeQuotasAdminTestJSON-1494170568 tempest-VolumeQuotasAdminTestJSON-1494170568-project-admin] Empty body provided in request {{(pid=101384) get_body /opt/stack/cinder/cinder/api/openstack/wsgi.py:703}}
Oct 13 07:32:04.625176 dv-cinder-813746-1-iscsi devstack@c-api.service[101384]: DEBUG cinder.api.openstack.wsgi [None req-39e1af08-b05f-4c04-a7db-a12a945a4d54 tempest-VolumeQuotasAdminTestJSON-1494170568 tempest-VolumeQuotasAdminTestJSON-1494170568-project-admin] Calling method 'show' {{(pid=101384) _process_stack /opt/stack/cinder/cinder/api/openstack/wsgi.py:856}}
Oct 13 07:32:04.625401 dv-cinder-813746-1-iscsi devstack@c-api.service[101385]: INFO cinder.volume.api [None req-eb77fb18-fe5a-4a0d-b116-a81ced7256ba tempest-VolumesTestJSON-1732853704 tempest-VolumesTestJSON-1732853704-project] Volume info retrieved successfully.
Oct 13 07:32:04.639236 dv-cinder-813746-1-iscsi devstack@c-api.service[101385]: INFO cinder.api.openstack.wsgi [None req-eb77fb18-fe5a-4a0d-b116-a81ced7256ba tempest-VolumesTestJSON-1732853704 tempest-VolumesTestJSON-1732853704-project] http://10.222.0.55/volume/v3/5c095a642537473b820612d1181e93d2/volumes/ff704e75-7214-4640-966b-14e88b2dc968 returned with HTTP 200
Oct 13 07:32:04.640138 dv-cinder-813746-1-iscsi devstack@c-api.service[101385]: [pid: 101385|app: 0|req: 88/185] 10.222.0.55 () {58 vars in 1324 bytes} [Wed Oct 13 07:32:04 2021] GET /volume/v3/5c095a642537473b820612d1181e93d2/volumes/ff704e75-7214-4640-966b-14e88b2dc968 => generated 921 bytes in 89 msecs (HTTP/1.1 200) 7 headers in 285 bytes (1 switches on core 0)
Oct 13 07:32:04.661661 dv-cinder-813746-1-iscsi devstack@c-api.service[101384]: INFO cinder.api.openstack.wsgi [None req-39e1af08-b05f-4c04-a7db-a12a945a4d54 tempest-VolumeQuotasAdminTestJSON-1494170568 tempest-VolumeQuotasAdminTestJSON-1494170568-project-admin] http://10.222.0.55/volume/v3/f3686074a9ca4d7ebc27e171e7afdc04/os-quota-sets/c9940bb27c2c4ec4876fff67380015ab returned with HTTP 200
Oct 13 07:32:04.662701 dv-cinder-813746-1-iscsi devstack@c-api.service[101384]: [pid: 101384|app: 0|req: 98/186] 10.222.0.55 () {58 vars in 1330 bytes} [Wed Oct 13 07:32:04 2021] GET /volume/v3/f3686074a9ca4d7ebc27e171e7afdc04/os-quota-sets/c9940bb27c2c4ec4876fff67380015ab => generated 361 bytes in 47 msecs (HTTP/1.1 200) 7 headers in 285 bytes (1 switches on core 0)
Oct 13 07:32:04.680953 dv-cinder-813746-1-iscsi devstack@c-api.service[101385]: INFO cinder.api.openstack.wsgi [None req-4d56bc45-ef4b-4cec-82bc-4f00fe3b3d7f tempest-VolumeQuotasAdminTestJSON-1494170568 tempest-VolumeQuotasAdminTestJSON-1494170568-project-admin] GET http://10.222.0.55/volume/v3/f3686074a9ca4d7ebc27e171e7afdc04/os-quota-sets/c9940bb27c2c4ec4876fff67380015ab?usage=True
Oct 13 07:32:04.684319 dv-cinder-813746-1-iscsi devstack@c-api.service[101385]: DEBUG cinder.api.openstack.wsgi [None req-4d56bc45-ef4b-4cec-82bc-4f00fe3b3d7f tempest-VolumeQuotasAdminTestJSON-1494170568 tempest-VolumeQuotasAdminTestJSON-1494170568-project-admin] Empty body provided in request {{(pid=101385) get_body /opt/stack/cinder/cinder/api/openstack/wsgi.py:703}}
Oct 13 07:32:04.684319 dv-cinder-813746-1-iscsi devstack@c-api.service[101385]: /usr/local/lib/python3.8/dist-packages/webob/acceptparse.py:1047: DeprecationWarning: The behavior of AcceptValidHeader.best_match is currently being maintained for backward compatibility, but it will be deprecated in the future, as it does not conform to the RFC.
Oct 13 07:32:04.684319 dv-cinder-813746-1-iscsi devstack@c-api.service[101385]: warnings.warn(
Oct 13 07:32:04.684319 dv-cinder-813746-1-iscsi devstack@c-api.service[101385]: DEBUG cinder.api.openstack.wsgi [None req-4d56bc45-ef4b-4cec-82bc-4f00fe3b3d7f tempest-VolumeQuotasAdminTestJSON-1494170568 tempest-VolumeQuotasAdminTestJSON-1494170568-project-admin] Calling method 'show' {{(pid=101385) _process_stack /opt/stack/cinder/cinder/api/openstack/wsgi.py:856}}
Oct 13 07:32:04.791766 dv-cinder-813746-1-iscsi devstack@c-api.service[101385]: INFO cinder.api.openstack.wsgi [None req-4d56bc45-ef4b-4cec-82bc-4f00fe3b3d7f tempest-VolumeQuotasAdminTestJSON-1494170568 tempest-VolumeQuotasAdminTestJSON-1494170568-project-admin] http://10.222.0.55/volume/v3/f3686074a9ca4d7ebc27e171e7afdc04/os-quota-sets/c9940bb27c2c4ec4876fff67380015ab?usage=True returned with HTTP 200
Oct 13 07:32:04.793061 dv-cinder-813746-1-iscsi devstack@c-api.service[101385]: [pid: 101385|app: 0|req: 89/187] 10.222.0.55 () {58 vars in 1351 bytes} [Wed Oct 13 07:32:04 2021] GET /volume/v3/f3686074a9ca4d7ebc27e171e7afdc04/os-quota-sets/c9940bb27c2c4ec4876fff67380015ab?usage=True => generated 868 bytes in 122 msecs (HTTP/1.1 200) 7 headers in 285 bytes (1 switches on core 0)
Oct 13 07:32:05.297439 dv-cinder-813746-1-iscsi devstack@c-api.service[101384]: INFO cinder.api.openstack.wsgi [None req-5295d4e7-b618-49e3-bd5b-e06c7d2e75b9 tempest-VolumeQuotasAdminTestJSON-1531552873 tempest-VolumeQuotasAdminTestJSON-1531552873-project] POST http://10.222.0.55/volume/v3/c9940bb27c2c4ec4876fff67380015ab/volumes
Oct 13 07:32:05.298658 dv-cinder-813746-1-iscsi devstack@c-api.service[101384]: DEBUG cinder.api.openstack.wsgi [None req-5295d4e7-b618-49e3-bd5b-e06c7d2e75b9 tempest-VolumeQuotasAdminTestJSON-1531552873 tempest-VolumeQuotasAdminTestJSON-1531552873-project] Action: 'create', calling method: create, body: {"volume": {"size": 1, "name": "tempest-VolumeQuotasAdminTestJSON-Volume-510531953"}} {{(pid=101384) _process_stack /opt/stack/cinder/cinder/api/openstack/wsgi.py:854}}
Oct 13 07:32:05.299618 dv-cinder-813746-1-iscsi devstack@c-api.service[101384]: DEBUG cinder.api.v3.volumes [None req-5295d4e7-b618-49e3-bd5b-e06c7d2e75b9 tempest-VolumeQuotasAdminTestJSON-1531552873 tempest-VolumeQuotasAdminTestJSON-1531552873-project] Create volume request body: {'volume': {'size': 1, 'name': 'tempest-VolumeQuotasAdminTestJSON-Volume-510531953'}} {{(pid=101384) create /opt/stack/cinder/cinder/api/v3/volumes.py:298}}
Oct 13 07:32:05.300413 dv-cinder-813746-1-iscsi devstack@c-api.service[101384]: INFO cinder.api.v3.volumes [None req-5295d4e7-b618-49e3-bd5b-e06c7d2e75b9 tempest-VolumeQuotasAdminTestJSON-1531552873 tempest-VolumeQuotasAdminTestJSON-1531552873-project] Create volume of 1 GB
Oct 13 07:32:05.313200 dv-cinder-813746-1-iscsi devstack@c-api.service[101384]: INFO cinder.volume.api [None req-5295d4e7-b618-49e3-bd5b-e06c7d2e75b9 tempest-VolumeQuotasAdminTestJSON-1531552873 tempest-VolumeQuotasAdminTestJSON-1531552873-project] Availability Zones retrieved successfully.
Oct 13 07:32:05.339011 dv-cinder-813746-1-iscsi devstack@c-api.service[101384]: DEBUG cinder.volume.api [None req-5295d4e7-b618-49e3-bd5b-e06c7d2e75b9 tempest-VolumeQuotasAdminTestJSON-1531552873 tempest-VolumeQuotasAdminTestJSON-1531552873-project] Flow 'volume_create_api' (060b3e0e-6006-4f3b-b761-9d1a43b469a6) transitioned into state 'RUNNING' from state 'PENDING' {{(pid=101384) _flow_receiver /usr/local/lib/python3.8/dist-packages/taskflow/listeners/logging.py:141}}
Oct 13 07:32:05.342469 dv-cinder-813746-1-iscsi devstack@c-api.service[101384]: DEBUG cinder.volume.api [None req-5295d4e7-b618-49e3-bd5b-e06c7d2e75b9 tempest-VolumeQuotasAdminTestJSON-1531552873 tempest-VolumeQuotasAdminTestJSON-1531552873-project] Task 'cinder.volume.flows.api.create_volume.ExtractVolumeRequestTask;volume:create' (a29dd5c0-fefe-4bb5-adae-1c5b61f0a7fe) transitioned into state 'RUNNING' from state 'PENDING' {{(pid=101384) _task_receiver /usr/local/lib/python3.8/dist-packages/taskflow/listeners/logging.py:190}}
Oct 13 07:32:05.347559 dv-cinder-813746-1-iscsi devstack@c-api.service[101384]: DEBUG cinder.volume.flows.api.create_volume [None req-5295d4e7-b618-49e3-bd5b-e06c7d2e75b9 tempest-VolumeQuotasAdminTestJSON-1531552873 tempest-VolumeQuotasAdminTestJSON-1531552873-project] Validating volume size '1' using validate_int {{(pid=101384) _extract_size /opt/stack/cinder/cinder/volume/flows/api/create_volume.py:225}}
Oct 13 07:32:05.387295 dv-cinder-813746-1-iscsi devstack@c-api.service[101384]: DEBUG cinder.volume.api [None req-5295d4e7-b618-49e3-bd5b-e06c7d2e75b9 tempest-VolumeQuotasAdminTestJSON-1531552873 tempest-VolumeQuotasAdminTestJSON-1531552873-project] Task 'cinder.volume.flows.api.create_volume.ExtractVolumeRequestTask;volume:create' (a29dd5c0-fefe-4bb5-adae-1c5b61f0a7fe) transitioned into state 'SUCCESS' from state 'RUNNING' with result '{'size': 1, 'snapshot_id': None, 'source_volid': None, 'volume_type': VolumeType(created_at=2021-10-13T07:16:49Z,deleted=False,deleted_at=None,description='Default Volume Type',extra_specs={},id=2197e87e-47ec-4866-8238-95ca6f89b897,is_public=True,name='__DEFAULT__',projects=[],qos_specs=,qos_specs_id=None,updated_at=2021-10-13T07:16:49Z), 'volume_type_id': '2197e87e-47ec-4866-8238-95ca6f89b897', 'encryption_key_id': None, 'qos_specs': None, 'consistencygroup_id': None, 'cgsnapshot_id': None, 'group_id': None, 'replication_status': 'disabled', 'refresh_az': False, 'backup_id': None, 'multiattach': False, 'availability_zones': ['nova']}' {{(pid=101384) _task_receiver /usr/local/lib/python3.8/dist-packages/taskflow/listeners/logging.py:178}}
Oct 13 07:32:05.391267 dv-cinder-813746-1-iscsi devstack@c-api.service[101384]: DEBUG cinder.volume.api [None req-5295d4e7-b618-49e3-bd5b-e06c7d2e75b9 tempest-VolumeQuotasAdminTestJSON-1531552873 tempest-VolumeQuotasAdminTestJSON-1531552873-project] Task 'cinder.volume.flows.api.create_volume.QuotaReserveTask;volume:create' (cb6e3d49-9ef0-47e5-9320-c03b9253b864) transitioned into state 'RUNNING' from state 'PENDING' {{(pid=101384) _task_receiver /usr/local/lib/python3.8/dist-packages/taskflow/listeners/logging.py:190}}
Oct 13 07:32:05.656158 dv-cinder-813746-1-iscsi devstack@c-api.service[101384]: DEBUG cinder.quota [None req-5295d4e7-b618-49e3-bd5b-e06c7d2e75b9 tempest-VolumeQuotasAdminTestJSON-1531552873 tempest-VolumeQuotasAdminTestJSON-1531552873-project] Created reservations ['ee318e5e-d444-4bd8-8de4-2df76b9cbb81', '1e050e8b-9bd0-4b0d-8b54-9033c31c4806', 'e71d8728-1b60-4180-9769-00314196be21', 'be817149-33ae-4270-b469-56aae8809808'] {{(pid=101384) reserve /opt/stack/cinder/cinder/quota.py:755}}
Oct 13 07:32:05.663690 dv-cinder-813746-1-iscsi devstack@c-api.service[101384]: DEBUG cinder.volume.api [None req-5295d4e7-b618-49e3-bd5b-e06c7d2e75b9 tempest-VolumeQuotasAdminTestJSON-1531552873 tempest-VolumeQuotasAdminTestJSON-1531552873-project] Task 'cinder.volume.flows.api.create_volume.QuotaReserveTask;volume:create' (cb6e3d49-9ef0-47e5-9320-c03b9253b864) transitioned into state 'SUCCESS' from state 'RUNNING' with result '{'reservations': ['ee318e5e-d444-4bd8-8de4-2df76b9cbb81', '1e050e8b-9bd0-4b0d-8b54-9033c31c4806', 'e71d8728-1b60-4180-9769-00314196be21', 'be817149-33ae-4270-b469-56aae8809808']}' {{(pid=101384) _task_receiver /usr/local/lib/python3.8/dist-packages/taskflow/listeners/logging.py:178}}
Oct 13 07:32:05.667284 dv-cinder-813746-1-iscsi devstack@c-api.service[101385]: INFO cinder.api.openstack.wsgi [None req-8c600a9d-a87e-4c55-8665-865033e60290 tempest-VolumesTestJSON-1732853704 tempest-VolumesTestJSON-1732853704-project] GET http://10.222.0.55/volume/v3/5c095a642537473b820612d1181e93d2/volumes/ff704e75-7214-4640-966b-14e88b2dc968
Oct 13 07:32:05.674316 dv-cinder-813746-1-iscsi devstack@c-api.service[101384]: DEBUG cinder.volume.api [None req-5295d4e7-b618-49e3-bd5b-e06c7d2e75b9 tempest-VolumeQuotasAdminTestJSON-1531552873 tempest-VolumeQuotasAdminTestJSON-1531552873-project] Task 'cinder.volume.flows.api.create_volume.EntryCreateTask;volume:create' (f3594b32-9979-4ebf-b1b0-573fc71d1c64) transitioned into state 'RUNNING' from state 'PENDING' {{(pid=101384) _task_receiver /usr/local/lib/python3.8/dist-packages/taskflow/listeners/logging.py:190}}
Oct 13 07:32:05.674514 dv-cinder-813746-1-iscsi devstack@c-api.service[101385]: DEBUG cinder.api.openstack.wsgi [None req-8c600a9d-a87e-4c55-8665-865033e60290 tempest-VolumesTestJSON-1732853704 tempest-VolumesTestJSON-1732853704-project] Empty body provided in request {{(pid=101385) get_body /opt/stack/cinder/cinder/api/openstack/wsgi.py:703}}
