Oct 12 12:12:26.727569 dv-cinder-813612-1-smb neutron-server[94248]: DEBUG neutron_lib.callbacks.manager [None req-9ee3340d-41ae-4b94-9ed9-3ed8e941fb8f None None] Notify callbacks ['neutron.plugins.ml2.plugin.SecurityGroupServerNotifierRpcMixin._notify_sg_on_port_change-3734418', 'neutron.plugins.ml2.ovo_rpc._ObjectChangeHandler.handle_event-150292', 'neutron.api.rpc.agentnotifiers.dhcp_rpc_agent_api.DhcpAgentNotifyAPI._native_event_send_dhcp_notification-558867', 'neutron.db.l3_db.L3RpcNotifierMixin._notify_gateway_port_ip_changed-8747336208406', 'neutron.db.l3_dvrscheduler_db._notify_l3_agent_port_update-8747335750894', 'neutron.db.l3_hascheduler_db._notify_l3_agent_ha_port_update-8747335781380'] for port, after_update {{(pid=94248) _notify_loop /usr/local/lib/python3.8/dist-packages/neutron_lib/callbacks/manager.py:192}}
Oct 12 12:12:26.834900 dv-cinder-813612-1-smb neutron-server[94247]: DEBUG neutron.scheduler.dhcp_agent_scheduler [req-c026d087-aa5c-4e00-b003-7c3da64a336f req-7214c97c-93be-4b43-9d97-b31288a09ee8 tempest-ServerRescueNegativeTestJSON-1585251800 tempest-ServerRescueNegativeTestJSON-1585251800-project] Network cc8ac821-7605-4867-a503-3e0803f2652f is already hosted by enough agents. {{(pid=94247) _get_dhcp_agents_hosting_network /opt/stack/neutron/neutron/scheduler/dhcp_agent_scheduler.py:275}}
Oct 12 12:12:26.838046 dv-cinder-813612-1-smb neutron-server[94248]: DEBUG neutron.api.rpc.handlers.resources_rpc [None req-9ee3340d-41ae-4b94-9ed9-3ed8e941fb8f None None] Pushing event updated for resources: {'Port': ['ID=519778b7-db00-435d-a071-b3e9c10abdd8,revision_number=4']} {{(pid=94248) push /opt/stack/neutron/neutron/api/rpc/handlers/resources_rpc.py:237}}
Oct 12 12:12:26.859947 dv-cinder-813612-1-smb neutron-server[94247]: DEBUG neutron.scheduler.base_scheduler [req-c026d087-aa5c-4e00-b003-7c3da64a336f req-7214c97c-93be-4b43-9d97-b31288a09ee8 tempest-ServerRescueNegativeTestJSON-1585251800 tempest-ServerRescueNegativeTestJSON-1585251800-project] Resources bound (agent type, host, resource id): {{(pid=94247) schedule /opt/stack/neutron/neutron/scheduler/base_scheduler.py:57}}
Oct 12 12:12:26.917219 dv-cinder-813612-1-smb neutron-server[94247]: DEBUG neutron.db.l3_dvrscheduler_db [req-c026d087-aa5c-4e00-b003-7c3da64a336f req-7214c97c-93be-4b43-9d97-b31288a09ee8 tempest-ServerRescueNegativeTestJSON-1585251800 tempest-ServerRescueNegativeTestJSON-1585251800-project] Received port after_create {{(pid=94247) _notify_l3_agent_new_port /opt/stack/neutron/neutron/db/l3_dvrscheduler_db.py:535}}
Oct 12 12:12:26.941833 dv-cinder-813612-1-smb neutron-server[94247]: DEBUG neutron.pecan_wsgi.hooks.policy_enforcement [req-c026d087-aa5c-4e00-b003-7c3da64a336f req-7214c97c-93be-4b43-9d97-b31288a09ee8 tempest-ServerRescueNegativeTestJSON-1585251800 tempest-ServerRescueNegativeTestJSON-1585251800-project] Attributes excluded by policy engine: ['standard_attr_id', 'binding:profile', 'binding:host_id', 'binding:vif_type', 'binding:vif_details', 'network'] {{(pid=94247) _exclude_attributes_by_policy /opt/stack/neutron/neutron/pecan_wsgi/hooks/policy_enforcement.py:255}}
Oct 12 12:12:26.946267 dv-cinder-813612-1-smb neutron-server[94248]: DEBUG neutron_lib.callbacks.manager [None req-4bed910d-5b97-4290-ab5a-4fe5519b8bb5 None None] Notify callbacks ['neutron.services.segments.db._update_segment_host_mapping_for_agent-8747336248302', 'neutron.plugins.ml2.plugin.Ml2Plugin._retry_binding_revived_agents-3874581'] for agent, after_update {{(pid=94248) _notify_loop /usr/local/lib/python3.8/dist-packages/neutron_lib/callbacks/manager.py:192}}
Oct 12 12:12:26.956818 dv-cinder-813612-1-smb neutron-server[94247]: DEBUG neutron_lib.callbacks.manager [req-c026d087-aa5c-4e00-b003-7c3da64a336f req-7214c97c-93be-4b43-9d97-b31288a09ee8 tempest-ServerRescueNegativeTestJSON-1585251800 tempest-ServerRescueNegativeTestJSON-1585251800-project] Notify callbacks ['neutron.notifiers.nova.Notifier._send_nova_notification-28739', 'neutron.api.rpc.agentnotifiers.dhcp_rpc_agent_api.DhcpAgentNotifyAPI._send_dhcp_notification-558853'] for port, before_response {{(pid=94247) _notify_loop /usr/local/lib/python3.8/dist-packages/neutron_lib/callbacks/manager.py:192}}
Oct 12 12:12:26.975675 dv-cinder-813612-1-smb neutron-server[94247]: DEBUG neutron_lib.callbacks.manager [req-3e0bf596-8853-49fc-9cda-16db5206ca8d req-aeec0aa2-d2d1-48cc-acc6-0e2deac31b25 tempest-DeleteServersTestJSON-1790947960 tempest-DeleteServersTestJSON-1790947960-project] Notify callbacks ['neutron.plugins.ml2.plugin.SecurityGroupServerNotifierRpcMixin._notify_sg_on_port_change-3734418', 'neutron.plugins.ml2.ovo_rpc._ObjectChangeHandler.handle_event-150292', 'neutron.api.rpc.agentnotifiers.dhcp_rpc_agent_api.DhcpAgentNotifyAPI._native_event_send_dhcp_notification-558867', 'neutron.db.l3_dvrscheduler_db._notify_l3_agent_new_port-8747335750876'] for port, after_create {{(pid=94247) _notify_loop /usr/local/lib/python3.8/dist-packages/neutron_lib/callbacks/manager.py:192}}
Oct 12 12:12:27.041873 dv-cinder-813612-1-smb neutron-server[94247]: DEBUG neutron.wsgi [-] (94247) accepted ('10.222.0.53', 53632) {{(pid=94247) server /usr/local/lib/python3.8/dist-packages/eventlet/wsgi.py:982}}
Oct 12 12:12:27.044257 dv-cinder-813612-1-smb neutron-server[94247]: DEBUG neutron.api.rpc.handlers.resources_rpc [None req-7214c97c-93be-4b43-9d97-b31288a09ee8 tempest-ServerRescueNegativeTestJSON-1585251800 tempest-ServerRescueNegativeTestJSON-1585251800-project] Pushing event updated for resources: {'Port': ['ID=c2a6960a-f67d-4d76-a700-ff161364a932,revision_number=1']} {{(pid=94247) push /opt/stack/neutron/neutron/api/rpc/handlers/resources_rpc.py:237}}
Oct 12 12:12:27.102708 dv-cinder-813612-1-smb neutron-server[94248]: DEBUG neutron.plugins.ml2.rpc [None req-9ee3340d-41ae-4b94-9ed9-3ed8e941fb8f None None] Device 989e24ac-6534-4620-b6de-b185f1dd7897 up at agent ovs-agent-dv-cinder-813612-1-smb {{(pid=94248) update_device_up /opt/stack/neutron/neutron/plugins/ml2/rpc.py:296}}
Oct 12 12:12:27.231888 dv-cinder-813612-1-smb neutron-server[94247]: INFO neutron.wsgi [req-c026d087-aa5c-4e00-b003-7c3da64a336f req-7214c97c-93be-4b43-9d97-b31288a09ee8 tempest-ServerRescueNegativeTestJSON-1585251800 tempest-ServerRescueNegativeTestJSON-1585251800-project] 10.222.0.53 "POST /v2.0/ports HTTP/1.1" status: 201 len: 933 time: 3.8734915
Oct 12 12:12:27.236845 dv-cinder-813612-1-smb neutron-server[94248]: DEBUG neutron.db.provisioning_blocks [None req-9ee3340d-41ae-4b94-9ed9-3ed8e941fb8f None None] Provisioning complete for port 989e24ac-6534-4620-b6de-b185f1dd7897 triggered by entity L2. {{(pid=94248) provisioning_complete /opt/stack/neutron/neutron/db/provisioning_blocks.py:139}}
Oct 12 12:12:27.237490 dv-cinder-813612-1-smb neutron-server[94248]: DEBUG neutron_lib.callbacks.manager [None req-9ee3340d-41ae-4b94-9ed9-3ed8e941fb8f None None] Notify callbacks ['neutron.plugins.ml2.plugin.Ml2Plugin._port_provisioned-3874030'] for port, provisioning_complete {{(pid=94248) _notify_loop /usr/local/lib/python3.8/dist-packages/neutron_lib/callbacks/manager.py:192}}
Oct 12 12:12:27.295325 dv-cinder-813612-1-smb neutron-server[94247]: DEBUG neutron.api.v2.base [req-c026d087-aa5c-4e00-b003-7c3da64a336f req-0cd60d75-590d-4018-9222-43cfc56143e2 service neutron] Request body: {'port': {'device_id': 'd84b451e-b9b0-4615-98bf-bdebaf6f52b4', 'device_owner': 'compute:nova', 'binding:host_id': 'hv-cinder-81361'}} {{(pid=94247) prepare_request_body /opt/stack/neutron/neutron/api/v2/base.py:729}}
Oct 12 12:12:27.437099 dv-cinder-813612-1-smb neutron-server[94248]: DEBUG neutron.plugins.ml2.rpc [None req-9ee3340d-41ae-4b94-9ed9-3ed8e941fb8f None None] Device 519778b7-db00-435d-a071-b3e9c10abdd8 up at agent ovs-agent-dv-cinder-813612-1-smb {{(pid=94248) update_device_up /opt/stack/neutron/neutron/plugins/ml2/rpc.py:296}}
Oct 12 12:12:27.440109 dv-cinder-813612-1-smb neutron-server[94248]: DEBUG neutron.api.rpc.handlers.l3_rpc [None req-b2f2a75c-9909-422d-9baa-437a6f9c0808 None None] Sync routers for ids ['07e56e24-a00e-4768-8adf-b63bdae76d69'] in dv-cinder-813612-1-smb {{(pid=94248) sync_routers /opt/stack/neutron/neutron/api/rpc/handlers/l3_rpc.py:125}}
Oct 12 12:12:27.448963 dv-cinder-813612-1-smb neutron-server[94247]: DEBUG neutron.scheduler.dhcp_agent_scheduler [req-3e0bf596-8853-49fc-9cda-16db5206ca8d req-aeec0aa2-d2d1-48cc-acc6-0e2deac31b25 tempest-DeleteServersTestJSON-1790947960 tempest-DeleteServersTestJSON-1790947960-project] Network 1399fbc8-2668-4aaf-b3d8-73a6887619e0 is already hosted by enough agents. {{(pid=94247) _get_dhcp_agents_hosting_network /opt/stack/neutron/neutron/scheduler/dhcp_agent_scheduler.py:275}}
Oct 12 12:12:27.466951 dv-cinder-813612-1-smb neutron-server[94247]: DEBUG neutron.scheduler.base_scheduler [req-3e0bf596-8853-49fc-9cda-16db5206ca8d req-aeec0aa2-d2d1-48cc-acc6-0e2deac31b25 tempest-DeleteServersTestJSON-1790947960 tempest-DeleteServersTestJSON-1790947960-project] Resources bound (agent type, host, resource id): {{(pid=94247) schedule /opt/stack/neutron/neutron/scheduler/base_scheduler.py:57}}
Oct 12 12:12:27.480335 dv-cinder-813612-1-smb neutron-server[94247]: DEBUG neutron.db.l3_dvrscheduler_db [req-3e0bf596-8853-49fc-9cda-16db5206ca8d req-aeec0aa2-d2d1-48cc-acc6-0e2deac31b25 tempest-DeleteServersTestJSON-1790947960 tempest-DeleteServersTestJSON-1790947960-project] Received port after_create {{(pid=94247) _notify_l3_agent_new_port /opt/stack/neutron/neutron/db/l3_dvrscheduler_db.py:535}}
Oct 12 12:12:27.490238 dv-cinder-813612-1-smb neutron-server[94247]: DEBUG neutron.pecan_wsgi.hooks.policy_enforcement [req-3e0bf596-8853-49fc-9cda-16db5206ca8d req-aeec0aa2-d2d1-48cc-acc6-0e2deac31b25 tempest-DeleteServersTestJSON-1790947960 tempest-DeleteServersTestJSON-1790947960-project] Attributes excluded by policy engine: ['standard_attr_id', 'binding:profile', 'binding:host_id', 'binding:vif_type', 'binding:vif_details', 'network'] {{(pid=94247) _exclude_attributes_by_policy /opt/stack/neutron/neutron/pecan_wsgi/hooks/policy_enforcement.py:255}}
Oct 12 12:12:27.491191 dv-cinder-813612-1-smb neutron-server[94247]: DEBUG neutron_lib.callbacks.manager [req-3e0bf596-8853-49fc-9cda-16db5206ca8d req-aeec0aa2-d2d1-48cc-acc6-0e2deac31b25 tempest-DeleteServersTestJSON-1790947960 tempest-DeleteServersTestJSON-1790947960-project] Notify callbacks ['neutron.notifiers.nova.Notifier._send_nova_notification-28739', 'neutron.api.rpc.agentnotifiers.dhcp_rpc_agent_api.DhcpAgentNotifyAPI._send_dhcp_notification-558853'] for port, before_response {{(pid=94247) _notify_loop /usr/local/lib/python3.8/dist-packages/neutron_lib/callbacks/manager.py:192}}
Oct 12 12:12:27.526995 dv-cinder-813612-1-smb neutron-server[94247]: DEBUG neutron.api.rpc.handlers.resources_rpc [None req-aeec0aa2-d2d1-48cc-acc6-0e2deac31b25 tempest-DeleteServersTestJSON-1790947960 tempest-DeleteServersTestJSON-1790947960-project] Pushing event updated for resources: {'Port': ['ID=875ff253-8be1-4cd8-915d-c11504fe922c,revision_number=1']} {{(pid=94247) push /opt/stack/neutron/neutron/api/rpc/handlers/resources_rpc.py:237}}
Oct 12 12:12:27.541500 dv-cinder-813612-1-smb neutron-server[94247]: DEBUG neutron_lib.callbacks.manager [req-c026d087-aa5c-4e00-b003-7c3da64a336f req-0cd60d75-590d-4018-9222-43cfc56143e2 service neutron] Notify callbacks ['neutron.plugins.ml2.plugin.SecurityGroupDbMixin._ensure_default_security_group_handler-3733096'] for port, before_update {{(pid=94247) _notify_loop /usr/local/lib/python3.8/dist-packages/neutron_lib/callbacks/manager.py:192}}
Oct 12 12:12:27.546151 dv-cinder-813612-1-smb neutron-server[94248]: DEBUG neutron.db.l3_dvrscheduler_db [None req-b2f2a75c-9909-422d-9baa-437a6f9c0808 None None] Routers {'07e56e24-a00e-4768-8adf-b63bdae76d69'} bound to L3 agent in host dv-cinder-813612-1-smb {{(pid=94248) _get_router_ids_for_agent /opt/stack/neutron/neutron/db/l3_dvrscheduler_db.py:420}}
Oct 12 12:12:27.547948 dv-cinder-813612-1-smb neutron-server[94248]: DEBUG neutron.db.l3_hamode_db [None req-b2f2a75c-9909-422d-9baa-437a6f9c0808 None None] neutron.services.l3_router.l3_router_plugin.L3RouterPlugin method get_ha_sync_data_for_host called with arguments (, 'dv-cinder-813612-1-smb', Agent(admin_state_up=True,agent_type='L3 agent',availability_zone='nova',binary='neutron-l3-agent',configurations={"agent_mode": "legacy", "ex_gw_ports": 3, "extensions": [], "floating_ips": 0, "handle_internal_only_routers": true, "interface_driver": "openvswitch", "interfaces": 3, "log_agent_heartbeats": false, "routers": 3},created_at=2021-10-12T12:03:54Z,description=,heartbeat_timestamp=2021-10-12T12:12:24Z,host='dv-cinder-813612-1-smb',id=bbcd99c3-8288-40e5-acc4-eae843f42bc1,load=0,resource_versions=,resources_synced=,started_at=2021-10-12T12:03:54Z,topic='l3_agent')) {'router_ids': ['07e56e24-a00e-4768-8adf-b63bdae76d69'], 'active': True} {{(pid=94248) wrapper /usr/local/lib/python3.8/dist-packages/oslo_log/helpers.py:65}}
Oct 12 12:12:27.551170 dv-cinder-813612-1-smb neutron-server[94247]: DEBUG neutron.wsgi [-] (94247) accepted ('10.222.0.50', 57662) {{(pid=94247) server /usr/local/lib/python3.8/dist-packages/eventlet/wsgi.py:982}}
Oct 12 12:12:27.609333 dv-cinder-813612-1-smb neutron-server[94246]: INFO neutron.wsgi [req-2478620d-e6f2-4a47-880a-1232bbcf3e10 req-60e33de9-6cba-4f0d-9c82-bf102db9c5c6 tempest-ServerRescueNegativeTestJSON-1585251800 tempest-ServerRescueNegativeTestJSON-1585251800-project] 10.222.0.50 "GET /v2.0/ports?device_id=d6732d62-ab1c-4127-9fda-5d1c6d1b49de HTTP/1.1" status: 200 len: 210 time: 0.1424172
Oct 12 12:12:27.649993 dv-cinder-813612-1-smb neutron-server[94246]: DEBUG neutron.notifiers.nova [req-7bb9c288-2b3c-435d-bf99-192bb6f5b5d0 req-63fa8da3-b81e-4eca-99d0-9960db919e88 service neutron] Ignoring state change previous_port_status: DOWN current_port_status: DOWN port_id eedc6480-cd84-4254-9109-34151b8723ba {{(pid=94246) record_port_status_changed /opt/stack/neutron/neutron/notifiers/nova.py:224}}
Oct 12 12:12:27.687811 dv-cinder-813612-1-smb neutron-server[94246]: DEBUG neutron_lib.callbacks.manager [req-7bb9c288-2b3c-435d-bf99-192bb6f5b5d0 req-63fa8da3-b81e-4eca-99d0-9960db919e88 service neutron] Notify callbacks [] for port, precommit_update {{(pid=94246) _notify_loop /usr/local/lib/python3.8/dist-packages/neutron_lib/callbacks/manager.py:192}}
Oct 12 12:12:27.690288 dv-cinder-813612-1-smb neutron-server[94247]: DEBUG neutron.api.v2.base [None req-a618ac29-a050-4619-a4cf-00bcd4d2c727 tempest-AttachVolumeShelveTestJSON-1448359163 tempest-AttachVolumeShelveTestJSON-1448359163-project] Request body: {'security_group': {'name': 'tempest-securitygroup--323575711', 'description': 'tempest-description--369287403'}} {{(pid=94247) prepare_request_body /opt/stack/neutron/neutron/api/v2/base.py:729}}
Oct 12 12:12:27.769583 dv-cinder-813612-1-smb neutron-server[94246]: DEBUG neutron.db.provisioning_blocks [req-7bb9c288-2b3c-435d-bf99-192bb6f5b5d0 req-63fa8da3-b81e-4eca-99d0-9960db919e88 service neutron] Transition to ACTIVE for port object eedc6480-cd84-4254-9109-34151b8723ba will not be triggered until provisioned by entity L2. {{(pid=94246) add_provisioning_component /opt/stack/neutron/neutron/db/provisioning_blocks.py:73}}
Oct 12 12:12:27.794175 dv-cinder-813612-1-smb neutron-server[94246]: DEBUG neutron_lib.callbacks.manager [req-7bb9c288-2b3c-435d-bf99-192bb6f5b5d0 req-63fa8da3-b81e-4eca-99d0-9960db919e88 service neutron] Notify callbacks ['neutron.plugins.ml2.plugin.SecurityGroupServerNotifierRpcMixin._notify_sg_on_port_change-3734418', 'neutron.plugins.ml2.ovo_rpc._ObjectChangeHandler.handle_event-150292', 'neutron.api.rpc.agentnotifiers.dhcp_rpc_agent_api.DhcpAgentNotifyAPI._native_event_send_dhcp_notification-558867', 'neutron.db.l3_db.L3RpcNotifierMixin._notify_gateway_port_ip_changed-8747336208406', 'neutron.db.l3_dvrscheduler_db._notify_l3_agent_port_update-8747335750894', 'neutron.db.l3_hascheduler_db._notify_l3_agent_ha_port_update-8747335781380'] for port, after_update {{(pid=94246) _notify_loop /usr/local/lib/python3.8/dist-packages/neutron_lib/callbacks/manager.py:192}}
Oct 12 12:12:27.831477 dv-cinder-813612-1-smb neutron-server[94248]: DEBUG neutron.db.provisioning_blocks [None req-9ee3340d-41ae-4b94-9ed9-3ed8e941fb8f None None] Provisioning complete for port 519778b7-db00-435d-a071-b3e9c10abdd8 triggered by entity L2. {{(pid=94248) provisioning_complete /opt/stack/neutron/neutron/db/provisioning_blocks.py:139}}
Oct 12 12:12:27.832474 dv-cinder-813612-1-smb neutron-server[94248]: DEBUG neutron_lib.callbacks.manager [None req-9ee3340d-41ae-4b94-9ed9-3ed8e941fb8f None None] Notify callbacks ['neutron.plugins.ml2.plugin.Ml2Plugin._port_provisioned-3874030'] for port, provisioning_complete {{(pid=94248) _notify_loop /usr/local/lib/python3.8/dist-packages/neutron_lib/callbacks/manager.py:192}}
Oct 12 12:12:27.890045 dv-cinder-813612-1-smb neutron-server[94247]: DEBUG neutron.pecan_wsgi.hooks.policy_enforcement [req-b76eaed4-4f13-4ab6-888d-412d48da6aad req-cd480ca9-1352-4395-a805-8cf02d40dcf7 tempest-ServerRescueNegativeTestJSON-1585251800 tempest-ServerRescueNegativeTestJSON-1585251800-project] Attributes excluded by policy engine: ['standard_attr_id', 'vlan_transparent', 'provider:network_type', 'provider:physical_network', 'provider:segmentation_id'] {{(pid=94247) _exclude_attributes_by_policy /opt/stack/neutron/neutron/pecan_wsgi/hooks/policy_enforcement.py:255}}
Oct 12 12:12:27.896714 dv-cinder-813612-1-smb neutron-server[94247]: INFO neutron.wsgi [req-b76eaed4-4f13-4ab6-888d-412d48da6aad req-cd480ca9-1352-4395-a805-8cf02d40dcf7 tempest-ServerRescueNegativeTestJSON-1585251800 tempest-ServerRescueNegativeTestJSON-1585251800-project] 10.222.0.53 "GET /v2.0/networks?id=cc8ac821-7605-4867-a503-3e0803f2652f HTTP/1.1" status: 200 len: 819 time: 0.8536015
Oct 12 12:12:27.916596 dv-cinder-813612-1-smb neutron-server[94247]: INFO neutron.wsgi [req-3e0bf596-8853-49fc-9cda-16db5206ca8d req-aeec0aa2-d2d1-48cc-acc6-0e2deac31b25 tempest-DeleteServersTestJSON-1790947960 tempest-DeleteServersTestJSON-1790947960-project] 10.222.0.53 "POST /v2.0/ports HTTP/1.1" status: 201 len: 933 time: 5.6203942
Oct 12 12:12:28.014093 dv-cinder-813612-1-smb neutron-server[94246]: DEBUG neutron.api.rpc.handlers.resources_rpc [None req-63fa8da3-b81e-4eca-99d0-9960db919e88 service neutron] Pushing event updated for resources: {'Port': ['ID=eedc6480-cd84-4254-9109-34151b8723ba,revision_number=2']} {{(pid=94246) push /opt/stack/neutron/neutron/api/rpc/handlers/resources_rpc.py:237}}
Oct 12 12:12:28.056999 dv-cinder-813612-1-smb neutron-server[94248]: DEBUG neutron.db.l3_dvr_db [None req-b2f2a75c-9909-422d-9baa-437a6f9c0808 None None] Set router 07e56e24-a00e-4768-8adf-b63bdae76d69 gateway port host: dv-cinder-813612-1-smb {{(pid=94248) _build_routers_list /opt/stack/neutron/neutron/db/l3_dvr_db.py:906}}
Oct 12 12:12:28.189488 dv-cinder-813612-1-smb neutron-server[94247]: DEBUG neutron.api.v2.base [req-b76eaed4-4f13-4ab6-888d-412d48da6aad req-fb38cc6c-9072-4535-92c8-688ffa134aa4 tempest-ServerRescueNegativeTestJSON-1585251800 tempest-ServerRescueNegativeTestJSON-1585251800-project] Request body: {'port': {'device_id': 'd6732d62-ab1c-4127-9fda-5d1c6d1b49de', 'network_id': 'cc8ac821-7605-4867-a503-3e0803f2652f', 'admin_state_up': True, 'tenant_id': '3362013edf6b4ddb97b21c1e300150e7'}} {{(pid=94247) prepare_request_body /opt/stack/neutron/neutron/api/v2/base.py:729}}
Oct 12 12:12:28.329970 dv-cinder-813612-1-smb neutron-server[94246]: DEBUG neutron.pecan_wsgi.hooks.policy_enforcement [req-44fb906a-25ef-4050-99b2-3256c9fcfcc2 req-80451db6-be0c-4dcd-b4a5-3553aa13ac42 tempest-DeleteServersTestJSON-1790947960 tempest-DeleteServersTestJSON-1790947960-project] Attributes excluded by policy engine: ['standard_attr_id', 'binding:profile', 'binding:host_id', 'binding:vif_type', 'binding:vif_details'] {{(pid=94246) _exclude_attributes_by_policy /opt/stack/neutron/neutron/pecan_wsgi/hooks/policy_enforcement.py:255}}
Oct 12 12:12:28.331949 dv-cinder-813612-1-smb neutron-server[94247]: DEBUG neutron.api.v2.base [req-3e0bf596-8853-49fc-9cda-16db5206ca8d req-5646f547-063b-47b9-bf52-95efb66fe836 service neutron] Request body: {'port': {'device_id': '485d106d-905a-4327-bccc-cf93b74d26cf', 'device_owner': 'compute:nova', 'binding:host_id': 'hv-cinder-81361'}} {{(pid=94247) prepare_request_body /opt/stack/neutron/neutron/api/v2/base.py:729}}
Oct 12 12:12:28.333623 dv-cinder-813612-1-smb neutron-server[94246]: INFO neutron.wsgi [req-44fb906a-25ef-4050-99b2-3256c9fcfcc2 req-80451db6-be0c-4dcd-b4a5-3553aa13ac42 tempest-DeleteServersTestJSON-1790947960 tempest-DeleteServersTestJSON-1790947960-project] 10.222.0.50 "GET /v2.0/ports?device_id=485d106d-905a-4327-bccc-cf93b74d26cf HTTP/1.1" status: 200 len: 931 time: 0.5699937
Oct 12 12:12:28.398867 dv-cinder-813612-1-smb neutron-server[94246]: DEBUG neutron.plugins.ml2.managers [req-7bb9c288-2b3c-435d-bf99-192bb6f5b5d0 req-63fa8da3-b81e-4eca-99d0-9960db919e88 service neutron] Attempting to bind port eedc6480-cd84-4254-9109-34151b8723ba on host hv-cinder-81361 for vnic_type normal with profile {{(pid=94246) bind_port /opt/stack/neutron/neutron/plugins/ml2/managers.py:790}}
Oct 12 12:12:28.399046 dv-cinder-813612-1-smb neutron-server[94246]: DEBUG neutron.plugins.ml2.managers [req-7bb9c288-2b3c-435d-bf99-192bb6f5b5d0 req-63fa8da3-b81e-4eca-99d0-9960db919e88 service neutron] Attempting to bind port eedc6480-cd84-4254-9109-34151b8723ba by drivers openvswitch,hyperv on host hv-cinder-81361 at level 0 using segments [{'id': '773903e4-d772-4fe6-a8cc-be7b3533ee7e', 'network_type': 'vlan', 'physical_network': 'physnet1', 'segmentation_id': 674, 'network_id': '5cdf5e68-1f63-47ea-a251-0e887bca58ac'}] {{(pid=94246) _bind_port_level /opt/stack/neutron/neutron/plugins/ml2/managers.py:815}}
Oct 12 12:12:28.399243 dv-cinder-813612-1-smb neutron-server[94246]: DEBUG neutron.plugins.ml2.drivers.mech_agent [req-7bb9c288-2b3c-435d-bf99-192bb6f5b5d0 req-63fa8da3-b81e-4eca-99d0-9960db919e88 service neutron] Attempting to bind port eedc6480-cd84-4254-9109-34151b8723ba on network 5cdf5e68-1f63-47ea-a251-0e887bca58ac {{(pid=94246) bind_port /opt/stack/neutron/neutron/plugins/ml2/drivers/mech_agent.py:91}}
Oct 12 12:12:28.439769 dv-cinder-813612-1-smb neutron-server[94247]: DEBUG neutron.pecan_wsgi.hooks.policy_enforcement [req-7020a533-a02b-4cbd-a482-57eb4f1d2d59 req-e6d61591-5aa7-43ab-a683-08029bef910a tempest-AttachVolumeNegativeTest-204693776 tempest-AttachVolumeNegativeTest-204693776-project] Attributes excluded by policy engine: ['standard_attr_id', 'binding:profile', 'binding:host_id', 'binding:vif_type', 'binding:vif_details'] {{(pid=94247) _exclude_attributes_by_policy /opt/stack/neutron/neutron/pecan_wsgi/hooks/policy_enforcement.py:255}}
Oct 12 12:12:28.441830 dv-cinder-813612-1-smb neutron-server[94246]: DEBUG neutron.plugins.ml2.drivers.mech_agent [req-7bb9c288-2b3c-435d-bf99-192bb6f5b5d0 req-63fa8da3-b81e-4eca-99d0-9960db919e88 service neutron] Port eedc6480-cd84-4254-9109-34151b8723ba on network 5cdf5e68-1f63-47ea-a251-0e887bca58ac not bound, no agent of type Open vSwitch agent registered on host hv-cinder-81361 {{(pid=94246) bind_port /opt/stack/neutron/neutron/plugins/ml2/drivers/mech_agent.py:103}}
Oct 12 12:12:28.442267 dv-cinder-813612-1-smb neutron-server[94246]: DEBUG neutron.plugins.ml2.drivers.mech_agent [req-7bb9c288-2b3c-435d-bf99-192bb6f5b5d0 req-63fa8da3-b81e-4eca-99d0-9960db919e88 service neutron] Attempting to bind port eedc6480-cd84-4254-9109-34151b8723ba on network 5cdf5e68-1f63-47ea-a251-0e887bca58ac {{(pid=94246) bind_port /opt/stack/neutron/neutron/plugins/ml2/drivers/mech_agent.py:91}}
Oct 12 12:12:28.454161 dv-cinder-813612-1-smb neutron-server[94247]: INFO neutron.wsgi [req-7020a533-a02b-4cbd-a482-57eb4f1d2d59 req-e6d61591-5aa7-43ab-a683-08029bef910a tempest-AttachVolumeNegativeTest-204693776 tempest-AttachVolumeNegativeTest-204693776-project] 10.222.0.50 "GET /v2.0/ports?device_id=f0a8497e-a264-4151-a22e-f21c7a71cb76 HTTP/1.1" status: 200 len: 944 time: 0.5561152
Oct 12 12:12:28.475969 dv-cinder-813612-1-smb neutron-server[94246]: DEBUG neutron.plugins.ml2.drivers.mech_agent [req-7bb9c288-2b3c-435d-bf99-192bb6f5b5d0 req-63fa8da3-b81e-4eca-99d0-9960db919e88 service neutron] Checking agent: {'id': 'eaa287d5-cb38-49a4-985f-cdaf297ba332', 'agent_type': 'HyperV agent', 'binary': 'neutron-hyperv-agent', 'topic': 'N/A', 'host': 'hv-cinder-81361', 'admin_state_up': True, 'created_at': datetime.datetime(2021, 10, 12, 12, 10, 20), 'started_at': datetime.datetime(2021, 10, 12, 12, 10, 20), 'heartbeat_timestamp': datetime.datetime(2021, 10, 12, 12, 12, 21), 'description': None, 'resources_synced': None, 'availability_zone': None, 'alive': True, 'configurations': {'vswitch_mappings': {'physnet1$': 'br-data'}}, 'resource_versions': {}} {{(pid=94246) bind_port /opt/stack/neutron/neutron/plugins/ml2/drivers/mech_agent.py:110}}
Oct 12 12:12:28.476328 dv-cinder-813612-1-smb neutron-server[94246]: DEBUG neutron.plugins.ml2.drivers.mech_agent [req-7bb9c288-2b3c-435d-bf99-192bb6f5b5d0 req-63fa8da3-b81e-4eca-99d0-9960db919e88 service neutron] Checking segment: {'id': '773903e4-d772-4fe6-a8cc-be7b3533ee7e', 'network_type': 'vlan', 'physical_network': 'physnet1', 'segmentation_id': 674, 'network_id': '5cdf5e68-1f63-47ea-a251-0e887bca58ac'} for mappings: {'physnet1$': 'br-data'} with network types: ['local', 'flat', 'vlan'] {{(pid=94246) check_segment_for_agent /opt/stack/neutron/neutron/plugins/ml2/drivers/mech_agent.py:358}}
Oct 12 12:12:28.477051 dv-cinder-813612-1-smb neutron-server[94246]: DEBUG neutron.plugins.ml2.drivers.mech_agent [req-7bb9c288-2b3c-435d-bf99-192bb6f5b5d0 req-63fa8da3-b81e-4eca-99d0-9960db919e88 service neutron] Bound using segment: {'id': '773903e4-d772-4fe6-a8cc-be7b3533ee7e', 'network_type': 'vlan', 'physical_network': 'physnet1', 'segmentation_id': 674, 'network_id': '5cdf5e68-1f63-47ea-a251-0e887bca58ac'} {{(pid=94246) bind_port /opt/stack/neutron/neutron/plugins/ml2/drivers/mech_agent.py:120}}
Oct 12 12:12:28.477993 dv-cinder-813612-1-smb neutron-server[94246]: DEBUG neutron.plugins.ml2.managers [req-7bb9c288-2b3c-435d-bf99-192bb6f5b5d0 req-63fa8da3-b81e-4eca-99d0-9960db919e88 service neutron] Bound port: eedc6480-cd84-4254-9109-34151b8723ba, host: hv-cinder-81361, vif_type: hyperv, vif_details: {"connectivity": "legacy", "port_filter": false}, binding_levels: [{'bound_driver': 'hyperv', 'bound_segment': {'id': '773903e4-d772-4fe6-a8cc-be7b3533ee7e', 'network_type': 'vlan', 'physical_network': 'physnet1', 'segmentation_id': 674, 'network_id': '5cdf5e68-1f63-47ea-a251-0e887bca58ac'}}] {{(pid=94246) _bind_port_level /opt/stack/neutron/neutron/plugins/ml2/managers.py:928}}
Oct 12 12:12:28.478426 dv-cinder-813612-1-smb neutron-server[94246]: DEBUG neutron_lib.callbacks.manager [req-7bb9c288-2b3c-435d-bf99-192bb6f5b5d0 req-63fa8da3-b81e-4eca-99d0-9960db919e88 service neutron] Notify callbacks ['neutron.plugins.ml2.plugin.SecurityGroupDbMixin._ensure_default_security_group_handler-3733096'] for port, before_update {{(pid=94246) _notify_loop /usr/local/lib/python3.8/dist-packages/neutron_lib/callbacks/manager.py:192}}
Oct 12 12:12:28.568693 dv-cinder-813612-1-smb neutron-server[94246]: INFO neutron.wsgi [req-44fb906a-25ef-4050-99b2-3256c9fcfcc2 req-a5ea85aa-d633-4aea-85af-e4a81980e3d6 tempest-DeleteServersTestJSON-1790947960 tempest-DeleteServersTestJSON-1790947960-project] 10.222.0.50 "GET /v2.0/security-groups?id=bec6da5e-add5-4685-9a7c-7c693cbafa23&fields=id&fields=name HTTP/1.1" status: 200 len: 286 time: 0.2252715
Oct 12 12:12:28.693091 dv-cinder-813612-1-smb neutron-server[94246]: DEBUG neutron.plugins.ml2.db [req-7bb9c288-2b3c-435d-bf99-192bb6f5b5d0 req-63fa8da3-b81e-4eca-99d0-9960db919e88 service neutron] For port eedc6480-cd84-4254-9109-34151b8723ba, host hv-cinder-81361, cleared binding levels {{(pid=94246) clear_binding_levels /opt/stack/neutron/neutron/plugins/ml2/db.py:87}}
Oct 12 12:12:28.706170 dv-cinder-813612-1-smb neutron-server[94246]: DEBUG neutron.plugins.ml2.db [req-7bb9c288-2b3c-435d-bf99-192bb6f5b5d0 req-63fa8da3-b81e-4eca-99d0-9960db919e88 service neutron] For port eedc6480-cd84-4254-9109-34151b8723ba, host hv-cinder-81361, set binding levels [PortBindingLevel(driver='hyperv',host='hv-cinder-81361',level=0,port_id=eedc6480-cd84-4254-9109-34151b8723ba,segment=NetworkSegment(773903e4-d772-4fe6-a8cc-be7b3533ee7e),segment_id=773903e4-d772-4fe6-a8cc-be7b3533ee7e)] {{(pid=94246) set_binding_levels /opt/stack/neutron/neutron/plugins/ml2/db.py:59}}
Oct 12 12:12:28.716989 dv-cinder-813612-1-smb neutron-server[94246]: DEBUG neutron_lib.callbacks.manager [req-7bb9c288-2b3c-435d-bf99-192bb6f5b5d0 req-63fa8da3-b81e-4eca-99d0-9960db919e88 service neutron] Notify callbacks ['neutron.plugins.ml2.plugin.SecurityGroupServerNotifierRpcMixin._notify_sg_on_port_change-3734418', 'neutron.plugins.ml2.ovo_rpc._ObjectChangeHandler.handle_event-150292', 'neutron.api.rpc.agentnotifiers.dhcp_rpc_agent_api.DhcpAgentNotifyAPI._native_event_send_dhcp_notification-558867', 'neutron.db.l3_db.L3RpcNotifierMixin._notify_gateway_port_ip_changed-8747336208406', 'neutron.db.l3_dvrscheduler_db._notify_l3_agent_port_update-8747335750894', 'neutron.db.l3_hascheduler_db._notify_l3_agent_ha_port_update-8747335781380'] for port, after_update {{(pid=94246) _notify_loop /usr/local/lib/python3.8/dist-packages/neutron_lib/callbacks/manager.py:192}}
Oct 12 12:12:28.766421 dv-cinder-813612-1-smb neutron-server[94247]: DEBUG neutron_lib.callbacks.manager [None req-a618ac29-a050-4619-a4cf-00bcd4d2c727 tempest-AttachVolumeShelveTestJSON-1448359163 tempest-AttachVolumeShelveTestJSON-1448359163-project] Notify callbacks [] for security_group, before_create {{(pid=94247) _notify_loop /usr/local/lib/python3.8/dist-packages/neutron_lib/callbacks/manager.py:192}}
Oct 12 12:12:28.921853 dv-cinder-813612-1-smb neutron-server[94246]: INFO neutron.wsgi [req-eb7efbb2-83af-4726-8aa5-8ac798d6ab56 req-d5b68736-4dec-4ffb-a897-a72265548c9c tempest-ServerRescueNegativeTestJSON-1585251800 tempest-ServerRescueNegativeTestJSON-1585251800-project] 10.222.0.50 "GET /v2.0/ports?device_id=d6732d62-ab1c-4127-9fda-5d1c6d1b49de HTTP/1.1" status: 200 len: 210 time: 0.1811707
Oct 12 12:12:28.987141 dv-cinder-813612-1-smb neutron-server[94246]: DEBUG neutron.pecan_wsgi.hooks.policy_enforcement [req-7bb9c288-2b3c-435d-bf99-192bb6f5b5d0 req-63fa8da3-b81e-4eca-99d0-9960db919e88 service neutron] Attributes excluded by policy engine: ['standard_attr_id'] {{(pid=94246) _exclude_attributes_by_policy /opt/stack/neutron/neutron/pecan_wsgi/hooks/policy_enforcement.py:255}}
Oct 12 12:12:28.990460 dv-cinder-813612-1-smb neutron-server[94246]: DEBUG neutron_lib.callbacks.manager [req-7bb9c288-2b3c-435d-bf99-192bb6f5b5d0 req-63fa8da3-b81e-4eca-99d0-9960db919e88 service neutron] Notify callbacks ['neutron.notifiers.nova.Notifier._send_nova_notification-28739', 'neutron.api.rpc.agentnotifiers.dhcp_rpc_agent_api.DhcpAgentNotifyAPI._send_dhcp_notification-558853'] for port, before_response {{(pid=94246) _notify_loop /usr/local/lib/python3.8/dist-packages/neutron_lib/callbacks/manager.py:192}}
Oct 12 12:12:28.992118 dv-cinder-813612-1-smb neutron-server[94246]: INFO neutron.wsgi [req-7bb9c288-2b3c-435d-bf99-192bb6f5b5d0 req-63fa8da3-b81e-4eca-99d0-9960db919e88 service neutron] 10.222.0.53 "PUT /v2.0/ports/eedc6480-cd84-4254-9109-34151b8723ba HTTP/1.1" status: 200 len: 1094 time: 3.3916364
Oct 12 12:12:28.992635 dv-cinder-813612-1-smb neutron-server[94246]: DEBUG neutron.notifiers.nova [-] Sending events: [{'name': 'network-changed', 'server_uuid': 'f0a8497e-a264-4151-a22e-f21c7a71cb76', 'tag': 'eedc6480-cd84-4254-9109-34151b8723ba'}] {{(pid=94246) send_events /opt/stack/neutron/neutron/notifiers/nova.py:262}}
Oct 12 12:12:28.998150 dv-cinder-813612-1-smb neutron-server[94248]: DEBUG neutron.db.l3_hamode_db [None req-b2f2a75c-9909-422d-9baa-437a6f9c0808 None None] neutron.services.l3_router.l3_router_plugin.L3RouterPlugin method _process_sync_ha_data called with arguments (, [{'id': '07e56e24-a00e-4768-8adf-b63bdae76d69', 'name': 'tempest-AttachVolumeShelveTestJSON-1180911443-router', 'tenant_id': '9fb68596737a464e93bfa28a41378bed', 'admin_state_up': True, 'status': 'ACTIVE', 'external_gateway_info': {'network_id': '242998b2-07b2-4bbc-a737-9979cc944bf3', 'external_fixed_ips': [{'subnet_id': '3ccaad93-24a9-40c2-9d21-b10a855f98ce', 'ip_address': '172.28.1.57'}], 'enable_snat': True}, 'gw_port_id': '519778b7-db00-435d-a071-b3e9c10abdd8', 'description': '', 'availability_zones': ['nova'], 'distributed': False, 'ha': False, 'ha_vr_id': 0, 'availability_zone_hints': [], 'routes': [], 'flavor_id': None, 'tags': [], 'created_at': '2021-10-12T12:12:13Z', 'updated_at': '2021-10-12T12:12:20Z', 'revision_number': 4, 'project_id': '9fb68596737a464e93bfa28a41378bed', 'gw_port': {'id': '519778b7-db00-435d-a071-b3e9c10abdd8', 'name': '', 'network_id': '242998b2-07b2-4bbc-a737-9979cc944bf3', 'tenant_id': '', 'mac_address': 'fa:16:3e:0a:89:26', 'admin_state_up': True, 'status': 'ACTIVE', 'device_id': '07e56e24-a00e-4768-8adf-b63bdae76d69', 'device_owner': 'network:router_gateway', 'standard_attr_id': 67, 'fixed_ips': [{'subnet_id': '3ccaad93-24a9-40c2-9d21-b10a855f98ce', 'ip_address': '172.28.1.57', 'prefixlen': 24}], 'allowed_address_pairs': [], 'extra_dhcp_opts': [], 'security_groups': [], 'description': '', 'binding:vnic_type': 'normal', 'binding:profile': {}, 'binding:host_id': 'dv-cinder-813612-1-smb', 'binding:vif_type': 'ovs', 'binding:vif_details': {'connectivity': 'l2', 'port_filter': True, 'ovs_hybrid_plug': False, 'datapath_type': 'system', 'bridge_name': 'br-int'}, 'port_security_enabled': False, 'tags': [], 'created_at': '2021-10-12T12:12:14Z', 'updated_at': '2021-10-12T12:12:26Z', 'revision_number': 4, 'project_id': '', 'subnets': [{'id': '3ccaad93-24a9-40c2-9d21-b10a855f98ce', 'cidr': '172.28.1.0/24', 'gateway_ip': '172.28.1.1', 'dns_nameservers': [], 'ipv6_ra_mode': None, 'subnetpool_id': None}], 'extra_subnets': [], 'address_scopes': {4: None, 6: None}, 'mtu': 1500}, 'enable_snat': True, 'gw_port_host': 'dv-cinder-813612-1-smb', '_interfaces': [{'id': 'de3657f1-773e-40a9-87db-92d1a76651eb', 'name': '', 'network_id': '2fa0e389-669b-481a-97a5-874be42af5d0', 'tenant_id': '9fb68596737a464e93bfa28a41378bed', 'mac_address': 'fa:16:3e:91:ea:88', 'admin_state_up': True, 'status': 'DOWN', 'device_id': '07e56e24-a00e-4768-8adf-b63bdae76d69', 'device_owner': 'network:router_interface', 'standard_attr_id': 89, 'fixed_ips': [{'subnet_id': '420d0a84-89fa-440a-aa0a-e52fefa1fe97', 'ip_address': '172.20.0.1', 'prefixlen': 28}], 'allowed_address_pairs': [], 'extra_dhcp_opts': [], 'security_groups': [], 'description': '', 'binding:vnic_type': 'normal', 'binding:profile': {}, 'binding:host_id': '', 'binding:vif_type': 'unbound', 'binding:vif_details': {}, 'port_security_enabled': False, 'tags': [], 'created_at': '2021-10-12T12:12:18Z', 'updated_at': '2021-10-12T12:12:20Z', 'revision_number': 2, 'project_id': '9fb68596737a464e93bfa28a41378bed', 'subnets': [{'id': '420d0a84-89fa-440a-aa0a-e52fefa1fe97', 'cidr': '172.20.0.0/28', 'gateway_ip': '172.20.0.1', 'dns_nameservers': [], 'ipv6_ra_mode': None, 'subnetpool_id': None}], 'extra_subnets': [], 'address_scopes': {4: None, 6: None}, 'mtu': 1500}]}], 'dv-cinder-813612-1-smb', False) {} {{(pid=94248) wrapper /usr/local/lib/python3.8/dist-packages/oslo_log/helpers.py:65}}
Oct 12 12:12:29.004378 dv-cinder-813612-1-smb neutron-server[94247]: DEBUG neutron_lib.callbacks.manager [req-3e0bf596-8853-49fc-9cda-16db5206ca8d req-5646f547-063b-47b9-bf52-95efb66fe836 service neutron] Notify callbacks ['neutron.plugins.ml2.plugin.SecurityGroupDbMixin._ensure_default_security_group_handler-3733096'] for port, before_update {{(pid=94247) _notify_loop /usr/local/lib/python3.8/dist-packages/neutron_lib/callbacks/manager.py:192}}
Oct 12 12:12:29.106096 dv-cinder-813612-1-smb neutron-server[94248]: DEBUG neutron.api.rpc.handlers.l3_rpc [None req-b2f2a75c-9909-422d-9baa-437a6f9c0808 None None] Checking router: 07e56e24-a00e-4768-8adf-b63bdae76d69 for host: dv-cinder-813612-1-smb {{(pid=94248) _ensure_host_set_on_ports /opt/stack/neutron/neutron/api/rpc/handlers/l3_rpc.py:155}}
Oct 12 12:12:29.106747 dv-cinder-813612-1-smb neutron-server[94248]: DEBUG neutron.api.rpc.handlers.l3_rpc [None req-b2f2a75c-9909-422d-9baa-437a6f9c0808 None None] Updating router 07e56e24-a00e-4768-8adf-b63bdae76d69 port de3657f1-773e-40a9-87db-92d1a76651eb binding host dv-cinder-813612-1-smb {{(pid=94248) _ensure_host_set_on_port /opt/stack/neutron/neutron/api/rpc/handlers/l3_rpc.py:205}}
Oct 12 12:12:29.161777 dv-cinder-813612-1-smb neutron-server[94248]: DEBUG neutron_lib.callbacks.manager [None req-b2f2a75c-9909-422d-9baa-437a6f9c0808 None None] Notify callbacks ['neutron.plugins.ml2.plugin.SecurityGroupDbMixin._ensure_default_security_group_handler-3733096'] for port, before_update {{(pid=94248) _notify_loop /usr/local/lib/python3.8/dist-packages/neutron_lib/callbacks/manager.py:192}}
Oct 12 12:12:29.341471 dv-cinder-813612-1-smb neutron-server[94247]: INFO neutron.wsgi [req-7020a533-a02b-4cbd-a482-57eb4f1d2d59 req-e3a5f47d-f4d9-42e3-9024-538537080ff1 tempest-AttachVolumeNegativeTest-204693776 tempest-AttachVolumeNegativeTest-204693776-project] 10.222.0.50 "GET /v2.0/security-groups?id=9c40a3f8-d5f1-4c08-b583-c92cd9c517dd&fields=id&fields=name HTTP/1.1" status: 200 len: 286 time: 0.5944312
Oct 12 12:12:29.342198 dv-cinder-813612-1-smb neutron-server[94247]: DEBUG neutron.pecan_wsgi.hooks.quota_enforcement [req-b76eaed4-4f13-4ab6-888d-412d48da6aad req-fb38cc6c-9072-4535-92c8-688ffa134aa4 tempest-ServerRescueNegativeTestJSON-1585251800 tempest-ServerRescueNegativeTestJSON-1585251800-project] Made reservation on behalf of 3362013edf6b4ddb97b21c1e300150e7 for: {'port': 1} {{(pid=94247) before /opt/stack/neutron/neutron/pecan_wsgi/hooks/quota_enforcement.py:53}}
Oct 12 12:12:29.346112 dv-cinder-813612-1-smb neutron-server[94247]: DEBUG neutron_lib.callbacks.manager [req-b76eaed4-4f13-4ab6-888d-412d48da6aad req-fb38cc6c-9072-4535-92c8-688ffa134aa4 tempest-ServerRescueNegativeTestJSON-1585251800 tempest-ServerRescueNegativeTestJSON-1585251800-project] Notify callbacks ['neutron.plugins.ml2.plugin.SecurityGroupDbMixin._ensure_default_security_group_handler-3733096'] for port, before_create {{(pid=94247) _notify_loop /usr/local/lib/python3.8/dist-packages/neutron_lib/callbacks/manager.py:192}}
Oct 12 12:12:29.425978 dv-cinder-813612-1-smb neutron-server[94247]: DEBUG neutron.wsgi [-] (94247) accepted ('10.222.0.50', 57706) {{(pid=94247) server /usr/local/lib/python3.8/dist-packages/eventlet/wsgi.py:982}}
Oct 12 12:12:29.675192 dv-cinder-813612-1-smb neutron-server[94247]: DEBUG neutron.api.v2.base [None req-ba781a30-912a-4f79-9f4b-0497fa5ef7b8 admin admin] Request body: {'network': {'name': 'tempest-EncryptedVolumesExtendAttachedTest-1567316639-network', 'tenant_id': 'cf0dabaf95fb4dbeb0866eb3e6619369'}} {{(pid=94247) prepare_request_body /opt/stack/neutron/neutron/api/v2/base.py:729}}
Oct 12 12:12:29.749720 dv-cinder-813612-1-smb neutron-server[94247]: DEBUG neutron.pecan_wsgi.hooks.quota_enforcement [None req-ba781a30-912a-4f79-9f4b-0497fa5ef7b8 admin admin] Made reservation on behalf of cf0dabaf95fb4dbeb0866eb3e6619369 for: {'network': 1} {{(pid=94247) before /opt/stack/neutron/neutron/pecan_wsgi/hooks/quota_enforcement.py:53}}
Oct 12 12:12:29.752002 dv-cinder-813612-1-smb neutron-server[94247]: DEBUG neutron_lib.callbacks.manager [None req-ba781a30-912a-4f79-9f4b-0497fa5ef7b8 admin admin] Notify callbacks ['neutron.plugins.ml2.plugin.SecurityGroupDbMixin._ensure_default_security_group_handler-3733096'] for network, before_create {{(pid=94247) _notify_loop /usr/local/lib/python3.8/dist-packages/neutron_lib/callbacks/manager.py:192}}
Oct 12 12:12:29.936101 dv-cinder-813612-1-smb neutron-server[94246]: DEBUG neutron.api.rpc.handlers.resources_rpc [None req-63fa8da3-b81e-4eca-99d0-9960db919e88 service neutron] Pushing event updated for resources: {'Port': ['ID=eedc6480-cd84-4254-9109-34151b8723ba,revision_number=3']} {{(pid=94246) push /opt/stack/neutron/neutron/api/rpc/handlers/resources_rpc.py:237}}
Oct 12 12:12:29.959638 dv-cinder-813612-1-smb neutron-server[94246]: DEBUG novaclient.v2.client [-] REQ: curl -g -i --cacert "/opt/stack/data/ca-bundle.pem" -X POST http://10.222.0.50/compute/v2.1/os-server-external-events -H "Accept: application/json" -H "Content-Type: application/json" -H "User-Agent: python-novaclient" -H "X-Auth-Token: {SHA256}a90bd2e6a31875a5e36c61056f7f289ff4035f8dd1170b588d1c9683bf86036d" -H "X-OpenStack-Nova-API-Version: 2.1" -H "X-OpenStack-Request-ID: req-21c5889d-90bb-41b9-8479-0d856c3b3b22" -d '{"events": [{"name": "network-changed", "server_uuid": "f0a8497e-a264-4151-a22e-f21c7a71cb76", "tag": "eedc6480-cd84-4254-9109-34151b8723ba"}]}' {{(pid=94246) _http_log_request /usr/local/lib/python3.8/dist-packages/keystoneauth1/session.py:519}}
Oct 12 12:12:29.972747 dv-cinder-813612-1-smb neutron-server[94247]: DEBUG neutron_lib.callbacks.manager [None req-ba781a30-912a-4f79-9f4b-0497fa5ef7b8 admin admin] Notify callbacks [] for security_group, before_create {{(pid=94247) _notify_loop /usr/local/lib/python3.8/dist-packages/neutron_lib/callbacks/manager.py:192}}
Oct 12 12:12:30.026697 dv-cinder-813612-1-smb neutron-server[94246]: DEBUG neutron.pecan_wsgi.hooks.policy_enforcement [req-7bb9c288-2b3c-435d-bf99-192bb6f5b5d0 req-fbf68f50-6764-434a-91d1-a2adafe394e6 service neutron] Attributes excluded by policy engine: ['standard_attr_id'] {{(pid=94246) _exclude_attributes_by_policy /opt/stack/neutron/neutron/pecan_wsgi/hooks/policy_enforcement.py:255}}
Oct 12 12:12:30.034036 dv-cinder-813612-1-smb neutron-server[94246]: INFO neutron.wsgi [req-7bb9c288-2b3c-435d-bf99-192bb6f5b5d0 req-fbf68f50-6764-434a-91d1-a2adafe394e6 service neutron] 10.222.0.53 "GET /v2.0/ports?tenant_id=267cb1a8a441442d99c7f3e7071cfcae&device_id=f0a8497e-a264-4151-a22e-f21c7a71cb76 HTTP/1.1" status: 200 len: 1097 time: 0.4215403
Oct 12 12:12:30.066886 dv-cinder-813612-1-smb neutron-server[94246]: DEBUG neutron.pecan_wsgi.hooks.policy_enforcement [req-f063a33e-ff70-4a74-987b-5656797fa249 req-8cb8a190-3f69-405f-8287-48d38e201d16 tempest-DeleteServersTestJSON-1790947960 tempest-DeleteServersTestJSON-1790947960-project] Attributes excluded by policy engine: ['standard_attr_id', 'binding:profile', 'binding:host_id', 'binding:vif_type', 'binding:vif_details'] {{(pid=94246) _exclude_attributes_by_policy /opt/stack/neutron/neutron/pecan_wsgi/hooks/policy_enforcement.py:255}}
Oct 12 12:12:30.078277 dv-cinder-813612-1-smb neutron-server[94246]: INFO neutron.wsgi [req-f063a33e-ff70-4a74-987b-5656797fa249 req-8cb8a190-3f69-405f-8287-48d38e201d16 tempest-DeleteServersTestJSON-1790947960 tempest-DeleteServersTestJSON-1790947960-project] 10.222.0.50 "GET /v2.0/ports?device_id=485d106d-905a-4327-bccc-cf93b74d26cf HTTP/1.1" status: 200 len: 931 time: 0.3429432
Oct 12 12:12:30.111724 dv-cinder-813612-1-smb neutron-server[94248]: DEBUG neutron_lib.callbacks.manager [None req-b2f2a75c-9909-422d-9baa-437a6f9c0808 None None] Notify callbacks [] for port, precommit_update {{(pid=94248) _notify_loop /usr/local/lib/python3.8/dist-packages/neutron_lib/callbacks/manager.py:192}}
Oct 12 12:12:30.125015 dv-cinder-813612-1-smb neutron-server[94248]: DEBUG neutron_lib.callbacks.manager [None req-b2f2a75c-9909-422d-9baa-437a6f9c0808 None None] Notify callbacks ['neutron.plugins.ml2.plugin.SecurityGroupServerNotifierRpcMixin._notify_sg_on_port_change-3734418', 'neutron.plugins.ml2.ovo_rpc._ObjectChangeHandler.handle_event-150292', 'neutron.api.rpc.agentnotifiers.dhcp_rpc_agent_api.DhcpAgentNotifyAPI._native_event_send_dhcp_notification-558867', 'neutron.db.l3_db.L3RpcNotifierMixin._notify_gateway_port_ip_changed-8747336208406', 'neutron.db.l3_dvrscheduler_db._notify_l3_agent_port_update-8747335750894', 'neutron.db.l3_hascheduler_db._notify_l3_agent_ha_port_update-8747335781380'] for port, after_update {{(pid=94248) _notify_loop /usr/local/lib/python3.8/dist-packages/neutron_lib/callbacks/manager.py:192}}
Oct 12 12:12:30.178899 dv-cinder-813612-1-smb neutron-server[94246]: INFO neutron.wsgi [req-7bb9c288-2b3c-435d-bf99-192bb6f5b5d0 req-d2284df5-5e77-4e74-8fda-8da813cd41b6 service neutron] 10.222.0.53 "GET /v2.0/floatingips?fixed_ip_address=172.20.0.13&port_id=eedc6480-cd84-4254-9109-34151b8723ba HTTP/1.1" status: 200 len: 217 time: 0.1284423
Oct 12 12:12:30.236151 dv-cinder-813612-1-smb neutron-server[94246]: INFO neutron.wsgi [req-f063a33e-ff70-4a74-987b-5656797fa249 req-b7c60cb6-f7a2-4981-90f7-27f0406e57c8 tempest-DeleteServersTestJSON-1790947960 tempest-DeleteServersTestJSON-1790947960-project] 10.222.0.50 "GET /v2.0/security-groups?id=bec6da5e-add5-4685-9a7c-7c693cbafa23&fields=id&fields=name HTTP/1.1" status: 200 len: 286 time: 0.1568525
Oct 12 12:12:30.284614 dv-cinder-813612-1-smb neutron-server[94247]: DEBUG neutron_lib.callbacks.manager [None req-ba781a30-912a-4f79-9f4b-0497fa5ef7b8 admin admin] Notify callbacks [] for security_group, precommit_create {{(pid=94247) _notify_loop /usr/local/lib/python3.8/dist-packages/neutron_lib/callbacks/manager.py:192}}
Oct 12 12:12:30.328285 dv-cinder-813612-1-smb neutron-server[94246]: DEBUG neutron.pecan_wsgi.hooks.policy_enforcement [req-7bb9c288-2b3c-435d-bf99-192bb6f5b5d0 req-ba74adfa-8f8f-43cf-ac0b-f299fc49f2fc service neutron] Attributes excluded by policy engine: ['standard_attr_id', 'shared'] {{(pid=94246) _exclude_attributes_by_policy /opt/stack/neutron/neutron/pecan_wsgi/hooks/policy_enforcement.py:255}}
Oct 12 12:12:30.334084 dv-cinder-813612-1-smb neutron-server[94246]: INFO neutron.wsgi [req-7bb9c288-2b3c-435d-bf99-192bb6f5b5d0 req-ba74adfa-8f8f-43cf-ac0b-f299fc49f2fc service neutron] 10.222.0.53 "GET /v2.0/subnets?id=5d0a8258-4619-424b-bf0d-cff153578890 HTTP/1.1" status: 200 len: 855 time: 0.1365478
Oct 12 12:12:30.456555 dv-cinder-813612-1-smb neutron-server[94247]: DEBUG neutron_lib.callbacks.manager [None req-a618ac29-a050-4619-a4cf-00bcd4d2c727 tempest-AttachVolumeShelveTestJSON-1448359163 tempest-AttachVolumeShelveTestJSON-1448359163-project] Notify callbacks [] for security_group, precommit_create {{(pid=94247) _notify_loop /usr/local/lib/python3.8/dist-packages/neutron_lib/callbacks/manager.py:192}}
Oct 12 12:12:30.476161 dv-cinder-813612-1-smb neutron-server[94247]: DEBUG neutron_lib.callbacks.manager [None req-ba781a30-912a-4f79-9f4b-0497fa5ef7b8 admin admin] Notify callbacks ['neutron.plugins.ml2.ovo_rpc._ObjectChangeHandler.handle_event-567995'] for security_group, after_create {{(pid=94247) _notify_loop /usr/local/lib/python3.8/dist-packages/neutron_lib/callbacks/manager.py:192}}
Oct 12 12:12:30.478273 dv-cinder-813612-1-smb neutron-server[94246]: INFO neutron.wsgi [req-7bb9c288-2b3c-435d-bf99-192bb6f5b5d0 req-b70172f7-6dcf-4209-9100-9c9b56faa574 service neutron] 10.222.0.53 "GET /v2.0/ports?network_id=5cdf5e68-1f63-47ea-a251-0e887bca58ac&device_owner=network%3Adhcp HTTP/1.1" status: 200 len: 210 time: 0.1273232
Oct 12 12:12:30.516825 dv-cinder-813612-1-smb neutron-server[94247]: DEBUG neutron_lib.callbacks.manager [None req-a618ac29-a050-4619-a4cf-00bcd4d2c727 tempest-AttachVolumeShelveTestJSON-1448359163 tempest-AttachVolumeShelveTestJSON-1448359163-project] Notify callbacks ['neutron.plugins.ml2.ovo_rpc._ObjectChangeHandler.handle_event-567995'] for security_group, after_create {{(pid=94247) _notify_loop /usr/local/lib/python3.8/dist-packages/neutron_lib/callbacks/manager.py:192}}
Oct 12 12:12:30.530430 dv-cinder-813612-1-smb neutron-server[94248]: DEBUG neutron.api.rpc.handlers.resources_rpc [None req-153e2197-ddb7-4654-a4b5-c02ad89c469a None None] Pushing event updated for resources: {'Port': ['ID=de3657f1-773e-40a9-87db-92d1a76651eb,revision_number=3']} {{(pid=94248) push /opt/stack/neutron/neutron/api/rpc/handlers/resources_rpc.py:237}}
Oct 12 12:12:30.547420 dv-cinder-813612-1-smb neutron-server[94248]: DEBUG neutron.plugins.ml2.managers [None req-b2f2a75c-9909-422d-9baa-437a6f9c0808 None None] Attempting to bind port de3657f1-773e-40a9-87db-92d1a76651eb on host dv-cinder-813612-1-smb for vnic_type normal with profile {{(pid=94248) bind_port /opt/stack/neutron/neutron/plugins/ml2/managers.py:790}}
Oct 12 12:12:30.548116 dv-cinder-813612-1-smb neutron-server[94248]: DEBUG neutron.plugins.ml2.managers [None req-b2f2a75c-9909-422d-9baa-437a6f9c0808 None None] Attempting to bind port de3657f1-773e-40a9-87db-92d1a76651eb by drivers openvswitch,hyperv on host dv-cinder-813612-1-smb at level 0 using segments [{'id': '616691ca-a1fb-4a79-a012-aae8fae18e2d', 'network_type': 'vlan', 'physical_network': 'physnet1', 'segmentation_id': 669, 'network_id': '2fa0e389-669b-481a-97a5-874be42af5d0'}] {{(pid=94248) _bind_port_level /opt/stack/neutron/neutron/plugins/ml2/managers.py:815}}
Oct 12 12:12:30.548695 dv-cinder-813612-1-smb neutron-server[94248]: DEBUG neutron.plugins.ml2.drivers.mech_agent [None req-b2f2a75c-9909-422d-9baa-437a6f9c0808 None None] Attempting to bind port de3657f1-773e-40a9-87db-92d1a76651eb on network 2fa0e389-669b-481a-97a5-874be42af5d0 {{(pid=94248) bind_port /opt/stack/neutron/neutron/plugins/ml2/drivers/mech_agent.py:91}}
