Oct 12 12:12:40.286019 dv-cinder-813612-1-smb neutron-server[94246]: DEBUG neutron_lib.callbacks.manager [None req-c4003aab-e225-4d52-8b76-3a8947e0d961 admin admin] Notify callbacks [] for security_group, before_delete {{(pid=94246) _notify_loop /usr/local/lib/python3.8/dist-packages/neutron_lib/callbacks/manager.py:192}}
Oct 12 12:12:40.348035 dv-cinder-813612-1-smb neutron-server[94246]: DEBUG neutron.services.segments.db [None req-e815e786-38f9-4730-a05f-4d04dfe5a42e admin admin] neutron.services.segments.plugin.Plugin method get_segments called with arguments (,) {'filters': {'network_id': ['f9db6420-2c33-43ff-912a-f4d5c5ee7059']}} {{(pid=94246) wrapper /usr/local/lib/python3.8/dist-packages/oslo_log/helpers.py:65}}
Oct 12 12:12:40.410998 dv-cinder-813612-1-smb neutron-server[94246]: DEBUG neutron_lib.callbacks.manager [None req-c4003aab-e225-4d52-8b76-3a8947e0d961 admin admin] Notify callbacks [] for security_group, precommit_delete {{(pid=94246) _notify_loop /usr/local/lib/python3.8/dist-packages/neutron_lib/callbacks/manager.py:192}}
Oct 12 12:12:40.414764 dv-cinder-813612-1-smb neutron-server[94246]: DEBUG neutron.services.segments.db [None req-e815e786-38f9-4730-a05f-4d04dfe5a42e admin admin] neutron.services.segments.plugin.Plugin method delete_segment called with arguments (, 'f87d08e6-0cab-4738-bed6-13bfa8b9afd6') {'for_net_delete': True} {{(pid=94246) wrapper /usr/local/lib/python3.8/dist-packages/oslo_log/helpers.py:65}}
Oct 12 12:12:40.414764 dv-cinder-813612-1-smb neutron-server[94246]: DEBUG neutron.services.segments.db [None req-e815e786-38f9-4730-a05f-4d04dfe5a42e admin admin] neutron.services.segments.plugin.Plugin method get_segment called with arguments (, 'f87d08e6-0cab-4738-bed6-13bfa8b9afd6') {} {{(pid=94246) wrapper /usr/local/lib/python3.8/dist-packages/oslo_log/helpers.py:65}}
Oct 12 12:12:40.448990 dv-cinder-813612-1-smb neutron-server[94246]: DEBUG neutron_lib.callbacks.manager [None req-e815e786-38f9-4730-a05f-4d04dfe5a42e admin admin] Notify callbacks ['neutron.plugins.ml2.db._prevent_segment_delete_with_port_bound-8747336250125', 'neutron.services.segments.plugin.Plugin._prevent_segment_delete_with_subnet_associated-8542792'] for segment, before_delete {{(pid=94246) _notify_loop /usr/local/lib/python3.8/dist-packages/neutron_lib/callbacks/manager.py:192}}
Oct 12 12:12:40.504341 dv-cinder-813612-1-smb neutron-server[94246]: DEBUG neutron_lib.callbacks.manager [None req-e815e786-38f9-4730-a05f-4d04dfe5a42e admin admin] Notify callbacks ['neutron.plugins.ml2.plugin.Ml2Plugin._handle_segment_change-3867716'] for segment, precommit_delete {{(pid=94246) _notify_loop /usr/local/lib/python3.8/dist-packages/neutron_lib/callbacks/manager.py:192}}
Oct 12 12:12:40.517651 dv-cinder-813612-1-smb neutron-server[94246]: DEBUG neutron.plugins.ml2.drivers.type_vlan [None req-e815e786-38f9-4730-a05f-4d04dfe5a42e admin admin] Releasing vlan 659 on physical network physnet1 to pool {{(pid=94246) release_segment /opt/stack/neutron/neutron/plugins/ml2/drivers/type_vlan.py:304}}
Oct 12 12:12:40.518075 dv-cinder-813612-1-smb neutron-server[94246]: DEBUG neutron_lib.callbacks.manager [None req-e815e786-38f9-4730-a05f-4d04dfe5a42e admin admin] Notify callbacks ['neutron.plugins.ml2.plugin.Ml2Plugin._handle_segment_change-3867716', 'neutron.services.segments.plugin.NovaSegmentNotifier._notify_segment_deleted-11692205'] for segment, after_delete {{(pid=94246) _notify_loop /usr/local/lib/python3.8/dist-packages/neutron_lib/callbacks/manager.py:192}}
Oct 12 12:12:40.520206 dv-cinder-813612-1-smb neutron-server[94246]: Traceback (most recent call last):
Oct 12 12:12:40.520206 dv-cinder-813612-1-smb neutron-server[94246]: File "/usr/local/lib/python3.8/dist-packages/eventlet/hubs/hub.py", line 476, in fire_timers
Oct 12 12:12:40.520206 dv-cinder-813612-1-smb neutron-server[94246]: timer()
Oct 12 12:12:40.520206 dv-cinder-813612-1-smb neutron-server[94246]: File "/usr/local/lib/python3.8/dist-packages/eventlet/hubs/timer.py", line 59, in __call__
Oct 12 12:12:40.520206 dv-cinder-813612-1-smb neutron-server[94246]: cb(*args, **kw)
Oct 12 12:12:40.520206 dv-cinder-813612-1-smb neutron-server[94246]: File "/opt/stack/neutron/neutron/common/utils.py", line 914, in wrapper
Oct 12 12:12:40.520206 dv-cinder-813612-1-smb neutron-server[94246]: return func(*args, **kwargs)
Oct 12 12:12:40.520206 dv-cinder-813612-1-smb neutron-server[94246]: File "/opt/stack/neutron/neutron/notifiers/batch_notifier.py", line 58, in synced_send
Oct 12 12:12:40.520206 dv-cinder-813612-1-smb neutron-server[94246]: self._notify()
Oct 12 12:12:40.520206 dv-cinder-813612-1-smb neutron-server[94246]: File "/opt/stack/neutron/neutron/notifiers/batch_notifier.py", line 69, in _notify
Oct 12 12:12:40.520206 dv-cinder-813612-1-smb neutron-server[94246]: self.callback(batched_events)
Oct 12 12:12:40.520206 dv-cinder-813612-1-smb neutron-server[94246]: File "/opt/stack/neutron/neutron/services/segments/plugin.py", line 211, in _send_notifications
Oct 12 12:12:40.520206 dv-cinder-813612-1-smb neutron-server[94246]: event.method(event)
Oct 12 12:12:40.520206 dv-cinder-813612-1-smb neutron-server[94246]: File "/opt/stack/neutron/neutron/services/segments/plugin.py", line 383, in _delete_nova_inventory
Oct 12 12:12:40.520206 dv-cinder-813612-1-smb neutron-server[94246]: aggregate_id = self._get_aggregate_id(event.segment_id)
Oct 12 12:12:40.520206 dv-cinder-813612-1-smb neutron-server[94246]: File "/opt/stack/neutron/neutron/services/segments/plugin.py", line 370, in _get_aggregate_id
Oct 12 12:12:40.520206 dv-cinder-813612-1-smb neutron-server[94246]: aggregate_uuid = self.p_client.list_aggregates(
Oct 12 12:12:40.520206 dv-cinder-813612-1-smb neutron-server[94246]: File "/usr/local/lib/python3.8/dist-packages/neutron_lib/placement/client.py", line 58, in wrapper
Oct 12 12:12:40.520206 dv-cinder-813612-1-smb neutron-server[94246]: return f(self, *a, **k)
Oct 12 12:12:40.520206 dv-cinder-813612-1-smb neutron-server[94246]: File "/usr/local/lib/python3.8/dist-packages/neutron_lib/placement/client.py", line 554, in list_aggregates
Oct 12 12:12:40.520206 dv-cinder-813612-1-smb neutron-server[94246]: return self._get(url).json()
Oct 12 12:12:40.520206 dv-cinder-813612-1-smb neutron-server[94246]: File "/usr/local/lib/python3.8/dist-packages/neutron_lib/placement/client.py", line 190, in _get
Oct 12 12:12:40.520206 dv-cinder-813612-1-smb neutron-server[94246]: return self._client.get(url, endpoint_filter=self._ks_filter,
Oct 12 12:12:40.520206 dv-cinder-813612-1-smb neutron-server[94246]: File "/usr/local/lib/python3.8/dist-packages/keystoneauth1/session.py", line 1141, in get
Oct 12 12:12:40.520206 dv-cinder-813612-1-smb neutron-server[94246]: return self.request(url, 'GET', **kwargs)
Oct 12 12:12:40.520206 dv-cinder-813612-1-smb neutron-server[94246]: File "/usr/local/lib/python3.8/dist-packages/keystoneauth1/session.py", line 811, in request
Oct 12 12:12:40.520206 dv-cinder-813612-1-smb neutron-server[94246]: base_url = self.get_endpoint(auth, allow=allow,
Oct 12 12:12:40.520206 dv-cinder-813612-1-smb neutron-server[94246]: File "/usr/local/lib/python3.8/dist-packages/keystoneauth1/session.py", line 1241, in get_endpoint
Oct 12 12:12:40.520206 dv-cinder-813612-1-smb neutron-server[94246]: auth = self._auth_required(auth, 'determine endpoint URL')
Oct 12 12:12:40.520206 dv-cinder-813612-1-smb neutron-server[94246]: File "/usr/local/lib/python3.8/dist-packages/keystoneauth1/session.py", line 1181, in _auth_required
Oct 12 12:12:40.520206 dv-cinder-813612-1-smb neutron-server[94246]: raise exceptions.MissingAuthPlugin(msg_fmt % msg)
Oct 12 12:12:40.520206 dv-cinder-813612-1-smb neutron-server[94246]: keystoneauth1.exceptions.auth_plugins.MissingAuthPlugin: An auth plugin is required to determine endpoint URL
Oct 12 12:12:40.564948 dv-cinder-813612-1-smb neutron-server[94247]: INFO neutron.wsgi [req-d4c25a93-c4b8-4ad1-bb82-429ff419e874 req-726db30e-86c8-4ae7-997b-a5e98bc721ff service neutron] 10.222.0.53 "GET /v2.0/ports?network_id=cc8ac821-7605-4867-a503-3e0803f2652f&device_owner=network%3Adhcp HTTP/1.1" status: 200 len: 210 time: 0.2731583
Oct 12 12:12:40.594866 dv-cinder-813612-1-smb neutron-server[94246]: DEBUG neutron.db.db_base_plugin_common [req-8b11f487-c604-4218-9c64-45889e1eba39 req-8dd6e33e-db3c-4788-bacb-4917eafff4be tempest-AttachVolumeShelveTestJSON-1448359163 tempest-AttachVolumeShelveTestJSON-1448359163-project] Allocated IP 172.20.0.11 (2fa0e389-669b-481a-97a5-874be42af5d0/420d0a84-89fa-440a-aa0a-e52fefa1fe97/7a802f8d-65df-46e5-9abc-9d7efdd8d537) {{(pid=94246) _store_ip_allocation /opt/stack/neutron/neutron/db/db_base_plugin_common.py:131}}
Oct 12 12:12:40.599409 dv-cinder-813612-1-smb neutron-server[94246]: DEBUG neutron_lib.callbacks.manager [None req-c4003aab-e225-4d52-8b76-3a8947e0d961 admin admin] Notify callbacks ['neutron.plugins.ml2.ovo_rpc._ObjectChangeHandler.handle_event-567995'] for security_group, after_delete {{(pid=94246) _notify_loop /usr/local/lib/python3.8/dist-packages/neutron_lib/callbacks/manager.py:192}}
Oct 12 12:12:40.602224 dv-cinder-813612-1-smb neutron-server[94246]: DEBUG neutron_lib.callbacks.manager [None req-c4003aab-e225-4d52-8b76-3a8947e0d961 admin admin] Notify callbacks [] for security_group, before_response {{(pid=94246) _notify_loop /usr/local/lib/python3.8/dist-packages/neutron_lib/callbacks/manager.py:192}}
Oct 12 12:12:40.605765 dv-cinder-813612-1-smb neutron-server[94246]: INFO neutron.wsgi [None req-c4003aab-e225-4d52-8b76-3a8947e0d961 admin admin] 10.222.0.50 "DELETE /v2.0/security-groups/a78040e5-be8d-411d-b484-36649504130d HTTP/1.1" status: 204 len: 168 time: 0.5613375
Oct 12 12:12:40.607832 dv-cinder-813612-1-smb neutron-server[94246]: DEBUG neutron.wsgi [-] (94246) accepted ('10.222.0.50', 58098) {{(pid=94246) server /usr/local/lib/python3.8/dist-packages/eventlet/wsgi.py:982}}
Oct 12 12:12:40.627703 dv-cinder-813612-1-smb neutron-server[94246]: DEBUG neutron_lib.callbacks.manager [None req-e815e786-38f9-4730-a05f-4d04dfe5a42e admin admin] Notify callbacks ['neutron.plugins.ml2.plugin.Ml2Plugin._network_delete_after_delete_handler-3868156', 'neutron.plugins.ml2.ovo_rpc._ObjectChangeHandler.handle_event-568044', 'neutron.api.rpc.agentnotifiers.dhcp_rpc_agent_api.DhcpAgentNotifyAPI._native_event_send_dhcp_notification-558867', 'neutron.services.l3_router.l3_router_plugin.DVRResourceOperationHandler.delete_fip_namespaces_for_ext_net-590162'] for network, after_delete {{(pid=94246) _notify_loop /usr/local/lib/python3.8/dist-packages/neutron_lib/callbacks/manager.py:192}}
Oct 12 12:12:40.632677 dv-cinder-813612-1-smb neutron-server[94246]: DEBUG neutron_lib.callbacks.manager [None req-e815e786-38f9-4730-a05f-4d04dfe5a42e admin admin] Notify callbacks ['neutron.api.rpc.agentnotifiers.dhcp_rpc_agent_api.DhcpAgentNotifyAPI._send_dhcp_notification-558853'] for network, before_response {{(pid=94246) _notify_loop /usr/local/lib/python3.8/dist-packages/neutron_lib/callbacks/manager.py:192}}
Oct 12 12:12:40.638214 dv-cinder-813612-1-smb neutron-server[94246]: INFO neutron.wsgi [None req-e815e786-38f9-4730-a05f-4d04dfe5a42e admin admin] 10.222.0.50 "DELETE /v2.0/networks/f9db6420-2c33-43ff-912a-f4d5c5ee7059 HTTP/1.1" status: 204 len: 168 time: 0.8034537
Oct 12 12:12:40.640870 dv-cinder-813612-1-smb neutron-server[94246]: DEBUG neutron.api.rpc.handlers.resources_rpc [None req-c4003aab-e225-4d52-8b76-3a8947e0d961 admin admin] Pushing event deleted for resources: {'SecurityGroup': ['ID=a78040e5-be8d-411d-b484-36649504130d,revision_number=None']} {{(pid=94246) push /opt/stack/neutron/neutron/api/rpc/handlers/resources_rpc.py:237}}
Oct 12 12:12:40.644157 dv-cinder-813612-1-smb neutron-server[94247]: DEBUG neutron.pecan_wsgi.hooks.policy_enforcement [req-9ba9471a-4e21-4995-9579-99ab576bb3e0 req-e7ab6295-1855-4d45-9e2e-5bad1bd9e14c tempest-AttachVolumeNegativeTest-204693776 tempest-AttachVolumeNegativeTest-204693776-project] Attributes excluded by policy engine: ['standard_attr_id', 'binding:profile', 'binding:host_id', 'binding:vif_type', 'binding:vif_details'] {{(pid=94247) _exclude_attributes_by_policy /opt/stack/neutron/neutron/pecan_wsgi/hooks/policy_enforcement.py:255}}
Oct 12 12:12:40.648157 dv-cinder-813612-1-smb neutron-server[94247]: INFO neutron.wsgi [req-9ba9471a-4e21-4995-9579-99ab576bb3e0 req-e7ab6295-1855-4d45-9e2e-5bad1bd9e14c tempest-AttachVolumeNegativeTest-204693776 tempest-AttachVolumeNegativeTest-204693776-project] 10.222.0.50 "GET /v2.0/ports?device_id=f0a8497e-a264-4151-a22e-f21c7a71cb76 HTTP/1.1" status: 200 len: 944 time: 0.4194536
Oct 12 12:12:40.670637 dv-cinder-813612-1-smb neutron-server[94246]: DEBUG neutron.api.rpc.handlers.resources_rpc [None req-e815e786-38f9-4730-a05f-4d04dfe5a42e admin admin] Pushing event deleted for resources: {'Network': ['ID=f9db6420-2c33-43ff-912a-f4d5c5ee7059,revision_number=None']} {{(pid=94246) push /opt/stack/neutron/neutron/api/rpc/handlers/resources_rpc.py:237}}
Oct 12 12:12:40.782752 dv-cinder-813612-1-smb neutron-server[94247]: DEBUG neutron.pecan_wsgi.hooks.policy_enforcement [req-18e1e4ce-99aa-4d8e-9109-4b93d94ca5b4 req-e7817222-b65c-4a9f-9107-7e5ba5880369 service neutron] Attributes excluded by policy engine: ['standard_attr_id', 'vlan_transparent'] {{(pid=94247) _exclude_attributes_by_policy /opt/stack/neutron/neutron/pecan_wsgi/hooks/policy_enforcement.py:255}}
Oct 12 12:12:40.784264 dv-cinder-813612-1-smb neutron-server[94247]: INFO neutron.wsgi [req-18e1e4ce-99aa-4d8e-9109-4b93d94ca5b4 req-e7817222-b65c-4a9f-9107-7e5ba5880369 service neutron] 10.222.0.53 "GET /v2.0/networks?id=cc8ac821-7605-4867-a503-3e0803f2652f HTTP/1.1" status: 200 len: 920 time: 0.4981139
Oct 12 12:12:40.807011 dv-cinder-813612-1-smb neutron-server[94247]: INFO neutron.wsgi [req-3e0bf596-8853-49fc-9cda-16db5206ca8d req-c30a7d28-0663-40fd-a7a5-db7f4d6c4fb5 service neutron] 10.222.0.53 "GET /v2.0/networks/1399fbc8-2668-4aaf-b3d8-73a6887619e0?fields=segments HTTP/1.1" status: 200 len: 212 time: 0.6804898
Oct 12 12:12:40.809726 dv-cinder-813612-1-smb neutron-server[94246]: INFO neutron.wsgi [req-c3087cc2-2e94-416f-910d-aa811bd5b08f req-a89ebd16-00c1-46d2-85f1-0aaa44a621b0 tempest-AttachVolumeShelveTestJSON-1448359163 tempest-AttachVolumeShelveTestJSON-1448359163-project] 10.222.0.50 "GET /v2.0/ports?device_id=bf821496-7f32-4b34-b98f-f2f49bbe949d HTTP/1.1" status: 200 len: 210 time: 0.0373356
Oct 12 12:12:40.848301 dv-cinder-813612-1-smb neutron-server[94246]: DEBUG neutron_lib.callbacks.manager [req-8b11f487-c604-4218-9c64-45889e1eba39 req-8dd6e33e-db3c-4788-bacb-4917eafff4be tempest-AttachVolumeShelveTestJSON-1448359163 tempest-AttachVolumeShelveTestJSON-1448359163-project] Notify callbacks [] for port, precommit_create {{(pid=94246) _notify_loop /usr/local/lib/python3.8/dist-packages/neutron_lib/callbacks/manager.py:192}}
Oct 12 12:12:40.881605 dv-cinder-813612-1-smb neutron-server[94247]: INFO neutron.wsgi [req-18e1e4ce-99aa-4d8e-9109-4b93d94ca5b4 req-7ee68aeb-dc0a-4233-9596-fc3a8885cd7d service neutron] 10.222.0.53 "GET /v2.0/floatingips?fixed_ip_address=172.20.0.3&port_id=28759a0d-2b6b-4c38-b1dd-216ced1f42c3 HTTP/1.1" status: 200 len: 217 time: 0.0822649
Oct 12 12:12:40.888340 dv-cinder-813612-1-smb neutron-server[94247]: INFO neutron.wsgi [req-9ba9471a-4e21-4995-9579-99ab576bb3e0 req-15500011-13d3-4cdb-a031-adf4b7ba0863 tempest-AttachVolumeNegativeTest-204693776 tempest-AttachVolumeNegativeTest-204693776-project] 10.222.0.50 "GET /v2.0/security-groups?id=9c40a3f8-d5f1-4c08-b583-c92cd9c517dd&fields=id&fields=name HTTP/1.1" status: 200 len: 286 time: 0.2192354
Oct 12 12:12:40.888525 dv-cinder-813612-1-smb neutron-server[94246]: DEBUG neutron_lib.callbacks.manager [req-8b11f487-c604-4218-9c64-45889e1eba39 req-8dd6e33e-db3c-4788-bacb-4917eafff4be tempest-AttachVolumeShelveTestJSON-1448359163 tempest-AttachVolumeShelveTestJSON-1448359163-project] Notify callbacks ['neutron.plugins.ml2.plugin.SecurityGroupServerNotifierRpcMixin._notify_sg_on_port_change-3734418', 'neutron.plugins.ml2.ovo_rpc._ObjectChangeHandler.handle_event-150292', 'neutron.api.rpc.agentnotifiers.dhcp_rpc_agent_api.DhcpAgentNotifyAPI._native_event_send_dhcp_notification-558867', 'neutron.db.l3_dvrscheduler_db._notify_l3_agent_new_port-8747335750876', 'neutron.services.segments.plugin.NovaSegmentNotifier._notify_port_created_or_deleted-11692380'] for port, after_create {{(pid=94246) _notify_loop /usr/local/lib/python3.8/dist-packages/neutron_lib/callbacks/manager.py:192}}
Oct 12 12:12:40.900763 dv-cinder-813612-1-smb neutron-server[94248]: DEBUG neutron.plugins.ml2.rpc [None req-7f46e8ff-94dc-45c3-8a5c-f39b90867809 None None] Device eedc6480-cd84-4254-9109-34151b8723ba details requested by agent hyperv_hv-cinder-81361 with host hv-cinder-81361 {{(pid=94248) get_device_details /opt/stack/neutron/neutron/plugins/ml2/rpc.py:102}}
Oct 12 12:12:40.912166 dv-cinder-813612-1-smb neutron-server[94247]: INFO neutron.wsgi [req-d4c25a93-c4b8-4ad1-bb82-429ff419e874 req-0a47c26c-0aa5-4a17-8a66-f4cd0f456bd2 service neutron] 10.222.0.53 "GET /v2.0/networks/cc8ac821-7605-4867-a503-3e0803f2652f?fields=segments HTTP/1.1" status: 200 len: 212 time: 0.3358378
Oct 12 12:12:40.956078 dv-cinder-813612-1-smb neutron-server[94246]: DEBUG neutron.scheduler.dhcp_agent_scheduler [req-8b11f487-c604-4218-9c64-45889e1eba39 req-8dd6e33e-db3c-4788-bacb-4917eafff4be tempest-AttachVolumeShelveTestJSON-1448359163 tempest-AttachVolumeShelveTestJSON-1448359163-project] Network 2fa0e389-669b-481a-97a5-874be42af5d0 is already hosted by enough agents. {{(pid=94246) _get_dhcp_agents_hosting_network /opt/stack/neutron/neutron/scheduler/dhcp_agent_scheduler.py:275}}
Oct 12 12:12:40.966607 dv-cinder-813612-1-smb neutron-server[94246]: DEBUG neutron.scheduler.base_scheduler [req-8b11f487-c604-4218-9c64-45889e1eba39 req-8dd6e33e-db3c-4788-bacb-4917eafff4be tempest-AttachVolumeShelveTestJSON-1448359163 tempest-AttachVolumeShelveTestJSON-1448359163-project] Resources bound (agent type, host, resource id): {{(pid=94246) schedule /opt/stack/neutron/neutron/scheduler/base_scheduler.py:57}}
Oct 12 12:12:40.971650 dv-cinder-813612-1-smb neutron-server[94246]: DEBUG neutron_lib.callbacks.manager [None req-302918ca-1ce6-4b89-869a-c82a37cfa926 admin admin] Notify callbacks [] for security_group, before_create {{(pid=94246) _notify_loop /usr/local/lib/python3.8/dist-packages/neutron_lib/callbacks/manager.py:192}}
Oct 12 12:12:40.976130 dv-cinder-813612-1-smb neutron-server[94246]: DEBUG neutron.db.l3_dvrscheduler_db [req-8b11f487-c604-4218-9c64-45889e1eba39 req-8dd6e33e-db3c-4788-bacb-4917eafff4be tempest-AttachVolumeShelveTestJSON-1448359163 tempest-AttachVolumeShelveTestJSON-1448359163-project] Received port after_create {{(pid=94246) _notify_l3_agent_new_port /opt/stack/neutron/neutron/db/l3_dvrscheduler_db.py:535}}
Oct 12 12:12:41.042100 dv-cinder-813612-1-smb neutron-server[94246]: DEBUG neutron.pecan_wsgi.hooks.policy_enforcement [req-8b11f487-c604-4218-9c64-45889e1eba39 req-8dd6e33e-db3c-4788-bacb-4917eafff4be tempest-AttachVolumeShelveTestJSON-1448359163 tempest-AttachVolumeShelveTestJSON-1448359163-project] Attributes excluded by policy engine: ['standard_attr_id', 'binding:profile', 'binding:host_id', 'binding:vif_type', 'binding:vif_details', 'network'] {{(pid=94246) _exclude_attributes_by_policy /opt/stack/neutron/neutron/pecan_wsgi/hooks/policy_enforcement.py:255}}
Oct 12 12:12:41.043710 dv-cinder-813612-1-smb neutron-server[94246]: DEBUG neutron_lib.callbacks.manager [req-8b11f487-c604-4218-9c64-45889e1eba39 req-8dd6e33e-db3c-4788-bacb-4917eafff4be tempest-AttachVolumeShelveTestJSON-1448359163 tempest-AttachVolumeShelveTestJSON-1448359163-project] Notify callbacks ['neutron.notifiers.nova.Notifier._send_nova_notification-28739', 'neutron.api.rpc.agentnotifiers.dhcp_rpc_agent_api.DhcpAgentNotifyAPI._send_dhcp_notification-558853'] for port, before_response {{(pid=94246) _notify_loop /usr/local/lib/python3.8/dist-packages/neutron_lib/callbacks/manager.py:192}}
Oct 12 12:12:41.061758 dv-cinder-813612-1-smb neutron-server[94246]: DEBUG neutron.api.rpc.handlers.resources_rpc [None req-8dd6e33e-db3c-4788-bacb-4917eafff4be tempest-AttachVolumeShelveTestJSON-1448359163 tempest-AttachVolumeShelveTestJSON-1448359163-project] Pushing event updated for resources: {'Port': ['ID=7a802f8d-65df-46e5-9abc-9d7efdd8d537,revision_number=1']} {{(pid=94246) push /opt/stack/neutron/neutron/api/rpc/handlers/resources_rpc.py:237}}
Oct 12 12:12:41.074817 dv-cinder-813612-1-smb neutron-server[94246]: DEBUG neutron.wsgi [-] (94246) accepted ('10.222.0.50', 58114) {{(pid=94246) server /usr/local/lib/python3.8/dist-packages/eventlet/wsgi.py:982}}
Oct 12 12:12:41.120886 dv-cinder-813612-1-smb neutron-server[94248]: DEBUG neutron.plugins.ml2.db [None req-7f46e8ff-94dc-45c3-8a5c-f39b90867809 None None] For port eedc6480-cd84-4254-9109-34151b8723ba, host hv-cinder-81361, got binding levels [PortBindingLevel(driver='hyperv',host='hv-cinder-81361',level=0,port_id=eedc6480-cd84-4254-9109-34151b8723ba,segment=NetworkSegment(773903e4-d772-4fe6-a8cc-be7b3533ee7e),segment_id=773903e4-d772-4fe6-a8cc-be7b3533ee7e)] {{(pid=94248) get_binding_level_objs /opt/stack/neutron/neutron/plugins/ml2/db.py:74}}
Oct 12 12:12:41.127288 dv-cinder-813612-1-smb neutron-server[94247]: INFO neutron.wsgi [req-d4c25a93-c4b8-4ad1-bb82-429ff419e874 req-d02749ab-42ce-44fc-8dc6-69341b2acb97 service neutron] 10.222.0.53 "GET /v2.0/networks/cc8ac821-7605-4867-a503-3e0803f2652f?fields=provider%3Aphysical_network&fields=provider%3Anetwork_type HTTP/1.1" status: 200 len: 281 time: 0.1351390
Oct 12 12:12:41.149035 dv-cinder-813612-1-smb neutron-server[94248]: DEBUG neutron.plugins.ml2.rpc [None req-7f46e8ff-94dc-45c3-8a5c-f39b90867809 None None] Returning: {'device': 'eedc6480-cd84-4254-9109-34151b8723ba', 'network_id': '5cdf5e68-1f63-47ea-a251-0e887bca58ac', 'port_id': 'eedc6480-cd84-4254-9109-34151b8723ba', 'mac_address': 'fa:16:3e:56:fc:ec', 'admin_state_up': True, 'network_type': 'vlan', 'segmentation_id': 674, 'physical_network': 'physnet1', 'mtu': 1500, 'fixed_ips': [{'subnet_id': '5d0a8258-4619-424b-bf0d-cff153578890', 'ip_address': '172.20.0.13'}], 'device_owner': 'compute:nova', 'allowed_address_pairs': [], 'port_security_enabled': True, 'qos_policy_id': None, 'network_qos_policy_id': None, 'profile': {}, 'propagate_uplink_status': False} {{(pid=94248) _get_device_details /opt/stack/neutron/neutron/plugins/ml2/rpc.py:184}}
Oct 12 12:12:41.155671 dv-cinder-813612-1-smb neutron-server[94247]: DEBUG neutron.pecan_wsgi.hooks.policy_enforcement [req-18e1e4ce-99aa-4d8e-9109-4b93d94ca5b4 req-f63ead60-1d19-4ad4-9089-2f35b49f1e84 service neutron] Attributes excluded by policy engine: ['standard_attr_id', 'shared'] {{(pid=94247) _exclude_attributes_by_policy /opt/stack/neutron/neutron/pecan_wsgi/hooks/policy_enforcement.py:255}}
Oct 12 12:12:41.156815 dv-cinder-813612-1-smb neutron-server[94246]: INFO neutron.wsgi [req-8b11f487-c604-4218-9c64-45889e1eba39 req-8dd6e33e-db3c-4788-bacb-4917eafff4be tempest-AttachVolumeShelveTestJSON-1448359163 tempest-AttachVolumeShelveTestJSON-1448359163-project] 10.222.0.53 "POST /v2.0/ports HTTP/1.1" status: 201 len: 934 time: 1.3456843
Oct 12 12:12:41.157552 dv-cinder-813612-1-smb neutron-server[94247]: INFO neutron.wsgi [req-18e1e4ce-99aa-4d8e-9109-4b93d94ca5b4 req-f63ead60-1d19-4ad4-9089-2f35b49f1e84 service neutron] 10.222.0.53 "GET /v2.0/subnets?id=fdc492ef-f750-46cf-bd41-66c79afe3c9f HTTP/1.1" status: 200 len: 859 time: 0.2478745
Oct 12 12:12:41.229038 dv-cinder-813612-1-smb neutron-server[94247]: INFO neutron.wsgi [req-18e1e4ce-99aa-4d8e-9109-4b93d94ca5b4 req-c318bfb9-5792-4d35-ae07-7dbb9d4f5fc1 service neutron] 10.222.0.53 "GET /v2.0/ports?network_id=cc8ac821-7605-4867-a503-3e0803f2652f&device_owner=network%3Adhcp HTTP/1.1" status: 200 len: 210 time: 0.0573530
Oct 12 12:12:41.237643 dv-cinder-813612-1-smb neutron-server[94246]: DEBUG neutron.api.v2.base [req-8b11f487-c604-4218-9c64-45889e1eba39 req-87eb5b00-ba28-44a1-8f27-eb1bbbe5fc8d service neutron] Request body: {'port': {'device_id': 'bf821496-7f32-4b34-b98f-f2f49bbe949d', 'device_owner': 'compute:nova', 'binding:host_id': 'hv-cinder-81361'}} {{(pid=94246) prepare_request_body /opt/stack/neutron/neutron/api/v2/base.py:729}}
Oct 12 12:12:41.239835 dv-cinder-813612-1-smb neutron-server[94248]: DEBUG neutron_lib.callbacks.manager [None req-7f46e8ff-94dc-45c3-8a5c-f39b90867809 None None] Notify callbacks ['neutron.plugins.ml2.plugin.SecurityGroupDbMixin._ensure_default_security_group_handler-3733096'] for port, before_update {{(pid=94248) _notify_loop /usr/local/lib/python3.8/dist-packages/neutron_lib/callbacks/manager.py:192}}
Oct 12 12:12:41.288416 dv-cinder-813612-1-smb neutron-server[94248]: DEBUG neutron.notifiers.nova [None req-7f46e8ff-94dc-45c3-8a5c-f39b90867809 None None] Ignoring state change previous_port_status: DOWN current_port_status: BUILD port_id eedc6480-cd84-4254-9109-34151b8723ba {{(pid=94248) record_port_status_changed /opt/stack/neutron/neutron/notifiers/nova.py:224}}
Oct 12 12:12:41.330101 dv-cinder-813612-1-smb neutron-server[94248]: DEBUG neutron.plugins.ml2.db [None req-7f46e8ff-94dc-45c3-8a5c-f39b90867809 None None] For port eedc6480-cd84-4254-9109-34151b8723ba, host hv-cinder-81361, got binding levels [PortBindingLevel(driver='hyperv',host='hv-cinder-81361',level=0,port_id=eedc6480-cd84-4254-9109-34151b8723ba,segment=NetworkSegment(773903e4-d772-4fe6-a8cc-be7b3533ee7e),segment_id=773903e4-d772-4fe6-a8cc-be7b3533ee7e)] {{(pid=94248) get_binding_level_objs /opt/stack/neutron/neutron/plugins/ml2/db.py:74}}
Oct 12 12:12:41.342448 dv-cinder-813612-1-smb neutron-server[94248]: DEBUG neutron_lib.callbacks.manager [None req-7f46e8ff-94dc-45c3-8a5c-f39b90867809 None None] Notify callbacks ['neutron.plugins.ml2.plugin.SecurityGroupServerNotifierRpcMixin._notify_sg_on_port_change-3734418', 'neutron.plugins.ml2.ovo_rpc._ObjectChangeHandler.handle_event-150292', 'neutron.api.rpc.agentnotifiers.dhcp_rpc_agent_api.DhcpAgentNotifyAPI._native_event_send_dhcp_notification-558867', 'neutron.db.l3_db.L3RpcNotifierMixin._notify_gateway_port_ip_changed-8747336208406', 'neutron.db.l3_dvrscheduler_db._notify_l3_agent_port_update-8747335750894', 'neutron.db.l3_hascheduler_db._notify_l3_agent_ha_port_update-8747335781380'] for port, after_update {{(pid=94248) _notify_loop /usr/local/lib/python3.8/dist-packages/neutron_lib/callbacks/manager.py:192}}
Oct 12 12:12:41.377021 dv-cinder-813612-1-smb neutron-server[94247]: INFO neutron.wsgi [req-3e0bf596-8853-49fc-9cda-16db5206ca8d req-537315ea-9199-4e75-b415-3a8c56d745e0 service neutron] 10.222.0.53 "GET /v2.0/networks/1399fbc8-2668-4aaf-b3d8-73a6887619e0?fields=provider%3Aphysical_network&fields=provider%3Anetwork_type HTTP/1.1" status: 200 len: 281 time: 0.5079746
Oct 12 12:12:41.409944 dv-cinder-813612-1-smb neutron-server[94246]: DEBUG neutron_lib.callbacks.manager [None req-302918ca-1ce6-4b89-869a-c82a37cfa926 admin admin] Notify callbacks [] for security_group, precommit_create {{(pid=94246) _notify_loop /usr/local/lib/python3.8/dist-packages/neutron_lib/callbacks/manager.py:192}}
Oct 12 12:12:41.438490 dv-cinder-813612-1-smb neutron-server[94248]: DEBUG neutron.api.rpc.handlers.resources_rpc [None req-7f46e8ff-94dc-45c3-8a5c-f39b90867809 None None] Pushing event updated for resources: {'Port': ['ID=eedc6480-cd84-4254-9109-34151b8723ba,revision_number=4']} {{(pid=94248) push /opt/stack/neutron/neutron/api/rpc/handlers/resources_rpc.py:237}}
Oct 12 12:12:41.441904 dv-cinder-813612-1-smb neutron-server[94248]: DEBUG neutron.db.provisioning_blocks [None req-3ba5e940-3fef-415c-b6be-81763113a827 None None] Provisioning complete for port 7a802f8d-65df-46e5-9abc-9d7efdd8d537 triggered by entity DHCP. {{(pid=94248) provisioning_complete /opt/stack/neutron/neutron/db/provisioning_blocks.py:139}}
Oct 12 12:12:41.442340 dv-cinder-813612-1-smb neutron-server[94248]: DEBUG neutron_lib.callbacks.manager [None req-3ba5e940-3fef-415c-b6be-81763113a827 None None] Notify callbacks ['neutron.plugins.ml2.plugin.Ml2Plugin._port_provisioned-3874030'] for port, provisioning_complete {{(pid=94248) _notify_loop /usr/local/lib/python3.8/dist-packages/neutron_lib/callbacks/manager.py:192}}
Oct 12 12:12:41.459333 dv-cinder-813612-1-smb neutron-server[94246]: DEBUG neutron_lib.callbacks.manager [None req-302918ca-1ce6-4b89-869a-c82a37cfa926 admin admin] Notify callbacks ['neutron.plugins.ml2.ovo_rpc._ObjectChangeHandler.handle_event-567995'] for security_group, after_create {{(pid=94246) _notify_loop /usr/local/lib/python3.8/dist-packages/neutron_lib/callbacks/manager.py:192}}
Oct 12 12:12:41.469197 dv-cinder-813612-1-smb neutron-server[94247]: DEBUG neutron.pecan_wsgi.hooks.policy_enforcement [req-69003d73-a96d-439f-801a-7ca38e08e65e req-0bd637c2-dba8-408e-bdbb-2d467e43d15b tempest-DeleteServersTestJSON-1790947960 tempest-DeleteServersTestJSON-1790947960-project] Attributes excluded by policy engine: ['standard_attr_id', 'binding:profile', 'binding:host_id', 'binding:vif_type', 'binding:vif_details'] {{(pid=94247) _exclude_attributes_by_policy /opt/stack/neutron/neutron/pecan_wsgi/hooks/policy_enforcement.py:255}}
Oct 12 12:12:41.471470 dv-cinder-813612-1-smb neutron-server[94247]: INFO neutron.wsgi [req-69003d73-a96d-439f-801a-7ca38e08e65e req-0bd637c2-dba8-408e-bdbb-2d467e43d15b tempest-DeleteServersTestJSON-1790947960 tempest-DeleteServersTestJSON-1790947960-project] 10.222.0.50 "GET /v2.0/ports?device_id=485d106d-905a-4327-bccc-cf93b74d26cf HTTP/1.1" status: 200 len: 943 time: 0.1024942
Oct 12 12:12:41.482886 dv-cinder-813612-1-smb neutron-server[94248]: DEBUG neutron.plugins.ml2.plugin [None req-3ba5e940-3fef-415c-b6be-81763113a827 None None] Port 7a802f8d-65df-46e5-9abc-9d7efdd8d537 cannot update to ACTIVE because it is not bound. {{(pid=94248) _port_provisioned /opt/stack/neutron/neutron/plugins/ml2/plugin.py:338}}
Oct 12 12:12:41.508546 dv-cinder-813612-1-smb neutron-server[94247]: INFO neutron.wsgi [req-18e1e4ce-99aa-4d8e-9109-4b93d94ca5b4 req-dc8db3ca-b9fe-43bc-930e-0ed149792cac service neutron] 10.222.0.53 "GET /v2.0/networks/cc8ac821-7605-4867-a503-3e0803f2652f?fields=segments HTTP/1.1" status: 200 len: 212 time: 0.2652233
Oct 12 12:12:41.546312 dv-cinder-813612-1-smb neutron-server[94247]: INFO neutron.wsgi [req-69003d73-a96d-439f-801a-7ca38e08e65e req-b799f362-484b-4b09-b5b8-b4473df5cfb4 tempest-DeleteServersTestJSON-1790947960 tempest-DeleteServersTestJSON-1790947960-project] 10.222.0.50 "GET /v2.0/security-groups?id=bec6da5e-add5-4685-9a7c-7c693cbafa23&fields=id&fields=name HTTP/1.1" status: 200 len: 286 time: 0.0654342
Oct 12 12:12:41.571340 dv-cinder-813612-1-smb neutron-server[94246]: INFO neutron.wsgi [None req-302918ca-1ce6-4b89-869a-c82a37cfa926 admin admin] 10.222.0.50 "GET /v2.0/security-groups?tenant_id=3d00cd934504481c88293a837de31fc2&name=default HTTP/1.1" status: 200 len: 2979 time: 0.9589579
Oct 12 12:12:41.574820 dv-cinder-813612-1-smb neutron-server[94247]: DEBUG neutron.wsgi [-] (94247) accepted ('10.222.0.50', 58132) {{(pid=94247) server /usr/local/lib/python3.8/dist-packages/eventlet/wsgi.py:982}}
Oct 12 12:12:41.621621 dv-cinder-813612-1-smb neutron-server[94246]: INFO neutron.wsgi [None req-db4d178d-0809-4179-93ca-3a90569dfcf2 admin admin] 10.222.0.50 "GET /v2.0/security-groups?tenant_id=cf0dabaf95fb4dbeb0866eb3e6619369&name=default HTTP/1.1" status: 200 len: 2979 time: 0.5434630
Oct 12 12:12:41.623077 dv-cinder-813612-1-smb neutron-server[94247]: DEBUG neutron.wsgi [-] (94247) accepted ('10.222.0.50', 58138) {{(pid=94247) server /usr/local/lib/python3.8/dist-packages/eventlet/wsgi.py:982}}
Oct 12 12:12:41.624938 dv-cinder-813612-1-smb neutron-server[94248]: DEBUG neutron.plugins.ml2.db [None req-7f46e8ff-94dc-45c3-8a5c-f39b90867809 None None] get_ports_and_sgs() called for port_ids ['eedc6480-cd84-4254-9109-34151b8723ba'] {{(pid=94248) get_ports_and_sgs /opt/stack/neutron/neutron/plugins/ml2/db.py:156}}
Oct 12 12:12:41.643192 dv-cinder-813612-1-smb neutron-server[94246]: DEBUG neutron_lib.callbacks.manager [req-8b11f487-c604-4218-9c64-45889e1eba39 req-87eb5b00-ba28-44a1-8f27-eb1bbbe5fc8d service neutron] Notify callbacks ['neutron.plugins.ml2.plugin.SecurityGroupDbMixin._ensure_default_security_group_handler-3733096'] for port, before_update {{(pid=94246) _notify_loop /usr/local/lib/python3.8/dist-packages/neutron_lib/callbacks/manager.py:192}}
Oct 12 12:12:41.676221 dv-cinder-813612-1-smb neutron-server[94246]: DEBUG neutron.api.rpc.handlers.resources_rpc [None req-302918ca-1ce6-4b89-869a-c82a37cfa926 admin admin] Pushing event updated for resources: {'SecurityGroup': ['ID=1a3394ad-c972-4cdb-8c5b-5096a2391e2c,revision_number=1']} {{(pid=94246) push /opt/stack/neutron/neutron/api/rpc/handlers/resources_rpc.py:237}}
Oct 12 12:12:41.700982 dv-cinder-813612-1-smb neutron-server[94246]: DEBUG neutron.pecan_wsgi.hooks.policy_enforcement [req-8cf2a7c6-e1b3-4d93-979c-31b0ad26f607 req-c1cf2618-9521-4a63-8158-4d6544d9a365 tempest-ServerRescueNegativeTestJSON-1585251800 tempest-ServerRescueNegativeTestJSON-1585251800-project] Attributes excluded by policy engine: ['standard_attr_id', 'binding:profile', 'binding:host_id', 'binding:vif_type', 'binding:vif_details'] {{(pid=94246) _exclude_attributes_by_policy /opt/stack/neutron/neutron/pecan_wsgi/hooks/policy_enforcement.py:255}}
Oct 12 12:12:41.705185 dv-cinder-813612-1-smb neutron-server[94247]: INFO neutron.wsgi [req-18e1e4ce-99aa-4d8e-9109-4b93d94ca5b4 req-fabab8d8-24e4-4f7e-9784-e2d4059e8ddf service neutron] 10.222.0.53 "GET /v2.0/networks/cc8ac821-7605-4867-a503-3e0803f2652f?fields=provider%3Aphysical_network&fields=provider%3Anetwork_type HTTP/1.1" status: 200 len: 281 time: 0.1840496
Oct 12 12:12:41.713263 dv-cinder-813612-1-smb neutron-server[94247]: DEBUG neutron_lib.callbacks.manager [None req-acbe7609-86bb-4a2a-a56a-e3620ec47371 admin admin] Notify callbacks [] for security_group, before_delete {{(pid=94247) _notify_loop /usr/local/lib/python3.8/dist-packages/neutron_lib/callbacks/manager.py:192}}
Oct 12 12:12:41.714081 dv-cinder-813612-1-smb neutron-server[94246]: INFO neutron.wsgi [req-8cf2a7c6-e1b3-4d93-979c-31b0ad26f607 req-c1cf2618-9521-4a63-8158-4d6544d9a365 tempest-ServerRescueNegativeTestJSON-1585251800 tempest-ServerRescueNegativeTestJSON-1585251800-project] 10.222.0.50 "GET /v2.0/ports?device_id=d6732d62-ab1c-4127-9fda-5d1c6d1b49de HTTP/1.1" status: 200 len: 943 time: 0.2811780
Oct 12 12:12:41.749642 dv-cinder-813612-1-smb neutron-server[94247]: DEBUG neutron_lib.callbacks.manager [None req-acbe7609-86bb-4a2a-a56a-e3620ec47371 admin admin] Notify callbacks [] for security_group, precommit_delete {{(pid=94247) _notify_loop /usr/local/lib/python3.8/dist-packages/neutron_lib/callbacks/manager.py:192}}
Oct 12 12:12:41.749642 dv-cinder-813612-1-smb neutron-server[94247]: DEBUG neutron_lib.callbacks.manager [None req-70f69e0f-1ac9-466b-a56b-ff49edf34e86 admin admin] Notify callbacks [] for security_group, before_delete {{(pid=94247) _notify_loop /usr/local/lib/python3.8/dist-packages/neutron_lib/callbacks/manager.py:192}}
Oct 12 12:12:41.796228 dv-cinder-813612-1-smb neutron-server[94247]: DEBUG neutron_lib.callbacks.manager [None req-70f69e0f-1ac9-466b-a56b-ff49edf34e86 admin admin] Notify callbacks [] for security_group, precommit_delete {{(pid=94247) _notify_loop /usr/local/lib/python3.8/dist-packages/neutron_lib/callbacks/manager.py:192}}
Oct 12 12:12:41.844198 dv-cinder-813612-1-smb neutron-server[94247]: DEBUG neutron_lib.callbacks.manager [None req-acbe7609-86bb-4a2a-a56a-e3620ec47371 admin admin] Notify callbacks ['neutron.plugins.ml2.ovo_rpc._ObjectChangeHandler.handle_event-567995'] for security_group, after_delete {{(pid=94247) _notify_loop /usr/local/lib/python3.8/dist-packages/neutron_lib/callbacks/manager.py:192}}
Oct 12 12:12:41.847780 dv-cinder-813612-1-smb neutron-server[94247]: DEBUG neutron_lib.callbacks.manager [None req-acbe7609-86bb-4a2a-a56a-e3620ec47371 admin admin] Notify callbacks [] for security_group, before_response {{(pid=94247) _notify_loop /usr/local/lib/python3.8/dist-packages/neutron_lib/callbacks/manager.py:192}}
Oct 12 12:12:41.849030 dv-cinder-813612-1-smb neutron-server[94247]: INFO neutron.wsgi [None req-acbe7609-86bb-4a2a-a56a-e3620ec47371 admin admin] 10.222.0.50 "DELETE /v2.0/security-groups/1a3394ad-c972-4cdb-8c5b-5096a2391e2c HTTP/1.1" status: 204 len: 168 time: 0.2729909
Oct 12 12:12:41.863374 dv-cinder-813612-1-smb neutron-server[94246]: INFO neutron.wsgi [req-8cf2a7c6-e1b3-4d93-979c-31b0ad26f607 req-a047efb8-0629-43f4-86c9-db8dc7806e2d tempest-ServerRescueNegativeTestJSON-1585251800 tempest-ServerRescueNegativeTestJSON-1585251800-project] 10.222.0.50 "GET /v2.0/security-groups?id=77833d30-2779-45e8-9f5a-6bc749f31bde&fields=id&fields=name HTTP/1.1" status: 200 len: 286 time: 0.1431844
Oct 12 12:12:41.886197 dv-cinder-813612-1-smb neutron-server[94247]: DEBUG neutron.api.rpc.handlers.resources_rpc [None req-acbe7609-86bb-4a2a-a56a-e3620ec47371 admin admin] Pushing event deleted for resources: {'SecurityGroup': ['ID=1a3394ad-c972-4cdb-8c5b-5096a2391e2c,revision_number=None']} {{(pid=94247) push /opt/stack/neutron/neutron/api/rpc/handlers/resources_rpc.py:237}}
Oct 12 12:12:41.905414 dv-cinder-813612-1-smb neutron-server[94247]: DEBUG neutron_lib.callbacks.manager [None req-70f69e0f-1ac9-466b-a56b-ff49edf34e86 admin admin] Notify callbacks ['neutron.plugins.ml2.ovo_rpc._ObjectChangeHandler.handle_event-567995'] for security_group, after_delete {{(pid=94247) _notify_loop /usr/local/lib/python3.8/dist-packages/neutron_lib/callbacks/manager.py:192}}
Oct 12 12:12:41.910479 dv-cinder-813612-1-smb neutron-server[94247]: DEBUG neutron_lib.callbacks.manager [None req-70f69e0f-1ac9-466b-a56b-ff49edf34e86 admin admin] Notify callbacks [] for security_group, before_response {{(pid=94247) _notify_loop /usr/local/lib/python3.8/dist-packages/neutron_lib/callbacks/manager.py:192}}
Oct 12 12:12:41.913968 dv-cinder-813612-1-smb neutron-server[94247]: INFO neutron.wsgi [None req-70f69e0f-1ac9-466b-a56b-ff49edf34e86 admin admin] 10.222.0.50 "DELETE /v2.0/security-groups/7665de16-1d0b-4ee5-a4c9-96c3abbf967d HTTP/1.1" status: 204 len: 168 time: 0.2852249
Oct 12 12:12:41.961455 dv-cinder-813612-1-smb neutron-server[94247]: DEBUG neutron.api.rpc.handlers.resources_rpc [None req-70f69e0f-1ac9-466b-a56b-ff49edf34e86 admin admin] Pushing event deleted for resources: {'SecurityGroup': ['ID=7665de16-1d0b-4ee5-a4c9-96c3abbf967d,revision_number=None']} {{(pid=94247) push /opt/stack/neutron/neutron/api/rpc/handlers/resources_rpc.py:237}}
Oct 12 12:12:42.053395 dv-cinder-813612-1-smb neutron-server[94247]: DEBUG neutron.pecan_wsgi.hooks.policy_enforcement [req-87b19c49-b366-41dc-a18f-7ec9b54000bb req-30a60679-c2fa-46bd-b6ac-7649f7419716 tempest-AttachVolumeShelveTestJSON-1448359163 tempest-AttachVolumeShelveTestJSON-1448359163-project] Attributes excluded by policy engine: ['standard_attr_id', 'binding:profile', 'binding:host_id', 'binding:vif_type', 'binding:vif_details'] {{(pid=94247) _exclude_attributes_by_policy /opt/stack/neutron/neutron/pecan_wsgi/hooks/policy_enforcement.py:255}}
Oct 12 12:12:42.054957 dv-cinder-813612-1-smb neutron-server[94247]: INFO neutron.wsgi [req-87b19c49-b366-41dc-a18f-7ec9b54000bb req-30a60679-c2fa-46bd-b6ac-7649f7419716 tempest-AttachVolumeShelveTestJSON-1448359163 tempest-AttachVolumeShelveTestJSON-1448359163-project] 10.222.0.50 "GET /v2.0/ports?device_id=bf821496-7f32-4b34-b98f-f2f49bbe949d HTTP/1.1" status: 200 len: 932 time: 0.1185789
Oct 12 12:12:42.099204 dv-cinder-813612-1-smb neutron-server[94246]: DEBUG neutron.pecan_wsgi.hooks.policy_enforcement [req-9a765b3d-ab09-4754-a1ab-bc907d85bd02 req-ee8579f1-3458-432f-9813-dba82ff7afa0 tempest-AttachVolumeNegativeTest-204693776 tempest-AttachVolumeNegativeTest-204693776-project] Attributes excluded by policy engine: ['standard_attr_id', 'binding:profile', 'binding:host_id', 'binding:vif_type', 'binding:vif_details'] {{(pid=94246) _exclude_attributes_by_policy /opt/stack/neutron/neutron/pecan_wsgi/hooks/policy_enforcement.py:255}}
Oct 12 12:12:42.100875 dv-cinder-813612-1-smb neutron-server[94246]: INFO neutron.wsgi [req-9a765b3d-ab09-4754-a1ab-bc907d85bd02 req-ee8579f1-3458-432f-9813-dba82ff7afa0 tempest-AttachVolumeNegativeTest-204693776 tempest-AttachVolumeNegativeTest-204693776-project] 10.222.0.50 "GET /v2.0/ports?device_id=f0a8497e-a264-4151-a22e-f21c7a71cb76 HTTP/1.1" status: 200 len: 945 time: 0.1112323
Oct 12 12:12:42.130718 dv-cinder-813612-1-smb neutron-server[94247]: INFO neutron.wsgi [req-87b19c49-b366-41dc-a18f-7ec9b54000bb req-f9434a2e-2010-45cf-8749-62dbca0d23c7 tempest-AttachVolumeShelveTestJSON-1448359163 tempest-AttachVolumeShelveTestJSON-1448359163-project] 10.222.0.50 "GET /v2.0/security-groups?id=a27f3407-81f9-40de-80c8-7378a3d94f60&fields=id&fields=name HTTP/1.1" status: 200 len: 312 time: 0.0680845
Oct 12 12:12:42.169671 dv-cinder-813612-1-smb neutron-server[94246]: INFO neutron.wsgi [req-9a765b3d-ab09-4754-a1ab-bc907d85bd02 req-79e6e496-21fe-4727-aa71-6c759cfd78e7 tempest-AttachVolumeNegativeTest-204693776 tempest-AttachVolumeNegativeTest-204693776-project] 10.222.0.50 "GET /v2.0/security-groups?id=9c40a3f8-d5f1-4c08-b583-c92cd9c517dd&fields=id&fields=name HTTP/1.1" status: 200 len: 286 time: 0.0599709
Oct 12 12:12:42.227074 dv-cinder-813612-1-smb neutron-server[94246]: DEBUG neutron.notifiers.nova [req-8b11f487-c604-4218-9c64-45889e1eba39 req-87eb5b00-ba28-44a1-8f27-eb1bbbe5fc8d service neutron] Ignoring state change previous_port_status: DOWN current_port_status: DOWN port_id 7a802f8d-65df-46e5-9abc-9d7efdd8d537 {{(pid=94246) record_port_status_changed /opt/stack/neutron/neutron/notifiers/nova.py:224}}
Oct 12 12:12:42.235352 dv-cinder-813612-1-smb neutron-server[94246]: DEBUG neutron_lib.callbacks.manager [req-8b11f487-c604-4218-9c64-45889e1eba39 req-87eb5b00-ba28-44a1-8f27-eb1bbbe5fc8d service neutron] Notify callbacks [] for port, precommit_update {{(pid=94246) _notify_loop /usr/local/lib/python3.8/dist-packages/neutron_lib/callbacks/manager.py:192}}
Oct 12 12:12:42.248915 dv-cinder-813612-1-smb neutron-server[94246]: DEBUG neutron.db.provisioning_blocks [req-8b11f487-c604-4218-9c64-45889e1eba39 req-87eb5b00-ba28-44a1-8f27-eb1bbbe5fc8d service neutron] Transition to ACTIVE for port object 7a802f8d-65df-46e5-9abc-9d7efdd8d537 will not be triggered until provisioned by entity L2. {{(pid=94246) add_provisioning_component /opt/stack/neutron/neutron/db/provisioning_blocks.py:73}}
Oct 12 12:12:42.259088 dv-cinder-813612-1-smb neutron-server[94246]: DEBUG neutron_lib.callbacks.manager [req-8b11f487-c604-4218-9c64-45889e1eba39 req-87eb5b00-ba28-44a1-8f27-eb1bbbe5fc8d service neutron] Notify callbacks ['neutron.plugins.ml2.plugin.SecurityGroupServerNotifierRpcMixin._notify_sg_on_port_change-3734418', 'neutron.plugins.ml2.ovo_rpc._ObjectChangeHandler.handle_event-150292', 'neutron.api.rpc.agentnotifiers.dhcp_rpc_agent_api.DhcpAgentNotifyAPI._native_event_send_dhcp_notification-558867', 'neutron.db.l3_db.L3RpcNotifierMixin._notify_gateway_port_ip_changed-8747336208406', 'neutron.db.l3_dvrscheduler_db._notify_l3_agent_port_update-8747335750894', 'neutron.db.l3_hascheduler_db._notify_l3_agent_ha_port_update-8747335781380', 'neutron.services.segments.plugin.NovaSegmentNotifier._notify_port_updated-11692357'] for port, after_update {{(pid=94246) _notify_loop /usr/local/lib/python3.8/dist-packages/neutron_lib/callbacks/manager.py:192}}
Oct 12 12:12:42.330901 dv-cinder-813612-1-smb neutron-server[94246]: DEBUG neutron.api.rpc.handlers.resources_rpc [None req-87eb5b00-ba28-44a1-8f27-eb1bbbe5fc8d service neutron] Pushing event updated for resources: {'Port': ['ID=7a802f8d-65df-46e5-9abc-9d7efdd8d537,revision_number=2']} {{(pid=94246) push /opt/stack/neutron/neutron/api/rpc/handlers/resources_rpc.py:237}}
Oct 12 12:12:42.389198 dv-cinder-813612-1-smb neutron-server[94246]: DEBUG neutron.plugins.ml2.managers [req-8b11f487-c604-4218-9c64-45889e1eba39 req-87eb5b00-ba28-44a1-8f27-eb1bbbe5fc8d service neutron] Attempting to bind port 7a802f8d-65df-46e5-9abc-9d7efdd8d537 on host hv-cinder-81361 for vnic_type normal with profile {{(pid=94246) bind_port /opt/stack/neutron/neutron/plugins/ml2/managers.py:790}}
Oct 12 12:12:42.389626 dv-cinder-813612-1-smb neutron-server[94246]: DEBUG neutron.plugins.ml2.managers [req-8b11f487-c604-4218-9c64-45889e1eba39 req-87eb5b00-ba28-44a1-8f27-eb1bbbe5fc8d service neutron] Attempting to bind port 7a802f8d-65df-46e5-9abc-9d7efdd8d537 by drivers openvswitch,hyperv on host hv-cinder-81361 at level 0 using segments [{'id': '616691ca-a1fb-4a79-a012-aae8fae18e2d', 'network_type': 'vlan', 'physical_network': 'physnet1', 'segmentation_id': 669, 'network_id': '2fa0e389-669b-481a-97a5-874be42af5d0'}] {{(pid=94246) _bind_port_level /opt/stack/neutron/neutron/plugins/ml2/managers.py:815}}
Oct 12 12:12:42.389972 dv-cinder-813612-1-smb neutron-server[94246]: DEBUG neutron.plugins.ml2.drivers.mech_agent [req-8b11f487-c604-4218-9c64-45889e1eba39 req-87eb5b00-ba28-44a1-8f27-eb1bbbe5fc8d service neutron] Attempting to bind port 7a802f8d-65df-46e5-9abc-9d7efdd8d537 on network 2fa0e389-669b-481a-97a5-874be42af5d0 {{(pid=94246) bind_port /opt/stack/neutron/neutron/plugins/ml2/drivers/mech_agent.py:91}}
Oct 12 12:12:42.394775 dv-cinder-813612-1-smb neutron-server[94246]: DEBUG neutron.plugins.ml2.drivers.mech_agent [req-8b11f487-c604-4218-9c64-45889e1eba39 req-87eb5b00-ba28-44a1-8f27-eb1bbbe5fc8d service neutron] Port 7a802f8d-65df-46e5-9abc-9d7efdd8d537 on network 2fa0e389-669b-481a-97a5-874be42af5d0 not bound, no agent of type Open vSwitch agent registered on host hv-cinder-81361 {{(pid=94246) bind_port /opt/stack/neutron/neutron/plugins/ml2/drivers/mech_agent.py:103}}
Oct 12 12:12:42.395102 dv-cinder-813612-1-smb neutron-server[94246]: DEBUG neutron.plugins.ml2.drivers.mech_agent [req-8b11f487-c604-4218-9c64-45889e1eba39 req-87eb5b00-ba28-44a1-8f27-eb1bbbe5fc8d service neutron] Attempting to bind port 7a802f8d-65df-46e5-9abc-9d7efdd8d537 on network 2fa0e389-669b-481a-97a5-874be42af5d0 {{(pid=94246) bind_port /opt/stack/neutron/neutron/plugins/ml2/drivers/mech_agent.py:91}}
Oct 12 12:12:42.400378 dv-cinder-813612-1-smb neutron-server[94246]: DEBUG neutron.plugins.ml2.drivers.mech_agent [req-8b11f487-c604-4218-9c64-45889e1eba39 req-87eb5b00-ba28-44a1-8f27-eb1bbbe5fc8d service neutron] Checking agent: {'id': 'eaa287d5-cb38-49a4-985f-cdaf297ba332', 'agent_type': 'HyperV agent', 'binary': 'neutron-hyperv-agent', 'topic': 'N/A', 'host': 'hv-cinder-81361', 'admin_state_up': True, 'created_at': datetime.datetime(2021, 10, 12, 12, 10, 20), 'started_at': datetime.datetime(2021, 10, 12, 12, 10, 20), 'heartbeat_timestamp': datetime.datetime(2021, 10, 12, 12, 12, 21), 'description': None, 'resources_synced': None, 'availability_zone': None, 'alive': True, 'configurations': {'vswitch_mappings': {'physnet1$': 'br-data'}}, 'resource_versions': {}} {{(pid=94246) bind_port /opt/stack/neutron/neutron/plugins/ml2/drivers/mech_agent.py:110}}
Oct 12 12:12:42.400713 dv-cinder-813612-1-smb neutron-server[94246]: DEBUG neutron.plugins.ml2.drivers.mech_agent [req-8b11f487-c604-4218-9c64-45889e1eba39 req-87eb5b00-ba28-44a1-8f27-eb1bbbe5fc8d service neutron] Checking segment: {'id': '616691ca-a1fb-4a79-a012-aae8fae18e2d', 'network_type': 'vlan', 'physical_network': 'physnet1', 'segmentation_id': 669, 'network_id': '2fa0e389-669b-481a-97a5-874be42af5d0'} for mappings: {'physnet1$': 'br-data'} with network types: ['local', 'flat', 'vlan'] {{(pid=94246) check_segment_for_agent /opt/stack/neutron/neutron/plugins/ml2/drivers/mech_agent.py:358}}
Oct 12 12:12:42.401211 dv-cinder-813612-1-smb neutron-server[94246]: DEBUG neutron.plugins.ml2.drivers.mech_agent [req-8b11f487-c604-4218-9c64-45889e1eba39 req-87eb5b00-ba28-44a1-8f27-eb1bbbe5fc8d service neutron] Bound using segment: {'id': '616691ca-a1fb-4a79-a012-aae8fae18e2d', 'network_type': 'vlan', 'physical_network': 'physnet1', 'segmentation_id': 669, 'network_id': '2fa0e389-669b-481a-97a5-874be42af5d0'} {{(pid=94246) bind_port /opt/stack/neutron/neutron/plugins/ml2/drivers/mech_agent.py:120}}
Oct 12 12:12:42.401646 dv-cinder-813612-1-smb neutron-server[94246]: DEBUG neutron.plugins.ml2.managers [req-8b11f487-c604-4218-9c64-45889e1eba39 req-87eb5b00-ba28-44a1-8f27-eb1bbbe5fc8d service neutron] Bound port: 7a802f8d-65df-46e5-9abc-9d7efdd8d537, host: hv-cinder-81361, vif_type: hyperv, vif_details: {"connectivity": "legacy", "port_filter": false}, binding_levels: [{'bound_driver': 'hyperv', 'bound_segment': {'id': '616691ca-a1fb-4a79-a012-aae8fae18e2d', 'network_type': 'vlan', 'physical_network': 'physnet1', 'segmentation_id': 669, 'network_id': '2fa0e389-669b-481a-97a5-874be42af5d0'}}] {{(pid=94246) _bind_port_level /opt/stack/neutron/neutron/plugins/ml2/managers.py:928}}
Oct 12 12:12:42.402001 dv-cinder-813612-1-smb neutron-server[94246]: DEBUG neutron_lib.callbacks.manager [req-8b11f487-c604-4218-9c64-45889e1eba39 req-87eb5b00-ba28-44a1-8f27-eb1bbbe5fc8d service neutron] Notify callbacks ['neutron.plugins.ml2.plugin.SecurityGroupDbMixin._ensure_default_security_group_handler-3733096'] for port, before_update {{(pid=94246) _notify_loop /usr/local/lib/python3.8/dist-packages/neutron_lib/callbacks/manager.py:192}}
Oct 12 12:12:42.479719 dv-cinder-813612-1-smb neutron-server[94246]: DEBUG neutron.plugins.ml2.db [req-8b11f487-c604-4218-9c64-45889e1eba39 req-87eb5b00-ba28-44a1-8f27-eb1bbbe5fc8d service neutron] For port 7a802f8d-65df-46e5-9abc-9d7efdd8d537, host hv-cinder-81361, cleared binding levels {{(pid=94246) clear_binding_levels /opt/stack/neutron/neutron/plugins/ml2/db.py:87}}
